[INFO] fetching crate naj 0.2.0...
[INFO] testing naj-0.2.0 against 1.99.0-beta.8+cargoflags=--release for beta-release-1.100-2
[INFO] extracting crate naj 0.2.0 into /workspace/builds/worker-3-tc1/source
[INFO] started tweaking crates.io crate naj 0.2.0
[INFO] removed 0 missing tests
[INFO] finished tweaking crates.io crate naj 0.2.0
[INFO] tweaked toml for crates.io crate naj 0.2.0 written to /workspace/builds/worker-3-tc1/source/Cargo.toml
[INFO] validating manifest of crates.io crate naj 0.2.0 on toolchain 1.99.0-beta.8
[INFO] running `Command { std: CARGO_HOME="/workspace/cargo-home" RUSTUP_HOME="/workspace/rustup-home" "/workspace/cargo-home/bin/cargo" "+1.99.0-beta.8" "metadata" "--manifest-path" "Cargo.toml" "--no-deps", kill_on_drop: false }`
[INFO] crate crates.io crate naj 0.2.0 already has a lockfile, it will not be regenerated
[INFO] running `Command { std: CARGO_HOME="/workspace/cargo-home" RUSTUP_HOME="/workspace/rustup-home" "/workspace/cargo-home/bin/cargo" "+1.99.0-beta.8" "fetch" "--manifest-path" "Cargo.toml", kill_on_drop: false }`
[INFO] [stderr] warning: Cargo.toml: file `/workspace/builds/worker-3-tc1/source/src/main.rs` found to be present in multiple build targets:
[INFO] [stderr]   * `bin` target `nag`
[INFO] [stderr]   * `bin` target `naj`
[INFO] [stderr] warning: `naj` (manifest) generated 1 warning
[INFO] [stderr]  Downloading crates ...
[INFO] [stderr]   Downloaded clap_complete v4.6.7
[INFO] [stderr]   Downloaded clap v4.6.4
[INFO] [stderr]   Downloaded bstr v1.13.0
[INFO] running `Command { std: "docker" "create" "-v" "/var/lib/crater-agent-workspace/builds/worker-3-tc1/source:/opt/rustwide/workdir:ro,Z" "-v" "/var/lib/crater-agent-workspace/builds/worker-3-tc1/target:/opt/rustwide/target:rw,Z" "-v" "/var/lib/crater-agent-workspace/cargo-home:/opt/rustwide/cargo-home:ro,Z" "-v" "/var/lib/crater-agent-workspace/rustup-home:/opt/rustwide/rustup-home:ro,Z" "-m" "1610612736" "--network" "none" "ghcr.io/rust-lang/crates-build-env/linux@sha256:77db811e55d90add9212f6832c23229e3de5f1c1f9905e8cb07319ea15df73ac" "sleep" "infinity", kill_on_drop: false }`
[INFO] [stdout] 10c85c9a1bf1b9d8c29f81d7a62b2a057c5ed89c8254057f445628a49445bb97
[INFO] running `Command { std: "docker" "start" "10c85c9a1bf1b9d8c29f81d7a62b2a057c5ed89c8254057f445628a49445bb97", kill_on_drop: false }`
[INFO] running `Command { std: "docker" "inspect" "10c85c9a1bf1b9d8c29f81d7a62b2a057c5ed89c8254057f445628a49445bb97", kill_on_drop: false }`
[INFO] running `Command { std: "docker" "exec" "-e" "SOURCE_DIR=/opt/rustwide/workdir" "-e" "CARGO_HOME=/opt/rustwide/cargo-home" "-e" "RUSTUP_HOME=/opt/rustwide/rustup-home" "-e" "CARGO_TARGET_DIR=/opt/rustwide/target" "-w" "/opt/rustwide/workdir" "--user" "0:0" "10c85c9a1bf1b9d8c29f81d7a62b2a057c5ed89c8254057f445628a49445bb97" "/opt/rustwide/cargo-home/bin/cargo" "+1.99.0-beta.8" "metadata" "--no-deps" "--format-version=1", kill_on_drop: false }`
[INFO] running `Command { std: "docker" "inspect" "10c85c9a1bf1b9d8c29f81d7a62b2a057c5ed89c8254057f445628a49445bb97", kill_on_drop: false }`
[INFO] running `Command { std: "docker" "exec" "-e" "SOURCE_DIR=/opt/rustwide/workdir" "-e" "CARGO_HOME=/opt/rustwide/cargo-home" "-e" "RUSTUP_HOME=/opt/rustwide/rustup-home" "-e" "CARGO_TARGET_DIR=/opt/rustwide/target" "-e" "CARGO_INCREMENTAL=0" "-e" "RUST_BACKTRACE=full" "-e" "RUSTFLAGS=--cap-lints=warn" "-e" "RUSTDOCFLAGS=--cap-lints=warn" "-w" "/opt/rustwide/workdir" "--user" "0:0" "10c85c9a1bf1b9d8c29f81d7a62b2a057c5ed89c8254057f445628a49445bb97" "/opt/rustwide/cargo-home/bin/cargo" "+1.99.0-beta.8" "build" "--frozen" "--message-format=json" "--release", kill_on_drop: false }`
[INFO] [stderr] warning: Cargo.toml: file `/opt/rustwide/workdir/src/main.rs` found to be present in multiple build targets:
[INFO] [stderr]   * `bin` target `nag`
[INFO] [stderr]   * `bin` target `naj`
[INFO] [stderr] warning: `naj` (manifest) generated 1 warning
[INFO] [stderr]    Compiling clap_builder v4.6.2
[INFO] [stderr]    Compiling dirs-sys v0.4.1
[INFO] [stderr]    Compiling serde_derive v1.0.229
[INFO] [stderr]    Compiling dirs v5.0.1
[INFO] [stderr]    Compiling serde v1.0.229
[INFO] [stderr]    Compiling clap v4.6.4
[INFO] [stderr]    Compiling clap_complete v4.6.7
[INFO] [stderr]    Compiling serde_spanned v0.6.9
[INFO] [stderr]    Compiling toml_datetime v0.6.11
[INFO] [stderr]    Compiling toml_edit v0.22.27
[INFO] [stderr]    Compiling toml v0.8.23
[INFO] [stderr]    Compiling naj v0.2.0 (/opt/rustwide/workdir)
[INFO] [stderr]     Finished `release` profile [optimized] target(s) in 45.38s
[INFO] running `Command { std: "docker" "inspect" "10c85c9a1bf1b9d8c29f81d7a62b2a057c5ed89c8254057f445628a49445bb97", kill_on_drop: false }`
[INFO] running `Command { std: "docker" "exec" "-e" "SOURCE_DIR=/opt/rustwide/workdir" "-e" "CARGO_HOME=/opt/rustwide/cargo-home" "-e" "RUSTUP_HOME=/opt/rustwide/rustup-home" "-e" "CARGO_TARGET_DIR=/opt/rustwide/target" "-e" "CARGO_INCREMENTAL=0" "-e" "RUST_BACKTRACE=full" "-e" "RUSTFLAGS=--cap-lints=warn" "-e" "RUSTDOCFLAGS=--cap-lints=warn" "-w" "/opt/rustwide/workdir" "--user" "0:0" "10c85c9a1bf1b9d8c29f81d7a62b2a057c5ed89c8254057f445628a49445bb97" "/opt/rustwide/cargo-home/bin/cargo" "+1.99.0-beta.8" "test" "--frozen" "--no-run" "--message-format=json" "--release", kill_on_drop: false }`
[INFO] [stderr] warning: Cargo.toml: file `/opt/rustwide/workdir/src/main.rs` found to be present in multiple build targets:
[INFO] [stderr]   * `bin` target `nag`
[INFO] [stderr]   * `bin` target `naj`
[INFO] [stderr] warning: `naj` (manifest) generated 1 warning
[INFO] [stderr]    Compiling aho-corasick v1.1.4
[INFO] [stderr]    Compiling predicates-core v1.0.10
[INFO] [stderr]    Compiling assert_cmd v2.2.2
[INFO] [stderr]    Compiling normalize-line-endings v0.3.0
[INFO] [stderr]    Compiling float-cmp v0.10.0
[INFO] [stderr]    Compiling tempfile v3.27.0
[INFO] [stderr]    Compiling predicates-tree v1.0.13
[INFO] [stderr]    Compiling regex-automata v0.4.16
[INFO] [stderr]    Compiling regex v1.13.1
[INFO] [stderr]    Compiling bstr v1.13.0
[INFO] [stderr]    Compiling predicates v3.1.4
[INFO] [stderr]    Compiling naj v0.2.0 (/opt/rustwide/workdir)
[INFO] [stderr]     Finished `release` profile [optimized] target(s) in 31.68s
[INFO] running `Command { std: "docker" "inspect" "10c85c9a1bf1b9d8c29f81d7a62b2a057c5ed89c8254057f445628a49445bb97", kill_on_drop: false }`
[INFO] running `Command { std: "docker" "exec" "-e" "SOURCE_DIR=/opt/rustwide/workdir" "-e" "CARGO_HOME=/opt/rustwide/cargo-home" "-e" "RUSTUP_HOME=/opt/rustwide/rustup-home" "-e" "CARGO_TARGET_DIR=/opt/rustwide/target" "-e" "CARGO_INCREMENTAL=0" "-e" "RUST_BACKTRACE=full" "-e" "RUSTFLAGS=--cap-lints=warn" "-e" "RUSTDOCFLAGS=--cap-lints=warn" "-w" "/opt/rustwide/workdir" "--user" "0:0" "10c85c9a1bf1b9d8c29f81d7a62b2a057c5ed89c8254057f445628a49445bb97" "/opt/rustwide/cargo-home/bin/cargo" "+1.99.0-beta.8" "test" "--frozen" "--release", kill_on_drop: false }`
[INFO] [stderr] warning: Cargo.toml: file `/opt/rustwide/workdir/src/main.rs` found to be present in multiple build targets:
[INFO] [stderr]   * `bin` target `nag`
[INFO] [stderr]   * `bin` target `naj`
[INFO] [stderr] warning: `naj` (manifest) generated 1 warning
[INFO] [stderr]     Finished `release` profile [optimized] target(s) in 0.15s
[INFO] [stderr]      Running unittests src/main.rs (/opt/rustwide/target/release/deps/nag-ee7621bc2d3549d8)
[INFO] [stdout] 
[INFO] [stdout] running 8 tests
[INFO] [stdout] test nag::tests::recognizes_init_and_clone_targets ... ok
[INFO] [stdout] test git::tests::extract_basename_handles_common_urls ... ok
[INFO] [stdout] test git::tests::positional_args_skips_value_flags ... ok
[INFO] [stdout] test utils::tests::validate_profile_id_accepts_normal_ids ... ok
[INFO] [stdout] test utils::tests::validate_profile_id_rejects_bad_shapes ... ok
[INFO] [stdout] test git::tests::positional_args_handles_attached_values_and_double_dash ... ok
[INFO] [stdout] test utils::tests::validate_profile_id_rejects_traversal_and_separators ... ok
[INFO] [stdout] test utils::tests::profile_path_stays_inside_profile_dir ... ok
[INFO] [stdout] 
[INFO] [stderr]      Running unittests src/main.rs (/opt/rustwide/target/release/deps/naj-c68a04e90f532f0a)
[INFO] [stdout] test result: ok. 8 passed; 0 failed; 0 ignored; 0 measured; 0 filtered out; finished in 0.00s
[INFO] [stdout] 
[INFO] [stdout] 
[INFO] [stdout] running 8 tests
[INFO] [stdout] test git::tests::extract_basename_handles_common_urls ... ok
[INFO] [stdout] test utils::tests::validate_profile_id_rejects_traversal_and_separators ... ok
[INFO] [stdout] test utils::tests::profile_path_stays_inside_profile_dir ... ok
[INFO] [stdout] test utils::tests::validate_profile_id_accepts_normal_ids ... ok
[INFO] [stdout] test utils::tests::validate_profile_id_rejects_bad_shapes ... ok
[INFO] [stdout] test git::tests::positional_args_skips_value_flags ... ok
[INFO] [stdout] test nag::tests::recognizes_init_and_clone_targets ... ok
[INFO] [stdout] test git::tests::positional_args_handles_attached_values_and_double_dash ... ok
[INFO] [stderr]      Running tests/integration_strategies.rs (/opt/rustwide/target/release/deps/integration_strategies-2edc7222a3591016)
[INFO] [stdout] 
[INFO] [stdout] test result: ok. 8 passed; 0 failed; 0 ignored; 0 measured; 0 filtered out; finished in 0.00s
[INFO] [stdout] 
[INFO] [stdout] 
[INFO] [stdout] running 4 tests
[INFO] [stdout] test test_strategy_include_lowercase_soft ... ok
[INFO] [stdout] test test_strategy_override_lowercase_soft ... ok
[INFO] [stdout] test test_strategy_include_uppercase_hard ... ok
[INFO] [stdout] test test_strategy_override_uppercase_hard ... ok
[INFO] [stdout] 
[INFO] [stdout] test result: ok. 4 passed; 0 failed; 0 ignored; 0 measured; 0 filtered out; finished in 0.31s
[INFO] [stdout] 
[INFO] [stderr]      Running tests/integration_test.rs (/opt/rustwide/target/release/deps/integration_test-ab7ad2e8d6802cda)
[INFO] [stdout] 
[INFO] [stdout] running 10 tests
[INFO] [stdout] test test_config_initialization ... ok
[INFO] [stdout] test test_duplicate_creation_failure ... ok
[INFO] [stdout] test test_exec_dry_run_injection_strict ... ok
[INFO] [stdout] test test_path_traversal_profile_id_rejected ... ok
[INFO] [stdout] test test_profile_creation_and_listing ... ok
[INFO] [stdout] test test_remove_profile ... ok
[INFO] [stdout] test test_switch_mode_persistent ... ok
[INFO] [stdout] test test_switch_force_mode_sanitization ... ok
[INFO] [stdout] test test_setup_mode_local_clone ... ok
[INFO] [stdout] test test_setup_mode_init_with_dir ... ok
[INFO] [stdout] 
[INFO] [stdout] test result: ok. 10 passed; 0 failed; 0 ignored; 0 measured; 0 filtered out; finished in 0.16s
[INFO] [stdout] 
[INFO] [stderr]      Running tests/nag_integration.rs (/opt/rustwide/target/release/deps/nag_integration-4469c615ec690617)
[INFO] [stdout] 
[INFO] [stdout] running 6 tests
[INFO] [stdout] test supports_workspace_scope_and_profiled_init_and_clone ... FAILED
[INFO] [stdout] test temporary_execution_overrides_global_identity_without_persisting ... FAILED
[INFO] [stdout] test persistent_profiles_clean_only_nag_managed_signing_keys ... FAILED
[INFO] [stdout] test uses_configured_default_scope_when_cli_scope_is_omitted ... FAILED
[INFO] [stdout] test reports_a_clear_error_when_jj_is_not_on_path ... ok
[INFO] [stdout] test nag_initializes_its_own_config_and_manages_profiles ... ok
[INFO] [stdout] 
[INFO] [stdout] failures:
[INFO] [stdout] 
[INFO] [stdout] ---- supports_workspace_scope_and_profiled_init_and_clone stdout ----
[INFO] [stdout] 
[INFO] [stdout] thread 'supports_workspace_scope_and_profiled_init_and_clone' (1144) panicked at tests/nag_integration.rs:84:35:
[INFO] [stdout] run command: Os { code: 2, kind: NotFound, message: "No such file or directory" }
[INFO] [stdout] stack backtrace:
[INFO] [stdout]    0:     0x5e552eaa0761 - <<std[70759c8f55707aa4]::sys::backtrace::BacktraceLock>::print::DisplayBacktrace as core[df12db4294e9bfd3]::fmt::Display>::fmt
[INFO] [stdout]    1:     0x5e552eab4cda - core[df12db4294e9bfd3]::fmt::write
[INFO] [stdout]    2:     0x5e552eaa4e5c - <alloc[2182bb758b4b3781]::vec::Vec<u8> as core[df12db4294e9bfd3]::io::write::Write>::write_fmt
[INFO] [stdout]    3:     0x5e552ea7b1e6 - std[70759c8f55707aa4]::panicking::default_hook::{closure#0}
[INFO] [stdout]    4:     0x5e552ea98259 - std[70759c8f55707aa4]::panicking::default_hook
[INFO] [stdout]    5:     0x5e552ea31a10 - test[9d35eded1c95d3be]::test_main_inner::<test[9d35eded1c95d3be]::test_main_static::{closure#0}>::{closure#0}
[INFO] [stdout]    6:     0x5e552ea98412 - std[70759c8f55707aa4]::panicking::panic_with_hook
[INFO] [stdout]    7:     0x5e552ea7b292 - std[70759c8f55707aa4]::panicking::panic_handler::{closure#0}
[INFO] [stdout]    8:     0x5e552ea73d69 - std[70759c8f55707aa4]::sys::backtrace::__rust_end_short_backtrace::<std[70759c8f55707aa4]::panicking::panic_handler::{closure#0}, !>
[INFO] [stdout]    9:     0x5e552ea7be8d - __rustc[8fa7c3cbc660c2b3]::rust_begin_unwind
[INFO] [stdout]   10:     0x5e552eab540c - core[df12db4294e9bfd3]::panicking::panic_fmt
[INFO] [stdout]   11:     0x5e552eab51e2 - core[df12db4294e9bfd3]::result::unwrap_failed
[INFO] [stdout]   12:     0x5e552ea20134 - nag_integration[a557d526efe238c9]::assert_success
[INFO] [stdout]   13:     0x5e552ea20ca0 - <nag_integration[a557d526efe238c9]::TestEnv>::init_repo
[INFO] [stdout]   14:     0x5e552ea22537 - <nag_integration[a557d526efe238c9]::supports_workspace_scope_and_profiled_init_and_clone::{closure#0} as core[df12db4294e9bfd3]::ops::function::FnOnce<()>>::call_once
[INFO] [stdout]   15:     0x5e552ea24cfb - test[9d35eded1c95d3be]::__rust_begin_short_backtrace::<core[df12db4294e9bfd3]::result::Result<(), alloc[2182bb758b4b3781]::string::String>, fn() -> core[df12db4294e9bfd3]::result::Result<(), alloc[2182bb758b4b3781]::string::String>>
[INFO] [stdout]   16:     0x5e552ea32365 - test[9d35eded1c95d3be]::run_test::{closure#0}
[INFO] [stdout]   17:     0x5e552ea2bc24 - std[70759c8f55707aa4]::sys::backtrace::__rust_begin_short_backtrace::<test[9d35eded1c95d3be]::run_test::{closure#1}, ()>
[INFO] [stdout]   18:     0x5e552ea354c2 - <std[70759c8f55707aa4]::thread::lifecycle::spawn_unchecked<test[9d35eded1c95d3be]::run_test::{closure#1}, ()>::{closure#1} as core[df12db4294e9bfd3]::ops::function::FnOnce<()>>::call_once::{shim:vtable#0}
[INFO] [stdout]   19:     0x5e552ea9fad9 - <std[70759c8f55707aa4]::sys::thread::unix::Thread>::new::thread_start
[INFO] [stdout]   20:     0x7ef40c198dfa - <unknown>
[INFO] [stdout]   21:     0x7ef40c22c3d4 - clone
[INFO] [stdout]   22:                0x0 - <unknown>
[INFO] [stdout] 
[INFO] [stdout] ---- temporary_execution_overrides_global_identity_without_persisting stdout ----
[INFO] [stdout] 
[INFO] [stdout] thread 'temporary_execution_overrides_global_identity_without_persisting' (1145) panicked at tests/nag_integration.rs:84:35:
[INFO] [stdout] run command: Os { code: 2, kind: NotFound, message: "No such file or directory" }
[INFO] [stdout] stack backtrace:
[INFO] [stdout]    0:     0x5e552eaa0761 - <<std[70759c8f55707aa4]::sys::backtrace::BacktraceLock>::print::DisplayBacktrace as core[df12db4294e9bfd3]::fmt::Display>::fmt
[INFO] [stdout]    1:     0x5e552eab4cda - core[df12db4294e9bfd3]::fmt::write
[INFO] [stdout]    2:     0x5e552eaa4e5c - <alloc[2182bb758b4b3781]::vec::Vec<u8> as core[df12db4294e9bfd3]::io::write::Write>::write_fmt
[INFO] [stdout]    3:     0x5e552ea7b1e6 - std[70759c8f55707aa4]::panicking::default_hook::{closure#0}
[INFO] [stdout]    4:     0x5e552ea98259 - std[70759c8f55707aa4]::panicking::default_hook
[INFO] [stdout]    5:     0x5e552ea31a10 - test[9d35eded1c95d3be]::test_main_inner::<test[9d35eded1c95d3be]::test_main_static::{closure#0}>::{closure#0}
[INFO] [stdout]    6:     0x5e552ea98412 - std[70759c8f55707aa4]::panicking::panic_with_hook
[INFO] [stdout]    7:     0x5e552ea7b292 - std[70759c8f55707aa4]::panicking::panic_handler::{closure#0}
[INFO] [stdout]    8:     0x5e552ea73d69 - std[70759c8f55707aa4]::sys::backtrace::__rust_end_short_backtrace::<std[70759c8f55707aa4]::panicking::panic_handler::{closure#0}, !>
[INFO] [stdout]    9:     0x5e552ea7be8d - __rustc[8fa7c3cbc660c2b3]::rust_begin_unwind
[INFO] [stdout]   10:     0x5e552eab540c - core[df12db4294e9bfd3]::panicking::panic_fmt
[INFO] [stdout]   11:     0x5e552eab51e2 - core[df12db4294e9bfd3]::result::unwrap_failed
[INFO] [stdout]   12:     0x5e552ea20134 - nag_integration[a557d526efe238c9]::assert_success
[INFO] [stdout]   13:     0x5e552ea20ca0 - <nag_integration[a557d526efe238c9]::TestEnv>::init_repo
[INFO] [stdout]   14:     0x5e552ea23cd2 - <nag_integration[a557d526efe238c9]::temporary_execution_overrides_global_identity_without_persisting::{closure#0} as core[df12db4294e9bfd3]::ops::function::FnOnce<()>>::call_once
[INFO] [stdout]   15:     0x5e552ea24cfb - test[9d35eded1c95d3be]::__rust_begin_short_backtrace::<core[df12db4294e9bfd3]::result::Result<(), alloc[2182bb758b4b3781]::string::String>, fn() -> core[df12db4294e9bfd3]::result::Result<(), alloc[2182bb758b4b3781]::string::String>>
[INFO] [stdout]   16:     0x5e552ea32365 - test[9d35eded1c95d3be]::run_test::{closure#0}
[INFO] [stdout]   17:     0x5e552ea2bc24 - std[70759c8f55707aa4]::sys::backtrace::__rust_begin_short_backtrace::<test[9d35eded1c95d3be]::run_test::{closure#1}, ()>
[INFO] [stdout]   18:     0x5e552ea354c2 - <std[70759c8f55707aa4]::thread::lifecycle::spawn_unchecked<test[9d35eded1c95d3be]::run_test::{closure#1}, ()>::{closure#1} as core[df12db4294e9bfd3]::ops::function::FnOnce<()>>::call_once::{shim:vtable#0}
[INFO] [stdout]   19:     0x5e552ea9fad9 - <std[70759c8f55707aa4]::sys::thread::unix::Thread>::new::thread_start
[INFO] [stdout]   20:     0x7ef40c198dfa - <unknown>
[INFO] [stdout]   21:     0x7ef40c22c3d4 - clone
[INFO] [stdout]   22:                0x0 - <unknown>
[INFO] [stdout] 
[INFO] [stdout] ---- persistent_profiles_clean_only_nag_managed_signing_keys stdout ----
[INFO] [stdout] 
[INFO] [stdout] thread 'persistent_profiles_clean_only_nag_managed_signing_keys' (1142) panicked at tests/nag_integration.rs:84:35:
[INFO] [stdout] run command: Os { code: 2, kind: NotFound, message: "No such file or directory" }
[INFO] [stdout] stack backtrace:
[INFO] [stdout]    0:     0x5e552eaa0761 - <<std[70759c8f55707aa4]::sys::backtrace::BacktraceLock>::print::DisplayBacktrace as core[df12db4294e9bfd3]::fmt::Display>::fmt
[INFO] [stdout]    1:     0x5e552eab4cda - core[df12db4294e9bfd3]::fmt::write
[INFO] [stdout]    2:     0x5e552eaa4e5c - <alloc[2182bb758b4b3781]::vec::Vec<u8> as core[df12db4294e9bfd3]::io::write::Write>::write_fmt
[INFO] [stdout]    3:     0x5e552ea7b1e6 - std[70759c8f55707aa4]::panicking::default_hook::{closure#0}
[INFO] [stdout]    4:     0x5e552ea98259 - std[70759c8f55707aa4]::panicking::default_hook
[INFO] [stdout]    5:     0x5e552ea31a10 - test[9d35eded1c95d3be]::test_main_inner::<test[9d35eded1c95d3be]::test_main_static::{closure#0}>::{closure#0}
[INFO] [stdout]    6:     0x5e552ea98412 - std[70759c8f55707aa4]::panicking::panic_with_hook
[INFO] [stdout]    7:     0x5e552ea7b292 - std[70759c8f55707aa4]::panicking::panic_handler::{closure#0}
[INFO] [stdout]    8:     0x5e552ea73d69 - std[70759c8f55707aa4]::sys::backtrace::__rust_end_short_backtrace::<std[70759c8f55707aa4]::panicking::panic_handler::{closure#0}, !>
[INFO] [stdout]    9:     0x5e552ea7be8d - __rustc[8fa7c3cbc660c2b3]::rust_begin_unwind
[INFO] [stdout]   10:     0x5e552eab540c - core[df12db4294e9bfd3]::panicking::panic_fmt
[INFO] [stdout]   11:     0x5e552eab51e2 - core[df12db4294e9bfd3]::result::unwrap_failed
[INFO] [stdout]   12:     0x5e552ea20134 - nag_integration[a557d526efe238c9]::assert_success
[INFO] [stdout]   13:     0x5e552ea20ca0 - <nag_integration[a557d526efe238c9]::TestEnv>::init_repo
[INFO] [stdout]   14:     0x5e552ea23289 - <nag_integration[a557d526efe238c9]::persistent_profiles_clean_only_nag_managed_signing_keys::{closure#0} as core[df12db4294e9bfd3]::ops::function::FnOnce<()>>::call_once
[INFO] [stdout]   15:     0x5e552ea24cfb - test[9d35eded1c95d3be]::__rust_begin_short_backtrace::<core[df12db4294e9bfd3]::result::Result<(), alloc[2182bb758b4b3781]::string::String>, fn() -> core[df12db4294e9bfd3]::result::Result<(), alloc[2182bb758b4b3781]::string::String>>
[INFO] [stdout]   16:     0x5e552ea32365 - test[9d35eded1c95d3be]::run_test::{closure#0}
[INFO] [stdout]   17:     0x5e552ea2bc24 - std[70759c8f55707aa4]::sys::backtrace::__rust_begin_short_backtrace::<test[9d35eded1c95d3be]::run_test::{closure#1}, ()>
[INFO] [stdout]   18:     0x5e552ea354c2 - <std[70759c8f55707aa4]::thread::lifecycle::spawn_unchecked<test[9d35eded1c95d3be]::run_test::{closure#1}, ()>::{closure#1} as core[df12db4294e9bfd3]::ops::function::FnOnce<()>>::call_once::{shim:vtable#0}
[INFO] [stdout]   19:     0x5e552ea9fad9 - <std[70759c8f55707aa4]::sys::thread::unix::Thread>::new::thread_start
[INFO] [stdout]   20:     0x7ef40c198dfa - <unknown>
[INFO] [stdout]   21:     0x7ef40c22c3d4 - clone
[INFO] [stdout]   22:                0x0 - <unknown>
[INFO] [stdout] 
[INFO] [stdout] ---- uses_configured_default_scope_when_cli_scope_is_omitted stdout ----
[INFO] [stdout] 
[INFO] [stdout] thread 'uses_configured_default_scope_when_cli_scope_is_omitted' (1146) panicked at tests/nag_integration.rs:84:35:
[INFO] [stdout] run command: Os { code: 2, kind: NotFound, message: "No such file or directory" }
[INFO] [stdout] stack backtrace:
[INFO] [stdout]    0:     0x5e552eaa0761 - <<std[70759c8f55707aa4]::sys::backtrace::BacktraceLock>::print::DisplayBacktrace as core[df12db4294e9bfd3]::fmt::Display>::fmt
[INFO] [stdout]    1:     0x5e552eab4cda - core[df12db4294e9bfd3]::fmt::write
[INFO] [stdout]    2:     0x5e552eaa4e5c - <alloc[2182bb758b4b3781]::vec::Vec<u8> as core[df12db4294e9bfd3]::io::write::Write>::write_fmt
[INFO] [stdout]    3:     0x5e552ea7b1e6 - std[70759c8f55707aa4]::panicking::default_hook::{closure#0}
[INFO] [stdout]    4:     0x5e552ea98259 - std[70759c8f55707aa4]::panicking::default_hook
[INFO] [stdout]    5:     0x5e552ea31a10 - test[9d35eded1c95d3be]::test_main_inner::<test[9d35eded1c95d3be]::test_main_static::{closure#0}>::{closure#0}
[INFO] [stdout]    6:     0x5e552ea98412 - std[70759c8f55707aa4]::panicking::panic_with_hook
[INFO] [stdout]    7:     0x5e552ea7b292 - std[70759c8f55707aa4]::panicking::panic_handler::{closure#0}
[INFO] [stdout]    8:     0x5e552ea73d69 - std[70759c8f55707aa4]::sys::backtrace::__rust_end_short_backtrace::<std[70759c8f55707aa4]::panicking::panic_handler::{closure#0}, !>
[INFO] [stdout]    9:     0x5e552ea7be8d - __rustc[8fa7c3cbc660c2b3]::rust_begin_unwind
[INFO] [stdout]   10:     0x5e552eab540c - core[df12db4294e9bfd3]::panicking::panic_fmt
[INFO] [stdout]   11:     0x5e552eab51e2 - core[df12db4294e9bfd3]::result::unwrap_failed
[INFO] [stdout]   12:     0x5e552ea20134 - nag_integration[a557d526efe238c9]::assert_success
[INFO] [stdout]   13:     0x5e552ea20ca0 - <nag_integration[a557d526efe238c9]::TestEnv>::init_repo
[INFO] [stdout]   14:     0x5e552ea239c3 - <nag_integration[a557d526efe238c9]::uses_configured_default_scope_when_cli_scope_is_omitted::{closure#0} as core[df12db4294e9bfd3]::ops::function::FnOnce<()>>::call_once
[INFO] [stdout]   15:     0x5e552ea24cfb - test[9d35eded1c95d3be]::__rust_begin_short_backtrace::<core[df12db4294e9bfd3]::result::Result<(), alloc[2182bb758b4b3781]::string::String>, fn() -> core[df12db4294e9bfd3]::result::Result<(), alloc[2182bb758b4b3781]::string::String>>
[INFO] [stdout]   16:     0x5e552ea32365 - test[9d35eded1c95d3be]::run_test::{closure#0}
[INFO] [stdout]   17:     0x5e552ea2bc24 - std[70759c8f55707aa4]::sys::backtrace::__rust_begin_short_backtrace::<test[9d35eded1c95d3be]::run_test::{closure#1}, ()>
[INFO] [stdout]   18:     0x5e552ea354c2 - <std[70759c8f55707aa4]::thread::lifecycle::spawn_unchecked<test[9d35eded1c95d3be]::run_test::{closure#1}, ()>::{closure#1} as core[df12db4294e9bfd3]::ops::function::FnOnce<()>>::call_once::{shim:vtable#0}
[INFO] [stdout]   19:     0x5e552ea9fad9 - <std[70759c8f55707aa4]::sys::thread::unix::Thread>::new::thread_start
[INFO] [stdout]   20:     0x7ef40c198dfa - <unknown>
[INFO] [stdout]   21:     0x7ef40c22c3d4 - clone
[INFO] [stdout]   22:                0x0 - <unknown>
[INFO] [stdout] 
[INFO] [stdout] 
[INFO] [stdout] failures:
[INFO] [stdout]     persistent_profiles_clean_only_nag_managed_signing_keys
[INFO] [stdout]     supports_workspace_scope_and_profiled_init_and_clone
[INFO] [stdout]     temporary_execution_overrides_global_identity_without_persisting
[INFO] [stdout]     uses_configured_default_scope_when_cli_scope_is_omitted
[INFO] [stdout] 
[INFO] [stdout] test result: FAILED. 2 passed; 4 failed; 0 ignored; 0 measured; 0 filtered out; finished in 0.03s
[INFO] [stdout] 
[INFO] [stderr] error: test failed, to rerun pass `--test nag_integration`
[INFO] running `Command { std: "docker" "inspect" "10c85c9a1bf1b9d8c29f81d7a62b2a057c5ed89c8254057f445628a49445bb97", kill_on_drop: false }`
[INFO] running `Command { std: "docker" "rm" "-f" "10c85c9a1bf1b9d8c29f81d7a62b2a057c5ed89c8254057f445628a49445bb97", kill_on_drop: false }`
[INFO] [stdout] 10c85c9a1bf1b9d8c29f81d7a62b2a057c5ed89c8254057f445628a49445bb97
