[INFO] fetching crate naia-server 0.25.0...
[INFO] testing naia-server-0.25.0 against 1.99.0-beta.8+cargoflags=--release for beta-release-1.100-2
[INFO] extracting crate naia-server 0.25.0 into /workspace/builds/worker-0-tc1/source
[INFO] started tweaking crates.io crate naia-server 0.25.0
[INFO] finished tweaking crates.io crate naia-server 0.25.0
[INFO] tweaked toml for crates.io crate naia-server 0.25.0 written to /workspace/builds/worker-0-tc1/source/Cargo.toml
[INFO] validating manifest of crates.io crate naia-server 0.25.0 on toolchain 1.99.0-beta.8
[INFO] running `Command { std: CARGO_HOME="/workspace/cargo-home" RUSTUP_HOME="/workspace/rustup-home" "/workspace/cargo-home/bin/cargo" "+1.99.0-beta.8" "metadata" "--manifest-path" "Cargo.toml" "--no-deps", kill_on_drop: false }`
[INFO] crate crates.io crate naia-server 0.25.0 already has a lockfile, it will not be regenerated
[INFO] running `Command { std: CARGO_HOME="/workspace/cargo-home" RUSTUP_HOME="/workspace/rustup-home" "/workspace/cargo-home/bin/cargo" "+1.99.0-beta.8" "fetch" "--manifest-path" "Cargo.toml", kill_on_drop: false }`
[INFO] [stderr]     Updating crates.io index
[INFO] [stderr]  Downloading crates ...
[INFO] [stderr]   Downloaded fastrand v2.1.1
[INFO] [stderr]   Downloaded blocking v1.6.1
[INFO] [stderr]   Downloaded event-listener-strategy v0.5.2
[INFO] [stderr]   Downloaded futures-lite v2.3.0
[INFO] [stderr]   Downloaded smol v1.3.0
[INFO] [stderr]   Downloaded async-channel v2.3.1
[INFO] [stderr]   Downloaded zstd v0.12.4
[INFO] [stderr]   Downloaded naia-serde-derive v0.25.0
[INFO] [stderr]   Downloaded naia-derive v0.25.0
[INFO] [stderr]   Downloaded async-signal v0.2.10
[INFO] [stderr]   Downloaded async-net v1.8.0
[INFO] [stderr]   Downloaded async-fs v1.6.0
[INFO] [stderr]   Downloaded async-executor v1.13.1
[INFO] [stderr]   Downloaded redox_syscall v0.5.4
[INFO] [stderr]   Downloaded zstd-safe v6.0.6
[INFO] [stderr]   Downloaded naia-socket-shared v0.25.0
[INFO] [stderr]   Downloaded disqualified v1.0.0
[INFO] [stderr]   Downloaded event-listener v5.3.1
[INFO] [stderr]   Downloaded naia-serde v0.25.0
[INFO] [stderr]   Downloaded bevy_utils v0.18.1
[INFO] [stderr]   Downloaded bevy_macro_utils v0.18.1
[INFO] [stderr]   Downloaded bevy_platform v0.18.1
[INFO] [stderr]   Downloaded bevy_ptr v0.18.1
[INFO] [stderr]   Downloaded bevy_ecs_macros v0.18.1
[INFO] [stderr]   Downloaded portable-atomic v1.11.0
[INFO] [stderr]   Downloaded pin-project-internal v1.1.5
[INFO] [stderr]   Downloaded naia-server-socket v0.25.0
[INFO] [stderr]   Downloaded async-dup v1.2.4
[INFO] [stderr]   Downloaded bytes v1.7.1
[INFO] [stderr]   Downloaded slotmap v1.0.7
[INFO] [stderr]   Downloaded portable-atomic-util v0.2.4
[INFO] [stderr]   Downloaded bevy_tasks v0.18.1
[INFO] [stderr]   Downloaded crc v3.2.1
[INFO] [stderr]   Downloaded polling v3.7.3
[INFO] [stderr]   Downloaded cc v1.1.20
[INFO] [stderr]   Downloaded pin-project v1.1.5
[INFO] [stderr]   Downloaded webrtc-unreliable v0.5.3
[INFO] [stderr]   Downloaded indexmap v2.12.1
[INFO] [stderr]   Downloaded openssl-sys v0.9.103
[INFO] [stderr]   Downloaded naia-shared v0.25.0
[INFO] [stderr]   Downloaded blake3 v1.8.4
[INFO] [stderr]   Downloaded rustix v0.37.27
[INFO] [stderr]   Downloaded openssl v0.10.66
[INFO] [stderr]   Downloaded rustix v0.38.37
[INFO] [stderr]   Downloaded bevy_ecs v0.18.1
[INFO] running `Command { std: "docker" "create" "-v" "/var/lib/crater-agent-workspace/builds/worker-0-tc1/source:/opt/rustwide/workdir:ro,Z" "-v" "/var/lib/crater-agent-workspace/builds/worker-0-tc1/target:/opt/rustwide/target:rw,Z" "-v" "/var/lib/crater-agent-workspace/cargo-home:/opt/rustwide/cargo-home:ro,Z" "-v" "/var/lib/crater-agent-workspace/rustup-home:/opt/rustwide/rustup-home:ro,Z" "-m" "1610612736" "--network" "none" "ghcr.io/rust-lang/crates-build-env/linux@sha256:77db811e55d90add9212f6832c23229e3de5f1c1f9905e8cb07319ea15df73ac" "sleep" "infinity", kill_on_drop: false }`
[INFO] [stdout] 7e681be6ede71aacdbfc587c1afc82955598c92ecc57a112e902aa95574281ed
[INFO] running `Command { std: "docker" "start" "7e681be6ede71aacdbfc587c1afc82955598c92ecc57a112e902aa95574281ed", kill_on_drop: false }`
[INFO] running `Command { std: "docker" "inspect" "7e681be6ede71aacdbfc587c1afc82955598c92ecc57a112e902aa95574281ed", kill_on_drop: false }`
[INFO] running `Command { std: "docker" "exec" "-e" "SOURCE_DIR=/opt/rustwide/workdir" "-e" "CARGO_HOME=/opt/rustwide/cargo-home" "-e" "RUSTUP_HOME=/opt/rustwide/rustup-home" "-e" "CARGO_TARGET_DIR=/opt/rustwide/target" "-w" "/opt/rustwide/workdir" "--user" "0:0" "7e681be6ede71aacdbfc587c1afc82955598c92ecc57a112e902aa95574281ed" "/opt/rustwide/cargo-home/bin/cargo" "+1.99.0-beta.8" "metadata" "--no-deps" "--format-version=1", kill_on_drop: false }`
[INFO] running `Command { std: "docker" "inspect" "7e681be6ede71aacdbfc587c1afc82955598c92ecc57a112e902aa95574281ed", kill_on_drop: false }`
[INFO] running `Command { std: "docker" "exec" "-e" "SOURCE_DIR=/opt/rustwide/workdir" "-e" "CARGO_HOME=/opt/rustwide/cargo-home" "-e" "RUSTUP_HOME=/opt/rustwide/rustup-home" "-e" "CARGO_TARGET_DIR=/opt/rustwide/target" "-e" "CARGO_INCREMENTAL=0" "-e" "RUST_BACKTRACE=full" "-e" "RUSTFLAGS=--cap-lints=warn" "-e" "RUSTDOCFLAGS=--cap-lints=warn" "-w" "/opt/rustwide/workdir" "--user" "0:0" "7e681be6ede71aacdbfc587c1afc82955598c92ecc57a112e902aa95574281ed" "/opt/rustwide/cargo-home/bin/cargo" "+1.99.0-beta.8" "build" "--frozen" "--message-format=json" "--release", kill_on_drop: false }`
[INFO] [stderr]    Compiling unicode-ident v1.0.13
[INFO] [stderr]    Compiling autocfg v1.3.0
[INFO] [stderr]    Compiling crossbeam-utils v0.8.20
[INFO] [stderr]    Compiling pin-project-lite v0.2.14
[INFO] [stderr]    Compiling stable_deref_trait v1.2.0
[INFO] [stderr]    Compiling futures-io v0.3.32
[INFO] [stderr]    Compiling log v0.4.22
[INFO] [stderr]    Compiling smallvec v1.15.1
[INFO] [stderr]    Compiling bitflags v2.9.1
[INFO] [stderr]    Compiling rustix v0.38.37
[INFO] [stderr]    Compiling linux-raw-sys v0.4.14
[INFO] [stderr]    Compiling rustix v1.1.4
[INFO] [stderr]    Compiling byteorder v1.5.0
[INFO] [stderr]    Compiling rustix v0.37.27
[INFO] [stderr]    Compiling tracing-core v0.1.36
[INFO] [stderr]    Compiling fastrand v2.1.1
[INFO] [stderr]    Compiling proc-macro2 v1.0.95
[INFO] [stderr]    Compiling futures-lite v2.3.0
[INFO] [stderr]    Compiling io-lifetimes v1.0.11
[INFO] [stderr]    Compiling futures-lite v1.13.0
[INFO] [stderr]    Compiling getrandom v0.2.15
[INFO] [stderr]    Compiling linux-raw-sys v0.12.1
[INFO] [stderr]    Compiling cc v1.1.20
[INFO] [stderr]    Compiling slab v0.4.9
[INFO] [stderr]    Compiling polling v2.8.0
[INFO] [stderr]    Compiling async-io v2.6.0
[INFO] [stderr]    Compiling async-io v1.13.0
[INFO] [stderr]    Compiling rand_core v0.6.4
[INFO] [stderr]    Compiling tracing v0.1.44
[INFO] [stderr]    Compiling concurrent-queue v2.5.0
[INFO] [stderr]    Compiling piper v0.2.4
[INFO] [stderr]    Compiling event-listener v5.3.1
[INFO] [stderr]    Compiling lock_api v0.4.12
[INFO] [stderr]    Compiling socket2 v0.4.10
[INFO] [stderr]    Compiling quote v1.0.45
[INFO] [stderr]    Compiling cfg-if v1.0.0
[INFO] [stderr]    Compiling async-fs v1.6.0
[INFO] [stderr]    Compiling signal-hook-registry v1.4.2
[INFO] [stderr]    Compiling parking_lot_core v0.9.10
[INFO] [stderr]    Compiling event-listener v3.1.0
[INFO] [stderr]    Compiling event-listener-strategy v0.5.2
[INFO] [stderr]    Compiling arrayvec v0.7.6
[INFO] [stderr]    Compiling async-channel v2.3.1
[INFO] [stderr]    Compiling async-executor v1.13.1
[INFO] [stderr]    Compiling async-channel v1.9.0
[INFO] [stderr]    Compiling syn v2.0.117
[INFO] [stderr]    Compiling blocking v1.6.1
[INFO] [stderr]    Compiling parking_lot v0.12.3
[INFO] [stderr]    Compiling blake3 v1.8.4
[INFO] [stderr]    Compiling synstructure v0.13.2
[INFO] [stderr]    Compiling async-net v1.8.0
[INFO] [stderr]    Compiling zerovec-derive v0.11.3
[INFO] [stderr]    Compiling displaydoc v0.2.5
[INFO] [stderr]    Compiling zerocopy-derive v0.7.35
[INFO] [stderr]    Compiling naia-serde-derive v0.25.0
[INFO] [stderr]    Compiling zerofrom-derive v0.1.7
[INFO] [stderr]    Compiling yoke-derive v0.8.2
[INFO] [stderr]    Compiling naia-serde v0.25.0
[INFO] [stderr]    Compiling naia-derive v0.25.0
[INFO] [stderr]    Compiling zerofrom v0.1.7
[INFO] [stderr]    Compiling zerocopy v0.7.35
[INFO] [stderr]    Compiling polling v3.7.3
[INFO] [stderr]    Compiling yoke v0.8.2
[INFO] [stderr]    Compiling zerovec v0.11.6
[INFO] [stderr]    Compiling zerotrie v0.2.4
[INFO] [stderr]    Compiling ppv-lite86 v0.2.20
[INFO] [stderr]    Compiling rand_chacha v0.3.1
[INFO] [stderr]    Compiling rand v0.8.5
[INFO] [stderr]    Compiling tinystr v0.8.3
[INFO] [stderr]    Compiling potential_utf v0.1.5
[INFO] [stderr]    Compiling icu_collections v2.2.0
[INFO] [stderr]    Compiling icu_locale_core v2.2.0
[INFO] [stderr]    Compiling async-signal v0.2.10
[INFO] [stderr]    Compiling async-process v1.8.1
[INFO] [stderr]    Compiling smol v1.3.0
[INFO] [stderr]    Compiling icu_provider v2.2.0
[INFO] [stderr]    Compiling icu_properties v2.2.0
[INFO] [stderr]    Compiling icu_normalizer v2.2.0
[INFO] [stderr]    Compiling idna_adapter v1.2.1
[INFO] [stderr]    Compiling idna v1.1.0
[INFO] [stderr]    Compiling url v2.5.8
[INFO] [stderr]    Compiling naia-socket-shared v0.25.0
[INFO] [stderr]    Compiling naia-shared v0.25.0
[INFO] [stderr]    Compiling naia-server v0.25.0 (/opt/rustwide/workdir)
[INFO] [stderr]     Finished `release` profile [optimized] target(s) in 24.81s
[INFO] running `Command { std: "docker" "inspect" "7e681be6ede71aacdbfc587c1afc82955598c92ecc57a112e902aa95574281ed", kill_on_drop: false }`
[INFO] running `Command { std: "docker" "exec" "-e" "SOURCE_DIR=/opt/rustwide/workdir" "-e" "CARGO_HOME=/opt/rustwide/cargo-home" "-e" "RUSTUP_HOME=/opt/rustwide/rustup-home" "-e" "CARGO_TARGET_DIR=/opt/rustwide/target" "-e" "CARGO_INCREMENTAL=0" "-e" "RUST_BACKTRACE=full" "-e" "RUSTFLAGS=--cap-lints=warn" "-e" "RUSTDOCFLAGS=--cap-lints=warn" "-w" "/opt/rustwide/workdir" "--user" "0:0" "7e681be6ede71aacdbfc587c1afc82955598c92ecc57a112e902aa95574281ed" "/opt/rustwide/cargo-home/bin/cargo" "+1.99.0-beta.8" "test" "--frozen" "--no-run" "--message-format=json" "--release", kill_on_drop: false }`
[INFO] [stderr]    Compiling naia-server v0.25.0 (/opt/rustwide/workdir)
[INFO] [stderr]     Finished `release` profile [optimized] target(s) in 1.69s
[INFO] running `Command { std: "docker" "inspect" "7e681be6ede71aacdbfc587c1afc82955598c92ecc57a112e902aa95574281ed", kill_on_drop: false }`
[INFO] running `Command { std: "docker" "exec" "-e" "SOURCE_DIR=/opt/rustwide/workdir" "-e" "CARGO_HOME=/opt/rustwide/cargo-home" "-e" "RUSTUP_HOME=/opt/rustwide/rustup-home" "-e" "CARGO_TARGET_DIR=/opt/rustwide/target" "-e" "CARGO_INCREMENTAL=0" "-e" "RUST_BACKTRACE=full" "-e" "RUSTFLAGS=--cap-lints=warn" "-e" "RUSTDOCFLAGS=--cap-lints=warn" "-w" "/opt/rustwide/workdir" "--user" "0:0" "7e681be6ede71aacdbfc587c1afc82955598c92ecc57a112e902aa95574281ed" "/opt/rustwide/cargo-home/bin/cargo" "+1.99.0-beta.8" "test" "--frozen" "--release", kill_on_drop: false }`
[INFO] [stderr]     Finished `release` profile [optimized] target(s) in 0.14s
[INFO] [stderr]      Running unittests src/lib.rs (/opt/rustwide/target/release/deps/naia_server-cdb2773a83659268)
[INFO] [stdout] 
[INFO] [stdout] running 9 tests
[INFO] [stdout] test server::scope_checks_cache::tests::add_entity_to_room_appends_tuple_for_each_user ... ok
[INFO] [stdout] test server::scope_checks_cache::tests::empty_room_yields_empty_scope_checks ... ok
[INFO] [stdout] test server::scope_checks_cache::tests::remove_entity_from_room_removes_tuple_for_each_user ... ok
[INFO] [stdout] test server::scope_checks_cache::tests::multiple_rooms_independent ... ok
[INFO] [stdout] test server::scope_checks_cache::tests::entity_despawn_drops_tuple_across_all_rooms ... ok
[INFO] [stdout] test server::scope_checks_cache::tests::room_destroyed_drops_all_tuples_for_room ... ok
[INFO] [stdout] test server::scope_checks_cache::tests::remove_user_from_room_removes_only_that_users_tuples ... ok
[INFO] [stdout] test server::scope_checks_cache::tests::add_user_to_room_appends_tuples_for_all_entities ... ok
[INFO] [stdout] test server::scope_checks_cache::tests::churn_test_maintains_equivalence_with_recompute ... ok
[INFO] [stdout] 
[INFO] [stdout] test result: ok. 9 passed; 0 failed; 0 ignored; 0 measured; 0 filtered out; finished in 0.00s
[INFO] [stdout] 
[INFO] [stderr]    Doc-tests naia_server
[INFO] [stdout] 
[INFO] [stdout] running 7 tests
[INFO] [stdout] test src/historian.rs - historian::Historian (line 28) - compile ... FAILED
[INFO] [stdout] test src/server/server.rs - server::server::Server<E>::enable_historian_filtered (line 1006) - compile ... FAILED
[INFO] [stdout] test src/user_scope.rs - user_scope::UserScopeMut (line 35) - compile ... ok
[INFO] [stdout] test src/historian.rs - historian::Historian::new_filtered (line 83) - compile ... FAILED
[INFO] [stdout] test src/lib.rs - (line 10) - compile ... ok
[INFO] [stdout] test src/world/replication_config.rs - world::replication_config::ReplicationConfig (line 44) ... ok
[INFO] [stdout] test src/server/server.rs - server::server::Server<E>::spawn_entity (line 372) ... ok
[INFO] [stdout] 
[INFO] [stdout] failures:
[INFO] [stdout] 
[INFO] [stdout] ---- src/historian.rs - historian::Historian (line 28) stdout ----
[INFO] [stdout] error[E0277]: the trait bound `&W: WorldRefType<E>` is not satisfied
[INFO] [stdout]   --> src/historian.rs:40:30
[INFO] [stdout]    |
[INFO] [stdout] 40 | server.record_historian_tick(world, current_tick);
[INFO] [stdout]    |                              ^^^^^ the trait `WorldRefType<E>` is not implemented for `&W`
[INFO] [stdout]    |
[INFO] [stdout] help: consider further restricting type parameter `W` with trait `Clone`
[INFO] [stdout]    |
[INFO] [stdout] 32 | fn example<E: Copy + Eq + std::hash::Hash + Send + Sync, W: WorldRefType<E> + Clone>(
[INFO] [stdout]    |                                                                             +++++++
[INFO] [stdout] help: consider using clone here
[INFO] [stdout]    |
[INFO] [stdout] 40 | server.record_historian_tick(world.clone(), current_tick);
[INFO] [stdout]    |                                   ++++++++
[INFO] [stdout] 
[INFO] [stdout] error: aborting due to 1 previous error
[INFO] [stdout] 
[INFO] [stdout] For more information about this error, try `rustc --explain E0277`.
[INFO] [stdout] Couldn't compile the test.
[INFO] [stdout] ---- src/server/server.rs - server::server::Server<E>::enable_historian_filtered (line 1006) stdout ----
[INFO] [stdout] error[E0046]: not all trait items implemented, missing: `kind`, `to_any`, `to_any_mut`, `to_boxed_any`, `create_builder`, `diff_mask_size`, `dyn_ref`, `dyn_mut`, `mirror_single_field`, `set_mutator`, `write`, `write_update`, `read_apply_update`, `read_apply_field_update`, `relations_waiting`, `relations_complete`, `publish`, `unpublish`, `enable_delegation`, `disable_delegation`, `localize`
[INFO] [stdout]     --> src/server/server.rs:1016:18
[INFO] [stdout]      |
[INFO] [stdout] 1016 | struct Position; impl naia_shared::Replicate for Position {
[INFO] [stdout]      |                  ^^^^^^^^^^^^^^^^^^^^^^^^^^^^^^^^^^^^^^^^ missing `kind`, `to_any`, `to_any_mut`, `to_boxed_any`, `create_builder`, `diff_mask_size`, `dyn_ref`, `dyn_mut`, `mirror_single_field`, `set_mutator`, `write`, `write_update`, `read_apply_update`, `read_apply_field_update`, `relations_waiting`, `relations_complete`, `publish`, `unpublish`, `enable_delegation`, `disable_delegation`, `localize` in implementation
[INFO] [stdout]      |
[INFO] [stdout]      = help: implement the missing item: `fn kind(&self) -> ComponentKind { todo!() }`
[INFO] [stdout]      = help: implement the missing item: `fn to_any(&self) -> &(dyn Any + 'static) { todo!() }`
[INFO] [stdout]      = help: implement the missing item: `fn to_any_mut(&mut self) -> &mut (dyn Any + 'static) { todo!() }`
[INFO] [stdout]      = help: implement the missing item: `fn to_boxed_any(self: Box<Self>) -> Box<(dyn Any + 'static)> { todo!() }`
[INFO] [stdout]      = help: implement the missing item: `fn create_builder() -> Box<(dyn ReplicateBuilder + 'static)> { todo!() }`
[INFO] [stdout]      = help: implement the missing item: `fn diff_mask_size(&self) -> u8 { todo!() }`
[INFO] [stdout]      = help: implement the missing item: `fn dyn_ref(&self) -> ReplicaDynRef<'_> { todo!() }`
[INFO] [stdout]      = help: implement the missing item: `fn dyn_mut(&mut self) -> ReplicaDynMut<'_> { todo!() }`
[INFO] [stdout]      = help: implement the missing item: `fn mirror_single_field(&mut self, _: u8, _: &(dyn Replicate + 'static)) { todo!() }`
[INFO] [stdout]      = help: implement the missing item: `fn set_mutator(&mut self, _: &PropertyMutator) { todo!() }`
[INFO] [stdout]      = help: implement the missing item: `fn write(&self, _: &ComponentKinds, _: &mut dyn BitWrite, _: &mut dyn LocalEntityAndGlobalEntityConverterMut) { todo!() }`
[INFO] [stdout]      = help: implement the missing item: `fn write_update(&self, _: &DiffMask, _: &mut dyn BitWrite, _: &mut dyn LocalEntityAndGlobalEntityConverterMut) { todo!() }`
[INFO] [stdout]      = help: implement the missing item: `fn read_apply_update(&mut self, _: &dyn LocalEntityAndGlobalEntityConverter, _: ComponentUpdate) -> Result<(), SerdeErr> { todo!() }`
[INFO] [stdout]      = help: implement the missing item: `fn read_apply_field_update(&mut self, _: &dyn LocalEntityAndGlobalEntityConverter, _: ComponentFieldUpdate) -> Result<(), SerdeErr> { todo!() }`
[INFO] [stdout]      = help: implement the missing item: `fn relations_waiting(&self) -> Option<HashSet<RemoteEntity>> { todo!() }`
[INFO] [stdout]      = help: implement the missing item: `fn relations_complete(&mut self, _: &dyn LocalEntityAndGlobalEntityConverter) { todo!() }`
[INFO] [stdout]      = help: implement the missing item: `fn publish(&mut self, _: &PropertyMutator) { todo!() }`
[INFO] [stdout]      = help: implement the missing item: `fn unpublish(&mut self) { todo!() }`
[INFO] [stdout]      = help: implement the missing item: `fn enable_delegation(&mut self, _: &EntityAuthAccessor, _: Option<&PropertyMutator>) { todo!() }`
[INFO] [stdout]      = help: implement the missing item: `fn disable_delegation(&mut self) { todo!() }`
[INFO] [stdout]      = help: implement the missing item: `fn localize(&mut self) { todo!() }`
[INFO] [stdout] 
[INFO] [stdout] error[E0277]: the trait bound `Position: naia_shared::Named` is not satisfied
[INFO] [stdout]     --> src/server/server.rs:1016:50
[INFO] [stdout]      |
[INFO] [stdout] 1016 | struct Position; impl naia_shared::Replicate for Position {
[INFO] [stdout]      |                                                  ^^^^^^^^ unsatisfied trait bound
[INFO] [stdout]      |
[INFO] [stdout] help: the trait `naia_shared::Named` is not implemented for `Position`
[INFO] [stdout]     --> src/server/server.rs:1016:1
[INFO] [stdout]      |
[INFO] [stdout] 1016 | struct Position; impl naia_shared::Replicate for Position {
[INFO] [stdout]      | ^^^^^^^^^^^^^^^
[INFO] [stdout]      = help: the following other types implement trait `naia_shared::Named`:
[INFO] [stdout]                Box<(dyn MessageBevy + 'static)>
[INFO] [stdout]                OrderedReliableChannel
[INFO] [stdout]                RequestOrResponse
[INFO] [stdout]                SequencedReliableChannel
[INFO] [stdout]                SequencedUnreliableChannel
[INFO] [stdout]                TickBufferedChannel
[INFO] [stdout]                UnorderedReliableChannel
[INFO] [stdout]                UnorderedUnreliableChannel
[INFO] [stdout]                naia_shared::messages::fragment::FragmentedMessage
[INFO] [stdout] note: required by a bound in `Replicate`
[INFO] [stdout]     --> /opt/rustwide/cargo-home/registry/src/index.crates.io-1949cf8c6b5b557f/naia-shared-0.25.0/src/world/component/replicate.rs:58:46
[INFO] [stdout]      |
[INFO] [stdout]   58 | pub trait Replicate: Sync + Send + 'static + Named + Any {
[INFO] [stdout]      |                                              ^^^^^ required by this bound in `Replicate`
[INFO] [stdout] 
[INFO] [stdout] error[E0046]: not all trait items implemented, missing: `kind`, `to_any`, `to_any_mut`, `to_boxed_any`, `create_builder`, `diff_mask_size`, `dyn_ref`, `dyn_mut`, `mirror_single_field`, `set_mutator`, `write`, `write_update`, `read_apply_update`, `read_apply_field_update`, `relations_waiting`, `relations_complete`, `publish`, `unpublish`, `enable_delegation`, `disable_delegation`, `localize`
[INFO] [stdout]     --> src/server/server.rs:1020:16
[INFO] [stdout]      |
[INFO] [stdout] 1020 | struct Health; impl naia_shared::Replicate for Health {
[INFO] [stdout]      |                ^^^^^^^^^^^^^^^^^^^^^^^^^^^^^^^^^^^^^^ missing `kind`, `to_any`, `to_any_mut`, `to_boxed_any`, `create_builder`, `diff_mask_size`, `dyn_ref`, `dyn_mut`, `mirror_single_field`, `set_mutator`, `write`, `write_update`, `read_apply_update`, `read_apply_field_update`, `relations_waiting`, `relations_complete`, `publish`, `unpublish`, `enable_delegation`, `disable_delegation`, `localize` in implementation
[INFO] [stdout]      |
[INFO] [stdout]      = help: implement the missing item: `fn kind(&self) -> ComponentKind { todo!() }`
[INFO] [stdout]      = help: implement the missing item: `fn to_any(&self) -> &(dyn Any + 'static) { todo!() }`
[INFO] [stdout]      = help: implement the missing item: `fn to_any_mut(&mut self) -> &mut (dyn Any + 'static) { todo!() }`
[INFO] [stdout]      = help: implement the missing item: `fn to_boxed_any(self: Box<Self>) -> Box<(dyn Any + 'static)> { todo!() }`
[INFO] [stdout]      = help: implement the missing item: `fn create_builder() -> Box<(dyn ReplicateBuilder + 'static)> { todo!() }`
[INFO] [stdout]      = help: implement the missing item: `fn diff_mask_size(&self) -> u8 { todo!() }`
[INFO] [stdout]      = help: implement the missing item: `fn dyn_ref(&self) -> ReplicaDynRef<'_> { todo!() }`
[INFO] [stdout]      = help: implement the missing item: `fn dyn_mut(&mut self) -> ReplicaDynMut<'_> { todo!() }`
[INFO] [stdout]      = help: implement the missing item: `fn mirror_single_field(&mut self, _: u8, _: &(dyn Replicate + 'static)) { todo!() }`
[INFO] [stdout]      = help: implement the missing item: `fn set_mutator(&mut self, _: &PropertyMutator) { todo!() }`
[INFO] [stdout]      = help: implement the missing item: `fn write(&self, _: &ComponentKinds, _: &mut dyn BitWrite, _: &mut dyn LocalEntityAndGlobalEntityConverterMut) { todo!() }`
[INFO] [stdout]      = help: implement the missing item: `fn write_update(&self, _: &DiffMask, _: &mut dyn BitWrite, _: &mut dyn LocalEntityAndGlobalEntityConverterMut) { todo!() }`
[INFO] [stdout]      = help: implement the missing item: `fn read_apply_update(&mut self, _: &dyn LocalEntityAndGlobalEntityConverter, _: ComponentUpdate) -> Result<(), SerdeErr> { todo!() }`
[INFO] [stdout]      = help: implement the missing item: `fn read_apply_field_update(&mut self, _: &dyn LocalEntityAndGlobalEntityConverter, _: ComponentFieldUpdate) -> Result<(), SerdeErr> { todo!() }`
[INFO] [stdout]      = help: implement the missing item: `fn relations_waiting(&self) -> Option<HashSet<RemoteEntity>> { todo!() }`
[INFO] [stdout]      = help: implement the missing item: `fn relations_complete(&mut self, _: &dyn LocalEntityAndGlobalEntityConverter) { todo!() }`
[INFO] [stdout]      = help: implement the missing item: `fn publish(&mut self, _: &PropertyMutator) { todo!() }`
[INFO] [stdout]      = help: implement the missing item: `fn unpublish(&mut self) { todo!() }`
[INFO] [stdout]      = help: implement the missing item: `fn enable_delegation(&mut self, _: &EntityAuthAccessor, _: Option<&PropertyMutator>) { todo!() }`
[INFO] [stdout]      = help: implement the missing item: `fn disable_delegation(&mut self) { todo!() }`
[INFO] [stdout]      = help: implement the missing item: `fn localize(&mut self) { todo!() }`
[INFO] [stdout] 
[INFO] [stdout] error[E0277]: the trait bound `Health: naia_shared::Named` is not satisfied
[INFO] [stdout]     --> src/server/server.rs:1020:48
[INFO] [stdout]      |
[INFO] [stdout] 1020 | struct Health; impl naia_shared::Replicate for Health {
[INFO] [stdout]      |                                                ^^^^^^ unsatisfied trait bound
[INFO] [stdout]      |
[INFO] [stdout] help: the trait `naia_shared::Named` is not implemented for `Health`
[INFO] [stdout]     --> src/server/server.rs:1020:1
[INFO] [stdout]      |
[INFO] [stdout] 1020 | struct Health; impl naia_shared::Replicate for Health {
[INFO] [stdout]      | ^^^^^^^^^^^^^
[INFO] [stdout]      = help: the following other types implement trait `naia_shared::Named`:
[INFO] [stdout]                Box<(dyn MessageBevy + 'static)>
[INFO] [stdout]                OrderedReliableChannel
[INFO] [stdout]                RequestOrResponse
[INFO] [stdout]                SequencedReliableChannel
[INFO] [stdout]                SequencedUnreliableChannel
[INFO] [stdout]                TickBufferedChannel
[INFO] [stdout]                UnorderedReliableChannel
[INFO] [stdout]                UnorderedUnreliableChannel
[INFO] [stdout]                naia_shared::messages::fragment::FragmentedMessage
[INFO] [stdout] note: required by a bound in `Replicate`
[INFO] [stdout]     --> /opt/rustwide/cargo-home/registry/src/index.crates.io-1949cf8c6b5b557f/naia-shared-0.25.0/src/world/component/replicate.rs:58:46
[INFO] [stdout]      |
[INFO] [stdout]   58 | pub trait Replicate: Sync + Send + 'static + Named + Any {
[INFO] [stdout]      |                                              ^^^^^ required by this bound in `Replicate`
[INFO] [stdout] 
[INFO] [stdout] error: aborting due to 4 previous errors
[INFO] [stdout] 
[INFO] [stdout] Some errors have detailed explanations: E0046, E0277.
[INFO] [stdout] For more information about an error, try `rustc --explain E0046`.
[INFO] [stdout] Couldn't compile the test.
[INFO] [stdout] ---- src/historian.rs - historian::Historian::new_filtered (line 83) stdout ----
[INFO] [stdout] error[E0046]: not all trait items implemented, missing: `kind`, `to_any`, `to_any_mut`, `to_boxed_any`, `create_builder`, `diff_mask_size`, `dyn_ref`, `dyn_mut`, `mirror_single_field`, `set_mutator`, `write`, `write_update`, `read_apply_update`, `read_apply_field_update`, `relations_waiting`, `relations_complete`, `publish`, `unpublish`, `enable_delegation`, `disable_delegation`, `localize`
[INFO] [stdout]   --> src/historian.rs:93:18
[INFO] [stdout]    |
[INFO] [stdout] 93 | struct Position; impl naia_shared::Replicate for Position {
[INFO] [stdout]    |                  ^^^^^^^^^^^^^^^^^^^^^^^^^^^^^^^^^^^^^^^^ missing `kind`, `to_any`, `to_any_mut`, `to_boxed_any`, `create_builder`, `diff_mask_size`, `dyn_ref`, `dyn_mut`, `mirror_single_field`, `set_mutator`, `write`, `write_update`, `read_apply_update`, `read_apply_field_update`, `relations_waiting`, `relations_complete`, `publish`, `unpublish`, `enable_delegation`, `disable_delegation`, `localize` in implementation
[INFO] [stdout]    |
[INFO] [stdout]    = help: implement the missing item: `fn kind(&self) -> ComponentKind { todo!() }`
[INFO] [stdout]    = help: implement the missing item: `fn to_any(&self) -> &(dyn Any + 'static) { todo!() }`
[INFO] [stdout]    = help: implement the missing item: `fn to_any_mut(&mut self) -> &mut (dyn Any + 'static) { todo!() }`
[INFO] [stdout]    = help: implement the missing item: `fn to_boxed_any(self: Box<Self>) -> Box<(dyn Any + 'static)> { todo!() }`
[INFO] [stdout]    = help: implement the missing item: `fn create_builder() -> Box<(dyn ReplicateBuilder + 'static)> { todo!() }`
[INFO] [stdout]    = help: implement the missing item: `fn diff_mask_size(&self) -> u8 { todo!() }`
[INFO] [stdout]    = help: implement the missing item: `fn dyn_ref(&self) -> ReplicaDynRef<'_> { todo!() }`
[INFO] [stdout]    = help: implement the missing item: `fn dyn_mut(&mut self) -> ReplicaDynMut<'_> { todo!() }`
[INFO] [stdout]    = help: implement the missing item: `fn mirror_single_field(&mut self, _: u8, _: &(dyn Replicate + 'static)) { todo!() }`
[INFO] [stdout]    = help: implement the missing item: `fn set_mutator(&mut self, _: &PropertyMutator) { todo!() }`
[INFO] [stdout]    = help: implement the missing item: `fn write(&self, _: &ComponentKinds, _: &mut dyn BitWrite, _: &mut dyn LocalEntityAndGlobalEntityConverterMut) { todo!() }`
[INFO] [stdout]    = help: implement the missing item: `fn write_update(&self, _: &DiffMask, _: &mut dyn BitWrite, _: &mut dyn LocalEntityAndGlobalEntityConverterMut) { todo!() }`
[INFO] [stdout]    = help: implement the missing item: `fn read_apply_update(&mut self, _: &dyn LocalEntityAndGlobalEntityConverter, _: ComponentUpdate) -> Result<(), SerdeErr> { todo!() }`
[INFO] [stdout]    = help: implement the missing item: `fn read_apply_field_update(&mut self, _: &dyn LocalEntityAndGlobalEntityConverter, _: ComponentFieldUpdate) -> Result<(), SerdeErr> { todo!() }`
[INFO] [stdout]    = help: implement the missing item: `fn relations_waiting(&self) -> Option<HashSet<RemoteEntity>> { todo!() }`
[INFO] [stdout]    = help: implement the missing item: `fn relations_complete(&mut self, _: &dyn LocalEntityAndGlobalEntityConverter) { todo!() }`
[INFO] [stdout]    = help: implement the missing item: `fn publish(&mut self, _: &PropertyMutator) { todo!() }`
[INFO] [stdout]    = help: implement the missing item: `fn unpublish(&mut self) { todo!() }`
[INFO] [stdout]    = help: implement the missing item: `fn enable_delegation(&mut self, _: &EntityAuthAccessor, _: Option<&PropertyMutator>) { todo!() }`
[INFO] [stdout]    = help: implement the missing item: `fn disable_delegation(&mut self) { todo!() }`
[INFO] [stdout]    = help: implement the missing item: `fn localize(&mut self) { todo!() }`
[INFO] [stdout] 
[INFO] [stdout] error[E0277]: the trait bound `Position: naia_shared::Named` is not satisfied
[INFO] [stdout]   --> src/historian.rs:93:50
[INFO] [stdout]    |
[INFO] [stdout] 93 | struct Position; impl naia_shared::Replicate for Position {
[INFO] [stdout]    |                                                  ^^^^^^^^ unsatisfied trait bound
[INFO] [stdout]    |
[INFO] [stdout] help: the trait `naia_shared::Named` is not implemented for `Position`
[INFO] [stdout]   --> src/historian.rs:93:1
[INFO] [stdout]    |
[INFO] [stdout] 93 | struct Position; impl naia_shared::Replicate for Position {
[INFO] [stdout]    | ^^^^^^^^^^^^^^^
[INFO] [stdout]    = help: the following other types implement trait `naia_shared::Named`:
[INFO] [stdout]              Box<(dyn MessageBevy + 'static)>
[INFO] [stdout]              OrderedReliableChannel
[INFO] [stdout]              RequestOrResponse
[INFO] [stdout]              SequencedReliableChannel
[INFO] [stdout]              SequencedUnreliableChannel
[INFO] [stdout]              TickBufferedChannel
[INFO] [stdout]              UnorderedReliableChannel
[INFO] [stdout]              UnorderedUnreliableChannel
[INFO] [stdout]              naia_shared::messages::fragment::FragmentedMessage
[INFO] [stdout] note: required by a bound in `Replicate`
[INFO] [stdout]   --> /opt/rustwide/cargo-home/registry/src/index.crates.io-1949cf8c6b5b557f/naia-shared-0.25.0/src/world/component/replicate.rs:58:46
[INFO] [stdout]    |
[INFO] [stdout] 58 | pub trait Replicate: Sync + Send + 'static + Named + Any {
[INFO] [stdout]    |                                              ^^^^^ required by this bound in `Replicate`
[INFO] [stdout] 
[INFO] [stdout] error[E0046]: not all trait items implemented, missing: `kind`, `to_any`, `to_any_mut`, `to_boxed_any`, `create_builder`, `diff_mask_size`, `dyn_ref`, `dyn_mut`, `mirror_single_field`, `set_mutator`, `write`, `write_update`, `read_apply_update`, `read_apply_field_update`, `relations_waiting`, `relations_complete`, `publish`, `unpublish`, `enable_delegation`, `disable_delegation`, `localize`
[INFO] [stdout]   --> src/historian.rs:97:16
[INFO] [stdout]    |
[INFO] [stdout] 97 | struct Health; impl naia_shared::Replicate for Health {
[INFO] [stdout]    |                ^^^^^^^^^^^^^^^^^^^^^^^^^^^^^^^^^^^^^^ missing `kind`, `to_any`, `to_any_mut`, `to_boxed_any`, `create_builder`, `diff_mask_size`, `dyn_ref`, `dyn_mut`, `mirror_single_field`, `set_mutator`, `write`, `write_update`, `read_apply_update`, `read_apply_field_update`, `relations_waiting`, `relations_complete`, `publish`, `unpublish`, `enable_delegation`, `disable_delegation`, `localize` in implementation
[INFO] [stdout]    |
[INFO] [stdout]    = help: implement the missing item: `fn kind(&self) -> ComponentKind { todo!() }`
[INFO] [stdout]    = help: implement the missing item: `fn to_any(&self) -> &(dyn Any + 'static) { todo!() }`
[INFO] [stdout]    = help: implement the missing item: `fn to_any_mut(&mut self) -> &mut (dyn Any + 'static) { todo!() }`
[INFO] [stdout]    = help: implement the missing item: `fn to_boxed_any(self: Box<Self>) -> Box<(dyn Any + 'static)> { todo!() }`
[INFO] [stdout]    = help: implement the missing item: `fn create_builder() -> Box<(dyn ReplicateBuilder + 'static)> { todo!() }`
[INFO] [stdout]    = help: implement the missing item: `fn diff_mask_size(&self) -> u8 { todo!() }`
[INFO] [stdout]    = help: implement the missing item: `fn dyn_ref(&self) -> ReplicaDynRef<'_> { todo!() }`
[INFO] [stdout]    = help: implement the missing item: `fn dyn_mut(&mut self) -> ReplicaDynMut<'_> { todo!() }`
[INFO] [stdout]    = help: implement the missing item: `fn mirror_single_field(&mut self, _: u8, _: &(dyn Replicate + 'static)) { todo!() }`
[INFO] [stdout]    = help: implement the missing item: `fn set_mutator(&mut self, _: &PropertyMutator) { todo!() }`
[INFO] [stdout]    = help: implement the missing item: `fn write(&self, _: &ComponentKinds, _: &mut dyn BitWrite, _: &mut dyn LocalEntityAndGlobalEntityConverterMut) { todo!() }`
[INFO] [stdout]    = help: implement the missing item: `fn write_update(&self, _: &DiffMask, _: &mut dyn BitWrite, _: &mut dyn LocalEntityAndGlobalEntityConverterMut) { todo!() }`
[INFO] [stdout]    = help: implement the missing item: `fn read_apply_update(&mut self, _: &dyn LocalEntityAndGlobalEntityConverter, _: ComponentUpdate) -> Result<(), SerdeErr> { todo!() }`
[INFO] [stdout]    = help: implement the missing item: `fn read_apply_field_update(&mut self, _: &dyn LocalEntityAndGlobalEntityConverter, _: ComponentFieldUpdate) -> Result<(), SerdeErr> { todo!() }`
[INFO] [stdout]    = help: implement the missing item: `fn relations_waiting(&self) -> Option<HashSet<RemoteEntity>> { todo!() }`
[INFO] [stdout]    = help: implement the missing item: `fn relations_complete(&mut self, _: &dyn LocalEntityAndGlobalEntityConverter) { todo!() }`
[INFO] [stdout]    = help: implement the missing item: `fn publish(&mut self, _: &PropertyMutator) { todo!() }`
[INFO] [stdout]    = help: implement the missing item: `fn unpublish(&mut self) { todo!() }`
[INFO] [stdout]    = help: implement the missing item: `fn enable_delegation(&mut self, _: &EntityAuthAccessor, _: Option<&PropertyMutator>) { todo!() }`
[INFO] [stdout]    = help: implement the missing item: `fn disable_delegation(&mut self) { todo!() }`
[INFO] [stdout]    = help: implement the missing item: `fn localize(&mut self) { todo!() }`
[INFO] [stdout] 
[INFO] [stdout] error[E0277]: the trait bound `Health: naia_shared::Named` is not satisfied
[INFO] [stdout]   --> src/historian.rs:97:48
[INFO] [stdout]    |
[INFO] [stdout] 97 | struct Health; impl naia_shared::Replicate for Health {
[INFO] [stdout]    |                                                ^^^^^^ unsatisfied trait bound
[INFO] [stdout]    |
[INFO] [stdout] help: the trait `naia_shared::Named` is not implemented for `Health`
[INFO] [stdout]   --> src/historian.rs:97:1
[INFO] [stdout]    |
[INFO] [stdout] 97 | struct Health; impl naia_shared::Replicate for Health {
[INFO] [stdout]    | ^^^^^^^^^^^^^
[INFO] [stdout]    = help: the following other types implement trait `naia_shared::Named`:
[INFO] [stdout]              Box<(dyn MessageBevy + 'static)>
[INFO] [stdout]              OrderedReliableChannel
[INFO] [stdout]              RequestOrResponse
[INFO] [stdout]              SequencedReliableChannel
[INFO] [stdout]              SequencedUnreliableChannel
[INFO] [stdout]              TickBufferedChannel
[INFO] [stdout]              UnorderedReliableChannel
[INFO] [stdout]              UnorderedUnreliableChannel
[INFO] [stdout]              naia_shared::messages::fragment::FragmentedMessage
[INFO] [stdout] note: required by a bound in `Replicate`
[INFO] [stdout]   --> /opt/rustwide/cargo-home/registry/src/index.crates.io-1949cf8c6b5b557f/naia-shared-0.25.0/src/world/component/replicate.rs:58:46
[INFO] [stdout]    |
[INFO] [stdout] 58 | pub trait Replicate: Sync + Send + 'static + Named + Any {
[INFO] [stdout]    |                                              ^^^^^ required by this bound in `Replicate`
[INFO] [stdout] 
[INFO] [stdout] error: aborting due to 4 previous errors
[INFO] [stdout] 
[INFO] [stdout] Some errors have detailed explanations: E0046, E0277.
[INFO] [stdout] For more information about an error, try `rustc --explain E0046`.
[INFO] [stdout] Couldn't compile the test.
[INFO] [stdout] 
[INFO] [stdout] failures:
[INFO] [stdout]     src/historian.rs - historian::Historian (line 28)
[INFO] [stdout]     src/historian.rs - historian::Historian::new_filtered (line 83)
[INFO] [stdout]     src/server/server.rs - server::server::Server<E>::enable_historian_filtered (line 1006)
[INFO] [stdout] 
[INFO] [stdout] test result: FAILED. 4 passed; 3 failed; 0 ignored; 0 measured; 0 filtered out; finished in 0.24s
[INFO] [stdout] 
[INFO] [stderr] error: doctest failed, to rerun pass `--doc`
[INFO] running `Command { std: "docker" "inspect" "7e681be6ede71aacdbfc587c1afc82955598c92ecc57a112e902aa95574281ed", kill_on_drop: false }`
[INFO] running `Command { std: "docker" "rm" "-f" "7e681be6ede71aacdbfc587c1afc82955598c92ecc57a112e902aa95574281ed", kill_on_drop: false }`
[INFO] [stdout] 7e681be6ede71aacdbfc587c1afc82955598c92ecc57a112e902aa95574281ed
