[INFO] fetching crate nahui 0.3.0...
[INFO] testing nahui-0.3.0 against 1.100.0-beta.1+cargoflags=--release for beta-release-1.100-2
[INFO] extracting crate nahui 0.3.0 into /workspace/builds/worker-3-tc2/source
[INFO] started tweaking crates.io crate nahui 0.3.0
[INFO] removed 0 missing tests
[INFO] finished tweaking crates.io crate nahui 0.3.0
[INFO] tweaked toml for crates.io crate nahui 0.3.0 written to /workspace/builds/worker-3-tc2/source/Cargo.toml
[INFO] validating manifest of crates.io crate nahui 0.3.0 on toolchain 1.100.0-beta.1
[INFO] running `Command { std: CARGO_HOME="/workspace/cargo-home" RUSTUP_HOME="/workspace/rustup-home" "/workspace/cargo-home/bin/cargo" "+1.100.0-beta.1" "metadata" "--manifest-path" "Cargo.toml" "--no-deps", kill_on_drop: false }`
[INFO] crate crates.io crate nahui 0.3.0 already has a lockfile, it will not be regenerated
[INFO] running `Command { std: CARGO_HOME="/workspace/cargo-home" RUSTUP_HOME="/workspace/rustup-home" "/workspace/cargo-home/bin/cargo" "+1.100.0-beta.1" "fetch" "--manifest-path" "Cargo.toml", kill_on_drop: false }`
[INFO] running `Command { std: "docker" "create" "-v" "/var/lib/crater-agent-workspace/builds/worker-3-tc2/source:/opt/rustwide/workdir:ro,Z" "-v" "/var/lib/crater-agent-workspace/builds/worker-3-tc2/target:/opt/rustwide/target:rw,Z" "-v" "/var/lib/crater-agent-workspace/cargo-home:/opt/rustwide/cargo-home:ro,Z" "-v" "/var/lib/crater-agent-workspace/rustup-home:/opt/rustwide/rustup-home:ro,Z" "-m" "1610612736" "--network" "none" "ghcr.io/rust-lang/crates-build-env/linux@sha256:77db811e55d90add9212f6832c23229e3de5f1c1f9905e8cb07319ea15df73ac" "sleep" "infinity", kill_on_drop: false }`
[INFO] [stdout] 76cc075d33b779e80f7d9aa23266926233191614ad83489013c6e7059650e358
[INFO] running `Command { std: "docker" "start" "76cc075d33b779e80f7d9aa23266926233191614ad83489013c6e7059650e358", kill_on_drop: false }`
[INFO] running `Command { std: "docker" "inspect" "76cc075d33b779e80f7d9aa23266926233191614ad83489013c6e7059650e358", kill_on_drop: false }`
[INFO] running `Command { std: "docker" "exec" "-e" "SOURCE_DIR=/opt/rustwide/workdir" "-e" "CARGO_HOME=/opt/rustwide/cargo-home" "-e" "RUSTUP_HOME=/opt/rustwide/rustup-home" "-e" "CARGO_TARGET_DIR=/opt/rustwide/target" "-w" "/opt/rustwide/workdir" "--user" "0:0" "76cc075d33b779e80f7d9aa23266926233191614ad83489013c6e7059650e358" "/opt/rustwide/cargo-home/bin/cargo" "+1.100.0-beta.1" "metadata" "--no-deps" "--format-version=1", kill_on_drop: false }`
[INFO] running `Command { std: "docker" "inspect" "76cc075d33b779e80f7d9aa23266926233191614ad83489013c6e7059650e358", kill_on_drop: false }`
[INFO] running `Command { std: "docker" "exec" "-e" "SOURCE_DIR=/opt/rustwide/workdir" "-e" "CARGO_HOME=/opt/rustwide/cargo-home" "-e" "RUSTUP_HOME=/opt/rustwide/rustup-home" "-e" "CARGO_TARGET_DIR=/opt/rustwide/target" "-e" "CARGO_INCREMENTAL=0" "-e" "RUST_BACKTRACE=full" "-e" "RUSTFLAGS=--cap-lints=warn" "-e" "RUSTDOCFLAGS=--cap-lints=warn" "-w" "/opt/rustwide/workdir" "--user" "0:0" "76cc075d33b779e80f7d9aa23266926233191614ad83489013c6e7059650e358" "/opt/rustwide/cargo-home/bin/cargo" "+1.100.0-beta.1" "build" "--frozen" "--message-format=json" "--release", kill_on_drop: false }`
[INFO] [stderr]    Compiling typenum v1.20.0
[INFO] [stderr]    Compiling libc v0.2.186
[INFO] [stderr]    Compiling getrandom v0.4.2
[INFO] [stderr]    Compiling rand_core v0.10.1
[INFO] [stderr]    Compiling cmov v0.5.4
[INFO] [stderr]    Compiling thiserror v2.0.18
[INFO] [stderr]    Compiling arrayvec v0.7.6
[INFO] [stderr]    Compiling blake3 v1.8.5
[INFO] [stderr]    Compiling syn v2.0.117
[INFO] [stderr]    Compiling ctutils v0.4.2
[INFO] [stderr]    Compiling hybrid-array v0.4.14
[INFO] [stderr]    Compiling crypto-common v0.2.2
[INFO] [stderr]    Compiling inout v0.2.2
[INFO] [stderr]    Compiling block-buffer v0.12.1
[INFO] [stderr]    Compiling universal-hash v0.6.1
[INFO] [stderr]    Compiling cipher v0.5.2
[INFO] [stderr]    Compiling aead v0.6.1
[INFO] [stderr]    Compiling poly1305 v0.9.1
[INFO] [stderr]    Compiling aead-stream v0.6.0
[INFO] [stderr]    Compiling chacha20 v0.10.1
[INFO] [stderr]    Compiling chacha20poly1305 v0.11.0
[INFO] [stderr]    Compiling thiserror-impl v2.0.18
[INFO] [stderr]    Compiling zeroize_derive v1.4.3
[INFO] [stderr]    Compiling zeroize v1.8.2
[INFO] [stderr]    Compiling nahui v0.3.0 (/opt/rustwide/workdir)
[INFO] [stderr]     Finished `release` profile [optimized] target(s) in 4.91s
[INFO] running `Command { std: "docker" "inspect" "76cc075d33b779e80f7d9aa23266926233191614ad83489013c6e7059650e358", kill_on_drop: false }`
[INFO] running `Command { std: "docker" "exec" "-e" "SOURCE_DIR=/opt/rustwide/workdir" "-e" "CARGO_HOME=/opt/rustwide/cargo-home" "-e" "RUSTUP_HOME=/opt/rustwide/rustup-home" "-e" "CARGO_TARGET_DIR=/opt/rustwide/target" "-e" "CARGO_INCREMENTAL=0" "-e" "RUST_BACKTRACE=full" "-e" "RUSTFLAGS=--cap-lints=warn" "-e" "RUSTDOCFLAGS=--cap-lints=warn" "-w" "/opt/rustwide/workdir" "--user" "0:0" "76cc075d33b779e80f7d9aa23266926233191614ad83489013c6e7059650e358" "/opt/rustwide/cargo-home/bin/cargo" "+1.100.0-beta.1" "test" "--frozen" "--no-run" "--message-format=json" "--release", kill_on_drop: false }`
[INFO] [stderr]    Compiling rustix v1.1.4
[INFO] [stderr]    Compiling bitflags v2.11.1
[INFO] [stderr]    Compiling getrandom v0.4.2
[INFO] [stderr]    Compiling clap_lex v1.1.0
[INFO] [stderr]    Compiling anstyle v1.0.14
[INFO] [stderr]    Compiling object v0.37.3
[INFO] [stderr]    Compiling rustc-demangle v0.1.27
[INFO] [stderr]    Compiling lazy_static v1.5.0
[INFO] [stderr]    Compiling regex-lite v0.1.9
[INFO] [stderr]    Compiling serde_derive v1.0.228
[INFO] [stderr]    Compiling divan-macros v0.1.21
[INFO] [stderr]    Compiling thousands v0.2.0
[INFO] [stderr]    Compiling mintex v0.1.4
[INFO] [stderr]    Compiling condtype v1.3.0
[INFO] [stderr]    Compiling crypto-common v0.2.2
[INFO] [stderr]    Compiling universal-hash v0.6.1
[INFO] [stderr]    Compiling aead v0.6.1
[INFO] [stderr]    Compiling cipher v0.5.2
[INFO] [stderr]    Compiling poly1305 v0.9.1
[INFO] [stderr]    Compiling aead-stream v0.6.0
[INFO] [stderr]    Compiling terminal_size v0.4.4
[INFO] [stderr]    Compiling clap_builder v4.6.0
[INFO] [stderr]    Compiling chacha20 v0.10.1
[INFO] [stderr]    Compiling chacha20poly1305 v0.11.0
[INFO] [stderr]    Compiling nahui v0.3.0 (/opt/rustwide/workdir)
[INFO] [stderr]    Compiling serde v1.0.228
[INFO] [stderr]    Compiling clap v4.6.1
[INFO] [stderr]    Compiling divan v0.1.21
[INFO] [stderr]    Compiling backtrace v0.3.76
[INFO] [stderr]    Compiling dhat v0.3.3
[INFO] [stderr]     Finished `release` profile [optimized] target(s) in 12.35s
[INFO] running `Command { std: "docker" "inspect" "76cc075d33b779e80f7d9aa23266926233191614ad83489013c6e7059650e358", kill_on_drop: false }`
[INFO] running `Command { std: "docker" "exec" "-e" "SOURCE_DIR=/opt/rustwide/workdir" "-e" "CARGO_HOME=/opt/rustwide/cargo-home" "-e" "RUSTUP_HOME=/opt/rustwide/rustup-home" "-e" "CARGO_TARGET_DIR=/opt/rustwide/target" "-e" "CARGO_INCREMENTAL=0" "-e" "RUST_BACKTRACE=full" "-e" "RUSTFLAGS=--cap-lints=warn" "-e" "RUSTDOCFLAGS=--cap-lints=warn" "-w" "/opt/rustwide/workdir" "--user" "0:0" "76cc075d33b779e80f7d9aa23266926233191614ad83489013c6e7059650e358" "/opt/rustwide/cargo-home/bin/cargo" "+1.100.0-beta.1" "test" "--frozen" "--release", kill_on_drop: false }`
[INFO] [stderr]     Finished `release` profile [optimized] target(s) in 0.07s
[INFO] [stderr]      Running unittests src/lib.rs (/opt/rustwide/target/release/build/nahui/ac2d90650901331e/out/nahui-ac2d90650901331e)
[INFO] [stdout] 
[INFO] [stdout] running 50 tests
[INFO] [stdout] test crypto::tests::bound_aad_binds_received_version_not_build_version ... ok
[INFO] [stdout] test crypto::tests::all_ff_key_works ... ok
[INFO] [stdout] test crypto::tests::appended_bytes_fails ... ok
[INFO] [stdout] test crypto::tests::all_zero_key_works ... ok
[INFO] [stdout] test crypto::tests::decrypt_into_reuses_buffer ... ok
[INFO] [stdout] test crypto::tests::decrypt_into_leaves_buffer_unchanged_on_failure ... ok
[INFO] [stdout] test crypto::tests::accepted_versions_contains_current ... ok
[INFO] [stdout] test crypto::tests::generate_produces_distinct_working_vaults ... ok
[INFO] [stdout] test crypto::tests::empty_aad_works ... ok
[INFO] [stdout] test crypto::tests::file_roundtrip ... FAILED
[INFO] [stdout] test crypto::tests::hash_and_encrypt_stream_output_is_decryptable ... ok
[INFO] [stdout] test crypto::tests::hash_to_hex_is_64_chars ... ok
[INFO] [stdout] test crypto::tests::hash_bytes_is_deterministic ... ok
[INFO] [stdout] test crypto::tests::into_variants_append ... ok
[INFO] [stdout] test crypto::tests::long_aad_works ... ok
[INFO] [stdout] test crypto::tests::roundtrip_empty ... ok
[INFO] [stdout] test crypto::tests::roundtrip_small ... ok
[INFO] [stdout] test crypto::tests::hash_bytes_and_stream_agree ... ok
[INFO] [stdout] test crypto::tests::kat_single_shot_decrypts ... ok
[INFO] [stdout] test crypto::tests::nonce_is_random ... ok
[INFO] [stdout] test crypto::tests::into_variants_roundtrip ... ok
[INFO] [stdout] test crypto::tests::stream_tampered_ciphertext_fails ... ok
[INFO] [stdout] test crypto::tests::kat_stream_format_invariants ... ok
[INFO] [stdout] test crypto::tests::output_length ... ok
[INFO] [stdout] test crypto::tests::single_bit_key_difference_fails ... ok
[INFO] [stdout] test crypto::tests::stream_tampered_header_nonce_fails ... ok
[INFO] [stdout] test crypto::tests::stream_roundtrip_empty ... ok
[INFO] [stdout] test crypto::tests::stream_roundtrip_small ... ok
[INFO] [stdout] test crypto::tests::hash_and_encrypt_stream_hash_matches_plaintext ... ok
[INFO] [stdout] test crypto::tests::stream_tampered_tag_fails ... ok
[INFO] [stdout] test crypto::tests::tampered_nonce_fails ... ok
[INFO] [stdout] test crypto::tests::stream_wrong_aad_fails ... ok
[INFO] [stdout] test crypto::tests::tampered_tag_fails ... ok
[INFO] [stdout] test crypto::tests::stream_wrong_key_fails ... ok
[INFO] [stdout] test crypto::tests::stream_unknown_version_fails ... ok
[INFO] [stdout] test crypto::tests::too_short_fails ... ok
[INFO] [stdout] test crypto::tests::tampered_ciphertext_fails ... ok
[INFO] [stdout] test crypto::tests::truncated_ciphertext_fails ... ok
[INFO] [stdout] test crypto::tests::stream_truncated_at_boundary_fails ... ok
[INFO] [stdout] test crypto::tests::stream_too_short_fails ... ok
[INFO] [stdout] test crypto::tests::unknown_version_fails ... ok
[INFO] [stdout] test crypto::tests::version_constant_is_one ... ok
[INFO] [stdout] test crypto::tests::stream_roundtrip_at_chunk_boundaries ... ok
[INFO] [stdout] test crypto::tests::wrong_aad_fails ... ok
[INFO] [stdout] test crypto::tests::wrong_key_does_not_reveal_plaintext ... ok
[INFO] [stdout] test crypto::tests::wrong_key_fails ... ok
[INFO] [stdout] test crypto::tests::encrypt_stream_writes_in_bounded_chunks ... ok
[INFO] [stdout] test crypto::tests::stream_roundtrip_large ... ok
[INFO] [stdout] test crypto::tests::decrypt_stream_writes_in_bounded_chunks ... ok
[INFO] [stdout] test crypto::tests::roundtrip_large ... ok
[INFO] [stdout] 
[INFO] [stdout] failures:
[INFO] [stdout] 
[INFO] [stdout] ---- crypto::tests::file_roundtrip stdout ----
[INFO] [stdout] 
[INFO] [stdout] thread 'crypto::tests::file_roundtrip' (1127) panicked at src/crypto/tests.rs:606:34:
[INFO] [stdout] called `Result::unwrap()` on an `Err` value: Os { code: 30, kind: ReadOnlyFilesystem, message: "Read-only file system" }
[INFO] [stdout] stack backtrace:
[INFO] [stdout]    0:     0x59737559ac61 - <<std[617be2ca0a6fd877]::sys::backtrace::BacktraceLock>::print::DisplayBacktrace as core[a373ad73a504971]::fmt::Display>::fmt
[INFO] [stdout]    1:     0x5973755aedfa - core[a373ad73a504971]::fmt::write
[INFO] [stdout]    2:     0x59737559ee7c - <alloc[2e1b2a31b91974c5]::vec::Vec<u8> as core[a373ad73a504971]::io::write::Write>::write_fmt
[INFO] [stdout]    3:     0x597375576526 - std[617be2ca0a6fd877]::panicking::default_hook::{closure#0}
[INFO] [stdout]    4:     0x597375592f09 - std[617be2ca0a6fd877]::panicking::default_hook
[INFO] [stdout]    5:     0x59737552b320 - test[aada8e7e76ba119b]::test_main_inner::{closure#0}
[INFO] [stdout]    6:     0x5973755930c2 - std[617be2ca0a6fd877]::panicking::panic_with_hook
[INFO] [stdout]    7:     0x5973755765d2 - std[617be2ca0a6fd877]::panicking::panic_handler::{closure#0}
[INFO] [stdout]    8:     0x59737556f039 - std[617be2ca0a6fd877]::sys::backtrace::__rust_end_short_backtrace::<std[617be2ca0a6fd877]::panicking::panic_handler::{closure#0}, !>
[INFO] [stdout]    9:     0x5973755771dd - __rustc[ea4f61d10b84890b]::rust_begin_unwind
[INFO] [stdout]   10:     0x5973755af52c - core[a373ad73a504971]::panicking::panic_fmt
[INFO] [stdout]   11:     0x5973755af302 - core[a373ad73a504971]::result::unwrap_failed
[INFO] [stdout]   12:     0x5973754f957a - <nahui[9c50d974c7871f77]::crypto::tests::file_roundtrip::{closure#0} as core[a373ad73a504971]::ops::function::FnOnce<()>>::call_once
[INFO] [stdout]   13:     0x59737551e76b - test[aada8e7e76ba119b]::__rust_begin_short_backtrace::<core[a373ad73a504971]::result::Result<(), alloc[2e1b2a31b91974c5]::string::String>, fn() -> core[a373ad73a504971]::result::Result<(), alloc[2e1b2a31b91974c5]::string::String>>
[INFO] [stdout]   14:     0x59737552b945 - test[aada8e7e76ba119b]::run_test::{closure#0}
[INFO] [stdout]   15:     0x597375525234 - std[617be2ca0a6fd877]::sys::backtrace::__rust_begin_short_backtrace::<test[aada8e7e76ba119b]::run_test::{closure#1}, ()>
[INFO] [stdout]   16:     0x59737552e9d2 - <std[617be2ca0a6fd877]::thread::lifecycle::spawn_unchecked<test[aada8e7e76ba119b]::run_test::{closure#1}, ()>::{closure#1} as core[a373ad73a504971]::ops::function::FnOnce<()>>::call_once::{shim:vtable#0}
[INFO] [stdout]   17:     0x59737559a1af - <std[617be2ca0a6fd877]::sys::thread::unix::Thread>::new::thread_start
[INFO] [stdout]   18:     0x7acbbbe6adfa - <unknown>
[INFO] [stdout]   19:     0x7acbbbefe3d4 - clone
[INFO] [stdout]   20:                0x0 - <unknown>
[INFO] [stdout] 
[INFO] [stdout] 
[INFO] [stdout] failures:
[INFO] [stdout]     crypto::tests::file_roundtrip
[INFO] [stdout] 
[INFO] [stdout] test result: FAILED. 49 passed; 1 failed; 0 ignored; 0 measured; 0 filtered out; finished in 0.06s
[INFO] [stdout] 
[INFO] [stderr] error: test failed, to rerun pass `--lib`
[INFO] running `Command { std: "docker" "inspect" "76cc075d33b779e80f7d9aa23266926233191614ad83489013c6e7059650e358", kill_on_drop: false }`
[INFO] running `Command { std: "docker" "rm" "-f" "76cc075d33b779e80f7d9aa23266926233191614ad83489013c6e7059650e358", kill_on_drop: false }`
[INFO] [stdout] 76cc075d33b779e80f7d9aa23266926233191614ad83489013c6e7059650e358
