[INFO] fetching crate nabu-cli 0.1.10...
[INFO] testing nabu-cli-0.1.10 against 1.99.0-beta.8+cargoflags=--release for beta-release-1.100-2
[INFO] extracting crate nabu-cli 0.1.10 into /workspace/builds/worker-4-tc1/source
[INFO] started tweaking crates.io crate nabu-cli 0.1.10
[INFO] removed 0 missing tests
[INFO] finished tweaking crates.io crate nabu-cli 0.1.10
[INFO] tweaked toml for crates.io crate nabu-cli 0.1.10 written to /workspace/builds/worker-4-tc1/source/Cargo.toml
[INFO] validating manifest of crates.io crate nabu-cli 0.1.10 on toolchain 1.99.0-beta.8
[INFO] running `Command { std: CARGO_HOME="/workspace/cargo-home" RUSTUP_HOME="/workspace/rustup-home" "/workspace/cargo-home/bin/cargo" "+1.99.0-beta.8" "metadata" "--manifest-path" "Cargo.toml" "--no-deps", kill_on_drop: false }`
[INFO] crate crates.io crate nabu-cli 0.1.10 already has a lockfile, it will not be regenerated
[INFO] running `Command { std: CARGO_HOME="/workspace/cargo-home" RUSTUP_HOME="/workspace/rustup-home" "/workspace/cargo-home/bin/cargo" "+1.99.0-beta.8" "fetch" "--manifest-path" "Cargo.toml", kill_on_drop: false }`
[INFO] [stderr]     Updating crates.io index
[INFO] [stderr]  Downloading crates ...
[INFO] [stderr]   Downloaded nabu-mcp v0.1.10
[INFO] [stderr]   Downloaded der v0.8.2
[INFO] [stderr]   Downloaded nabu-core v0.1.10
[INFO] [stderr]   Downloaded sqlite-vec v0.1.9
[INFO] [stderr]   Downloaded fastembed v5.17.2
[INFO] [stderr]   Downloaded nabu-adapters v0.1.10
[INFO] [stderr]   Downloaded clap v4.6.5
[INFO] [stderr]   Downloaded clap_builder v4.6.5
[INFO] running `Command { std: "docker" "create" "-v" "/var/lib/crater-agent-workspace/builds/worker-4-tc1/source:/opt/rustwide/workdir:ro,Z" "-v" "/var/lib/crater-agent-workspace/builds/worker-4-tc1/target:/opt/rustwide/target:rw,Z" "-v" "/var/lib/crater-agent-workspace/cargo-home:/opt/rustwide/cargo-home:ro,Z" "-v" "/var/lib/crater-agent-workspace/rustup-home:/opt/rustwide/rustup-home:ro,Z" "-m" "1610612736" "--network" "none" "ghcr.io/rust-lang/crates-build-env/linux@sha256:77db811e55d90add9212f6832c23229e3de5f1c1f9905e8cb07319ea15df73ac" "sleep" "infinity", kill_on_drop: false }`
[INFO] [stdout] 6113d9614a267a53e9b69690a7efa37efe7bbf72b678301dad723c4699b72086
[INFO] running `Command { std: "docker" "start" "6113d9614a267a53e9b69690a7efa37efe7bbf72b678301dad723c4699b72086", kill_on_drop: false }`
[INFO] running `Command { std: "docker" "inspect" "6113d9614a267a53e9b69690a7efa37efe7bbf72b678301dad723c4699b72086", kill_on_drop: false }`
[INFO] running `Command { std: "docker" "exec" "-e" "SOURCE_DIR=/opt/rustwide/workdir" "-e" "CARGO_HOME=/opt/rustwide/cargo-home" "-e" "RUSTUP_HOME=/opt/rustwide/rustup-home" "-e" "CARGO_TARGET_DIR=/opt/rustwide/target" "-w" "/opt/rustwide/workdir" "--user" "0:0" "6113d9614a267a53e9b69690a7efa37efe7bbf72b678301dad723c4699b72086" "/opt/rustwide/cargo-home/bin/cargo" "+1.99.0-beta.8" "metadata" "--no-deps" "--format-version=1", kill_on_drop: false }`
[INFO] running `Command { std: "docker" "inspect" "6113d9614a267a53e9b69690a7efa37efe7bbf72b678301dad723c4699b72086", kill_on_drop: false }`
[INFO] running `Command { std: "docker" "exec" "-e" "SOURCE_DIR=/opt/rustwide/workdir" "-e" "CARGO_HOME=/opt/rustwide/cargo-home" "-e" "RUSTUP_HOME=/opt/rustwide/rustup-home" "-e" "CARGO_TARGET_DIR=/opt/rustwide/target" "-e" "CARGO_INCREMENTAL=0" "-e" "RUST_BACKTRACE=full" "-e" "RUSTFLAGS=--cap-lints=warn" "-e" "RUSTDOCFLAGS=--cap-lints=warn" "-w" "/opt/rustwide/workdir" "--user" "0:0" "6113d9614a267a53e9b69690a7efa37efe7bbf72b678301dad723c4699b72086" "/opt/rustwide/cargo-home/bin/cargo" "+1.99.0-beta.8" "build" "--frozen" "--message-format=json" "--release", kill_on_drop: false }`
[INFO] [stderr]    Compiling zerocopy v0.8.52
[INFO] [stderr]    Compiling syn v2.0.118
[INFO] [stderr]    Compiling cc v1.2.64
[INFO] [stderr]    Compiling syn v3.0.3
[INFO] [stderr]    Compiling crossbeam-epoch v0.9.20
[INFO] [stderr]    Compiling aho-corasick v1.1.4
[INFO] [stderr]    Compiling thiserror v2.0.19
[INFO] [stderr]    Compiling bitflags v2.13.0
[INFO] [stderr]    Compiling fallible-streaming-iterator v0.1.9
[INFO] [stderr]    Compiling crossbeam-deque v0.8.6
[INFO] [stderr]    Compiling fallible-iterator v0.3.0
[INFO] [stderr]    Compiling time v0.3.55
[INFO] [stderr]    Compiling rayon-core v1.13.0
[INFO] [stderr]    Compiling serde_json v1.0.151
[INFO] [stderr]    Compiling libsqlite3-sys v0.30.1
[INFO] [stderr]    Compiling regex-automata v0.4.16
[INFO] [stderr]    Compiling serde_derive v1.0.228
[INFO] [stderr]    Compiling rayon v1.12.0
[INFO] [stderr]    Compiling fs2 v0.4.3
[INFO] [stderr]    Compiling thiserror-impl v2.0.19
[INFO] [stderr]    Compiling thiserror-impl v1.0.69
[INFO] [stderr]    Compiling ahash v0.8.12
[INFO] [stderr]    Compiling console v0.15.11
[INFO] [stderr]    Compiling hashbrown v0.14.5
[INFO] [stderr]    Compiling regex v1.13.1
[INFO] [stderr]    Compiling serde v1.0.228
[INFO] [stderr]    Compiling hashlink v0.9.1
[INFO] [stderr]    Compiling clap_builder v4.6.5
[INFO] [stderr]    Compiling clap_derive v4.6.4
[INFO] [stderr]    Compiling thiserror v1.0.69
[INFO] [stderr]    Compiling shell-words v1.1.1
[INFO] [stderr]    Compiling dialoguer v0.11.0
[INFO] [stderr]    Compiling clap v4.6.5
[INFO] [stderr]    Compiling rusqlite v0.32.1
[INFO] [stderr]    Compiling nabu-core v0.1.10
[INFO] [stderr]    Compiling nabu-mcp v0.1.10
[INFO] [stderr]    Compiling nabu-adapters v0.1.10
[INFO] [stderr]    Compiling nabu-cli v0.1.10 (/opt/rustwide/workdir)
[INFO] [stderr]     Finished `release` profile [optimized] target(s) in 3m 23s
[INFO] running `Command { std: "docker" "inspect" "6113d9614a267a53e9b69690a7efa37efe7bbf72b678301dad723c4699b72086", kill_on_drop: false }`
[INFO] running `Command { std: "docker" "exec" "-e" "SOURCE_DIR=/opt/rustwide/workdir" "-e" "CARGO_HOME=/opt/rustwide/cargo-home" "-e" "RUSTUP_HOME=/opt/rustwide/rustup-home" "-e" "CARGO_TARGET_DIR=/opt/rustwide/target" "-e" "CARGO_INCREMENTAL=0" "-e" "RUST_BACKTRACE=full" "-e" "RUSTFLAGS=--cap-lints=warn" "-e" "RUSTDOCFLAGS=--cap-lints=warn" "-w" "/opt/rustwide/workdir" "--user" "0:0" "6113d9614a267a53e9b69690a7efa37efe7bbf72b678301dad723c4699b72086" "/opt/rustwide/cargo-home/bin/cargo" "+1.99.0-beta.8" "test" "--frozen" "--no-run" "--message-format=json" "--release", kill_on_drop: false }`
[INFO] [stderr]    Compiling rusqlite v0.32.1
[INFO] [stderr]    Compiling getrandom v0.4.2
[INFO] [stderr]    Compiling tempfile v3.27.0
[INFO] [stderr]    Compiling nabu-core v0.1.10
[INFO] [stderr]    Compiling nabu-adapters v0.1.10
[INFO] [stderr]    Compiling nabu-mcp v0.1.10
[INFO] [stderr]    Compiling nabu-cli v0.1.10 (/opt/rustwide/workdir)
[INFO] [stderr]     Finished `release` profile [optimized] target(s) in 1m 32s
[INFO] running `Command { std: "docker" "inspect" "6113d9614a267a53e9b69690a7efa37efe7bbf72b678301dad723c4699b72086", kill_on_drop: false }`
[INFO] running `Command { std: "docker" "exec" "-e" "SOURCE_DIR=/opt/rustwide/workdir" "-e" "CARGO_HOME=/opt/rustwide/cargo-home" "-e" "RUSTUP_HOME=/opt/rustwide/rustup-home" "-e" "CARGO_TARGET_DIR=/opt/rustwide/target" "-e" "CARGO_INCREMENTAL=0" "-e" "RUST_BACKTRACE=full" "-e" "RUSTFLAGS=--cap-lints=warn" "-e" "RUSTDOCFLAGS=--cap-lints=warn" "-w" "/opt/rustwide/workdir" "--user" "0:0" "6113d9614a267a53e9b69690a7efa37efe7bbf72b678301dad723c4699b72086" "/opt/rustwide/cargo-home/bin/cargo" "+1.99.0-beta.8" "test" "--frozen" "--release", kill_on_drop: false }`
[INFO] [stderr]     Finished `release` profile [optimized] target(s) in 0.16s
[INFO] [stderr]      Running unittests src/main.rs (/opt/rustwide/target/release/deps/nabu-f1fb452b6f79063d)
[INFO] [stdout] 
[INFO] [stdout] running 52 tests
[INFO] [stdout] test tests::codex_mcp_reinstall_over_commented_header_is_idempotent ... ok
[INFO] [stdout] test paths::tests::codex_layout_shares_one_codex_home_base ... ok
[INFO] [stdout] test render::tests::config_change_render_matches_the_three_line_block ... ok
[INFO] [stdout] test tests::embedding_download_disclosure_renderer_lists_model_terms_and_footprint ... ok
[INFO] [stdout] test tests::embedding_progress_renderer_includes_rate_eta_and_tuning ... ok
[INFO] [stdout] test tests::embedding_plan_renderer_discloses_cpu_cost_and_no_embed_escape_hatch ... ok
[INFO] [stdout] test tests::hook_stdin_payload_passes_through_valid_json_unchanged ... ok
[INFO] [stdout] test tests::hook_stdin_payload_wraps_malformed_json_as_parse_error ... ok
[INFO] [stdout] test tests::human_progress_renderer_includes_terminal_status_and_counts ... ok
[INFO] [stdout] test tests::json_progress_renderer_emits_ndjson_object_shape ... ok
[INFO] [stdout] test tests::large_session_ingest_benchmark_exercises_seeded_append_paths ... FAILED
[INFO] [stdout] test tests::codex_mcp_uninstall_removes_commented_header_table ... ok
[INFO] [stdout] test tests::hook_ingest_never_drops_malformed_stdin_payload ... ok
[INFO] [stdout] test tests::mcp_install_removes_legacy_tupsharrum_entry_no_orphans ... ok
[INFO] [stdout] test tests::default_backfill_scans_native_roots_for_all_tools ... FAILED
[INFO] [stdout] test tests::mcp_health_probe_reports_healthy_in_process_server ... ok
[INFO] [stdout] test tests::mcp_validation_status_flags_server_health ... ok
[INFO] [stdout] test tests::claude_mcp_install_refuses_array_root_without_writing ... ok
[INFO] [stdout] test paths::tests::opencode_config_path_prefers_config_dir_then_xdg ... ok
[INFO] [stdout] test tests::doctor_json_reports_codex_and_opencode_parity_shape ... ok
[INFO] [stdout] test tests::mcp_dry_run_reports_no_change_on_already_installed_config ... ok
[INFO] [stdout] test paths::tests::claude_config_path_is_home_dotfile_independent_of_config_dir ... ok
[INFO] [stdout] test tests::mcp_install_uninstall_preserves_configs_and_records_backups ... ok
[INFO] [stdout] test tests::opencode_mcp_install_preserves_jsonc_comments_without_reformatting ... ok
[INFO] [stdout] test tests::parsed_command_controls_json_error_rendering_not_raw_argv ... ok
[INFO] [stdout] test tests::opencode_mcp_install_preserves_same_line_comments_crlf_and_bom ... ok
[INFO] [stdout] test tests::opencode_mcp_install_rejects_duplicate_jsonc_mcp_keys_without_rewriting ... ok
[INFO] [stdout] test theme::tests::paint_respects_color_state ... ok
[INFO] [stdout] test wizard::tests::backfill_menu_can_run_codex_only ... ok
[INFO] [stdout] test wizard::tests::backfill_menu_entry_runs_backfill_on_consent ... ok
[INFO] [stdout] test wizard::tests::cancelled_select_uses_visible_quit_or_back_item ... ok
[INFO] [stdout] test wizard::tests::connect_menu_entry_registers_mcp_on_consent ... ok
[INFO] [stdout] test wizard::tests::declining_every_step_changes_nothing ... ok
[INFO] [stdout] test wizard::tests::each_screen_redraws_a_fresh_frame ... ok
[INFO] [stdout] test wizard::tests::full_consent_get_started_matches_init_install_all_backfill_mcp ... ok
[INFO] [stdout] test wizard::tests::health_menu_entry_runs_doctor ... ok
[INFO] [stdout] test wizard::tests::manage_install_routes_through_install_function ... ok
[INFO] [stdout] test wizard::tests::manage_uninstall_routes_through_uninstall_function ... ok
[INFO] [stdout] test wizard::tests::rerun_on_configured_home_does_not_duplicate_installs ... ok
[INFO] [stdout] test tests::search_benchmark_reports_latency_gate ... ok
[INFO] [stdout] test wizard::tests::settings_menu_back_does_not_mutate ... ok
[INFO] [stdout] test wizard::tests::settings_menu_can_set_opencode_url ... ok
[INFO] [stdout] test wizard::tests::summary_hints_backfill_when_sample_search_errors ... ok
[INFO] [stdout] test tests::opencode_mcp_install_updates_existing_jsonc_mcp_without_reformatting ... ok
[INFO] [stdout] test wizard::tests::summary_reports_matching_event_count_when_sample_search_finds_history ... ok
[INFO] [stdout] test wizard::tests::tty_guard_refuses_non_terminal_and_allows_terminal ... ok
[INFO] [stdout] test wizard::tests::summary_hints_backfill_when_sample_search_finds_nothing ... ok
[INFO] [stdout] test tests::opencode_mcp_uninstall_after_line_comment_leaves_no_trailing_comma ... ok
[INFO] [stdout] test tests::opencode_server_api_backfill_logs_and_continues_on_server_error ... ok
[INFO] [stdout] test tests::opencode_server_api_backfill_fetches_configured_session_messages ... ok
[INFO] [stdout] test tests::opencode_server_api_backfill_skips_without_configured_url ... ok
[INFO] [stdout] test tests::wizard_full_consent_reaches_setup_end_state_and_reruns_idempotent ... FAILED
[INFO] [stdout] 
[INFO] [stdout] failures:
[INFO] [stdout] 
[INFO] [stdout] ---- tests::large_session_ingest_benchmark_exercises_seeded_append_paths stdout ----
[INFO] [stdout] 
[INFO] [stdout] thread 'tests::large_session_ingest_benchmark_exercises_seeded_append_paths' (1192) panicked at src/main.rs:1826:14:
[INFO] [stdout] large-session ingest bench should run: Io { path: "/opt/rustwide/workdir/../../fixtures/bench/events.jsonl", source: Os { code: 2, kind: NotFound, message: "No such file or directory" } }
[INFO] [stdout] stack backtrace:
[INFO] [stdout]    0:     0x5da643df6a21 - <<std[70759c8f55707aa4]::sys::backtrace::BacktraceLock>::print::DisplayBacktrace as core[df12db4294e9bfd3]::fmt::Display>::fmt
[INFO] [stdout]    1:     0x5da643e0f0aa - core[df12db4294e9bfd3]::fmt::write
[INFO] [stdout]    2:     0x5da643dfbb9c - <alloc[2182bb758b4b3781]::vec::Vec<u8> as core[df12db4294e9bfd3]::io::write::Write>::write_fmt
[INFO] [stdout]    3:     0x5da643dccd56 - std[70759c8f55707aa4]::panicking::default_hook::{closure#0}
[INFO] [stdout]    4:     0x5da643debf49 - std[70759c8f55707aa4]::panicking::default_hook
[INFO] [stdout]    5:     0x5da6439c7d60 - test[9d35eded1c95d3be]::test_main_inner::<test[9d35eded1c95d3be]::test_main_static::{closure#0}>::{closure#0}
[INFO] [stdout]    6:     0x5da643dec272 - std[70759c8f55707aa4]::panicking::panic_with_hook
[INFO] [stdout]    7:     0x5da643dcce02 - std[70759c8f55707aa4]::panicking::panic_handler::{closure#0}
[INFO] [stdout]    8:     0x5da643dc5599 - std[70759c8f55707aa4]::sys::backtrace::__rust_end_short_backtrace::<std[70759c8f55707aa4]::panicking::panic_handler::{closure#0}, !>
[INFO] [stdout]    9:     0x5da643dcdfbd - __rustc[8fa7c3cbc660c2b3]::rust_begin_unwind
[INFO] [stdout]   10:     0x5da643e0f88c - core[df12db4294e9bfd3]::panicking::panic_fmt
[INFO] [stdout]   11:     0x5da643e0f662 - core[df12db4294e9bfd3]::result::unwrap_failed
[INFO] [stdout]   12:     0x5da6438d95cf - nabu[c5dc1be85fcaf236]::tests::large_session_ingest_benchmark_exercises_seeded_append_paths
[INFO] [stdout]   13:     0x5da6438b64a9 - <nabu[c5dc1be85fcaf236]::tests::large_session_ingest_benchmark_exercises_seeded_append_paths::{closure#0} as core[df12db4294e9bfd3]::ops::function::FnOnce<()>>::call_once
[INFO] [stdout]   14:     0x5da6439bb04b - test[9d35eded1c95d3be]::__rust_begin_short_backtrace::<core[df12db4294e9bfd3]::result::Result<(), alloc[2182bb758b4b3781]::string::String>, fn() -> core[df12db4294e9bfd3]::result::Result<(), alloc[2182bb758b4b3781]::string::String>>
[INFO] [stdout]   15:     0x5da6439c86b5 - test[9d35eded1c95d3be]::run_test::{closure#0}
[INFO] [stdout]   16:     0x5da6439c1f74 - std[70759c8f55707aa4]::sys::backtrace::__rust_begin_short_backtrace::<test[9d35eded1c95d3be]::run_test::{closure#1}, ()>
[INFO] [stdout]   17:     0x5da6439cb812 - <std[70759c8f55707aa4]::thread::lifecycle::spawn_unchecked<test[9d35eded1c95d3be]::run_test::{closure#1}, ()>::{closure#1} as core[df12db4294e9bfd3]::ops::function::FnOnce<()>>::call_once::{shim:vtable#0}
[INFO] [stdout]   18:     0x5da643df5209 - <std[70759c8f55707aa4]::sys::thread::unix::Thread>::new::thread_start
[INFO] [stdout]   19:     0x74ec76dcddfa - <unknown>
[INFO] [stdout]   20:     0x74ec76e613d4 - clone
[INFO] [stdout]   21:                0x0 - <unknown>
[INFO] [stdout] 
[INFO] [stdout] ---- tests::default_backfill_scans_native_roots_for_all_tools stdout ----
[INFO] [stdout] 
[INFO] [stdout] thread 'tests::default_backfill_scans_native_roots_for_all_tools' (1182) panicked at src/main.rs:2110:10:
[INFO] [stdout] called `Result::unwrap()` on an `Err` value: Os { code: 2, kind: NotFound, message: "No such file or directory" }
[INFO] [stdout] stack backtrace:
[INFO] [stdout]    0:     0x5da643df6a21 - <<std[70759c8f55707aa4]::sys::backtrace::BacktraceLock>::print::DisplayBacktrace as core[df12db4294e9bfd3]::fmt::Display>::fmt
[INFO] [stdout]    1:     0x5da643e0f0aa - core[df12db4294e9bfd3]::fmt::write
[INFO] [stdout]    2:     0x5da643dfbb9c - <alloc[2182bb758b4b3781]::vec::Vec<u8> as core[df12db4294e9bfd3]::io::write::Write>::write_fmt
[INFO] [stdout]    3:     0x5da643dccd56 - std[70759c8f55707aa4]::panicking::default_hook::{closure#0}
[INFO] [stdout]    4:     0x5da643debf49 - std[70759c8f55707aa4]::panicking::default_hook
[INFO] [stdout]    5:     0x5da6439c7d60 - test[9d35eded1c95d3be]::test_main_inner::<test[9d35eded1c95d3be]::test_main_static::{closure#0}>::{closure#0}
[INFO] [stdout]    6:     0x5da643dec272 - std[70759c8f55707aa4]::panicking::panic_with_hook
[INFO] [stdout]    7:     0x5da643dcce02 - std[70759c8f55707aa4]::panicking::panic_handler::{closure#0}
[INFO] [stdout]    8:     0x5da643dc5599 - std[70759c8f55707aa4]::sys::backtrace::__rust_end_short_backtrace::<std[70759c8f55707aa4]::panicking::panic_handler::{closure#0}, !>
[INFO] [stdout]    9:     0x5da643dcdfbd - __rustc[8fa7c3cbc660c2b3]::rust_begin_unwind
[INFO] [stdout]   10:     0x5da643e0f88c - core[df12db4294e9bfd3]::panicking::panic_fmt
[INFO] [stdout]   11:     0x5da643e0f662 - core[df12db4294e9bfd3]::result::unwrap_failed
[INFO] [stdout]   12:     0x5da6438cd287 - nabu[c5dc1be85fcaf236]::tests::default_backfill_scans_native_roots_for_all_tools
[INFO] [stdout]   13:     0x5da6438b62c9 - <nabu[c5dc1be85fcaf236]::tests::default_backfill_scans_native_roots_for_all_tools::{closure#0} as core[df12db4294e9bfd3]::ops::function::FnOnce<()>>::call_once
[INFO] [stdout]   14:     0x5da6439bb04b - test[9d35eded1c95d3be]::__rust_begin_short_backtrace::<core[df12db4294e9bfd3]::result::Result<(), alloc[2182bb758b4b3781]::string::String>, fn() -> core[df12db4294e9bfd3]::result::Result<(), alloc[2182bb758b4b3781]::string::String>>
[INFO] [stdout]   15:     0x5da6439c86b5 - test[9d35eded1c95d3be]::run_test::{closure#0}
[INFO] [stdout]   16:     0x5da6439c1f74 - std[70759c8f55707aa4]::sys::backtrace::__rust_begin_short_backtrace::<test[9d35eded1c95d3be]::run_test::{closure#1}, ()>
[INFO] [stdout]   17:     0x5da6439cb812 - <std[70759c8f55707aa4]::thread::lifecycle::spawn_unchecked<test[9d35eded1c95d3be]::run_test::{closure#1}, ()>::{closure#1} as core[df12db4294e9bfd3]::ops::function::FnOnce<()>>::call_once::{shim:vtable#0}
[INFO] [stdout]   18:     0x5da643df5209 - <std[70759c8f55707aa4]::sys::thread::unix::Thread>::new::thread_start
[INFO] [stdout]   19:     0x74ec76dcddfa - <unknown>
[INFO] [stdout]   20:     0x74ec76e613d4 - clone
[INFO] [stdout]   21:                0x0 - <unknown>
[INFO] [stdout] 
[INFO] [stdout] ---- tests::wizard_full_consent_reaches_setup_end_state_and_reruns_idempotent stdout ----
[INFO] [stdout] 
[INFO] [stdout] thread 'tests::wizard_full_consent_reaches_setup_end_state_and_reruns_idempotent' (1217) panicked at src/main.rs:2643:10:
[INFO] [stdout] called `Result::unwrap()` on an `Err` value: Os { code: 2, kind: NotFound, message: "No such file or directory" }
[INFO] [stdout] stack backtrace:
[INFO] [stdout]    0:     0x5da643df6a21 - <<std[70759c8f55707aa4]::sys::backtrace::BacktraceLock>::print::DisplayBacktrace as core[df12db4294e9bfd3]::fmt::Display>::fmt
[INFO] [stdout]    1:     0x5da643e0f0aa - core[df12db4294e9bfd3]::fmt::write
[INFO] [stdout]    2:     0x5da643dfbb9c - <alloc[2182bb758b4b3781]::vec::Vec<u8> as core[df12db4294e9bfd3]::io::write::Write>::write_fmt
[INFO] [stdout]    3:     0x5da643dccd56 - std[70759c8f55707aa4]::panicking::default_hook::{closure#0}
[INFO] [stdout]    4:     0x5da643debf49 - std[70759c8f55707aa4]::panicking::default_hook
[INFO] [stdout]    5:     0x5da6439c7d60 - test[9d35eded1c95d3be]::test_main_inner::<test[9d35eded1c95d3be]::test_main_static::{closure#0}>::{closure#0}
[INFO] [stdout]    6:     0x5da643dec272 - std[70759c8f55707aa4]::panicking::panic_with_hook
[INFO] [stdout]    7:     0x5da643dcce02 - std[70759c8f55707aa4]::panicking::panic_handler::{closure#0}
[INFO] [stdout]    8:     0x5da643dc5599 - std[70759c8f55707aa4]::sys::backtrace::__rust_end_short_backtrace::<std[70759c8f55707aa4]::panicking::panic_handler::{closure#0}, !>
[INFO] [stdout]    9:     0x5da643dcdfbd - __rustc[8fa7c3cbc660c2b3]::rust_begin_unwind
[INFO] [stdout]   10:     0x5da643e0f88c - core[df12db4294e9bfd3]::panicking::panic_fmt
[INFO] [stdout]   11:     0x5da643e0f662 - core[df12db4294e9bfd3]::result::unwrap_failed
[INFO] [stdout]   12:     0x5da6438de926 - nabu[c5dc1be85fcaf236]::tests::wizard_full_consent_reaches_setup_end_state_and_reruns_idempotent
[INFO] [stdout]   13:     0x5da6438b6529 - <nabu[c5dc1be85fcaf236]::tests::wizard_full_consent_reaches_setup_end_state_and_reruns_idempotent::{closure#0} as core[df12db4294e9bfd3]::ops::function::FnOnce<()>>::call_once
[INFO] [stdout]   14:     0x5da6439bb04b - test[9d35eded1c95d3be]::__rust_begin_short_backtrace::<core[df12db4294e9bfd3]::result::Result<(), alloc[2182bb758b4b3781]::string::String>, fn() -> core[df12db4294e9bfd3]::result::Result<(), alloc[2182bb758b4b3781]::string::String>>
[INFO] [stdout]   15:     0x5da6439c86b5 - test[9d35eded1c95d3be]::run_test::{closure#0}
[INFO] [stdout]   16:     0x5da6439c1f74 - std[70759c8f55707aa4]::sys::backtrace::__rust_begin_short_backtrace::<test[9d35eded1c95d3be]::run_test::{closure#1}, ()>
[INFO] [stdout]   17:     0x5da6439cb812 - <std[70759c8f55707aa4]::thread::lifecycle::spawn_unchecked<test[9d35eded1c95d3be]::run_test::{closure#1}, ()>::{closure#1} as core[df12db4294e9bfd3]::ops::function::FnOnce<()>>::call_once::{shim:vtable#0}
[INFO] [stdout]   18:     0x5da643df5209 - <std[70759c8f55707aa4]::sys::thread::unix::Thread>::new::thread_start
[INFO] [stdout]   19:     0x74ec76dcddfa - <unknown>
[INFO] [stdout]   20:     0x74ec76e613d4 - clone
[INFO] [stdout]   21:                0x0 - <unknown>
[INFO] [stdout] 
[INFO] [stdout] 
[INFO] [stdout] failures:
[INFO] [stdout]     tests::default_backfill_scans_native_roots_for_all_tools
[INFO] [stdout]     tests::large_session_ingest_benchmark_exercises_seeded_append_paths
[INFO] [stdout]     tests::wizard_full_consent_reaches_setup_end_state_and_reruns_idempotent
[INFO] [stdout] 
[INFO] [stdout] test result: FAILED. 49 passed; 3 failed; 0 ignored; 0 measured; 0 filtered out; finished in 0.87s
[INFO] [stdout] 
[INFO] [stderr] error: test failed, to rerun pass `--bin nabu`
[INFO] running `Command { std: "docker" "inspect" "6113d9614a267a53e9b69690a7efa37efe7bbf72b678301dad723c4699b72086", kill_on_drop: false }`
[INFO] running `Command { std: "docker" "rm" "-f" "6113d9614a267a53e9b69690a7efa37efe7bbf72b678301dad723c4699b72086", kill_on_drop: false }`
[INFO] [stdout] 6113d9614a267a53e9b69690a7efa37efe7bbf72b678301dad723c4699b72086
