[INFO] fetching crate nab138_srp 0.6.0...
[INFO] testing nab138_srp-0.6.0 against 1.99.0-beta.8+cargoflags=--release for beta-release-1.100-2
[INFO] extracting crate nab138_srp 0.6.0 into /workspace/builds/worker-2-tc1/source
[INFO] started tweaking crates.io crate nab138_srp 0.6.0
[INFO] finished tweaking crates.io crate nab138_srp 0.6.0
[INFO] tweaked toml for crates.io crate nab138_srp 0.6.0 written to /workspace/builds/worker-2-tc1/source/Cargo.toml
[INFO] validating manifest of crates.io crate nab138_srp 0.6.0 on toolchain 1.99.0-beta.8
[INFO] running `Command { std: CARGO_HOME="/workspace/cargo-home" RUSTUP_HOME="/workspace/rustup-home" "/workspace/cargo-home/bin/cargo" "+1.99.0-beta.8" "metadata" "--manifest-path" "Cargo.toml" "--no-deps", kill_on_drop: false }`
[INFO] crate crates.io crate nab138_srp 0.6.0 already has a lockfile, it will not be regenerated
[INFO] running `Command { std: CARGO_HOME="/workspace/cargo-home" RUSTUP_HOME="/workspace/rustup-home" "/workspace/cargo-home/bin/cargo" "+1.99.0-beta.8" "fetch" "--manifest-path" "Cargo.toml", kill_on_drop: false }`
[INFO] [stderr]     Updating crates.io index
[INFO] [stderr]  Downloading crates ...
[INFO] [stderr]   Downloaded generic-array v1.2.0
[INFO] [stderr]   Downloaded hex-literal v1.0.0
[INFO] [stderr]   Downloaded sha1 v0.10.6
[INFO] running `Command { std: "docker" "create" "-v" "/var/lib/crater-agent-workspace/builds/worker-2-tc1/source:/opt/rustwide/workdir:ro,Z" "-v" "/var/lib/crater-agent-workspace/builds/worker-2-tc1/target:/opt/rustwide/target:rw,Z" "-v" "/var/lib/crater-agent-workspace/cargo-home:/opt/rustwide/cargo-home:ro,Z" "-v" "/var/lib/crater-agent-workspace/rustup-home:/opt/rustwide/rustup-home:ro,Z" "-m" "1610612736" "--network" "none" "ghcr.io/rust-lang/crates-build-env/linux@sha256:77db811e55d90add9212f6832c23229e3de5f1c1f9905e8cb07319ea15df73ac" "sleep" "infinity", kill_on_drop: false }`
[INFO] [stdout] 8a94ef36e61f8904d3279332d5627e6ace1b0ecac52cf3e85d5c56ef3b641e2f
[INFO] running `Command { std: "docker" "start" "8a94ef36e61f8904d3279332d5627e6ace1b0ecac52cf3e85d5c56ef3b641e2f", kill_on_drop: false }`
[INFO] running `Command { std: "docker" "inspect" "8a94ef36e61f8904d3279332d5627e6ace1b0ecac52cf3e85d5c56ef3b641e2f", kill_on_drop: false }`
[INFO] running `Command { std: "docker" "exec" "-e" "SOURCE_DIR=/opt/rustwide/workdir" "-e" "CARGO_HOME=/opt/rustwide/cargo-home" "-e" "RUSTUP_HOME=/opt/rustwide/rustup-home" "-e" "CARGO_TARGET_DIR=/opt/rustwide/target" "-w" "/opt/rustwide/workdir" "--user" "0:0" "8a94ef36e61f8904d3279332d5627e6ace1b0ecac52cf3e85d5c56ef3b641e2f" "/opt/rustwide/cargo-home/bin/cargo" "+1.99.0-beta.8" "metadata" "--no-deps" "--format-version=1", kill_on_drop: false }`
[INFO] running `Command { std: "docker" "inspect" "8a94ef36e61f8904d3279332d5627e6ace1b0ecac52cf3e85d5c56ef3b641e2f", kill_on_drop: false }`
[INFO] running `Command { std: "docker" "exec" "-e" "SOURCE_DIR=/opt/rustwide/workdir" "-e" "CARGO_HOME=/opt/rustwide/cargo-home" "-e" "RUSTUP_HOME=/opt/rustwide/rustup-home" "-e" "CARGO_TARGET_DIR=/opt/rustwide/target" "-e" "CARGO_INCREMENTAL=0" "-e" "RUST_BACKTRACE=full" "-e" "RUSTFLAGS=--cap-lints=warn" "-e" "RUSTDOCFLAGS=--cap-lints=warn" "-w" "/opt/rustwide/workdir" "--user" "0:0" "8a94ef36e61f8904d3279332d5627e6ace1b0ecac52cf3e85d5c56ef3b641e2f" "/opt/rustwide/cargo-home/bin/cargo" "+1.99.0-beta.8" "build" "--frozen" "--message-format=json" "--release", kill_on_drop: false }`
[INFO] [stderr]    Compiling typenum v1.18.0
[INFO] [stderr]    Compiling autocfg v1.5.0
[INFO] [stderr]    Compiling lazy_static v1.5.0
[INFO] [stderr]    Compiling base64 v0.22.1
[INFO] [stderr]    Compiling subtle v2.6.1
[INFO] [stderr]    Compiling num-traits v0.2.19
[INFO] [stderr]    Compiling generic-array v0.14.7
[INFO] [stderr]    Compiling generic-array v1.2.0
[INFO] [stderr]    Compiling num-integer v0.1.46
[INFO] [stderr]    Compiling num-bigint v0.4.6
[INFO] [stderr]    Compiling block-buffer v0.10.4
[INFO] [stderr]    Compiling crypto-common v0.1.6
[INFO] [stderr]    Compiling digest v0.10.7
[INFO] [stderr]    Compiling nab138_srp v0.6.0 (/opt/rustwide/workdir)
[INFO] [stderr]     Finished `release` profile [optimized] target(s) in 5.43s
[INFO] running `Command { std: "docker" "inspect" "8a94ef36e61f8904d3279332d5627e6ace1b0ecac52cf3e85d5c56ef3b641e2f", kill_on_drop: false }`
[INFO] running `Command { std: "docker" "exec" "-e" "SOURCE_DIR=/opt/rustwide/workdir" "-e" "CARGO_HOME=/opt/rustwide/cargo-home" "-e" "RUSTUP_HOME=/opt/rustwide/rustup-home" "-e" "CARGO_TARGET_DIR=/opt/rustwide/target" "-e" "CARGO_INCREMENTAL=0" "-e" "RUST_BACKTRACE=full" "-e" "RUSTFLAGS=--cap-lints=warn" "-e" "RUSTDOCFLAGS=--cap-lints=warn" "-w" "/opt/rustwide/workdir" "--user" "0:0" "8a94ef36e61f8904d3279332d5627e6ace1b0ecac52cf3e85d5c56ef3b641e2f" "/opt/rustwide/cargo-home/bin/cargo" "+1.99.0-beta.8" "test" "--frozen" "--no-run" "--message-format=json" "--release", kill_on_drop: false }`
[INFO] [stderr]    Compiling cfg-if v1.0.1
[INFO] [stderr]    Compiling libc v0.2.174
[INFO] [stderr]    Compiling zerocopy v0.8.26
[INFO] [stderr]    Compiling getrandom v0.3.3
[INFO] [stderr]    Compiling cpufeatures v0.2.17
[INFO] [stderr]    Compiling hex-literal v1.0.0
[INFO] [stderr]    Compiling sha2 v0.10.9
[INFO] [stderr]    Compiling sha1 v0.10.6
[INFO] [stderr]    Compiling rand_core v0.9.3
[INFO] [stderr]    Compiling ppv-lite86 v0.2.21
[INFO] [stderr]    Compiling rand_chacha v0.9.0
[INFO] [stderr]    Compiling rand v0.9.2
[INFO] [stderr]    Compiling nab138_srp v0.6.0 (/opt/rustwide/workdir)
[INFO] [stderr]     Finished `release` profile [optimized] target(s) in 4.58s
[INFO] running `Command { std: "docker" "inspect" "8a94ef36e61f8904d3279332d5627e6ace1b0ecac52cf3e85d5c56ef3b641e2f", kill_on_drop: false }`
[INFO] running `Command { std: "docker" "exec" "-e" "SOURCE_DIR=/opt/rustwide/workdir" "-e" "CARGO_HOME=/opt/rustwide/cargo-home" "-e" "RUSTUP_HOME=/opt/rustwide/rustup-home" "-e" "CARGO_TARGET_DIR=/opt/rustwide/target" "-e" "CARGO_INCREMENTAL=0" "-e" "RUST_BACKTRACE=full" "-e" "RUSTFLAGS=--cap-lints=warn" "-e" "RUSTDOCFLAGS=--cap-lints=warn" "-w" "/opt/rustwide/workdir" "--user" "0:0" "8a94ef36e61f8904d3279332d5627e6ace1b0ecac52cf3e85d5c56ef3b641e2f" "/opt/rustwide/cargo-home/bin/cargo" "+1.99.0-beta.8" "test" "--frozen" "--release", kill_on_drop: false }`
[INFO] [stderr]     Finished `release` profile [optimized] target(s) in 0.04s
[INFO] [stderr]      Running unittests src/lib.rs (/opt/rustwide/target/release/deps/nab138_srp-6f1ed89a5398c40a)
[INFO] [stdout] 
[INFO] [stderr]    Doc-tests nab138_srp
[INFO] [stdout] running 0 tests
[INFO] [stdout] 
[INFO] [stdout] test result: ok. 0 passed; 0 failed; 0 ignored; 0 measured; 0 filtered out; finished in 0.00s
[INFO] [stdout] 
[INFO] [stdout] 
[INFO] [stdout] running 10 tests
[INFO] [stdout] test src/client.rs - client (line 62) ... FAILED
[INFO] [stdout] test src/client.rs - client (line 10) ... FAILED
[INFO] [stdout] test src/client.rs - client (line 75) ... FAILED
[INFO] [stdout] test src/client.rs - client (line 50) ... FAILED
[INFO] [stdout] test src/server.rs - server (line 27) ... FAILED
[INFO] [stdout] test src/server.rs - server (line 8) ... FAILED
[INFO] [stdout] test src/client.rs - client (line 34) ... FAILED
[INFO] [stdout] test src/server.rs - server (line 55) ... FAILED
[INFO] [stdout] test src/server.rs - server (line 41) ... FAILED
[INFO] [stdout] test src/client.rs - client (line 21) ... FAILED
[INFO] [stdout] 
[INFO] [stdout] failures:
[INFO] [stdout] 
[INFO] [stdout] ---- src/client.rs - client (line 62) stdout ----
[INFO] [stdout] error[E0433]: cannot find `srp` in the crate root
[INFO] [stdout]   --> src/client.rs:63:21
[INFO] [stdout]    |
[INFO] [stdout] 63 | let client = crate::srp::client::SrpClient::<sha2::Sha256>::new(&crate::srp::groups::G_2048);
[INFO] [stdout]    |                     ^^^ could not find `srp` in the crate root
[INFO] [stdout] 
[INFO] [stdout] error[E0433]: cannot find `srp` in the crate root
[INFO] [stdout]   --> src/client.rs:63:73
[INFO] [stdout]    |
[INFO] [stdout] 63 | let client = crate::srp::client::SrpClient::<sha2::Sha256>::new(&crate::srp::groups::G_2048);
[INFO] [stdout]    |                                                                         ^^^ could not find `srp` in the crate root
[INFO] [stdout] 
[INFO] [stdout] error: aborting due to 2 previous errors
[INFO] [stdout] 
[INFO] [stdout] For more information about this error, try `rustc --explain E0433`.
[INFO] [stdout] Couldn't compile the test.
[INFO] [stdout] ---- src/client.rs - client (line 10) stdout ----
[INFO] [stdout] error[E0433]: cannot find `srp` in the crate root
[INFO] [stdout]   --> src/client.rs:11:12
[INFO] [stdout]    |
[INFO] [stdout] 11 | use crate::srp::groups::G_2048;
[INFO] [stderr] error: doctest failed, to rerun pass `--doc`
[INFO] [stdout]    |            ^^^ could not find `srp` in the crate root
[INFO] [stdout] 
[INFO] [stdout] error[E0433]: cannot find `srp` in the crate root
[INFO] [stdout]   --> src/client.rs:13:12
[INFO] [stdout]    |
[INFO] [stdout] 13 | use crate::srp::client::SrpClient;
[INFO] [stdout]    |            ^^^ could not find `srp` in the crate root
[INFO] [stdout] 
[INFO] [stdout] error: aborting due to 2 previous errors
[INFO] [stdout] 
[INFO] [stdout] For more information about this error, try `rustc --explain E0433`.
[INFO] [stdout] Couldn't compile the test.
[INFO] [stdout] ---- src/client.rs - client (line 75) stdout ----
[INFO] [stdout] error[E0433]: cannot find `srp` in the crate root
[INFO] [stdout]   --> src/client.rs:76:21
[INFO] [stdout]    |
[INFO] [stdout] 76 | let client = crate::srp::client::SrpClient::<sha2::Sha256>::new(&crate::srp::groups::G_2048);
[INFO] [stdout]    |                     ^^^ could not find `srp` in the crate root
[INFO] [stdout] 
[INFO] [stdout] error[E0433]: cannot find `srp` in the crate root
[INFO] [stdout]   --> src/client.rs:76:73
[INFO] [stdout]    |
[INFO] [stdout] 76 | let client = crate::srp::client::SrpClient::<sha2::Sha256>::new(&crate::srp::groups::G_2048);
[INFO] [stdout]    |                                                                         ^^^ could not find `srp` in the crate root
[INFO] [stdout] 
[INFO] [stdout] error: aborting due to 2 previous errors
[INFO] [stdout] 
[INFO] [stdout] For more information about this error, try `rustc --explain E0433`.
[INFO] [stdout] Couldn't compile the test.
[INFO] [stdout] ---- src/client.rs - client (line 50) stdout ----
[INFO] [stdout] error[E0433]: cannot find `srp` in the crate root
[INFO] [stdout]   --> src/client.rs:51:21
[INFO] [stdout]    |
[INFO] [stdout] 51 | let client = crate::srp::client::SrpClient::<sha2::Sha256>::new(&crate::srp::groups::G_2048);
[INFO] [stdout]    |                     ^^^ could not find `srp` in the crate root
[INFO] [stdout] 
[INFO] [stdout] error[E0433]: cannot find `srp` in the crate root
[INFO] [stdout]   --> src/client.rs:51:73
[INFO] [stdout]    |
[INFO] [stdout] 51 | let client = crate::srp::client::SrpClient::<sha2::Sha256>::new(&crate::srp::groups::G_2048);
[INFO] [stdout]    |                                                                         ^^^ could not find `srp` in the crate root
[INFO] [stdout] 
[INFO] [stdout] error: aborting due to 2 previous errors
[INFO] [stdout] 
[INFO] [stdout] For more information about this error, try `rustc --explain E0433`.
[INFO] [stdout] Couldn't compile the test.
[INFO] [stdout] ---- src/server.rs - server (line 27) stdout ----
[INFO] [stdout] error[E0433]: cannot find `srp` in the crate root
[INFO] [stdout]   --> src/server.rs:28:21
[INFO] [stdout]    |
[INFO] [stdout] 28 | let server = crate::srp::server::SrpServer::<sha2::Sha256>::new(&crate::srp::groups::G_2048);
[INFO] [stdout]    |                     ^^^ could not find `srp` in the crate root
[INFO] [stdout] 
[INFO] [stdout] error[E0433]: cannot find `srp` in the crate root
[INFO] [stdout]   --> src/server.rs:28:73
[INFO] [stdout]    |
[INFO] [stdout] 28 | let server = crate::srp::server::SrpServer::<sha2::Sha256>::new(&crate::srp::groups::G_2048);
[INFO] [stdout]    |                                                                         ^^^ could not find `srp` in the crate root
[INFO] [stdout] 
[INFO] [stdout] error: aborting due to 2 previous errors
[INFO] [stdout] 
[INFO] [stdout] For more information about this error, try `rustc --explain E0433`.
[INFO] [stdout] Couldn't compile the test.
[INFO] [stdout] ---- src/server.rs - server (line 8) stdout ----
[INFO] [stdout] error[E0433]: cannot find `srp` in the crate root
[INFO] [stdout]  --> src/server.rs:9:12
[INFO] [stdout]   |
[INFO] [stdout] 9 | use crate::srp::groups::G_2048;
[INFO] [stdout]   |            ^^^ could not find `srp` in the crate root
[INFO] [stdout] 
[INFO] [stdout] error[E0433]: cannot find `srp` in the crate root
[INFO] [stdout]   --> src/server.rs:11:12
[INFO] [stdout]    |
[INFO] [stdout] 11 | use crate::srp::server::SrpServer;
[INFO] [stdout]    |            ^^^ could not find `srp` in the crate root
[INFO] [stdout] 
[INFO] [stdout] error: aborting due to 2 previous errors
[INFO] [stdout] 
[INFO] [stdout] For more information about this error, try `rustc --explain E0433`.
[INFO] [stdout] Couldn't compile the test.
[INFO] [stdout] ---- src/client.rs - client (line 34) stdout ----
[INFO] [stdout] error[E0433]: cannot find `srp` in the crate root
[INFO] [stdout]   --> src/client.rs:35:21
[INFO] [stdout]    |
[INFO] [stdout] 35 | let client = crate::srp::client::SrpClient::<sha2::Sha256>::new(&crate::srp::groups::G_2048);
[INFO] [stdout]    |                     ^^^ could not find `srp` in the crate root
[INFO] [stdout] 
[INFO] [stdout] error[E0433]: cannot find `srp` in the crate root
[INFO] [stdout]   --> src/client.rs:35:73
[INFO] [stdout]    |
[INFO] [stdout] 35 | let client = crate::srp::client::SrpClient::<sha2::Sha256>::new(&crate::srp::groups::G_2048);
[INFO] [stdout]    |                                                                         ^^^ could not find `srp` in the crate root
[INFO] [stdout] 
[INFO] [stdout] error: aborting due to 2 previous errors
[INFO] [stdout] 
[INFO] [stdout] For more information about this error, try `rustc --explain E0433`.
[INFO] [stdout] Couldn't compile the test.
[INFO] [stdout] ---- src/server.rs - server (line 55) stdout ----
[INFO] [stdout] error[E0433]: cannot find `srp` in the crate root
[INFO] [stdout]   --> src/server.rs:56:21
[INFO] [stdout]    |
[INFO] [stdout] 56 | let server = crate::srp::server::SrpServer::<sha2::Sha256>::new(&crate::srp::groups::G_2048);
[INFO] [stdout]    |                     ^^^ could not find `srp` in the crate root
[INFO] [stdout] 
[INFO] [stdout] error[E0433]: cannot find `srp` in the crate root
[INFO] [stdout]   --> src/server.rs:56:73
[INFO] [stdout]    |
[INFO] [stdout] 56 | let server = crate::srp::server::SrpServer::<sha2::Sha256>::new(&crate::srp::groups::G_2048);
[INFO] [stdout]    |                                                                         ^^^ could not find `srp` in the crate root
[INFO] [stdout] 
[INFO] [stdout] error: aborting due to 2 previous errors
[INFO] [stdout] 
[INFO] [stdout] For more information about this error, try `rustc --explain E0433`.
[INFO] [stdout] Couldn't compile the test.
[INFO] [stdout] ---- src/server.rs - server (line 41) stdout ----
[INFO] [stdout] error[E0433]: cannot find `srp` in the crate root
[INFO] [stdout]   --> src/server.rs:42:21
[INFO] [stdout]    |
[INFO] [stdout] 42 | let server = crate::srp::server::SrpServer::<sha2::Sha256>::new(&crate::srp::groups::G_2048);
[INFO] [stdout]    |                     ^^^ could not find `srp` in the crate root
[INFO] [stdout] 
[INFO] [stdout] error[E0433]: cannot find `srp` in the crate root
[INFO] [stdout]   --> src/server.rs:42:73
[INFO] [stdout]    |
[INFO] [stdout] 42 | let server = crate::srp::server::SrpServer::<sha2::Sha256>::new(&crate::srp::groups::G_2048);
[INFO] [stdout]    |                                                                         ^^^ could not find `srp` in the crate root
[INFO] [stdout] 
[INFO] [stdout] error: aborting due to 2 previous errors
[INFO] [stdout] 
[INFO] [stdout] For more information about this error, try `rustc --explain E0433`.
[INFO] [stdout] Couldn't compile the test.
[INFO] [stdout] ---- src/client.rs - client (line 21) stdout ----
[INFO] [stdout] error[E0433]: cannot find `srp` in the crate root
[INFO] [stdout]   --> src/client.rs:22:21
[INFO] [stdout]    |
[INFO] [stdout] 22 | let client = crate::srp::client::SrpClient::<sha2::Sha256>::new(&crate::srp::groups::G_2048);
[INFO] [stdout]    |                     ^^^ could not find `srp` in the crate root
[INFO] [stdout] 
[INFO] [stdout] error[E0433]: cannot find `srp` in the crate root
[INFO] [stdout]   --> src/client.rs:22:73
[INFO] [stdout]    |
[INFO] [stdout] 22 | let client = crate::srp::client::SrpClient::<sha2::Sha256>::new(&crate::srp::groups::G_2048);
[INFO] [stdout]    |                                                                         ^^^ could not find `srp` in the crate root
[INFO] [stdout] 
[INFO] [stdout] error: aborting due to 2 previous errors
[INFO] [stdout] 
[INFO] [stdout] For more information about this error, try `rustc --explain E0433`.
[INFO] [stdout] Couldn't compile the test.
[INFO] [stdout] 
[INFO] [stdout] failures:
[INFO] [stdout]     src/client.rs - client (line 10)
[INFO] [stdout]     src/client.rs - client (line 21)
[INFO] [stdout]     src/client.rs - client (line 34)
[INFO] [stdout]     src/client.rs - client (line 50)
[INFO] [stdout]     src/client.rs - client (line 62)
[INFO] [stdout]     src/client.rs - client (line 75)
[INFO] [stdout]     src/server.rs - server (line 27)
[INFO] [stdout]     src/server.rs - server (line 41)
[INFO] [stdout]     src/server.rs - server (line 55)
[INFO] [stdout]     src/server.rs - server (line 8)
[INFO] [stdout] 
[INFO] [stdout] test result: FAILED. 0 passed; 10 failed; 0 ignored; 0 measured; 0 filtered out; finished in 0.29s
[INFO] [stdout] 
[INFO] running `Command { std: "docker" "inspect" "8a94ef36e61f8904d3279332d5627e6ace1b0ecac52cf3e85d5c56ef3b641e2f", kill_on_drop: false }`
[INFO] running `Command { std: "docker" "rm" "-f" "8a94ef36e61f8904d3279332d5627e6ace1b0ecac52cf3e85d5c56ef3b641e2f", kill_on_drop: false }`
[INFO] [stdout] 8a94ef36e61f8904d3279332d5627e6ace1b0ecac52cf3e85d5c56ef3b641e2f
