[INFO] fetching crate na_rust 0.1.0...
[INFO] testing na_rust-0.1.0 against 1.99.0-beta.8+cargoflags=--release for beta-release-1.100-2
[INFO] extracting crate na_rust 0.1.0 into /workspace/builds/worker-1-tc1/source
[INFO] started tweaking crates.io crate na_rust 0.1.0
[INFO] finished tweaking crates.io crate na_rust 0.1.0
[INFO] tweaked toml for crates.io crate na_rust 0.1.0 written to /workspace/builds/worker-1-tc1/source/Cargo.toml
[INFO] validating manifest of crates.io crate na_rust 0.1.0 on toolchain 1.99.0-beta.8
[INFO] running `Command { std: CARGO_HOME="/workspace/cargo-home" RUSTUP_HOME="/workspace/rustup-home" "/workspace/cargo-home/bin/cargo" "+1.99.0-beta.8" "metadata" "--manifest-path" "Cargo.toml" "--no-deps", kill_on_drop: false }`
[INFO] crate crates.io crate na_rust 0.1.0 already has a lockfile, it will not be regenerated
[INFO] running `Command { std: CARGO_HOME="/workspace/cargo-home" RUSTUP_HOME="/workspace/rustup-home" "/workspace/cargo-home/bin/cargo" "+1.99.0-beta.8" "fetch" "--manifest-path" "Cargo.toml", kill_on_drop: false }`
[INFO] [stderr]     Updating crates.io index
[INFO] [stderr]  Downloading crates ...
[INFO] [stderr]   Downloaded logos-codegen v0.15.1
[INFO] [stderr]   Downloaded interim v0.2.1
[INFO] [stderr]   Downloaded logos-derive v0.15.1
[INFO] [stderr]   Downloaded clap_lex v0.6.0
[INFO] [stderr]   Downloaded fuzzy-matcher v0.3.7
[INFO] [stderr]   Downloaded clap_derive v4.4.7
[INFO] [stderr]   Downloaded inquire v0.9.4
[INFO] [stderr]   Downloaded clap v4.4.18
[INFO] [stderr]   Downloaded clap_builder v4.4.18
[INFO] [stderr]   Downloaded logos v0.15.1
[INFO] running `Command { std: "docker" "create" "-v" "/var/lib/crater-agent-workspace/builds/worker-1-tc1/source:/opt/rustwide/workdir:ro,Z" "-v" "/var/lib/crater-agent-workspace/builds/worker-1-tc1/target:/opt/rustwide/target:rw,Z" "-v" "/var/lib/crater-agent-workspace/cargo-home:/opt/rustwide/cargo-home:ro,Z" "-v" "/var/lib/crater-agent-workspace/rustup-home:/opt/rustwide/rustup-home:ro,Z" "-m" "1610612736" "--network" "none" "ghcr.io/rust-lang/crates-build-env/linux@sha256:77db811e55d90add9212f6832c23229e3de5f1c1f9905e8cb07319ea15df73ac" "sleep" "infinity", kill_on_drop: false }`
[INFO] [stdout] c40156bbe67a1f89013da030c3364bbe894862803576cf607657a449140dfdf7
[INFO] running `Command { std: "docker" "start" "c40156bbe67a1f89013da030c3364bbe894862803576cf607657a449140dfdf7", kill_on_drop: false }`
[INFO] running `Command { std: "docker" "inspect" "c40156bbe67a1f89013da030c3364bbe894862803576cf607657a449140dfdf7", kill_on_drop: false }`
[INFO] running `Command { std: "docker" "exec" "-e" "SOURCE_DIR=/opt/rustwide/workdir" "-e" "CARGO_HOME=/opt/rustwide/cargo-home" "-e" "RUSTUP_HOME=/opt/rustwide/rustup-home" "-e" "CARGO_TARGET_DIR=/opt/rustwide/target" "-w" "/opt/rustwide/workdir" "--user" "0:0" "c40156bbe67a1f89013da030c3364bbe894862803576cf607657a449140dfdf7" "/opt/rustwide/cargo-home/bin/cargo" "+1.99.0-beta.8" "metadata" "--no-deps" "--format-version=1", kill_on_drop: false }`
[INFO] running `Command { std: "docker" "inspect" "c40156bbe67a1f89013da030c3364bbe894862803576cf607657a449140dfdf7", kill_on_drop: false }`
[INFO] running `Command { std: "docker" "exec" "-e" "SOURCE_DIR=/opt/rustwide/workdir" "-e" "CARGO_HOME=/opt/rustwide/cargo-home" "-e" "RUSTUP_HOME=/opt/rustwide/rustup-home" "-e" "CARGO_TARGET_DIR=/opt/rustwide/target" "-e" "CARGO_INCREMENTAL=0" "-e" "RUST_BACKTRACE=full" "-e" "RUSTFLAGS=--cap-lints=warn" "-e" "RUSTDOCFLAGS=--cap-lints=warn" "-w" "/opt/rustwide/workdir" "--user" "0:0" "c40156bbe67a1f89013da030c3364bbe894862803576cf607657a449140dfdf7" "/opt/rustwide/cargo-home/bin/cargo" "+1.99.0-beta.8" "build" "--frozen" "--message-format=json" "--release", kill_on_drop: false }`
[INFO] [stderr]    Compiling lazy_static v1.5.0
[INFO] [stderr]    Compiling rustix v1.1.4
[INFO] [stderr]    Compiling regex-syntax v0.8.10
[INFO] [stderr]    Compiling beef v0.5.2
[INFO] [stderr]    Compiling logos-codegen v0.15.1
[INFO] [stderr]    Compiling anstyle-parse v0.2.7
[INFO] [stderr]    Compiling syn v2.0.117
[INFO] [stderr]    Compiling mio v1.2.0
[INFO] [stderr]    Compiling aho-corasick v1.1.4
[INFO] [stderr]    Compiling thread_local v1.1.9
[INFO] [stderr]    Compiling clap_lex v0.6.0
[INFO] [stderr]    Compiling signal-hook v0.3.18
[INFO] [stderr]    Compiling hashbrown v0.15.5
[INFO] [stderr]    Compiling strsim v0.10.0
[INFO] [stderr]    Compiling dyn-clone v1.0.20
[INFO] [stderr]    Compiling anstream v0.6.21
[INFO] [stderr]    Compiling fuzzy-matcher v0.3.7
[INFO] [stderr]    Compiling signal-hook-mio v0.2.5
[INFO] [stderr]    Compiling clap_builder v4.4.18
[INFO] [stderr]    Compiling indexmap v2.10.0
[INFO] [stderr]    Compiling regex-automata v0.4.14
[INFO] [stderr]    Compiling serde_derive v1.0.228
[INFO] [stderr]    Compiling derive_more-impl v2.1.1
[INFO] [stderr]    Compiling clap_derive v4.4.7
[INFO] [stderr]    Compiling derive_more v2.1.1
[INFO] [stderr]    Compiling crossterm v0.29.0
[INFO] [stderr]    Compiling logos-derive v0.15.1
[INFO] [stderr]    Compiling logos v0.15.1
[INFO] [stderr]    Compiling inquire v0.9.4
[INFO] [stderr]    Compiling clap v4.4.18
[INFO] [stderr]    Compiling serde v1.0.228
[INFO] [stderr]    Compiling regex v1.12.3
[INFO] [stderr]    Compiling chrono v0.4.44
[INFO] [stderr]    Compiling serde_yaml v0.9.34+deprecated
[INFO] [stderr]    Compiling interim v0.2.1
[INFO] [stderr]    Compiling na_rust v0.1.0 (/opt/rustwide/workdir)
[INFO] [stderr]     Finished `release` profile [optimized] target(s) in 26.93s
[INFO] running `Command { std: "docker" "inspect" "c40156bbe67a1f89013da030c3364bbe894862803576cf607657a449140dfdf7", kill_on_drop: false }`
[INFO] running `Command { std: "docker" "exec" "-e" "SOURCE_DIR=/opt/rustwide/workdir" "-e" "CARGO_HOME=/opt/rustwide/cargo-home" "-e" "RUSTUP_HOME=/opt/rustwide/rustup-home" "-e" "CARGO_TARGET_DIR=/opt/rustwide/target" "-e" "CARGO_INCREMENTAL=0" "-e" "RUST_BACKTRACE=full" "-e" "RUSTFLAGS=--cap-lints=warn" "-e" "RUSTDOCFLAGS=--cap-lints=warn" "-w" "/opt/rustwide/workdir" "--user" "0:0" "c40156bbe67a1f89013da030c3364bbe894862803576cf607657a449140dfdf7" "/opt/rustwide/cargo-home/bin/cargo" "+1.99.0-beta.8" "test" "--frozen" "--no-run" "--message-format=json" "--release", kill_on_drop: false }`
[INFO] [stderr]    Compiling na_rust v0.1.0 (/opt/rustwide/workdir)
[INFO] [stderr]     Finished `release` profile [optimized] target(s) in 19.14s
[INFO] running `Command { std: "docker" "inspect" "c40156bbe67a1f89013da030c3364bbe894862803576cf607657a449140dfdf7", kill_on_drop: false }`
[INFO] running `Command { std: "docker" "exec" "-e" "SOURCE_DIR=/opt/rustwide/workdir" "-e" "CARGO_HOME=/opt/rustwide/cargo-home" "-e" "RUSTUP_HOME=/opt/rustwide/rustup-home" "-e" "CARGO_TARGET_DIR=/opt/rustwide/target" "-e" "CARGO_INCREMENTAL=0" "-e" "RUST_BACKTRACE=full" "-e" "RUSTFLAGS=--cap-lints=warn" "-e" "RUSTDOCFLAGS=--cap-lints=warn" "-w" "/opt/rustwide/workdir" "--user" "0:0" "c40156bbe67a1f89013da030c3364bbe894862803576cf607657a449140dfdf7" "/opt/rustwide/cargo-home/bin/cargo" "+1.99.0-beta.8" "test" "--frozen" "--release", kill_on_drop: false }`
[INFO] [stderr]     Finished `release` profile [optimized] target(s) in 0.16s
[INFO] [stderr]      Running unittests src/main.rs (/opt/rustwide/target/release/deps/na-17bcae65b9cd099c)
[INFO] [stdout] 
[INFO] [stdout] running 218 tests
[INFO] [stdout] test app::tests::add_helpers_parse_priority_and_position ... ok
[INFO] [stdout] test app::tests::add_strip_trailing_note_extracts_parenthetical_suffix ... ok
[INFO] [stdout] test app::tests::abbreviate_source_path_uses_relative_and_cwd_indicator ... ok
[INFO] [stdout] test app::tests::add_in_todo_token_matching_supports_required_and_negated_tokens ... ok
[INFO] [stdout] test app::tests::add_build_text_applies_tags_and_timing_flags ... ok
[INFO] [stdout] test app::tests::add_with_global_file_uses_cwd_as_project ... ok
[INFO] [stdout] test app::tests::choose_from_menu_non_interactive_defaults_to_first ... ok
[INFO] [stdout] test app::tests::add_item_path_resolution_supports_child_descendant_and_wildcard ... ok
[INFO] [stdout] test app::tests::editor_program_inserts_wait_flags_like_ruby ... ok
[INFO] [stdout] test app::tests::elapsed_seconds_parses_started_and_done_tags ... ok
[INFO] [stdout] test app::tests::global_recurse_uses_depth_three_when_command_depth_unset ... ok
[INFO] [stdout] test app::tests::format_saved_search_quotes_values_and_omits_save_flag ... ok
[INFO] [stdout] test app::tests::find_with_regex_matches_action_text ... ok
[INFO] [stdout] test app::tests::find_simple_tag_query_uses_shared_query_engine ... ok
[INFO] [stdout] test app::tests::implicit_no_command_next_uses_depth_three ... ok
[INFO] [stdout] test app::tests::global_depth_applies_when_command_depth_unset ... ok
[INFO] [stdout] test app::tests::global_recurse_does_not_override_explicit_global_depth ... ok
[INFO] [stdout] test app::tests::completed_finished_alias_invokes_completed_command ... ok
[INFO] [stdout] test app::tests::list_saved_searches_returns_sorted_stems ... ok
[INFO] [stdout] test app::tests::find_search_notes_can_be_disabled ... ok
[INFO] [stdout] test app::tests::find_with_or_mode_matches_any_term ... ok
[INFO] [stdout] test app::tests::completed_matches_done_and_pattern_and_date_filters ... ok
[INFO] [stdout] test app::tests::next_first_available_with_tagged_filter_keeps_one_per_project ... ok
[INFO] [stdout] test app::tests::load_update_todo_files_prefers_explicit_file_over_global_or_discovery ... ok
[INFO] [stdout] test app::tests::next_done_flag_includes_done_items ... ok
[INFO] [stdout] test app::tests::next_search_can_match_notes ... ok
[INFO] [stdout] test app::tests::cli_parsed_search_with_available_does_not_dedupe_per_project ... ok
[INFO] [stdout] test app::tests::next_default_requires_na ... ok
[INFO] [stdout] test app::tests::next_first_available_respects_filtered_mode_without_forced_na ... ok
[INFO] [stdout] test app::tests::next_file_option_loads_only_target_file ... ok
[INFO] [stdout] test app::tests::find_done_tag_query_includes_done_items ... ok
[INFO] [stdout] test app::tests::next_search_respects_no_search_notes ... ok
[INFO] [stdout] test app::tests::next_available_alias_invokes_next_command ... ok
[INFO] [stdout] test app::tests::omnifocus_auxiliary_tags_suffix_like_ruby_output_children ... ok
[INFO] [stdout] test app::tests::open_command_uses_app_override_when_present ... ok
[INFO] [stdout] test app::tests::parse_multi_action_edit_output_preserves_blocks ... ok
[INFO] [stdout] test app::tests::find_search_query_respects_comparison_filters ... ok
[INFO] [stdout] test app::tests::parse_multi_selection_supports_single_range_and_all ... ok
[INFO] [stdout] test app::tests::only_timed_filters_out_missing_time_tags ... ok
[INFO] [stdout] test app::tests::restore_target_from_backup_path_strips_backup_suffix ... ok
[INFO] [stdout] test app::tests::prompt_profile_path_honors_override_env ... ok
[INFO] [stdout] test app::tests::parse_one_based_selection_accepts_valid_menu_input ... ok
[INFO] [stdout] test app::tests::parse_tag_input_normalizes_prefix_and_splits_commas ... ok
[INFO] [stdout] test app::tests::next_search_with_comparison_filters_expected_actions ... ok
[INFO] [stdout] test app::tests::load_update_todo_files_filters_by_in_todo_tokens ... FAILED
[INFO] [stdout] test app::tests::menu_cancel_selection_supports_blank_and_quit_tokens ... ok
[INFO] [stdout] test app::tests::run_edit_non_interactive_replaces_action_text ... ok
[INFO] [stdout] test app::tests::run_move_at_start_places_action_first_in_target_project ... ok
[INFO] [stdout] test app::tests::run_move_at_end_places_action_last_in_target_project ... ok
[INFO] [stdout] test app::tests::run_archive_applies_note_and_overwrite_flags ... ok
[INFO] [stdout] test app::tests::run_update_archive_flag_moves_selected_action_to_archive ... ok
[INFO] [stdout] test app::tests::run_archive_non_interactive_marks_undone_and_moves_to_archive ... ok
[INFO] [stdout] test app::tests::run_tag_supports_comma_and_removal_prefixes ... ok
[INFO] [stdout] test app::tests::run_tag_done_filter_only_updates_done_actions ... ok
[INFO] [stdout] test app::tests::run_plugin_enable_disable_toggles_permissions ... ok
[INFO] [stdout] test app::tests::run_plugin_edit_uses_editor_override ... ok
[INFO] [stdout] test app::tests::run_update_non_interactive_no_query_with_direct_flag_updates_all_candidates ... ok
[INFO] [stdout] test app::tests::run_update_delete_removes_matching_action ... ok
[INFO] [stdout] test app::tests::run_update_applies_timing_and_priority_tags ... ok
[INFO] [stdout] test app::tests::saved_search_slug_normalizes_and_collapses_separators ... ok
[INFO] [stdout] test app::tests::run_update_move_to_project_rehomes_action ... ok
[INFO] [stdout] test app::tests::shell_quote_token_escapes_single_quotes ... ok
[INFO] [stdout] test app::tests::taskpaper_search_filter_skips_first_available_even_with_flag ... ok
[INFO] [stdout] test app::tests::run_update_path_colon_line_adds_tag_without_reordering ... ok
[INFO] [stdout] test app::tests::prompt_install_is_idempotent_for_profile_file ... FAILED
[INFO] [stdout] test app::tests::run_plugin_new_creates_stub_in_plugin_dir ... FAILED
[INFO] [stdout] test app::tests::run_plugin_run_executes_discovered_plugin ... FAILED
[INFO] [stdout] test app::tests::run_saved_edit_uses_editor_override ... FAILED
[INFO] [stdout] test app::tests::run_saved_delete_removes_saved_file ... FAILED
[INFO] [stdout] test app::tests::run_update_non_interactive_query_branch_updates_matching_actions ... ok
[INFO] [stdout] test app::tests::run_scan_dry_run_does_not_mutate_registry_file ... FAILED
[INFO] [stdout] test app::tests::run_saved_run_executes_saved_command ... FAILED
[INFO] [stdout] test app::tests::update_path_colon_syntax_without_matching_file_skips_plain_substring_search ... ok
[INFO] [stdout] test app::tests::undo_select_non_interactive_prefers_latest_backup ... FAILED
[INFO] [stdout] test app::tests::save_next_search_writes_under_data_dir_searches ... FAILED
[INFO] [stdout] test app::tests::scan_registry_round_trip_reads_written_paths ... FAILED
[INFO] [stdout] test app::tests::run_update_non_interactive_search_fallback_branch_updates_matches ... ok
[INFO] [stdout] test app::tests::undo_restores_latest_backup_for_global_file ... FAILED
[INFO] [stdout] test app::tests::update_seed_matches_accepts_path_colon_line_query ... ok
[INFO] [stdout] test app::tests::run_saved_select_non_interactive_runs_first_sorted_entry ... FAILED
[INFO] [stdout] test cli::tests::add_flags_parse ... ok
[INFO] [stdout] test cli::tests::archive_flags_parse ... ok
[INFO] [stdout] test app::tests::update_seed_path_colon_parses_trailing_line_so_colons_in_directories_work ... ok
[INFO] [stdout] test cli::tests::completed_finished_alias_parses ... ok
[INFO] [stdout] test cli::tests::completed_no_file_parses ... ok
[INFO] [stdout] test cli::tests::debug_flag_parses ... ok
[INFO] [stdout] test cli::tests::complete_finish_alias_parses ... ok
[INFO] [stdout] test cli::tests::global_ext_alias_parses ... ok
[INFO] [stdout] test app::tests::run_update_regex_query_matches_and_updates ... ok
[INFO] [stdout] test app::tests::run_update_replace_and_note_overwrite_applies_to_matches ... ok
[INFO] [stdout] test cli::tests::find_command_alias_search_parses ... ok
[INFO] [stdout] test cli::tests::legacy_global_add_shim_rewrites_to_add ... ok
[INFO] [stdout] test cli::tests::include_ext_flag_parses ... ok
[INFO] [stdout] test cli::tests::legacy_recurse_short_flag_expands ... ok
[INFO] [stdout] test cli::tests::initconfig_force_flag_parses ... ok
[INFO] [stdout] test cli::tests::next_available_short_a_parses_on_subcommand ... ok
[INFO] [stdout] test cli::tests::next_file_and_depth_flags_parse ... ok
[INFO] [stdout] test cli::tests::global_na_tag_and_add_at_parse ... ok
[INFO] [stdout] test cli::tests::move_to_visible_alias_move_parses ... ok
[INFO] [stdout] test cli::tests::edit_flags_parse ... ok
[INFO] [stdout] test cli::tests::next_available_alias_sets_first_available ... ok
[INFO] [stdout] test cli::tests::color_flag_parses ... ok
[INFO] [stdout] test cli::tests::next_no_search_notes_parses ... ok
[INFO] [stdout] test cli::tests::next_no_notes_parses ... ok
[INFO] [stdout] test cli::tests::next_short_a_sets_first_available ... ok
[INFO] [stdout] test cli::tests::repo_top_flag_parses ... ok
[INFO] [stdout] test cli::tests::update_flags_parse ... ok
[INFO] [stdout] test cli::tests::pager_and_no_pager_flags_parse ... ok
[INFO] [stdout] test cli::tests::legacy_global_short_flags_expand_for_parse ... ok
[INFO] [stdout] test io::config::tests::parse_gli_style_rc ... ok
[INFO] [stdout] test cli::tests::update_editor_flag_parses ... ok
[INFO] [stdout] test io::git::tests::default_repo_todo_includes_basename_project ... ok
[INFO] [stdout] test io::xdg::tests::na_dirs_are_under_homes ... FAILED
[INFO] [stdout] test io::config::tests::rc_globals_from_cli_roundtrip ... ok
[INFO] [stdout] test io::fs::tests::backup_path_uses_xdg_data_home_when_available ... FAILED
[INFO] [stdout] test cli::tests::saved_run_subcommand_parses ... ok
[INFO] [stdout] test io::fs::tests::discover_taskpaper_files_includes_symlinked_files ... ok
[INFO] [stdout] test cli::tests::plugin_management_subcommands_parse ... ok
[INFO] [stdout] test models::actions::tests::first_available_requires_na_when_enabled ... ok
[INFO] [stdout] test models::actions::tests::first_available_without_na_skips_done_and_empty_project_upstream ... ok
[INFO] [stdout] test io::xdg::tests::prefers_xdg_data_home ... FAILED
[INFO] [stdout] test cli::tests::update_plugin_flags_parse ... ok
[INFO] [stdout] test io::xdg::tests::prefers_xdg_config_home ... FAILED
[INFO] [stdout] test cli::tests::saved_positional_title_rewrites_to_run ... ok
[INFO] [stdout] test cli::tests::unknown_single_arg_dispatches_to_saved_run ... ok
[INFO] [stdout] test io::fs::tests::discover_taskpaper_files_respects_depth_and_hidden_options ... ok
[INFO] [stdout] test cli::tests::update_overwrite_visible_alias_parses ... ok
[INFO] [stdout] test io::config::tests::normalize_gli_yaml_strips_symbol_colons ... ok
[INFO] [stdout] test cli::tests::version_flag_parses ... ok
[INFO] [stdout] test output::color_template::tests::escaped_brace ... ok
[INFO] [stdout] test cli::tests::update_short_r_f_o_parse ... ok
[INFO] [stdout] test output::color_template::tests::expands_hex_bg ... ok
[INFO] [stdout] test cli::tests::saved_edit_editor_override_parses ... ok
[INFO] [stdout] test output::formatter::tests::color_action_body_highlights_tag_chars_like_ruby_highlight_tags ... ok
[INFO] [stdout] test output::duration::tests::human_mirror_ruby_singular_plural_style ... ok
[INFO] [stdout] test output::duration::tests::human_zero_seconds_mirror_ruby_plural_quirk ... ok
[INFO] [stdout] test output::formatter::tests::custom_single_file_template_reorders_segments ... ok
[INFO] [stdout] test output::formatter::tests::appends_note_marker_when_notes_hidden ... ok
[INFO] [stdout] test output::formatter::tests::color_action_body_highlights_tag_name_parens_and_value_like_ruby ... ok
[INFO] [stdout] test output::formatter::tests::flat_action_brace_escape_matches_ruby_after_na_strip ... ok
[INFO] [stdout] test output::duration::tests::ninety_minutes_compact_format ... ok
[INFO] [stdout] test output::color_template::tests::expands_style_chars ... ok
[INFO] [stdout] test output::formatter::tests::formats_without_filename_prefix ... ok
[INFO] [stdout] test output::formatter::tests::formats_multi_file_line_before_project_like_ruby_theme ... ok
[INFO] [stdout] test output::color_template::tests::expands_hex_fg ... ok
[INFO] [stdout] test models::todo::tests::archive_actions_by_lines_moves_selected_to_archive_and_marks_done ... ok
[INFO] [stdout] test output::formatter::tests::nested_bracket_plain_matches_chain_segment ... ok
[INFO] [stdout] test output::formatter::tests::templates_output_overrides_layout ... ok
[INFO] [stdout] test output::formatter::tests::substitute_ruby_style_abutting_tokens ... ok
[INFO] [stdout] test output::formatter::tests::parents_use_bracket_and_parent_templates_separately ... ok
[INFO] [stdout] test output::theme::tests::flat_action_template_multi_file_fallback ... ok
[INFO] [stdout] test output::formatter::tests::omit_filename_uses_templates_no_file ... ok
[INFO] [stdout] test output::theme::tests::merge_partial_overrides ... ok
[INFO] [stdout] test models::todo::tests::apply_update_by_lines_updates_only_selected_actions ... ok
[INFO] [stdout] test output::formatter::tests::visual_width_tabs8_accounts_for_tabs_before_strip ... ok
[INFO] [stdout] test output::pager::tests::skips_pager_for_small_output ... ok
[INFO] [stdout] test output::formatter::tests::strip_na_token_word_boundary_not_narrow ... ok
[INFO] [stdout] test output::formatter::tests::strip_na_token_removes_tag ... ok
[INFO] [stdout] test output::theme::tests::flat_action_template_prefers_single_file_when_set ... ok
[INFO] [stdout] test models::todo::tests::replace_action_blocks_from_plugin_updates_text_and_notes ... ok
[INFO] [stdout] test output::theme::tests::omit_filename_ignores_no_file_when_empty ... ok
[INFO] [stdout] test output::theme::tests::omit_filename_selects_no_file_template ... ok
[INFO] [stdout] test parser::item_path::tests::matches_child_and_descendant_segments ... ok
[INFO] [stdout] test parser::search::tests::next_defaults_require_na ... ok
[INFO] [stdout] test output::theme::tests::templates_output_overrides_mode_templates ... ok
[INFO] [stdout] test models::todo::tests::apply_update_done_and_tag_add_mutates_file_text ... ok
[INFO] [stdout] test output::formatter::tests::substitute_output_template_unit ... ok
[INFO] [stdout] test output::theme::tests::yaml_overlay_parses_braced_colors ... ok
[INFO] [stdout] test parser::search::tests::taskpaper_search_matches_descendant_item_path_double_slash ... ok
[INFO] [stdout] test parser::search::tests::taskpaper_search_matches_slash_item_path ... ok
[INFO] [stdout] test parser::search::tests::taskpaper_search_not_equal_fails_for_same_value ... ok
[INFO] [stdout] test parser::search::tests::taskpaper_search_regex_match_is_case_sensitive ... ok
[INFO] [stdout] test parser::search::tests::query_matches_text_and_tags ... ok
[INFO] [stdout] test parser::search::tests::simple_query_with_done_tag_enables_done_inclusion ... ok
[INFO] [stdout] test parser::search::tests::taskpaper_search_item_path_keyword_and_exclude ... ok
[INFO] [stdout] test parser::search::tests::taskpaper_search_matches_project_predicate_with_star_wildcard ... ok
[INFO] [stdout] test parser::search::tests::taskpaper_search_slice_negative_index_yields_no_results ... ok
[INFO] [stdout] test parser::search::tests::taskpaper_search_respects_parenthesized_and_or_groups ... ok
[INFO] [stdout] test parser::date_tags::tests::iso_inner_normalized ... ok
[INFO] [stdout] test parser::date_tags::tests::preserves_unknown_inner ... ok
[INFO] [stdout] test parser::search::tests::taskpaper_search_supports_beginswith_operator ... ok
[INFO] [stdout] test parser::search::tests::taskpaper_search_supports_wildcard_terms ... ok
[INFO] [stdout] test parser::taskpaper::tests::parses_action_note_blocks ... ok
[INFO] [stdout] test parser::search::tests::taskpaper_search_supports_regex_match_operator ... ok
[INFO] [stdout] test parser::search::tests::taskpaper_search_supports_tag_comparisons ... ok
[INFO] [stdout] test parser::search::tests::taskpaper_search_supports_case_modifier_i ... ok
[INFO] [stdout] test parser::search::tests::taskpaper_search_supports_or_and_not_project ... ok
[INFO] [stdout] test parser::search::tests::taskpaper_search_supports_project_shortcut_without_equals ... ok
[INFO] [stdout] test parser::search::tests::taskpaper_search_trailing_slice_index_returns_first_match ... ok
[INFO] [stdout] test parser::date_tags::tests::expand_started_done_like_ruby_test ... ok
[INFO] [stdout] test parser::search::tests::taskpaper_search_supports_not_equal_operator ... ok
[INFO] [stdout] test parser::search::tests::taskpaper_search_trailing_slice_range_is_exclusive_end ... ok
[INFO] [stdout] test parser::taskpaper::tests::parses_nested_projects_with_parent_chain ... ok
[INFO] [stdout] test parser::taskpaper::tests::parses_project_and_action_lines ... ok
[INFO] [stdout] test parser::taskpaper::tests::parses_tag_values ... ok
[INFO] [stdout] test parser::search::tests::taskpaper_search_supports_matches_operator ... ok
[INFO] [stdout] test plugins::format::tests::merge_text_divider_tags_key_json_array ... ok
[INFO] [stdout] test models::todo::tests::add_action_inserts_at_project_start_or_end ... ok
[INFO] [stdout] test plugins::format::tests::serializes_actions_as_csv ... ok
[INFO] [stdout] test parser::search::tests::taskpaper_search_supports_endswith_operator ... ok
[INFO] [stdout] test plugins::format::tests::serializes_actions_as_text_divider ... ok
[INFO] [stdout] test parser::taskpaper::tests::refresh_action_tags_updates_from_text ... ok
[INFO] [stdout] test parser::taskpaper::tests::render_lines_round_trips_note_blocks ... ok
[INFO] [stdout] test plugins::format::tests::merge_json_ruby_tag_objects_strip_text_and_append ... ok
[INFO] [stdout] test models::todo::tests::apply_update_removes_tags_with_and_without_values ... ok
[INFO] [stdout] test plugins::registry::tests::default_plugin_format_is_json_without_hints ... ok
[INFO] [stdout] test plugins::registry::tests::set_enabled_toggles_executable_bit ... ok
[INFO] [stdout] test plugins::registry::tests::create_plugin_stub_creates_executable_script ... FAILED
[INFO] [stdout] test plugins::format::tests::merge_text_divider_tags_json_strip_text_and_append ... ok
[INFO] [stdout] test plugins::registry::tests::default_dir_uses_xdg_data_home_when_set ... FAILED
[INFO] [stdout] test plugins::registry::tests::parse_hint_value_extracts_token ... ok
[INFO] [stdout] test plugins::registry::tests::parses_na_input_output_hints ... ok
[INFO] [stdout] test plugins::apply::tests::parse_text_row_add_tag ... ok
[INFO] [stdout] test plugins::format::tests::serializes_actions_as_yaml ... ok
[INFO] [stdout] test plugins::format::tests::merge_json_patch_updates_text_and_tags ... ok
[INFO] [stdout] test plugins::format::tests::merge_csv_ruby_tag_objects_strip_text_and_append ... ok
[INFO] [stdout] test plugins::apply::tests::apply_add_tag_json_action ... ok
[INFO] [stdout] test output::pager::tests::pager_candidates_include_less_fallback ... ok
[INFO] [stdout] 
[INFO] [stdout] failures:
[INFO] [stdout] 
[INFO] [stdout] ---- app::tests::load_update_todo_files_filters_by_in_todo_tokens stdout ----
[INFO] [stdout] 
[INFO] [stdout] thread 'app::tests::load_update_todo_files_filters_by_in_todo_tokens' (981) panicked at src/app.rs:5193:38:
[INFO] [stdout] sandbox should create: Os { code: 30, kind: ReadOnlyFilesystem, message: "Read-only file system" }
[INFO] [stdout] stack backtrace:
[INFO] [stdout]    0:     0x5a16c2675d01 - <<std[70759c8f55707aa4]::sys::backtrace::BacktraceLock>::print::DisplayBacktrace as core[df12db4294e9bfd3]::fmt::Display>::fmt
[INFO] [stdout]    1:     0x5a16c268f35a - core[df12db4294e9bfd3]::fmt::write
[INFO] [stdout]    2:     0x5a16c267c31c - <alloc[2182bb758b4b3781]::vec::Vec<u8> as core[df12db4294e9bfd3]::io::write::Write>::write_fmt
[INFO] [stdout]    3:     0x5a16c264cb76 - std[70759c8f55707aa4]::panicking::default_hook::{closure#0}
[INFO] [stdout]    4:     0x5a16c266b739 - std[70759c8f55707aa4]::panicking::default_hook
[INFO] [stdout]    5:     0x5a16c24a92e0 - test[9d35eded1c95d3be]::test_main_inner::<test[9d35eded1c95d3be]::test_main_static::{closure#0}>::{closure#0}
[INFO] [stdout]    6:     0x5a16c266b8f2 - std[70759c8f55707aa4]::panicking::panic_with_hook
[INFO] [stdout]    7:     0x5a16c264cc22 - std[70759c8f55707aa4]::panicking::panic_handler::{closure#0}
[INFO] [stdout]    8:     0x5a16c2644dc9 - std[70759c8f55707aa4]::sys::backtrace::__rust_end_short_backtrace::<std[70759c8f55707aa4]::panicking::panic_handler::{closure#0}, !>
[INFO] [stdout]    9:     0x5a16c264dd7d - __rustc[8fa7c3cbc660c2b3]::rust_begin_unwind
[INFO] [stdout]   10:     0x5a16c268fb3c - core[df12db4294e9bfd3]::panicking::panic_fmt
[INFO] [stdout]   11:     0x5a16c268f912 - core[df12db4294e9bfd3]::result::unwrap_failed
[INFO] [stdout]   12:     0x5a16c23e608b - na[81d865e7575b18d]::app::tests::load_update_todo_files_filters_by_in_todo_tokens
[INFO] [stdout]   13:     0x5a16c23a9499 - <na[81d865e7575b18d]::app::tests::load_update_todo_files_filters_by_in_todo_tokens::{closure#0} as core[df12db4294e9bfd3]::ops::function::FnOnce<()>>::call_once
[INFO] [stdout]   14:     0x5a16c249c5cb - test[9d35eded1c95d3be]::__rust_begin_short_backtrace::<core[df12db4294e9bfd3]::result::Result<(), alloc[2182bb758b4b3781]::string::String>, fn() -> core[df12db4294e9bfd3]::result::Result<(), alloc[2182bb758b4b3781]::string::String>>
[INFO] [stdout]   15:     0x5a16c24a9c35 - test[9d35eded1c95d3be]::run_test::{closure#0}
[INFO] [stdout]   16:     0x5a16c24a34f4 - std[70759c8f55707aa4]::sys::backtrace::__rust_begin_short_backtrace::<test[9d35eded1c95d3be]::run_test::{closure#1}, ()>
[INFO] [stdout]   17:     0x5a16c24acd92 - <std[70759c8f55707aa4]::thread::lifecycle::spawn_unchecked<test[9d35eded1c95d3be]::run_test::{closure#1}, ()>::{closure#1} as core[df12db4294e9bfd3]::ops::function::FnOnce<()>>::call_once::{shim:vtable#0}
[INFO] [stdout]   18:     0x5a16c2674869 - <std[70759c8f55707aa4]::sys::thread::unix::Thread>::new::thread_start
[INFO] [stdout]   19:     0x7e463ff0ddfa - <unknown>
[INFO] [stdout]   20:     0x7e463ffa13d4 - clone
[INFO] [stdout]   21:                0x0 - <unknown>
[INFO] [stdout] 
[INFO] [stdout] ---- app::tests::prompt_install_is_idempotent_for_profile_file stdout ----
[INFO] [stdout] Installed prompt hook in /tmp/na_rust_prompt_profile_955_38
[INFO] [stdout] Installed prompt hook in /tmp/na_rust_prompt_profile_955_38
[INFO] [stdout] 
[INFO] [stdout] thread 'app::tests::prompt_install_is_idempotent_for_profile_file' (1000) panicked at src/app.rs:5147:9:
[INFO] [stdout] assertion `left == right` failed
[INFO] [stdout]   left: 0
[INFO] [stdout]  right: 1
[INFO] [stdout] stack backtrace:
[INFO] [stdout]    0:     0x5a16c2675d01 - <<std[70759c8f55707aa4]::sys::backtrace::BacktraceLock>::print::DisplayBacktrace as core[df12db4294e9bfd3]::fmt::Display>::fmt
[INFO] [stdout]    1:     0x5a16c268f35a - core[df12db4294e9bfd3]::fmt::write
[INFO] [stdout]    2:     0x5a16c267c31c - <alloc[2182bb758b4b3781]::vec::Vec<u8> as core[df12db4294e9bfd3]::io::write::Write>::write_fmt
[INFO] [stdout]    3:     0x5a16c264cb76 - std[70759c8f55707aa4]::panicking::default_hook::{closure#0}
[INFO] [stdout]    4:     0x5a16c266b739 - std[70759c8f55707aa4]::panicking::default_hook
[INFO] [stdout]    5:     0x5a16c24a92e0 - test[9d35eded1c95d3be]::test_main_inner::<test[9d35eded1c95d3be]::test_main_static::{closure#0}>::{closure#0}
[INFO] [stdout]    6:     0x5a16c266b8f2 - std[70759c8f55707aa4]::panicking::panic_with_hook
[INFO] [stdout]    7:     0x5a16c264cc22 - std[70759c8f55707aa4]::panicking::panic_handler::{closure#0}
[INFO] [stdout]    8:     0x5a16c2644dc9 - std[70759c8f55707aa4]::sys::backtrace::__rust_end_short_backtrace::<std[70759c8f55707aa4]::panicking::panic_handler::{closure#0}, !>
[INFO] [stdout]    9:     0x5a16c264dd7d - __rustc[8fa7c3cbc660c2b3]::rust_begin_unwind
[INFO] [stdout]   10:     0x5a16c268fb3c - core[df12db4294e9bfd3]::panicking::panic_fmt
[INFO] [stdout]   11:     0x5a16c268fa53 - core[df12db4294e9bfd3]::panicking::assert_failed_inner
[INFO] [stdout]   12:     0x5a16c268a59d - core[df12db4294e9bfd3]::panicking::assert_failed::<usize, usize>
[INFO] [stdout]   13:     0x5a16c23e1d67 - na[81d865e7575b18d]::app::tests::prompt_install_is_idempotent_for_profile_file
[INFO] [stdout]   14:     0x5a16c23a9399 - <na[81d865e7575b18d]::app::tests::prompt_install_is_idempotent_for_profile_file::{closure#0} as core[df12db4294e9bfd3]::ops::function::FnOnce<()>>::call_once
[INFO] [stdout]   15:     0x5a16c249c5cb - test[9d35eded1c95d3be]::__rust_begin_short_backtrace::<core[df12db4294e9bfd3]::result::Result<(), alloc[2182bb758b4b3781]::string::String>, fn() -> core[df12db4294e9bfd3]::result::Result<(), alloc[2182bb758b4b3781]::string::String>>
[INFO] [stdout]   16:     0x5a16c24a9c35 - test[9d35eded1c95d3be]::run_test::{closure#0}
[INFO] [stdout]   17:     0x5a16c24a34f4 - std[70759c8f55707aa4]::sys::backtrace::__rust_begin_short_backtrace::<test[9d35eded1c95d3be]::run_test::{closure#1}, ()>
[INFO] [stdout]   18:     0x5a16c24acd92 - <std[70759c8f55707aa4]::thread::lifecycle::spawn_unchecked<test[9d35eded1c95d3be]::run_test::{closure#1}, ()>::{closure#1} as core[df12db4294e9bfd3]::ops::function::FnOnce<()>>::call_once::{shim:vtable#0}
[INFO] [stdout]   19:     0x5a16c2674869 - <std[70759c8f55707aa4]::sys::thread::unix::Thread>::new::thread_start
[INFO] [stdout]   20:     0x7e463ff0ddfa - <unknown>
[INFO] [stdout]   21:     0x7e463ffa13d4 - clone
[INFO] [stdout]   22:                0x0 - <unknown>
[INFO] [stdout] 
[INFO] [stdout] ---- app::tests::run_plugin_new_creates_stub_in_plugin_dir stdout ----
[INFO] [stdout] 
[INFO] [stdout] thread 'app::tests::run_plugin_new_creates_stub_in_plugin_dir' (1011) panicked at src/app.rs:5461:48:
[INFO] [stdout] env mutex: PoisonError { .. }
[INFO] [stdout] stack backtrace:
[INFO] [stdout]    0:     0x5a16c2675d01 - <<std[70759c8f55707aa4]::sys::backtrace::BacktraceLock>::print::DisplayBacktrace as core[df12db4294e9bfd3]::fmt::Display>::fmt
[INFO] [stdout]    1:     0x5a16c268f35a - core[df12db4294e9bfd3]::fmt::write
[INFO] [stdout]    2:     0x5a16c267c31c - <alloc[2182bb758b4b3781]::vec::Vec<u8> as core[df12db4294e9bfd3]::io::write::Write>::write_fmt
[INFO] [stdout]    3:     0x5a16c264cb76 - std[70759c8f55707aa4]::panicking::default_hook::{closure#0}
[INFO] [stdout]    4:     0x5a16c266b739 - std[70759c8f55707aa4]::panicking::default_hook
[INFO] [stdout]    5:     0x5a16c24a92e0 - test[9d35eded1c95d3be]::test_main_inner::<test[9d35eded1c95d3be]::test_main_static::{closure#0}>::{closure#0}
[INFO] [stdout]    6:     0x5a16c266b8f2 - std[70759c8f55707aa4]::panicking::panic_with_hook
[INFO] [stdout]    7:     0x5a16c264cc22 - std[70759c8f55707aa4]::panicking::panic_handler::{closure#0}
[INFO] [stdout]    8:     0x5a16c2644dc9 - std[70759c8f55707aa4]::sys::backtrace::__rust_end_short_backtrace::<std[70759c8f55707aa4]::panicking::panic_handler::{closure#0}, !>
[INFO] [stdout]    9:     0x5a16c264dd7d - __rustc[8fa7c3cbc660c2b3]::rust_begin_unwind
[INFO] [stdout]   10:     0x5a16c268fb3c - core[df12db4294e9bfd3]::panicking::panic_fmt
[INFO] [stdout]   11:     0x5a16c268f912 - core[df12db4294e9bfd3]::result::unwrap_failed
[INFO] [stdout]   12:     0x5a16c23dc07d - na[81d865e7575b18d]::app::tests::run_plugin_new_creates_stub_in_plugin_dir
[INFO] [stdout]   13:     0x5a16c23a9089 - <na[81d865e7575b18d]::app::tests::run_plugin_new_creates_stub_in_plugin_dir::{closure#0} as core[df12db4294e9bfd3]::ops::function::FnOnce<()>>::call_once
[INFO] [stdout]   14:     0x5a16c249c5cb - test[9d35eded1c95d3be]::__rust_begin_short_backtrace::<core[df12db4294e9bfd3]::result::Result<(), alloc[2182bb758b4b3781]::string::String>, fn() -> core[df12db4294e9bfd3]::result::Result<(), alloc[2182bb758b4b3781]::string::String>>
[INFO] [stdout]   15:     0x5a16c24a9c35 - test[9d35eded1c95d3be]::run_test::{closure#0}
[INFO] [stdout]   16:     0x5a16c24a34f4 - std[70759c8f55707aa4]::sys::backtrace::__rust_begin_short_backtrace::<test[9d35eded1c95d3be]::run_test::{closure#1}, ()>
[INFO] [stdout]   17:     0x5a16c24acd92 - <std[70759c8f55707aa4]::thread::lifecycle::spawn_unchecked<test[9d35eded1c95d3be]::run_test::{closure#1}, ()>::{closure#1} as core[df12db4294e9bfd3]::ops::function::FnOnce<()>>::call_once::{shim:vtable#0}
[INFO] [stdout]   18:     0x5a16c2674869 - <std[70759c8f55707aa4]::sys::thread::unix::Thread>::new::thread_start
[INFO] [stdout]   19:     0x7e463ff0ddfa - <unknown>
[INFO] [stdout]   20:     0x7e463ffa13d4 - clone
[INFO] [stdout]   21:                0x0 - <unknown>
[INFO] [stdout] 
[INFO] [stdout] ---- app::tests::run_plugin_run_executes_discovered_plugin stdout ----
[INFO] [stdout] 
[INFO] [stdout] thread 'app::tests::run_plugin_run_executes_discovered_plugin' (1012) panicked at src/app.rs:5575:48:
[INFO] [stdout] env mutex: PoisonError { .. }
[INFO] [stdout] stack backtrace:
[INFO] [stdout]    0:     0x5a16c2675d01 - <<std[70759c8f55707aa4]::sys::backtrace::BacktraceLock>::print::DisplayBacktrace as core[df12db4294e9bfd3]::fmt::Display>::fmt
[INFO] [stdout]    1:     0x5a16c268f35a - core[df12db4294e9bfd3]::fmt::write
[INFO] [stdout]    2:     0x5a16c267c31c - <alloc[2182bb758b4b3781]::vec::Vec<u8> as core[df12db4294e9bfd3]::io::write::Write>::write_fmt
[INFO] [stdout]    3:     0x5a16c264cb76 - std[70759c8f55707aa4]::panicking::default_hook::{closure#0}
[INFO] [stdout]    4:     0x5a16c266b739 - std[70759c8f55707aa4]::panicking::default_hook
[INFO] [stdout]    5:     0x5a16c24a92e0 - test[9d35eded1c95d3be]::test_main_inner::<test[9d35eded1c95d3be]::test_main_static::{closure#0}>::{closure#0}
[INFO] [stdout]    6:     0x5a16c266b8f2 - std[70759c8f55707aa4]::panicking::panic_with_hook
[INFO] [stdout]    7:     0x5a16c264cc22 - std[70759c8f55707aa4]::panicking::panic_handler::{closure#0}
[INFO] [stdout]    8:     0x5a16c2644dc9 - std[70759c8f55707aa4]::sys::backtrace::__rust_end_short_backtrace::<std[70759c8f55707aa4]::panicking::panic_handler::{closure#0}, !>
[INFO] [stdout]    9:     0x5a16c264dd7d - __rustc[8fa7c3cbc660c2b3]::rust_begin_unwind
[INFO] [stdout]   10:     0x5a16c268fb3c - core[df12db4294e9bfd3]::panicking::panic_fmt
[INFO] [stdout]   11:     0x5a16c268f912 - core[df12db4294e9bfd3]::result::unwrap_failed
[INFO] [stdout]   12:     0x5a16c23dcafa - na[81d865e7575b18d]::app::tests::run_plugin_run_executes_discovered_plugin
[INFO] [stdout]   13:     0x5a16c23a90a9 - <na[81d865e7575b18d]::app::tests::run_plugin_run_executes_discovered_plugin::{closure#0} as core[df12db4294e9bfd3]::ops::function::FnOnce<()>>::call_once
[INFO] [stdout]   14:     0x5a16c249c5cb - test[9d35eded1c95d3be]::__rust_begin_short_backtrace::<core[df12db4294e9bfd3]::result::Result<(), alloc[2182bb758b4b3781]::string::String>, fn() -> core[df12db4294e9bfd3]::result::Result<(), alloc[2182bb758b4b3781]::string::String>>
[INFO] [stdout]   15:     0x5a16c24a9c35 - test[9d35eded1c95d3be]::run_test::{closure#0}
[INFO] [stdout]   16:     0x5a16c24a34f4 - std[70759c8f55707aa4]::sys::backtrace::__rust_begin_short_backtrace::<test[9d35eded1c95d3be]::run_test::{closure#1}, ()>
[INFO] [stdout]   17:     0x5a16c24acd92 - <std[70759c8f55707aa4]::thread::lifecycle::spawn_unchecked<test[9d35eded1c95d3be]::run_test::{closure#1}, ()>::{closure#1} as core[df12db4294e9bfd3]::ops::function::FnOnce<()>>::call_once::{shim:vtable#0}
[INFO] [stdout]   18:     0x5a16c2674869 - <std[70759c8f55707aa4]::sys::thread::unix::Thread>::new::thread_start
[INFO] [stdout]   19:     0x7e463ff0ddfa - <unknown>
[INFO] [stdout]   20:     0x7e463ffa13d4 - clone
[INFO] [stdout]   21:                0x0 - <unknown>
[INFO] [stdout] 
[INFO] [stdout] ---- app::tests::run_saved_edit_uses_editor_override stdout ----
[INFO] [stdout] 
[INFO] [stdout] thread 'app::tests::run_saved_edit_uses_editor_override' (1014) panicked at src/app.rs:5343:48:
[INFO] [stdout] env mutex: PoisonError { .. }
[INFO] [stdout] stack backtrace:
[INFO] [stdout]    0:     0x5a16c2675d01 - <<std[70759c8f55707aa4]::sys::backtrace::BacktraceLock>::print::DisplayBacktrace as core[df12db4294e9bfd3]::fmt::Display>::fmt
[INFO] [stdout]    1:     0x5a16c268f35a - core[df12db4294e9bfd3]::fmt::write
[INFO] [stdout]    2:     0x5a16c267c31c - <alloc[2182bb758b4b3781]::vec::Vec<u8> as core[df12db4294e9bfd3]::io::write::Write>::write_fmt
[INFO] [stdout]    3:     0x5a16c264cb76 - std[70759c8f55707aa4]::panicking::default_hook::{closure#0}
[INFO] [stdout]    4:     0x5a16c266b739 - std[70759c8f55707aa4]::panicking::default_hook
[INFO] [stdout]    5:     0x5a16c24a92e0 - test[9d35eded1c95d3be]::test_main_inner::<test[9d35eded1c95d3be]::test_main_static::{closure#0}>::{closure#0}
[INFO] [stdout]    6:     0x5a16c266b8f2 - std[70759c8f55707aa4]::panicking::panic_with_hook
[INFO] [stdout]    7:     0x5a16c264cc22 - std[70759c8f55707aa4]::panicking::panic_handler::{closure#0}
[INFO] [stdout]    8:     0x5a16c2644dc9 - std[70759c8f55707aa4]::sys::backtrace::__rust_end_short_backtrace::<std[70759c8f55707aa4]::panicking::panic_handler::{closure#0}, !>
[INFO] [stdout]    9:     0x5a16c264dd7d - __rustc[8fa7c3cbc660c2b3]::rust_begin_unwind
[INFO] [stdout]   10:     0x5a16c268fb3c - core[df12db4294e9bfd3]::panicking::panic_fmt
[INFO] [stdout]   11:     0x5a16c268f912 - core[df12db4294e9bfd3]::result::unwrap_failed
[INFO] [stdout]   12:     0x5a16c23d7a14 - na[81d865e7575b18d]::app::tests::run_saved_edit_uses_editor_override
[INFO] [stdout]   13:     0x5a16c23a8db9 - <na[81d865e7575b18d]::app::tests::run_saved_edit_uses_editor_override::{closure#0} as core[df12db4294e9bfd3]::ops::function::FnOnce<()>>::call_once
[INFO] [stdout]   14:     0x5a16c249c5cb - test[9d35eded1c95d3be]::__rust_begin_short_backtrace::<core[df12db4294e9bfd3]::result::Result<(), alloc[2182bb758b4b3781]::string::String>, fn() -> core[df12db4294e9bfd3]::result::Result<(), alloc[2182bb758b4b3781]::string::String>>
[INFO] [stdout]   15:     0x5a16c24a9c35 - test[9d35eded1c95d3be]::run_test::{closure#0}
[INFO] [stdout]   16:     0x5a16c24a34f4 - std[70759c8f55707aa4]::sys::backtrace::__rust_begin_short_backtrace::<test[9d35eded1c95d3be]::run_test::{closure#1}, ()>
[INFO] [stdout]   17:     0x5a16c24acd92 - <std[70759c8f55707aa4]::thread::lifecycle::spawn_unchecked<test[9d35eded1c95d3be]::run_test::{closure#1}, ()>::{closure#1} as core[df12db4294e9bfd3]::ops::function::FnOnce<()>>::call_once::{shim:vtable#0}
[INFO] [stdout]   18:     0x5a16c2674869 - <std[70759c8f55707aa4]::sys::thread::unix::Thread>::new::thread_start
[INFO] [stdout]   19:     0x7e463ff0ddfa - <unknown>
[INFO] [stdout]   20:     0x7e463ffa13d4 - clone
[INFO] [stdout]   21:                0x0 - <unknown>
[INFO] [stdout] 
[INFO] [stdout] ---- app::tests::run_saved_delete_removes_saved_file stdout ----
[INFO] [stdout] 
[INFO] [stdout] thread 'app::tests::run_saved_delete_removes_saved_file' (1013) panicked at src/app.rs:5291:48:
[INFO] [stdout] env mutex: PoisonError { .. }
[INFO] [stdout] stack backtrace:
[INFO] [stdout]    0:     0x5a16c2675d01 - <<std[70759c8f55707aa4]::sys::backtrace::BacktraceLock>::print::DisplayBacktrace as core[df12db4294e9bfd3]::fmt::Display>::fmt
[INFO] [stdout]    1:     0x5a16c268f35a - core[df12db4294e9bfd3]::fmt::write
[INFO] [stdout]    2:     0x5a16c267c31c - <alloc[2182bb758b4b3781]::vec::Vec<u8> as core[df12db4294e9bfd3]::io::write::Write>::write_fmt
[INFO] [stdout]    3:     0x5a16c264cb76 - std[70759c8f55707aa4]::panicking::default_hook::{closure#0}
[INFO] [stdout]    4:     0x5a16c266b739 - std[70759c8f55707aa4]::panicking::default_hook
[INFO] [stdout]    5:     0x5a16c24a92e0 - test[9d35eded1c95d3be]::test_main_inner::<test[9d35eded1c95d3be]::test_main_static::{closure#0}>::{closure#0}
[INFO] [stdout]    6:     0x5a16c266b8f2 - std[70759c8f55707aa4]::panicking::panic_with_hook
[INFO] [stdout]    7:     0x5a16c264cc22 - std[70759c8f55707aa4]::panicking::panic_handler::{closure#0}
[INFO] [stdout]    8:     0x5a16c2644dc9 - std[70759c8f55707aa4]::sys::backtrace::__rust_end_short_backtrace::<std[70759c8f55707aa4]::panicking::panic_handler::{closure#0}, !>
[INFO] [stdout]    9:     0x5a16c264dd7d - __rustc[8fa7c3cbc660c2b3]::rust_begin_unwind
[INFO] [stdout]   10:     0x5a16c268fb3c - core[df12db4294e9bfd3]::panicking::panic_fmt
[INFO] [stdout]   11:     0x5a16c268f912 - core[df12db4294e9bfd3]::result::unwrap_failed
[INFO] [stdout]   12:     0x5a16c23d7383 - na[81d865e7575b18d]::app::tests::run_saved_delete_removes_saved_file
[INFO] [stdout]   13:     0x5a16c23a8d99 - <na[81d865e7575b18d]::app::tests::run_saved_delete_removes_saved_file::{closure#0} as core[df12db4294e9bfd3]::ops::function::FnOnce<()>>::call_once
[INFO] [stdout]   14:     0x5a16c249c5cb - test[9d35eded1c95d3be]::__rust_begin_short_backtrace::<core[df12db4294e9bfd3]::result::Result<(), alloc[2182bb758b4b3781]::string::String>, fn() -> core[df12db4294e9bfd3]::result::Result<(), alloc[2182bb758b4b3781]::string::String>>
[INFO] [stdout]   15:     0x5a16c24a9c35 - test[9d35eded1c95d3be]::run_test::{closure#0}
[INFO] [stdout]   16:     0x5a16c24a34f4 - std[70759c8f55707aa4]::sys::backtrace::__rust_begin_short_backtrace::<test[9d35eded1c95d3be]::run_test::{closure#1}, ()>
[INFO] [stdout]   17:     0x5a16c24acd92 - <std[70759c8f55707aa4]::thread::lifecycle::spawn_unchecked<test[9d35eded1c95d3be]::run_test::{closure#1}, ()>::{closure#1} as core[df12db4294e9bfd3]::ops::function::FnOnce<()>>::call_once::{shim:vtable#0}
[INFO] [stdout]   18:     0x5a16c2674869 - <std[70759c8f55707aa4]::sys::thread::unix::Thread>::new::thread_start
[INFO] [stdout]   19:     0x7e463ff0ddfa - <unknown>
[INFO] [stdout]   20:     0x7e463ffa13d4 - clone
[INFO] [stdout]   21:                0x0 - <unknown>
[INFO] [stdout] 
[INFO] [stdout] ---- app::tests::run_scan_dry_run_does_not_mutate_registry_file stdout ----
[INFO] [stdout] 
[INFO] [stdout] thread 'app::tests::run_scan_dry_run_does_not_mutate_registry_file' (1017) panicked at src/app.rs:5086:48:
[INFO] [stdout] env mutex: PoisonError { .. }
[INFO] [stdout] stack backtrace:
[INFO] [stdout]    0:     0x5a16c2675d01 - <<std[70759c8f55707aa4]::sys::backtrace::BacktraceLock>::print::DisplayBacktrace as core[df12db4294e9bfd3]::fmt::Display>::fmt
[INFO] [stdout]    1:     0x5a16c268f35a - core[df12db4294e9bfd3]::fmt::write
[INFO] [stdout]    2:     0x5a16c267c31c - <alloc[2182bb758b4b3781]::vec::Vec<u8> as core[df12db4294e9bfd3]::io::write::Write>::write_fmt
[INFO] [stdout]    3:     0x5a16c264cb76 - std[70759c8f55707aa4]::panicking::default_hook::{closure#0}
[INFO] [stdout]    4:     0x5a16c266b739 - std[70759c8f55707aa4]::panicking::default_hook
[INFO] [stdout]    5:     0x5a16c24a92e0 - test[9d35eded1c95d3be]::test_main_inner::<test[9d35eded1c95d3be]::test_main_static::{closure#0}>::{closure#0}
[INFO] [stdout]    6:     0x5a16c266b8f2 - std[70759c8f55707aa4]::panicking::panic_with_hook
[INFO] [stdout]    7:     0x5a16c264cc22 - std[70759c8f55707aa4]::panicking::panic_handler::{closure#0}
[INFO] [stdout]    8:     0x5a16c2644dc9 - std[70759c8f55707aa4]::sys::backtrace::__rust_end_short_backtrace::<std[70759c8f55707aa4]::panicking::panic_handler::{closure#0}, !>
[INFO] [stdout]    9:     0x5a16c264dd7d - __rustc[8fa7c3cbc660c2b3]::rust_begin_unwind
[INFO] [stdout]   10:     0x5a16c268fb3c - core[df12db4294e9bfd3]::panicking::panic_fmt
[INFO] [stdout]   11:     0x5a16c268f912 - core[df12db4294e9bfd3]::result::unwrap_failed
[INFO] [stdout]   12:     0x5a16c23e4192 - na[81d865e7575b18d]::app::tests::run_scan_dry_run_does_not_mutate_registry_file
[INFO] [stdout]   13:     0x5a16c23a9439 - <na[81d865e7575b18d]::app::tests::run_scan_dry_run_does_not_mutate_registry_file::{closure#0} as core[df12db4294e9bfd3]::ops::function::FnOnce<()>>::call_once
[INFO] [stdout]   14:     0x5a16c249c5cb - test[9d35eded1c95d3be]::__rust_begin_short_backtrace::<core[df12db4294e9bfd3]::result::Result<(), alloc[2182bb758b4b3781]::string::String>, fn() -> core[df12db4294e9bfd3]::result::Result<(), alloc[2182bb758b4b3781]::string::String>>
[INFO] [stdout]   15:     0x5a16c24a9c35 - test[9d35eded1c95d3be]::run_test::{closure#0}
[INFO] [stdout]   16:     0x5a16c24a34f4 - std[70759c8f55707aa4]::sys::backtrace::__rust_begin_short_backtrace::<test[9d35eded1c95d3be]::run_test::{closure#1}, ()>
[INFO] [stdout]   17:     0x5a16c24acd92 - <std[70759c8f55707aa4]::thread::lifecycle::spawn_unchecked<test[9d35eded1c95d3be]::run_test::{closure#1}, ()>::{closure#1} as core[df12db4294e9bfd3]::ops::function::FnOnce<()>>::call_once::{shim:vtable#0}
[INFO] [stdout]   18:     0x5a16c2674869 - <std[70759c8f55707aa4]::sys::thread::unix::Thread>::new::thread_start
[INFO] [stdout]   19:     0x7e463ff0ddfa - <unknown>
[INFO] [stdout]   20:     0x7e463ffa13d4 - clone
[INFO] [stdout]   21:                0x0 - <unknown>
[INFO] [stdout] 
[INFO] [stdout] ---- app::tests::run_saved_run_executes_saved_command stdout ----
[INFO] [stdout] 
[INFO] [stdout] thread 'app::tests::run_saved_run_executes_saved_command' (1015) panicked at src/app.rs:5315:48:
[INFO] [stdout] env mutex: PoisonError { .. }
[INFO] [stdout] stack backtrace:
[INFO] [stdout]    0:     0x5a16c2675d01 - <<std[70759c8f55707aa4]::sys::backtrace::BacktraceLock>::print::DisplayBacktrace as core[df12db4294e9bfd3]::fmt::Display>::fmt
[INFO] [stdout]    1:     0x5a16c268f35a - core[df12db4294e9bfd3]::fmt::write
[INFO] [stdout]    2:     0x5a16c267c31c - <alloc[2182bb758b4b3781]::vec::Vec<u8> as core[df12db4294e9bfd3]::io::write::Write>::write_fmt
[INFO] [stdout]    3:     0x5a16c264cb76 - std[70759c8f55707aa4]::panicking::default_hook::{closure#0}
[INFO] [stdout]    4:     0x5a16c266b739 - std[70759c8f55707aa4]::panicking::default_hook
[INFO] [stdout]    5:     0x5a16c24a92e0 - test[9d35eded1c95d3be]::test_main_inner::<test[9d35eded1c95d3be]::test_main_static::{closure#0}>::{closure#0}
[INFO] [stdout]    6:     0x5a16c266b8f2 - std[70759c8f55707aa4]::panicking::panic_with_hook
[INFO] [stdout]    7:     0x5a16c264cc22 - std[70759c8f55707aa4]::panicking::panic_handler::{closure#0}
[INFO] [stdout]    8:     0x5a16c2644dc9 - std[70759c8f55707aa4]::sys::backtrace::__rust_end_short_backtrace::<std[70759c8f55707aa4]::panicking::panic_handler::{closure#0}, !>
[INFO] [stdout]    9:     0x5a16c264dd7d - __rustc[8fa7c3cbc660c2b3]::rust_begin_unwind
[INFO] [stdout]   10:     0x5a16c268fb3c - core[df12db4294e9bfd3]::panicking::panic_fmt
[INFO] [stdout]   11:     0x5a16c268f912 - core[df12db4294e9bfd3]::result::unwrap_failed
[INFO] [stdout]   12:     0x5a16c23d8fff - na[81d865e7575b18d]::app::tests::run_saved_run_executes_saved_command
[INFO] [stdout]   13:     0x5a16c23a8e19 - <na[81d865e7575b18d]::app::tests::run_saved_run_executes_saved_command::{closure#0} as core[df12db4294e9bfd3]::ops::function::FnOnce<()>>::call_once
[INFO] [stdout]   14:     0x5a16c249c5cb - test[9d35eded1c95d3be]::__rust_begin_short_backtrace::<core[df12db4294e9bfd3]::result::Result<(), alloc[2182bb758b4b3781]::string::String>, fn() -> core[df12db4294e9bfd3]::result::Result<(), alloc[2182bb758b4b3781]::string::String>>
[INFO] [stdout]   15:     0x5a16c24a9c35 - test[9d35eded1c95d3be]::run_test::{closure#0}
[INFO] [stdout]   16:     0x5a16c24a34f4 - std[70759c8f55707aa4]::sys::backtrace::__rust_begin_short_backtrace::<test[9d35eded1c95d3be]::run_test::{closure#1}, ()>
[INFO] [stdout]   17:     0x5a16c24acd92 - <std[70759c8f55707aa4]::thread::lifecycle::spawn_unchecked<test[9d35eded1c95d3be]::run_test::{closure#1}, ()>::{closure#1} as core[df12db4294e9bfd3]::ops::function::FnOnce<()>>::call_once::{shim:vtable#0}
[INFO] [stdout]   18:     0x5a16c2674869 - <std[70759c8f55707aa4]::sys::thread::unix::Thread>::new::thread_start
[INFO] [stdout]   19:     0x7e463ff0ddfa - <unknown>
[INFO] [stdout]   20:     0x7e463ffa13d4 - clone
[INFO] [stdout]   21:                0x0 - <unknown>
[INFO] [stdout] 
[INFO] [stdout] ---- app::tests::undo_select_non_interactive_prefers_latest_backup stdout ----
[INFO] [stdout] 
[INFO] [stdout] thread 'app::tests::undo_select_non_interactive_prefers_latest_backup' (1036) panicked at src/app.rs:4244:48:
[INFO] [stdout] env mutex: PoisonError { .. }
[INFO] [stdout] stack backtrace:
[INFO] [stdout]    0:     0x5a16c2675d01 - <<std[70759c8f55707aa4]::sys::backtrace::BacktraceLock>::print::DisplayBacktrace as core[df12db4294e9bfd3]::fmt::Display>::fmt
[INFO] [stdout]    1:     0x5a16c268f35a - core[df12db4294e9bfd3]::fmt::write
[INFO] [stdout]    2:     0x5a16c267c31c - <alloc[2182bb758b4b3781]::vec::Vec<u8> as core[df12db4294e9bfd3]::io::write::Write>::write_fmt
[INFO] [stdout]    3:     0x5a16c264cb76 - std[70759c8f55707aa4]::panicking::default_hook::{closure#0}
[INFO] [stdout]    4:     0x5a16c266b739 - std[70759c8f55707aa4]::panicking::default_hook
[INFO] [stdout]    5:     0x5a16c24a92e0 - test[9d35eded1c95d3be]::test_main_inner::<test[9d35eded1c95d3be]::test_main_static::{closure#0}>::{closure#0}
[INFO] [stdout]    6:     0x5a16c266b8f2 - std[70759c8f55707aa4]::panicking::panic_with_hook
[INFO] [stdout]    7:     0x5a16c264cc22 - std[70759c8f55707aa4]::panicking::panic_handler::{closure#0}
[INFO] [stdout]    8:     0x5a16c2644dc9 - std[70759c8f55707aa4]::sys::backtrace::__rust_end_short_backtrace::<std[70759c8f55707aa4]::panicking::panic_handler::{closure#0}, !>
[INFO] [stdout]    9:     0x5a16c264dd7d - __rustc[8fa7c3cbc660c2b3]::rust_begin_unwind
[INFO] [stdout]   10:     0x5a16c268fb3c - core[df12db4294e9bfd3]::panicking::panic_fmt
[INFO] [stdout]   11:     0x5a16c268f912 - core[df12db4294e9bfd3]::result::unwrap_failed
[INFO] [stdout]   12:     0x5a16c23e6a44 - na[81d865e7575b18d]::app::tests::undo_select_non_interactive_prefers_latest_backup
[INFO] [stdout]   13:     0x5a16c23a94b9 - <na[81d865e7575b18d]::app::tests::undo_select_non_interactive_prefers_latest_backup::{closure#0} as core[df12db4294e9bfd3]::ops::function::FnOnce<()>>::call_once
[INFO] [stdout]   14:     0x5a16c249c5cb - test[9d35eded1c95d3be]::__rust_begin_short_backtrace::<core[df12db4294e9bfd3]::result::Result<(), alloc[2182bb758b4b3781]::string::String>, fn() -> core[df12db4294e9bfd3]::result::Result<(), alloc[2182bb758b4b3781]::string::String>>
[INFO] [stdout]   15:     0x5a16c24a9c35 - test[9d35eded1c95d3be]::run_test::{closure#0}
[INFO] [stdout]   16:     0x5a16c24a34f4 - std[70759c8f55707aa4]::sys::backtrace::__rust_begin_short_backtrace::<test[9d35eded1c95d3be]::run_test::{closure#1}, ()>
[INFO] [stdout]   17:     0x5a16c24acd92 - <std[70759c8f55707aa4]::thread::lifecycle::spawn_unchecked<test[9d35eded1c95d3be]::run_test::{closure#1}, ()>::{closure#1} as core[df12db4294e9bfd3]::ops::function::FnOnce<()>>::call_once::{shim:vtable#0}
[INFO] [stdout]   18:     0x5a16c2674869 - <std[70759c8f55707aa4]::sys::thread::unix::Thread>::new::thread_start
[INFO] [stdout]   19:     0x7e463ff0ddfa - <unknown>
[INFO] [stdout]   20:     0x7e463ffa13d4 - clone
[INFO] [stdout]   21:                0x0 - <unknown>
[INFO] [stdout] 
[INFO] [stdout] ---- app::tests::save_next_search_writes_under_data_dir_searches stdout ----
[INFO] [stdout] 
[INFO] [stdout] thread 'app::tests::save_next_search_writes_under_data_dir_searches' (1030) panicked at src/app.rs:4399:48:
[INFO] [stdout] env mutex: PoisonError { .. }
[INFO] [stdout] stack backtrace:
[INFO] [stdout]    0:     0x5a16c2675d01 - <<std[70759c8f55707aa4]::sys::backtrace::BacktraceLock>::print::DisplayBacktrace as core[df12db4294e9bfd3]::fmt::Display>::fmt
[INFO] [stdout]    1:     0x5a16c268f35a - core[df12db4294e9bfd3]::fmt::write
[INFO] [stdout]    2:     0x5a16c267c31c - <alloc[2182bb758b4b3781]::vec::Vec<u8> as core[df12db4294e9bfd3]::io::write::Write>::write_fmt
[INFO] [stdout]    3:     0x5a16c264cb76 - std[70759c8f55707aa4]::panicking::default_hook::{closure#0}
[INFO] [stdout]    4:     0x5a16c266b739 - std[70759c8f55707aa4]::panicking::default_hook
[INFO] [stdout]    5:     0x5a16c24a92e0 - test[9d35eded1c95d3be]::test_main_inner::<test[9d35eded1c95d3be]::test_main_static::{closure#0}>::{closure#0}
[INFO] [stdout]    6:     0x5a16c266b8f2 - std[70759c8f55707aa4]::panicking::panic_with_hook
[INFO] [stdout]    7:     0x5a16c264cc22 - std[70759c8f55707aa4]::panicking::panic_handler::{closure#0}
[INFO] [stdout]    8:     0x5a16c2644dc9 - std[70759c8f55707aa4]::sys::backtrace::__rust_end_short_backtrace::<std[70759c8f55707aa4]::panicking::panic_handler::{closure#0}, !>
[INFO] [stdout]    9:     0x5a16c264dd7d - __rustc[8fa7c3cbc660c2b3]::rust_begin_unwind
[INFO] [stdout]   10:     0x5a16c268fb3c - core[df12db4294e9bfd3]::panicking::panic_fmt
[INFO] [stdout]   11:     0x5a16c268f912 - core[df12db4294e9bfd3]::result::unwrap_failed
[INFO] [stdout]   12:     0x5a16c23e53fe - na[81d865e7575b18d]::app::tests::save_next_search_writes_under_data_dir_searches
[INFO] [stdout]   13:     0x5a16c23a9479 - <na[81d865e7575b18d]::app::tests::save_next_search_writes_under_data_dir_searches::{closure#0} as core[df12db4294e9bfd3]::ops::function::FnOnce<()>>::call_once
[INFO] [stdout]   14:     0x5a16c249c5cb - test[9d35eded1c95d3be]::__rust_begin_short_backtrace::<core[df12db4294e9bfd3]::result::Result<(), alloc[2182bb758b4b3781]::string::String>, fn() -> core[df12db4294e9bfd3]::result::Result<(), alloc[2182bb758b4b3781]::string::String>>
[INFO] [stdout]   15:     0x5a16c24a9c35 - test[9d35eded1c95d3be]::run_test::{closure#0}
[INFO] [stdout]   16:     0x5a16c24a34f4 - std[70759c8f55707aa4]::sys::backtrace::__rust_begin_short_backtrace::<test[9d35eded1c95d3be]::run_test::{closure#1}, ()>
[INFO] [stdout]   17:     0x5a16c24acd92 - <std[70759c8f55707aa4]::thread::lifecycle::spawn_unchecked<test[9d35eded1c95d3be]::run_test::{closure#1}, ()>::{closure#1} as core[df12db4294e9bfd3]::ops::function::FnOnce<()>>::call_once::{shim:vtable#0}
[INFO] [stdout]   18:     0x5a16c2674869 - <std[70759c8f55707aa4]::sys::thread::unix::Thread>::new::thread_start
[INFO] [stdout]   19:     0x7e463ff0ddfa - <unknown>
[INFO] [stdout]   20:     0x7e463ffa13d4 - clone
[INFO] [stdout]   21:                0x0 - <unknown>
[INFO] [stdout] 
[INFO] [stdout] ---- app::tests::scan_registry_round_trip_reads_written_paths stdout ----
[INFO] [stdout] 
[INFO] [stdout] thread 'app::tests::scan_registry_round_trip_reads_written_paths' (1032) panicked at src/app.rs:5065:48:
[INFO] [stdout] env mutex: PoisonError { .. }
[INFO] [stdout] stack backtrace:
[INFO] [stdout]    0:     0x5a16c2675d01 - <<std[70759c8f55707aa4]::sys::backtrace::BacktraceLock>::print::DisplayBacktrace as core[df12db4294e9bfd3]::fmt::Display>::fmt
[INFO] [stdout]    1:     0x5a16c268f35a - core[df12db4294e9bfd3]::fmt::write
[INFO] [stdout]    2:     0x5a16c267c31c - <alloc[2182bb758b4b3781]::vec::Vec<u8> as core[df12db4294e9bfd3]::io::write::Write>::write_fmt
[INFO] [stdout]    3:     0x5a16c264cb76 - std[70759c8f55707aa4]::panicking::default_hook::{closure#0}
[INFO] [stdout]    4:     0x5a16c266b739 - std[70759c8f55707aa4]::panicking::default_hook
[INFO] [stdout]    5:     0x5a16c24a92e0 - test[9d35eded1c95d3be]::test_main_inner::<test[9d35eded1c95d3be]::test_main_static::{closure#0}>::{closure#0}
[INFO] [stdout]    6:     0x5a16c266b8f2 - std[70759c8f55707aa4]::panicking::panic_with_hook
[INFO] [stdout]    7:     0x5a16c264cc22 - std[70759c8f55707aa4]::panicking::panic_handler::{closure#0}
[INFO] [stdout]    8:     0x5a16c2644dc9 - std[70759c8f55707aa4]::sys::backtrace::__rust_end_short_backtrace::<std[70759c8f55707aa4]::panicking::panic_handler::{closure#0}, !>
[INFO] [stdout]    9:     0x5a16c264dd7d - __rustc[8fa7c3cbc660c2b3]::rust_begin_unwind
[INFO] [stdout]   10:     0x5a16c268fb3c - core[df12db4294e9bfd3]::panicking::panic_fmt
[INFO] [stdout]   11:     0x5a16c268f912 - core[df12db4294e9bfd3]::result::unwrap_failed
[INFO] [stdout]   12:     0x5a16c23e127a - na[81d865e7575b18d]::app::tests::scan_registry_round_trip_reads_written_paths
[INFO] [stdout]   13:     0x5a16c23a9229 - <na[81d865e7575b18d]::app::tests::scan_registry_round_trip_reads_written_paths::{closure#0} as core[df12db4294e9bfd3]::ops::function::FnOnce<()>>::call_once
[INFO] [stdout]   14:     0x5a16c249c5cb - test[9d35eded1c95d3be]::__rust_begin_short_backtrace::<core[df12db4294e9bfd3]::result::Result<(), alloc[2182bb758b4b3781]::string::String>, fn() -> core[df12db4294e9bfd3]::result::Result<(), alloc[2182bb758b4b3781]::string::String>>
[INFO] [stdout]   15:     0x5a16c24a9c35 - test[9d35eded1c95d3be]::run_test::{closure#0}
[INFO] [stdout]   16:     0x5a16c24a34f4 - std[70759c8f55707aa4]::sys::backtrace::__rust_begin_short_backtrace::<test[9d35eded1c95d3be]::run_test::{closure#1}, ()>
[INFO] [stdout]   17:     0x5a16c24acd92 - <std[70759c8f55707aa4]::thread::lifecycle::spawn_unchecked<test[9d35eded1c95d3be]::run_test::{closure#1}, ()>::{closure#1} as core[df12db4294e9bfd3]::ops::function::FnOnce<()>>::call_once::{shim:vtable#0}
[INFO] [stdout]   18:     0x5a16c2674869 - <std[70759c8f55707aa4]::sys::thread::unix::Thread>::new::thread_start
[INFO] [stdout]   19:     0x7e463ff0ddfa - <unknown>
[INFO] [stdout]   20:     0x7e463ffa13d4 - clone
[INFO] [stdout]   21:                0x0 - <unknown>
[INFO] [stdout] 
[INFO] [stdout] ---- app::tests::undo_restores_latest_backup_for_global_file stdout ----
[INFO] [stdout] 
[INFO] [stdout] thread 'app::tests::undo_restores_latest_backup_for_global_file' (1035) panicked at src/app.rs:4211:48:
[INFO] [stdout] env mutex: PoisonError { .. }
[INFO] [stdout] stack backtrace:
[INFO] [stdout]    0:     0x5a16c2675d01 - <<std[70759c8f55707aa4]::sys::backtrace::BacktraceLock>::print::DisplayBacktrace as core[df12db4294e9bfd3]::fmt::Display>::fmt
[INFO] [stdout]    1:     0x5a16c268f35a - core[df12db4294e9bfd3]::fmt::write
[INFO] [stdout]    2:     0x5a16c267c31c - <alloc[2182bb758b4b3781]::vec::Vec<u8> as core[df12db4294e9bfd3]::io::write::Write>::write_fmt
[INFO] [stdout]    3:     0x5a16c264cb76 - std[70759c8f55707aa4]::panicking::default_hook::{closure#0}
[INFO] [stdout]    4:     0x5a16c266b739 - std[70759c8f55707aa4]::panicking::default_hook
[INFO] [stdout]    5:     0x5a16c24a92e0 - test[9d35eded1c95d3be]::test_main_inner::<test[9d35eded1c95d3be]::test_main_static::{closure#0}>::{closure#0}
[INFO] [stdout]    6:     0x5a16c266b8f2 - std[70759c8f55707aa4]::panicking::panic_with_hook
[INFO] [stdout]    7:     0x5a16c264cc22 - std[70759c8f55707aa4]::panicking::panic_handler::{closure#0}
[INFO] [stdout]    8:     0x5a16c2644dc9 - std[70759c8f55707aa4]::sys::backtrace::__rust_end_short_backtrace::<std[70759c8f55707aa4]::panicking::panic_handler::{closure#0}, !>
[INFO] [stdout]    9:     0x5a16c264dd7d - __rustc[8fa7c3cbc660c2b3]::rust_begin_unwind
[INFO] [stdout]   10:     0x5a16c268fb3c - core[df12db4294e9bfd3]::panicking::panic_fmt
[INFO] [stdout]   11:     0x5a16c268f912 - core[df12db4294e9bfd3]::result::unwrap_failed
[INFO] [stdout]   12:     0x5a16c23dfb63 - na[81d865e7575b18d]::app::tests::undo_restores_latest_backup_for_global_file
[INFO] [stdout]   13:     0x5a16c23a91a9 - <na[81d865e7575b18d]::app::tests::undo_restores_latest_backup_for_global_file::{closure#0} as core[df12db4294e9bfd3]::ops::function::FnOnce<()>>::call_once
[INFO] [stdout]   14:     0x5a16c249c5cb - test[9d35eded1c95d3be]::__rust_begin_short_backtrace::<core[df12db4294e9bfd3]::result::Result<(), alloc[2182bb758b4b3781]::string::String>, fn() -> core[df12db4294e9bfd3]::result::Result<(), alloc[2182bb758b4b3781]::string::String>>
[INFO] [stdout]   15:     0x5a16c24a9c35 - test[9d35eded1c95d3be]::run_test::{closure#0}
[INFO] [stdout]   16:     0x5a16c24a34f4 - std[70759c8f55707aa4]::sys::backtrace::__rust_begin_short_backtrace::<test[9d35eded1c95d3be]::run_test::{closure#1}, ()>
[INFO] [stdout]   17:     0x5a16c24acd92 - <std[70759c8f55707aa4]::thread::lifecycle::spawn_unchecked<test[9d35eded1c95d3be]::run_test::{closure#1}, ()>::{closure#1} as core[df12db4294e9bfd3]::ops::function::FnOnce<()>>::call_once::{shim:vtable#0}
[INFO] [stdout]   18:     0x5a16c2674869 - <std[70759c8f55707aa4]::sys::thread::unix::Thread>::new::thread_start
[INFO] [stdout]   19:     0x7e463ff0ddfa - <unknown>
[INFO] [stdout]   20:     0x7e463ffa13d4 - clone
[INFO] [stdout]   21:                0x0 - <unknown>
[INFO] [stdout] 
[INFO] [stdout] ---- app::tests::run_saved_select_non_interactive_runs_first_sorted_entry stdout ----
[INFO] [stdout] 
[INFO] [stdout] thread 'app::tests::run_saved_select_non_interactive_runs_first_sorted_entry' (1016) panicked at src/app.rs:5368:48:
[INFO] [stdout] env mutex: PoisonError { .. }
[INFO] [stdout] stack backtrace:
[INFO] [stdout]    0:     0x5a16c2675d01 - <<std[70759c8f55707aa4]::sys::backtrace::BacktraceLock>::print::DisplayBacktrace as core[df12db4294e9bfd3]::fmt::Display>::fmt
[INFO] [stdout]    1:     0x5a16c268f35a - core[df12db4294e9bfd3]::fmt::write
[INFO] [stdout]    2:     0x5a16c267c31c - <alloc[2182bb758b4b3781]::vec::Vec<u8> as core[df12db4294e9bfd3]::io::write::Write>::write_fmt
[INFO] [stdout]    3:     0x5a16c264cb76 - std[70759c8f55707aa4]::panicking::default_hook::{closure#0}
[INFO] [stdout]    4:     0x5a16c266b739 - std[70759c8f55707aa4]::panicking::default_hook
[INFO] [stdout]    5:     0x5a16c24a92e0 - test[9d35eded1c95d3be]::test_main_inner::<test[9d35eded1c95d3be]::test_main_static::{closure#0}>::{closure#0}
[INFO] [stdout]    6:     0x5a16c266b8f2 - std[70759c8f55707aa4]::panicking::panic_with_hook
[INFO] [stdout]    7:     0x5a16c264cc22 - std[70759c8f55707aa4]::panicking::panic_handler::{closure#0}
[INFO] [stdout]    8:     0x5a16c2644dc9 - std[70759c8f55707aa4]::sys::backtrace::__rust_end_short_backtrace::<std[70759c8f55707aa4]::panicking::panic_handler::{closure#0}, !>
[INFO] [stdout]    9:     0x5a16c264dd7d - __rustc[8fa7c3cbc660c2b3]::rust_begin_unwind
[INFO] [stdout]   10:     0x5a16c268fb3c - core[df12db4294e9bfd3]::panicking::panic_fmt
[INFO] [stdout]   11:     0x5a16c268f912 - core[df12db4294e9bfd3]::result::unwrap_failed
[INFO] [stdout]   12:     0x5a16c23ec963 - na[81d865e7575b18d]::app::tests::run_saved_select_non_interactive_runs_first_sorted_entry
[INFO] [stdout]   13:     0x5a16c23a9849 - <na[81d865e7575b18d]::app::tests::run_saved_select_non_interactive_runs_first_sorted_entry::{closure#0} as core[df12db4294e9bfd3]::ops::function::FnOnce<()>>::call_once
[INFO] [stdout]   14:     0x5a16c249c5cb - test[9d35eded1c95d3be]::__rust_begin_short_backtrace::<core[df12db4294e9bfd3]::result::Result<(), alloc[2182bb758b4b3781]::string::String>, fn() -> core[df12db4294e9bfd3]::result::Result<(), alloc[2182bb758b4b3781]::string::String>>
[INFO] [stdout]   15:     0x5a16c24a9c35 - test[9d35eded1c95d3be]::run_test::{closure#0}
[INFO] [stdout]   16:     0x5a16c24a34f4 - std[70759c8f55707aa4]::sys::backtrace::__rust_begin_short_backtrace::<test[9d35eded1c95d3be]::run_test::{closure#1}, ()>
[INFO] [stdout]   17:     0x5a16c24acd92 - <std[70759c8f55707aa4]::thread::lifecycle::spawn_unchecked<test[9d35eded1c95d3be]::run_test::{closure#1}, ()>::{closure#1} as core[df12db4294e9bfd3]::ops::function::FnOnce<()>>::call_once::{shim:vtable#0}
[INFO] [stdout]   18:     0x5a16c2674869 - <std[70759c8f55707aa4]::sys::thread::unix::Thread>::new::thread_start
[INFO] [stdout]   19:     0x7e463ff0ddfa - <unknown>
[INFO] [stdout]   20:     0x7e463ffa13d4 - clone
[INFO] [stdout]   21:                0x0 - <unknown>
[INFO] [stdout] 
[INFO] [stdout] ---- io::xdg::tests::na_dirs_are_under_homes stdout ----
[INFO] [stdout] 
[INFO] [stdout] thread 'io::xdg::tests::na_dirs_are_under_homes' (1083) panicked at src/io/xdg.rs:87:48:
[INFO] [stdout] env mutex: PoisonError { .. }
[INFO] [stdout] stack backtrace:
[INFO] [stdout]    0:     0x5a16c2675d01 - <<std[70759c8f55707aa4]::sys::backtrace::BacktraceLock>::print::DisplayBacktrace as core[df12db4294e9bfd3]::fmt::Display>::fmt
[INFO] [stdout]    1:     0x5a16c268f35a - core[df12db4294e9bfd3]::fmt::write
[INFO] [stdout]    2:     0x5a16c267c31c - <alloc[2182bb758b4b3781]::vec::Vec<u8> as core[df12db4294e9bfd3]::io::write::Write>::write_fmt
[INFO] [stdout]    3:     0x5a16c264cb76 - std[70759c8f55707aa4]::panicking::default_hook::{closure#0}
[INFO] [stdout]    4:     0x5a16c266b739 - std[70759c8f55707aa4]::panicking::default_hook
[INFO] [stdout]    5:     0x5a16c24a92e0 - test[9d35eded1c95d3be]::test_main_inner::<test[9d35eded1c95d3be]::test_main_static::{closure#0}>::{closure#0}
[INFO] [stdout]    6:     0x5a16c266b8f2 - std[70759c8f55707aa4]::panicking::panic_with_hook
[INFO] [stdout]    7:     0x5a16c264cc22 - std[70759c8f55707aa4]::panicking::panic_handler::{closure#0}
[INFO] [stdout]    8:     0x5a16c2644dc9 - std[70759c8f55707aa4]::sys::backtrace::__rust_end_short_backtrace::<std[70759c8f55707aa4]::panicking::panic_handler::{closure#0}, !>
[INFO] [stdout]    9:     0x5a16c264dd7d - __rustc[8fa7c3cbc660c2b3]::rust_begin_unwind
[INFO] [stdout]   10:     0x5a16c268fb3c - core[df12db4294e9bfd3]::panicking::panic_fmt
[INFO] [stdout]   11:     0x5a16c268f912 - core[df12db4294e9bfd3]::result::unwrap_failed
[INFO] [stdout]   12:     0x5a16c23ca3d0 - na[81d865e7575b18d]::io::xdg::tests::na_dirs_are_under_homes
[INFO] [stdout]   13:     0x5a16c23aa3f9 - <na[81d865e7575b18d]::io::xdg::tests::na_dirs_are_under_homes::{closure#0} as core[df12db4294e9bfd3]::ops::function::FnOnce<()>>::call_once
[INFO] [stdout]   14:     0x5a16c249c5cb - test[9d35eded1c95d3be]::__rust_begin_short_backtrace::<core[df12db4294e9bfd3]::result::Result<(), alloc[2182bb758b4b3781]::string::String>, fn() -> core[df12db4294e9bfd3]::result::Result<(), alloc[2182bb758b4b3781]::string::String>>
[INFO] [stdout]   15:     0x5a16c24a9c35 - test[9d35eded1c95d3be]::run_test::{closure#0}
[INFO] [stdout]   16:     0x5a16c24a34f4 - std[70759c8f55707aa4]::sys::backtrace::__rust_begin_short_backtrace::<test[9d35eded1c95d3be]::run_test::{closure#1}, ()>
[INFO] [stdout]   17:     0x5a16c24acd92 - <std[70759c8f55707aa4]::thread::lifecycle::spawn_unchecked<test[9d35eded1c95d3be]::run_test::{closure#1}, ()>::{closure#1} as core[df12db4294e9bfd3]::ops::function::FnOnce<()>>::call_once::{shim:vtable#0}
[INFO] [stdout]   18:     0x5a16c2674869 - <std[70759c8f55707aa4]::sys::thread::unix::Thread>::new::thread_start
[INFO] [stdout]   19:     0x7e463ff0ddfa - <unknown>
[INFO] [stdout]   20:     0x7e463ffa13d4 - clone
[INFO] [stdout]   21:                0x0 - <unknown>
[INFO] [stdout] 
[INFO] [stdout] ---- io::fs::tests::backup_path_uses_xdg_data_home_when_available stdout ----
[INFO] [stdout] 
[INFO] [stdout] thread 'io::fs::tests::backup_path_uses_xdg_data_home_when_available' (1079) panicked at src/io/fs.rs:107:48:
[INFO] [stdout] env mutex: PoisonError { .. }
[INFO] [stdout] stack backtrace:
[INFO] [stdout]    0:     0x5a16c2675d01 - <<std[70759c8f55707aa4]::sys::backtrace::BacktraceLock>::print::DisplayBacktrace as core[df12db4294e9bfd3]::fmt::Display>::fmt
[INFO] [stdout]    1:     0x5a16c268f35a - core[df12db4294e9bfd3]::fmt::write
[INFO] [stdout]    2:     0x5a16c267c31c - <alloc[2182bb758b4b3781]::vec::Vec<u8> as core[df12db4294e9bfd3]::io::write::Write>::write_fmt
[INFO] [stdout]    3:     0x5a16c264cb76 - std[70759c8f55707aa4]::panicking::default_hook::{closure#0}
[INFO] [stdout]    4:     0x5a16c266b739 - std[70759c8f55707aa4]::panicking::default_hook
[INFO] [stdout]    5:     0x5a16c24a92e0 - test[9d35eded1c95d3be]::test_main_inner::<test[9d35eded1c95d3be]::test_main_static::{closure#0}>::{closure#0}
[INFO] [stdout]    6:     0x5a16c266b8f2 - std[70759c8f55707aa4]::panicking::panic_with_hook
[INFO] [stdout]    7:     0x5a16c264cc22 - std[70759c8f55707aa4]::panicking::panic_handler::{closure#0}
[INFO] [stdout]    8:     0x5a16c2644dc9 - std[70759c8f55707aa4]::sys::backtrace::__rust_end_short_backtrace::<std[70759c8f55707aa4]::panicking::panic_handler::{closure#0}, !>
[INFO] [stdout]    9:     0x5a16c264dd7d - __rustc[8fa7c3cbc660c2b3]::rust_begin_unwind
[INFO] [stdout]   10:     0x5a16c268fb3c - core[df12db4294e9bfd3]::panicking::panic_fmt
[INFO] [stdout]   11:     0x5a16c268f912 - core[df12db4294e9bfd3]::result::unwrap_failed
[INFO] [stdout]   12:     0x5a16c23c851a - na[81d865e7575b18d]::io::fs::tests::backup_path_uses_xdg_data_home_when_available
[INFO] [stdout]   13:     0x5a16c23aa359 - <na[81d865e7575b18d]::io::fs::tests::backup_path_uses_xdg_data_home_when_available::{closure#0} as core[df12db4294e9bfd3]::ops::function::FnOnce<()>>::call_once
[INFO] [stdout]   14:     0x5a16c249c5cb - test[9d35eded1c95d3be]::__rust_begin_short_backtrace::<core[df12db4294e9bfd3]::result::Result<(), alloc[2182bb758b4b3781]::string::String>, fn() -> core[df12db4294e9bfd3]::result::Result<(), alloc[2182bb758b4b3781]::string::String>>
[INFO] [stdout]   15:     0x5a16c24a9c35 - test[9d35eded1c95d3be]::run_test::{closure#0}
[INFO] [stdout]   16:     0x5a16c24a34f4 - std[70759c8f55707aa4]::sys::backtrace::__rust_begin_short_backtrace::<test[9d35eded1c95d3be]::run_test::{closure#1}, ()>
[INFO] [stdout]   17:     0x5a16c24acd92 - <std[70759c8f55707aa4]::thread::lifecycle::spawn_unchecked<test[9d35eded1c95d3be]::run_test::{closure#1}, ()>::{closure#1} as core[df12db4294e9bfd3]::ops::function::FnOnce<()>>::call_once::{shim:vtable#0}
[INFO] [stdout]   18:     0x5a16c2674869 - <std[70759c8f55707aa4]::sys::thread::unix::Thread>::new::thread_start
[INFO] [stdout]   19:     0x7e463ff0ddfa - <unknown>
[INFO] [stdout]   20:     0x7e463ffa13d4 - clone
[INFO] [stdout]   21:                0x0 - <unknown>
[INFO] [stdout] 
[INFO] [stdout] ---- io::xdg::tests::prefers_xdg_data_home stdout ----
[INFO] [stdout] 
[INFO] [stdout] thread 'io::xdg::tests::prefers_xdg_data_home' (1085) panicked at src/io/xdg.rs:67:48:
[INFO] [stdout] env mutex: PoisonError { .. }
[INFO] [stdout] stack backtrace:
[INFO] [stdout]    0:     0x5a16c2675d01 - <<std[70759c8f55707aa4]::sys::backtrace::BacktraceLock>::print::DisplayBacktrace as core[df12db4294e9bfd3]::fmt::Display>::fmt
[INFO] [stdout]    1:     0x5a16c268f35a - core[df12db4294e9bfd3]::fmt::write
[INFO] [stdout]    2:     0x5a16c267c31c - <alloc[2182bb758b4b3781]::vec::Vec<u8> as core[df12db4294e9bfd3]::io::write::Write>::write_fmt
[INFO] [stdout]    3:     0x5a16c264cb76 - std[70759c8f55707aa4]::panicking::default_hook::{closure#0}
[INFO] [stdout]    4:     0x5a16c266b739 - std[70759c8f55707aa4]::panicking::default_hook
[INFO] [stdout]    5:     0x5a16c24a92e0 - test[9d35eded1c95d3be]::test_main_inner::<test[9d35eded1c95d3be]::test_main_static::{closure#0}>::{closure#0}
[INFO] [stdout]    6:     0x5a16c266b8f2 - std[70759c8f55707aa4]::panicking::panic_with_hook
[INFO] [stdout]    7:     0x5a16c264cc22 - std[70759c8f55707aa4]::panicking::panic_handler::{closure#0}
[INFO] [stdout]    8:     0x5a16c2644dc9 - std[70759c8f55707aa4]::sys::backtrace::__rust_end_short_backtrace::<std[70759c8f55707aa4]::panicking::panic_handler::{closure#0}, !>
[INFO] [stdout]    9:     0x5a16c264dd7d - __rustc[8fa7c3cbc660c2b3]::rust_begin_unwind
[INFO] [stdout]   10:     0x5a16c268fb3c - core[df12db4294e9bfd3]::panicking::panic_fmt
[INFO] [stdout]   11:     0x5a16c268f912 - core[df12db4294e9bfd3]::result::unwrap_failed
[INFO] [stdout]   12:     0x5a16c23c9ec8 - na[81d865e7575b18d]::io::xdg::tests::prefers_xdg_data_home
[INFO] [stdout]   13:     0x5a16c23aa3d9 - <na[81d865e7575b18d]::io::xdg::tests::prefers_xdg_data_home::{closure#0} as core[df12db4294e9bfd3]::ops::function::FnOnce<()>>::call_once
[INFO] [stdout]   14:     0x5a16c249c5cb - test[9d35eded1c95d3be]::__rust_begin_short_backtrace::<core[df12db4294e9bfd3]::result::Result<(), alloc[2182bb758b4b3781]::string::String>, fn() -> core[df12db4294e9bfd3]::result::Result<(), alloc[2182bb758b4b3781]::string::String>>
[INFO] [stdout]   15:     0x5a16c24a9c35 - test[9d35eded1c95d3be]::run_test::{closure#0}
[INFO] [stdout]   16:     0x5a16c24a34f4 - std[70759c8f55707aa4]::sys::backtrace::__rust_begin_short_backtrace::<test[9d35eded1c95d3be]::run_test::{closure#1}, ()>
[INFO] [stdout]   17:     0x5a16c24acd92 - <std[70759c8f55707aa4]::thread::lifecycle::spawn_unchecked<test[9d35eded1c95d3be]::run_test::{closure#1}, ()>::{closure#1} as core[df12db4294e9bfd3]::ops::function::FnOnce<()>>::call_once::{shim:vtable#0}
[INFO] [stdout]   18:     0x5a16c2674869 - <std[70759c8f55707aa4]::sys::thread::unix::Thread>::new::thread_start
[INFO] [stdout]   19:     0x7e463ff0ddfa - <unknown>
[INFO] [stdout]   20:     0x7e463ffa13d4 - clone
[INFO] [stdout]   21:                0x0 - <unknown>
[INFO] [stdout] 
[INFO] [stdout] ---- io::xdg::tests::prefers_xdg_config_home stdout ----
[INFO] [stdout] 
[INFO] [stdout] thread 'io::xdg::tests::prefers_xdg_config_home' (1084) panicked at src/io/xdg.rs:77:48:
[INFO] [stdout] env mutex: PoisonError { .. }
[INFO] [stdout] stack backtrace:
[INFO] [stdout]    0:     0x5a16c2675d01 - <<std[70759c8f55707aa4]::sys::backtrace::BacktraceLock>::print::DisplayBacktrace as core[df12db4294e9bfd3]::fmt::Display>::fmt
[INFO] [stdout]    1:     0x5a16c268f35a - core[df12db4294e9bfd3]::fmt::write
[INFO] [stdout]    2:     0x5a16c267c31c - <alloc[2182bb758b4b3781]::vec::Vec<u8> as core[df12db4294e9bfd3]::io::write::Write>::write_fmt
[INFO] [stdout]    3:     0x5a16c264cb76 - std[70759c8f55707aa4]::panicking::default_hook::{closure#0}
[INFO] [stdout]    4:     0x5a16c266b739 - std[70759c8f55707aa4]::panicking::default_hook
[INFO] [stdout]    5:     0x5a16c24a92e0 - test[9d35eded1c95d3be]::test_main_inner::<test[9d35eded1c95d3be]::test_main_static::{closure#0}>::{closure#0}
[INFO] [stdout]    6:     0x5a16c266b8f2 - std[70759c8f55707aa4]::panicking::panic_with_hook
[INFO] [stdout]    7:     0x5a16c264cc22 - std[70759c8f55707aa4]::panicking::panic_handler::{closure#0}
[INFO] [stdout]    8:     0x5a16c2644dc9 - std[70759c8f55707aa4]::sys::backtrace::__rust_end_short_backtrace::<std[70759c8f55707aa4]::panicking::panic_handler::{closure#0}, !>
[INFO] [stdout]    9:     0x5a16c264dd7d - __rustc[8fa7c3cbc660c2b3]::rust_begin_unwind
[INFO] [stdout]   10:     0x5a16c268fb3c - core[df12db4294e9bfd3]::panicking::panic_fmt
[INFO] [stdout]   11:     0x5a16c268f912 - core[df12db4294e9bfd3]::result::unwrap_failed
[INFO] [stdout]   12:     0x5a16c23ca778 - na[81d865e7575b18d]::io::xdg::tests::prefers_xdg_config_home
[INFO] [stdout]   13:     0x5a16c23aa419 - <na[81d865e7575b18d]::io::xdg::tests::prefers_xdg_config_home::{closure#0} as core[df12db4294e9bfd3]::ops::function::FnOnce<()>>::call_once
[INFO] [stdout]   14:     0x5a16c249c5cb - test[9d35eded1c95d3be]::__rust_begin_short_backtrace::<core[df12db4294e9bfd3]::result::Result<(), alloc[2182bb758b4b3781]::string::String>, fn() -> core[df12db4294e9bfd3]::result::Result<(), alloc[2182bb758b4b3781]::string::String>>
[INFO] [stdout]   15:     0x5a16c24a9c35 - test[9d35eded1c95d3be]::run_test::{closure#0}
[INFO] [stdout]   16:     0x5a16c24a34f4 - std[70759c8f55707aa4]::sys::backtrace::__rust_begin_short_backtrace::<test[9d35eded1c95d3be]::run_test::{closure#1}, ()>
[INFO] [stdout]   17:     0x5a16c24acd92 - <std[70759c8f55707aa4]::thread::lifecycle::spawn_unchecked<test[9d35eded1c95d3be]::run_test::{closure#1}, ()>::{closure#1} as core[df12db4294e9bfd3]::ops::function::FnOnce<()>>::call_once::{shim:vtable#0}
[INFO] [stdout]   18:     0x5a16c2674869 - <std[70759c8f55707aa4]::sys::thread::unix::Thread>::new::thread_start
[INFO] [stdout]   19:     0x7e463ff0ddfa - <unknown>
[INFO] [stdout]   20:     0x7e463ffa13d4 - clone
[INFO] [stdout]   21:                0x0 - <unknown>
[INFO] [stdout] 
[INFO] [stdout] ---- plugins::registry::tests::create_plugin_stub_creates_executable_script stdout ----
[INFO] [stdout] 
[INFO] [stdout] thread 'plugins::registry::tests::create_plugin_stub_creates_executable_script' (1170) panicked at src/plugins/registry.rs:343:48:
[INFO] [stdout] env mutex: PoisonError { .. }
[INFO] [stdout] stack backtrace:
[INFO] [stdout]    0:     0x5a16c2675d01 - <<std[70759c8f55707aa4]::sys::backtrace::BacktraceLock>::print::DisplayBacktrace as core[df12db4294e9bfd3]::fmt::Display>::fmt
[INFO] [stdout]    1:     0x5a16c268f35a - core[df12db4294e9bfd3]::fmt::write
[INFO] [stdout]    2:     0x5a16c267c31c - <alloc[2182bb758b4b3781]::vec::Vec<u8> as core[df12db4294e9bfd3]::io::write::Write>::write_fmt
[INFO] [stdout]    3:     0x5a16c264cb76 - std[70759c8f55707aa4]::panicking::default_hook::{closure#0}
[INFO] [stdout]    4:     0x5a16c266b739 - std[70759c8f55707aa4]::panicking::default_hook
[INFO] [stdout]    5:     0x5a16c24a92e0 - test[9d35eded1c95d3be]::test_main_inner::<test[9d35eded1c95d3be]::test_main_static::{closure#0}>::{closure#0}
[INFO] [stdout]    6:     0x5a16c266b8f2 - std[70759c8f55707aa4]::panicking::panic_with_hook
[INFO] [stdout]    7:     0x5a16c264cc22 - std[70759c8f55707aa4]::panicking::panic_handler::{closure#0}
[INFO] [stdout]    8:     0x5a16c2644dc9 - std[70759c8f55707aa4]::sys::backtrace::__rust_end_short_backtrace::<std[70759c8f55707aa4]::panicking::panic_handler::{closure#0}, !>
[INFO] [stdout]    9:     0x5a16c264dd7d - __rustc[8fa7c3cbc660c2b3]::rust_begin_unwind
[INFO] [stdout]   10:     0x5a16c268fb3c - core[df12db4294e9bfd3]::panicking::panic_fmt
[INFO] [stdout]   11:     0x5a16c268f912 - core[df12db4294e9bfd3]::result::unwrap_failed
[INFO] [stdout]   12:     0x5a16c23cff2b - na[81d865e7575b18d]::plugins::registry::tests::create_plugin_stub_creates_executable_script
[INFO] [stdout]   13:     0x5a16c23ab389 - <na[81d865e7575b18d]::plugins::registry::tests::create_plugin_stub_creates_executable_script::{closure#0} as core[df12db4294e9bfd3]::ops::function::FnOnce<()>>::call_once
[INFO] [stdout]   14:     0x5a16c249c5cb - test[9d35eded1c95d3be]::__rust_begin_short_backtrace::<core[df12db4294e9bfd3]::result::Result<(), alloc[2182bb758b4b3781]::string::String>, fn() -> core[df12db4294e9bfd3]::result::Result<(), alloc[2182bb758b4b3781]::string::String>>
[INFO] [stdout]   15:     0x5a16c24a9c35 - test[9d35eded1c95d3be]::run_test::{closure#0}
[INFO] [stdout]   16:     0x5a16c24a34f4 - std[70759c8f55707aa4]::sys::backtrace::__rust_begin_short_backtrace::<test[9d35eded1c95d3be]::run_test::{closure#1}, ()>
[INFO] [stdout]   17:     0x5a16c24acd92 - <std[70759c8f55707aa4]::thread::lifecycle::spawn_unchecked<test[9d35eded1c95d3be]::run_test::{closure#1}, ()>::{closure#1} as core[df12db4294e9bfd3]::ops::function::FnOnce<()>>::call_once::{shim:vtable#0}
[INFO] [stdout]   18:     0x5a16c2674869 - <std[70759c8f55707aa4]::sys::thread::unix::Thread>::new::thread_start
[INFO] [stdout]   19:     0x7e463ff0ddfa - <unknown>
[INFO] [stdout]   20:     0x7e463ffa13d4 - clone
[INFO] [stdout]   21:                0x0 - <unknown>
[INFO] [stdout] 
[INFO] [stdout] ---- plugins::registry::tests::default_dir_uses_xdg_data_home_when_set stdout ----
[INFO] [stdout] 
[INFO] [stdout] thread 'plugins::registry::tests::default_dir_uses_xdg_data_home_when_set' (1171) panicked at src/plugins/registry.rs:333:48:
[INFO] [stdout] env mutex: PoisonError { .. }
[INFO] [stdout] stack backtrace:
[INFO] [stdout]    0:     0x5a16c2675d01 - <<std[70759c8f55707aa4]::sys::backtrace::BacktraceLock>::print::DisplayBacktrace as core[df12db4294e9bfd3]::fmt::Display>::fmt
[INFO] [stdout]    1:     0x5a16c268f35a - core[df12db4294e9bfd3]::fmt::write
[INFO] [stdout]    2:     0x5a16c267c31c - <alloc[2182bb758b4b3781]::vec::Vec<u8> as core[df12db4294e9bfd3]::io::write::Write>::write_fmt
[INFO] [stdout]    3:     0x5a16c264cb76 - std[70759c8f55707aa4]::panicking::default_hook::{closure#0}
[INFO] [stdout]    4:     0x5a16c266b739 - std[70759c8f55707aa4]::panicking::default_hook
[INFO] [stdout]    5:     0x5a16c24a92e0 - test[9d35eded1c95d3be]::test_main_inner::<test[9d35eded1c95d3be]::test_main_static::{closure#0}>::{closure#0}
[INFO] [stdout]    6:     0x5a16c266b8f2 - std[70759c8f55707aa4]::panicking::panic_with_hook
[INFO] [stdout]    7:     0x5a16c264cc22 - std[70759c8f55707aa4]::panicking::panic_handler::{closure#0}
[INFO] [stdout]    8:     0x5a16c2644dc9 - std[70759c8f55707aa4]::sys::backtrace::__rust_end_short_backtrace::<std[70759c8f55707aa4]::panicking::panic_handler::{closure#0}, !>
[INFO] [stdout]    9:     0x5a16c264dd7d - __rustc[8fa7c3cbc660c2b3]::rust_begin_unwind
[INFO] [stdout]   10:     0x5a16c268fb3c - core[df12db4294e9bfd3]::panicking::panic_fmt
[INFO] [stdout]   11:     0x5a16c268f912 - core[df12db4294e9bfd3]::result::unwrap_failed
[INFO] [stdout]   12:     0x5a16c23cf88a - na[81d865e7575b18d]::plugins::registry::tests::default_dir_uses_xdg_data_home_when_set
[INFO] [stdout]   13:     0x5a16c23ab349 - <na[81d865e7575b18d]::plugins::registry::tests::default_dir_uses_xdg_data_home_when_set::{closure#0} as core[df12db4294e9bfd3]::ops::function::FnOnce<()>>::call_once
[INFO] [stdout]   14:     0x5a16c249c5cb - test[9d35eded1c95d3be]::__rust_begin_short_backtrace::<core[df12db4294e9bfd3]::result::Result<(), alloc[2182bb758b4b3781]::string::String>, fn() -> core[df12db4294e9bfd3]::result::Result<(), alloc[2182bb758b4b3781]::string::String>>
[INFO] [stdout]   15:     0x5a16c24a9c35 - test[9d35eded1c95d3be]::run_test::{closure#0}
[INFO] [stdout]   16:     0x5a16c24a34f4 - std[70759c8f55707aa4]::sys::backtrace::__rust_begin_short_backtrace::<test[9d35eded1c95d3be]::run_test::{closure#1}, ()>
[INFO] [stdout]   17:     0x5a16c24acd92 - <std[70759c8f55707aa4]::thread::lifecycle::spawn_unchecked<test[9d35eded1c95d3be]::run_test::{closure#1}, ()>::{closure#1} as core[df12db4294e9bfd3]::ops::function::FnOnce<()>>::call_once::{shim:vtable#0}
[INFO] [stdout]   18:     0x5a16c2674869 - <std[70759c8f55707aa4]::sys::thread::unix::Thread>::new::thread_start
[INFO] [stdout]   19:     0x7e463ff0ddfa - <unknown>
[INFO] [stdout]   20:     0x7e463ffa13d4 - clone
[INFO] [stdout]   21:                0x0 - <unknown>
[INFO] [stdout] 
[INFO] [stdout] 
[INFO] [stdout] failures:
[INFO] [stdout]     app::tests::load_update_todo_files_filters_by_in_todo_tokens
[INFO] [stdout]     app::tests::prompt_install_is_idempotent_for_profile_file
[INFO] [stdout]     app::tests::run_plugin_new_creates_stub_in_plugin_dir
[INFO] [stdout]     app::tests::run_plugin_run_executes_discovered_plugin
[INFO] [stdout]     app::tests::run_saved_delete_removes_saved_file
[INFO] [stdout]     app::tests::run_saved_edit_uses_editor_override
[INFO] [stdout]     app::tests::run_saved_run_executes_saved_command
[INFO] [stdout]     app::tests::run_saved_select_non_interactive_runs_first_sorted_entry
[INFO] [stdout]     app::tests::run_scan_dry_run_does_not_mutate_registry_file
[INFO] [stdout]     app::tests::save_next_search_writes_under_data_dir_searches
[INFO] [stdout]     app::tests::scan_registry_round_trip_reads_written_paths
[INFO] [stdout]     app::tests::undo_restores_latest_backup_for_global_file
[INFO] [stdout]     app::tests::undo_select_non_interactive_prefers_latest_backup
[INFO] [stdout]     io::fs::tests::backup_path_uses_xdg_data_home_when_available
[INFO] [stdout]     io::xdg::tests::na_dirs_are_under_homes
[INFO] [stdout]     io::xdg::tests::prefers_xdg_config_home
[INFO] [stdout]     io::xdg::tests::prefers_xdg_data_home
[INFO] [stdout]     plugins::registry::tests::create_plugin_stub_creates_executable_script
[INFO] [stdout]     plugins::registry::tests::default_dir_uses_xdg_data_home_when_set
[INFO] [stdout] 
[INFO] [stdout] test result: FAILED. 199 passed; 19 failed; 0 ignored; 0 measured; 0 filtered out; finished in 0.18s
[INFO] [stdout] 
[INFO] [stderr] error: test failed, to rerun pass `--bin na`
[INFO] running `Command { std: "docker" "inspect" "c40156bbe67a1f89013da030c3364bbe894862803576cf607657a449140dfdf7", kill_on_drop: false }`
[INFO] running `Command { std: "docker" "rm" "-f" "c40156bbe67a1f89013da030c3364bbe894862803576cf607657a449140dfdf7", kill_on_drop: false }`
[INFO] [stdout] c40156bbe67a1f89013da030c3364bbe894862803576cf607657a449140dfdf7
