[INFO] fetching crate n18tile 0.1.0...
[INFO] testing n18tile-0.1.0 against 1.99.0-beta.8+cargoflags=--release for beta-release-1.100-2
[INFO] extracting crate n18tile 0.1.0 into /workspace/builds/worker-2-tc1/source
[INFO] started tweaking crates.io crate n18tile 0.1.0
[INFO] removed 0 missing examples
[INFO] finished tweaking crates.io crate n18tile 0.1.0
[INFO] tweaked toml for crates.io crate n18tile 0.1.0 written to /workspace/builds/worker-2-tc1/source/Cargo.toml
[INFO] validating manifest of crates.io crate n18tile 0.1.0 on toolchain 1.99.0-beta.8
[INFO] running `Command { std: CARGO_HOME="/workspace/cargo-home" RUSTUP_HOME="/workspace/rustup-home" "/workspace/cargo-home/bin/cargo" "+1.99.0-beta.8" "metadata" "--manifest-path" "Cargo.toml" "--no-deps", kill_on_drop: false }`
[INFO] crate crates.io crate n18tile 0.1.0 already has a lockfile, it will not be regenerated
[INFO] running `Command { std: CARGO_HOME="/workspace/cargo-home" RUSTUP_HOME="/workspace/rustup-home" "/workspace/cargo-home/bin/cargo" "+1.99.0-beta.8" "fetch" "--manifest-path" "Cargo.toml", kill_on_drop: false }`
[INFO] [stderr]     Updating crates.io index
[INFO] [stderr]  Downloading crates ...
[INFO] [stderr]   Downloaded thiserror-impl v1.0.29
[INFO] [stderr]   Downloaded thiserror v1.0.29
[INFO] [stderr]   Downloaded pangocairo-sys v0.14.0
[INFO] [stderr]   Downloaded n18hex v0.1.0
[INFO] [stderr]   Downloaded pangocairo v0.14.0
[INFO] [stderr]   Downloaded slab v0.4.4
[INFO] [stderr]   Downloaded futures-core v0.3.17
[INFO] [stderr]   Downloaded futures-task v0.3.17
[INFO] [stderr]   Downloaded pkg-config v0.3.20
[INFO] [stderr]   Downloaded cairo-sys-rs v0.14.0
[INFO] [stderr]   Downloaded futures-channel v0.3.17
[INFO] [stderr]   Downloaded pango-sys v0.14.0
[INFO] [stderr]   Downloaded futures-executor v0.3.17
[INFO] [stderr]   Downloaded pango v0.14.3
[INFO] [stderr]   Downloaded quote v1.0.10
[INFO] [stderr]   Downloaded smallvec v1.7.0
[INFO] [stderr]   Downloaded anyhow v1.0.44
[INFO] [stderr]   Downloaded futures-util v0.3.17
[INFO] [stderr]   Downloaded proc-macro2 v1.0.29
[INFO] [stderr]   Downloaded cairo-rs v0.14.7
[INFO] [stderr]   Downloaded itertools v0.10.1
[INFO] [stderr]   Downloaded glib v0.14.5
[INFO] [stderr]   Downloaded syn v1.0.80
[INFO] [stderr]   Downloaded libc v0.2.103
[INFO] running `Command { std: "docker" "create" "-v" "/var/lib/crater-agent-workspace/builds/worker-2-tc1/source:/opt/rustwide/workdir:ro,Z" "-v" "/var/lib/crater-agent-workspace/builds/worker-2-tc1/target:/opt/rustwide/target:rw,Z" "-v" "/var/lib/crater-agent-workspace/cargo-home:/opt/rustwide/cargo-home:ro,Z" "-v" "/var/lib/crater-agent-workspace/rustup-home:/opt/rustwide/rustup-home:ro,Z" "-m" "1610612736" "--network" "none" "ghcr.io/rust-lang/crates-build-env/linux@sha256:77db811e55d90add9212f6832c23229e3de5f1c1f9905e8cb07319ea15df73ac" "sleep" "infinity", kill_on_drop: false }`
[INFO] [stdout] f7b13a3b40ace1b9750873189bc2d657500b457bf49b90826a94c0822cf21677
[INFO] running `Command { std: "docker" "start" "f7b13a3b40ace1b9750873189bc2d657500b457bf49b90826a94c0822cf21677", kill_on_drop: false }`
[INFO] running `Command { std: "docker" "inspect" "f7b13a3b40ace1b9750873189bc2d657500b457bf49b90826a94c0822cf21677", kill_on_drop: false }`
[INFO] running `Command { std: "docker" "exec" "-e" "SOURCE_DIR=/opt/rustwide/workdir" "-e" "CARGO_HOME=/opt/rustwide/cargo-home" "-e" "RUSTUP_HOME=/opt/rustwide/rustup-home" "-e" "CARGO_TARGET_DIR=/opt/rustwide/target" "-w" "/opt/rustwide/workdir" "--user" "0:0" "f7b13a3b40ace1b9750873189bc2d657500b457bf49b90826a94c0822cf21677" "/opt/rustwide/cargo-home/bin/cargo" "+1.99.0-beta.8" "metadata" "--no-deps" "--format-version=1", kill_on_drop: false }`
[INFO] running `Command { std: "docker" "inspect" "f7b13a3b40ace1b9750873189bc2d657500b457bf49b90826a94c0822cf21677", kill_on_drop: false }`
[INFO] running `Command { std: "docker" "exec" "-e" "SOURCE_DIR=/opt/rustwide/workdir" "-e" "CARGO_HOME=/opt/rustwide/cargo-home" "-e" "RUSTUP_HOME=/opt/rustwide/rustup-home" "-e" "CARGO_TARGET_DIR=/opt/rustwide/target" "-e" "CARGO_INCREMENTAL=0" "-e" "RUST_BACKTRACE=full" "-e" "RUSTFLAGS=--cap-lints=warn" "-e" "RUSTDOCFLAGS=--cap-lints=warn" "-w" "/opt/rustwide/workdir" "--user" "0:0" "f7b13a3b40ace1b9750873189bc2d657500b457bf49b90826a94c0822cf21677" "/opt/rustwide/cargo-home/bin/cargo" "+1.99.0-beta.8" "build" "--frozen" "--message-format=json" "--release", kill_on_drop: false }`
[INFO] [stderr]    Compiling proc-macro2 v1.0.29
[INFO] [stderr]    Compiling unicode-xid v0.2.2
[INFO] [stderr]    Compiling syn v1.0.80
[INFO] [stderr]    Compiling serde v1.0.130
[INFO] [stderr]    Compiling unicode-segmentation v1.8.0
[INFO] [stderr]    Compiling anyhow v1.0.44
[INFO] [stderr]    Compiling either v1.6.1
[INFO] [stderr]    Compiling smallvec v1.7.0
[INFO] [stderr]    Compiling strum v0.21.0
[INFO] [stderr]    Compiling itertools v0.10.1
[INFO] [stderr]    Compiling pkg-config v0.3.20
[INFO] [stderr]    Compiling version-compare v0.0.11
[INFO] [stderr]    Compiling cfg-expr v0.8.1
[INFO] [stderr]    Compiling libc v0.2.103
[INFO] [stderr]    Compiling heck v0.3.3
[INFO] [stderr]    Compiling version_check v0.9.3
[INFO] [stderr]    Compiling futures-core v0.3.17
[INFO] [stderr]    Compiling quote v1.0.10
[INFO] [stderr]    Compiling futures-task v0.3.17
[INFO] [stderr]    Compiling autocfg v1.0.1
[INFO] [stderr]    Compiling proc-macro-error-attr v1.0.4
[INFO] [stderr]    Compiling proc-macro-error v1.0.4
[INFO] [stderr]    Compiling futures-channel v0.3.17
[INFO] [stderr]    Compiling pin-project-lite v0.2.7
[INFO] [stderr]    Compiling slab v0.4.4
[INFO] [stderr]    Compiling futures-util v0.3.17
[INFO] [stderr]    Compiling once_cell v1.8.0
[INFO] [stderr]    Compiling futures-executor v0.3.17
[INFO] [stderr]    Compiling toml v0.5.8
[INFO] [stderr]    Compiling thiserror-impl v1.0.29
[INFO] [stderr]    Compiling strum_macros v0.21.1
[INFO] [stderr]    Compiling thiserror v1.0.29
[INFO] [stderr]    Compiling proc-macro-crate v1.1.0
[INFO] [stderr]    Compiling system-deps v3.2.0
[INFO] [stderr]    Compiling glib-macros v0.14.1
[INFO] [stderr]    Compiling glib-sys v0.14.0
[INFO] [stderr]    Compiling gobject-sys v0.14.0
[INFO] [stderr]    Compiling pango-sys v0.14.0
[INFO] [stderr]    Compiling cairo-sys-rs v0.14.0
[INFO] [stderr]    Compiling pangocairo-sys v0.14.0
[INFO] [stderr]    Compiling glib v0.14.5
[INFO] [stderr]    Compiling pango v0.14.3
[INFO] [stderr]    Compiling cairo-rs v0.14.7
[INFO] [stderr]    Compiling pangocairo v0.14.0
[INFO] [stderr]    Compiling n18hex v0.1.0
[INFO] [stderr]    Compiling n18tile v0.1.0 (/opt/rustwide/workdir)
[INFO] [stdout] warning: hiding a lifetime that's elided elsewhere is confusing
[INFO] [stdout]    --> src/track.rs:648:19
[INFO] [stdout]     |
[INFO] [stdout] 648 |     pub fn coords(&self, hex: &Hex, dt: f64) -> TrackCoords {
[INFO] [stdout]     |                   ^^^^^                         ^^^^^^^^^^^ the same lifetime is hidden here
[INFO] [stdout]     |                   |
[INFO] [stdout]     |                   the lifetime is elided here
[INFO] [stdout]     |
[INFO] [stdout]     = help: the same lifetime is referred to in inconsistent ways, making the signature confusing
[INFO] [stdout]     = note: `#[warn(mismatched_lifetime_syntaxes)]` on by default
[INFO] [stdout] help: use `'_` for type paths
[INFO] [stdout]     |
[INFO] [stdout] 648 |     pub fn coords(&self, hex: &Hex, dt: f64) -> TrackCoords<'_> {
[INFO] [stdout]     |                                                            ++++
[INFO] [stdout] 
[INFO] [stdout] 
[INFO] [stderr]     Finished `release` profile [optimized] target(s) in 49.46s
[INFO] running `Command { std: "docker" "inspect" "f7b13a3b40ace1b9750873189bc2d657500b457bf49b90826a94c0822cf21677", kill_on_drop: false }`
[INFO] running `Command { std: "docker" "exec" "-e" "SOURCE_DIR=/opt/rustwide/workdir" "-e" "CARGO_HOME=/opt/rustwide/cargo-home" "-e" "RUSTUP_HOME=/opt/rustwide/rustup-home" "-e" "CARGO_TARGET_DIR=/opt/rustwide/target" "-e" "CARGO_INCREMENTAL=0" "-e" "RUST_BACKTRACE=full" "-e" "RUSTFLAGS=--cap-lints=warn" "-e" "RUSTDOCFLAGS=--cap-lints=warn" "-w" "/opt/rustwide/workdir" "--user" "0:0" "f7b13a3b40ace1b9750873189bc2d657500b457bf49b90826a94c0822cf21677" "/opt/rustwide/cargo-home/bin/cargo" "+1.99.0-beta.8" "test" "--frozen" "--no-run" "--message-format=json" "--release", kill_on_drop: false }`
[INFO] [stderr]    Compiling n18tile v0.1.0 (/opt/rustwide/workdir)
[INFO] [stdout] warning: hiding a lifetime that's elided elsewhere is confusing
[INFO] [stdout]    --> src/track.rs:648:19
[INFO] [stdout]     |
[INFO] [stdout] 648 |     pub fn coords(&self, hex: &Hex, dt: f64) -> TrackCoords {
[INFO] [stdout]     |                   ^^^^^                         ^^^^^^^^^^^ the same lifetime is hidden here
[INFO] [stdout]     |                   |
[INFO] [stdout]     |                   the lifetime is elided here
[INFO] [stdout]     |
[INFO] [stdout]     = help: the same lifetime is referred to in inconsistent ways, making the signature confusing
[INFO] [stdout]     = note: `#[warn(mismatched_lifetime_syntaxes)]` on by default
[INFO] [stdout] help: use `'_` for type paths
[INFO] [stdout]     |
[INFO] [stdout] 648 |     pub fn coords(&self, hex: &Hex, dt: f64) -> TrackCoords<'_> {
[INFO] [stdout]     |                                                            ++++
[INFO] [stdout] 
[INFO] [stdout] 
[INFO] [stdout] warning: hiding a lifetime that's elided elsewhere is confusing
[INFO] [stdout]    --> src/track.rs:648:19
[INFO] [stdout]     |
[INFO] [stdout] 648 |     pub fn coords(&self, hex: &Hex, dt: f64) -> TrackCoords {
[INFO] [stdout]     |                   ^^^^^                         ^^^^^^^^^^^ the same lifetime is hidden here
[INFO] [stdout]     |                   |
[INFO] [stdout]     |                   the lifetime is elided here
[INFO] [stdout]     |
[INFO] [stdout]     = help: the same lifetime is referred to in inconsistent ways, making the signature confusing
[INFO] [stdout]     = note: `#[warn(mismatched_lifetime_syntaxes)]` on by default
[INFO] [stdout] help: use `'_` for type paths
[INFO] [stdout]     |
[INFO] [stdout] 648 |     pub fn coords(&self, hex: &Hex, dt: f64) -> TrackCoords<'_> {
[INFO] [stdout]     |                                                            ++++
[INFO] [stdout] 
[INFO] [stdout] 
[INFO] [stderr]     Finished `release` profile [optimized] target(s) in 3.54s
[INFO] running `Command { std: "docker" "inspect" "f7b13a3b40ace1b9750873189bc2d657500b457bf49b90826a94c0822cf21677", kill_on_drop: false }`
[INFO] running `Command { std: "docker" "exec" "-e" "SOURCE_DIR=/opt/rustwide/workdir" "-e" "CARGO_HOME=/opt/rustwide/cargo-home" "-e" "RUSTUP_HOME=/opt/rustwide/rustup-home" "-e" "CARGO_TARGET_DIR=/opt/rustwide/target" "-e" "CARGO_INCREMENTAL=0" "-e" "RUST_BACKTRACE=full" "-e" "RUSTFLAGS=--cap-lints=warn" "-e" "RUSTDOCFLAGS=--cap-lints=warn" "-w" "/opt/rustwide/workdir" "--user" "0:0" "f7b13a3b40ace1b9750873189bc2d657500b457bf49b90826a94c0822cf21677" "/opt/rustwide/cargo-home/bin/cargo" "+1.99.0-beta.8" "test" "--frozen" "--release", kill_on_drop: false }`
[INFO] [stderr] warning: hiding a lifetime that's elided elsewhere is confusing
[INFO] [stderr]    --> src/track.rs:648:19
[INFO] [stderr]     |
[INFO] [stderr] 648 |     pub fn coords(&self, hex: &Hex, dt: f64) -> TrackCoords {
[INFO] [stderr]     |                   ^^^^^                         ^^^^^^^^^^^ the same lifetime is hidden here
[INFO] [stderr]     |                   |
[INFO] [stderr]     |                   the lifetime is elided here
[INFO] [stderr]     |
[INFO] [stderr]     = help: the same lifetime is referred to in inconsistent ways, making the signature confusing
[INFO] [stderr]     = note: `#[warn(mismatched_lifetime_syntaxes)]` on by default
[INFO] [stderr] help: use `'_` for type paths
[INFO] [stderr]     |
[INFO] [stderr] 648 |     pub fn coords(&self, hex: &Hex, dt: f64) -> TrackCoords<'_> {
[INFO] [stderr]     |                                                            ++++
[INFO] [stderr] 
[INFO] [stderr] warning: `n18tile` (lib) generated 1 warning (run `cargo fix --lib -p n18tile` to apply 1 suggestion)
[INFO] [stderr] warning: `n18tile` (lib test) generated 1 warning (1 duplicate)
[INFO] [stderr]     Finished `release` profile [optimized] target(s) in 0.10s
[INFO] [stderr]      Running unittests src/lib.rs (/opt/rustwide/target/release/deps/n18tile-b7efda88a80b210a)
[INFO] [stdout] 
[INFO] [stdout] running 7 tests
[INFO] [stdout] test ekmf::tests::seven_node_network ... ok
[INFO] [stdout] test ekmf::tests::six_node_network_2 ... ok
[INFO] [stdout] test ekmf::tests::six_node_network_1 ... ok
[INFO] [stdout] test tile::tests::one_overlap_two_layers ... ok
[INFO] [stdout] test tile::tests::two_overlaps_three_layers ... ok
[INFO] [stdout] test connection::tests::test_single_tile_5 ... ok
[INFO] [stdout] test tile::tests::no_overlaps_one_layer ... ok
[INFO] [stdout] 
[INFO] [stdout] test result: ok. 7 passed; 0 failed; 0 ignored; 0 measured; 0 filtered out; finished in 0.02s
[INFO] [stdout] 
[INFO] [stderr]      Running unittests examples/custom_tile.rs (/opt/rustwide/target/release/examples/custom_tile-cd8a52d5ba7f48f0)
[INFO] [stdout] 
[INFO] [stdout] running 1 test
[INFO] [stdout] test custom_tile ... FAILED
[INFO] [stdout] 
[INFO] [stdout] failures:
[INFO] [stdout] 
[INFO] [stdout] ---- custom_tile stdout ----
[INFO] [stdout] Writing ../../examples/output/n18tile_custom_tile_1.png ...
[INFO] [stdout] 
[INFO] [stdout] thread 'custom_tile' (1111) panicked at examples/custom_tile.rs:42:38:
[INFO] [stdout] called `Result::unwrap()` on an `Err` value: Os { code: 2, kind: NotFound, message: "No such file or directory" }
[INFO] [stdout] stack backtrace:
[INFO] [stdout]    0:     0x63ee7159ed21 - <<std[70759c8f55707aa4]::sys::backtrace::BacktraceLock>::print::DisplayBacktrace as core[df12db4294e9bfd3]::fmt::Display>::fmt
[INFO] [stdout]    1:     0x63ee715b325a - core[df12db4294e9bfd3]::fmt::write
[INFO] [stdout]    2:     0x63ee715a32dc - <alloc[2182bb758b4b3781]::vec::Vec<u8> as core[df12db4294e9bfd3]::io::write::Write>::write_fmt
[INFO] [stdout]    3:     0x63ee7157aff6 - std[70759c8f55707aa4]::panicking::default_hook::{closure#0}
[INFO] [stdout]    4:     0x63ee71597309 - std[70759c8f55707aa4]::panicking::default_hook
[INFO] [stdout]    5:     0x63ee71522c30 - test[9d35eded1c95d3be]::test_main_inner::<test[9d35eded1c95d3be]::test_main_static::{closure#0}>::{closure#0}
[INFO] [stdout]    6:     0x63ee71597632 - std[70759c8f55707aa4]::panicking::panic_with_hook
[INFO] [stdout]    7:     0x63ee7157b0a2 - std[70759c8f55707aa4]::panicking::panic_handler::{closure#0}
[INFO] [stdout]    8:     0x63ee71573df9 - std[70759c8f55707aa4]::sys::backtrace::__rust_end_short_backtrace::<std[70759c8f55707aa4]::panicking::panic_handler::{closure#0}, !>
[INFO] [stdout]    9:     0x63ee7157bc9d - __rustc[8fa7c3cbc660c2b3]::rust_begin_unwind
[INFO] [stdout]   10:     0x63ee715b398c - core[df12db4294e9bfd3]::panicking::panic_fmt
[INFO] [stdout]   11:     0x63ee715b3762 - core[df12db4294e9bfd3]::result::unwrap_failed
[INFO] [stdout]   12:     0x63ee71515b84 - <custom_tile[6cec968687499f38]::custom_tile::{closure#0} as core[df12db4294e9bfd3]::ops::function::FnOnce<()>>::call_once
[INFO] [stdout]   13:     0x63ee71515f1b - test[9d35eded1c95d3be]::__rust_begin_short_backtrace::<core[df12db4294e9bfd3]::result::Result<(), alloc[2182bb758b4b3781]::string::String>, fn() -> core[df12db4294e9bfd3]::result::Result<(), alloc[2182bb758b4b3781]::string::String>>
[INFO] [stdout]   14:     0x63ee71523585 - test[9d35eded1c95d3be]::run_test::{closure#0}
[INFO] [stdout]   15:     0x63ee7151ce44 - std[70759c8f55707aa4]::sys::backtrace::__rust_begin_short_backtrace::<test[9d35eded1c95d3be]::run_test::{closure#1}, ()>
[INFO] [stdout]   16:     0x63ee715266e2 - <std[70759c8f55707aa4]::thread::lifecycle::spawn_unchecked<test[9d35eded1c95d3be]::run_test::{closure#1}, ()>::{closure#1} as core[df12db4294e9bfd3]::ops::function::FnOnce<()>>::call_once::{shim:vtable#0}
[INFO] [stdout]   17:     0x63ee7159e5e9 - <std[70759c8f55707aa4]::sys::thread::unix::Thread>::new::thread_start
[INFO] [stdout]   18:     0x7f97ac02bdfa - <unknown>
[INFO] [stdout]   19:     0x7f97ac0bf3d4 - clone
[INFO] [stdout]   20:                0x0 - <unknown>
[INFO] [stdout] 
[INFO] [stdout] 
[INFO] [stdout] failures:
[INFO] [stdout]     custom_tile
[INFO] [stdout] 
[INFO] [stdout] test result: FAILED. 0 passed; 1 failed; 0 ignored; 0 measured; 0 filtered out; finished in 0.00s
[INFO] [stdout] 
[INFO] [stderr] error: test failed, to rerun pass `--example custom_tile`
[INFO] running `Command { std: "docker" "inspect" "f7b13a3b40ace1b9750873189bc2d657500b457bf49b90826a94c0822cf21677", kill_on_drop: false }`
[INFO] running `Command { std: "docker" "rm" "-f" "f7b13a3b40ace1b9750873189bc2d657500b457bf49b90826a94c0822cf21677", kill_on_drop: false }`
[INFO] [stdout] f7b13a3b40ace1b9750873189bc2d657500b457bf49b90826a94c0822cf21677
