[INFO] fetching crate n18io 0.1.0...
[INFO] testing n18io-0.1.0 against 1.100.0-beta.1+cargoflags=--release for beta-release-1.100-2
[INFO] extracting crate n18io 0.1.0 into /workspace/builds/worker-4-tc2/source
[INFO] started tweaking crates.io crate n18io 0.1.0
[INFO] finished tweaking crates.io crate n18io 0.1.0
[INFO] tweaked toml for crates.io crate n18io 0.1.0 written to /workspace/builds/worker-4-tc2/source/Cargo.toml
[INFO] validating manifest of crates.io crate n18io 0.1.0 on toolchain 1.100.0-beta.1
[INFO] running `Command { std: CARGO_HOME="/workspace/cargo-home" RUSTUP_HOME="/workspace/rustup-home" "/workspace/cargo-home/bin/cargo" "+1.100.0-beta.1" "metadata" "--manifest-path" "Cargo.toml" "--no-deps", kill_on_drop: false }`
[INFO] running `Command { std: CARGO_HOME="/workspace/cargo-home" RUSTUP_HOME="/workspace/rustup-home" "/workspace/cargo-home/bin/cargo" "+1.100.0-beta.1" "generate-lockfile" "--manifest-path" "Cargo.toml", kill_on_drop: false }`
[INFO] [stderr]     Updating crates.io index
[INFO] [stderr]      Locking 71 packages to highest compatible versions
[INFO] running `Command { std: CARGO_HOME="/workspace/cargo-home" RUSTUP_HOME="/workspace/rustup-home" "/workspace/cargo-home/bin/cargo" "+1.100.0-beta.1" "fetch" "--manifest-path" "Cargo.toml", kill_on_drop: false }`
[INFO] running `Command { std: "docker" "create" "-v" "/var/lib/crater-agent-workspace/builds/worker-4-tc2/source:/opt/rustwide/workdir:ro,Z" "-v" "/var/lib/crater-agent-workspace/builds/worker-4-tc2/target:/opt/rustwide/target:rw,Z" "-v" "/var/lib/crater-agent-workspace/cargo-home:/opt/rustwide/cargo-home:ro,Z" "-v" "/var/lib/crater-agent-workspace/rustup-home:/opt/rustwide/rustup-home:ro,Z" "-m" "1610612736" "--network" "none" "ghcr.io/rust-lang/crates-build-env/linux@sha256:77db811e55d90add9212f6832c23229e3de5f1c1f9905e8cb07319ea15df73ac" "sleep" "infinity", kill_on_drop: false }`
[INFO] [stdout] 90f6de645eba9d5cd039f74d2286da41d8a7f9cef6eb2efdd271363b058d205d
[INFO] running `Command { std: "docker" "start" "90f6de645eba9d5cd039f74d2286da41d8a7f9cef6eb2efdd271363b058d205d", kill_on_drop: false }`
[INFO] running `Command { std: "docker" "inspect" "90f6de645eba9d5cd039f74d2286da41d8a7f9cef6eb2efdd271363b058d205d", kill_on_drop: false }`
[INFO] running `Command { std: "docker" "exec" "-e" "SOURCE_DIR=/opt/rustwide/workdir" "-e" "CARGO_HOME=/opt/rustwide/cargo-home" "-e" "RUSTUP_HOME=/opt/rustwide/rustup-home" "-e" "CARGO_TARGET_DIR=/opt/rustwide/target" "-w" "/opt/rustwide/workdir" "--user" "0:0" "90f6de645eba9d5cd039f74d2286da41d8a7f9cef6eb2efdd271363b058d205d" "/opt/rustwide/cargo-home/bin/cargo" "+1.100.0-beta.1" "metadata" "--no-deps" "--format-version=1", kill_on_drop: false }`
[INFO] running `Command { std: "docker" "inspect" "90f6de645eba9d5cd039f74d2286da41d8a7f9cef6eb2efdd271363b058d205d", kill_on_drop: false }`
[INFO] running `Command { std: "docker" "exec" "-e" "SOURCE_DIR=/opt/rustwide/workdir" "-e" "CARGO_HOME=/opt/rustwide/cargo-home" "-e" "RUSTUP_HOME=/opt/rustwide/rustup-home" "-e" "CARGO_TARGET_DIR=/opt/rustwide/target" "-e" "CARGO_INCREMENTAL=0" "-e" "RUST_BACKTRACE=full" "-e" "RUSTFLAGS=--cap-lints=warn" "-e" "RUSTDOCFLAGS=--cap-lints=warn" "-w" "/opt/rustwide/workdir" "--user" "0:0" "90f6de645eba9d5cd039f74d2286da41d8a7f9cef6eb2efdd271363b058d205d" "/opt/rustwide/cargo-home/bin/cargo" "+1.100.0-beta.1" "build" "--frozen" "--message-format=json" "--release", kill_on_drop: false }`
[INFO] [stderr]    Compiling syn v1.0.109
[INFO] [stderr]    Compiling smallvec v1.16.3
[INFO] [stderr]    Compiling either v1.19.0
[INFO] [stderr]    Compiling strum v0.21.0
[INFO] [stderr]    Compiling version-compare v0.0.11
[INFO] [stderr]    Compiling serde_core v1.0.229
[INFO] [stderr]    Compiling heck v0.3.3
[INFO] [stderr]    Compiling anyhow v1.0.104
[INFO] [stderr]    Compiling thiserror v1.0.69
[INFO] [stderr]    Compiling indexmap v2.14.2
[INFO] [stderr]    Compiling futures-core v0.3.34
[INFO] [stderr]    Compiling winnow v0.5.40
[INFO] [stderr]    Compiling syn v3.0.9
[INFO] [stderr]    Compiling syn v2.0.119
[INFO] [stderr]    Compiling toml_datetime v0.6.11
[INFO] [stderr]    Compiling proc-macro-error-attr v1.0.4
[INFO] [stderr]    Compiling serde_json v1.0.154
[INFO] [stderr]    Compiling futures-util v0.3.34
[INFO] [stderr]    Compiling futures-channel v0.3.34
[INFO] [stderr]    Compiling cfg-expr v0.8.1
[INFO] [stderr]    Compiling itertools v0.10.5
[INFO] [stderr]    Compiling toml_edit v0.19.15
[INFO] [stderr]    Compiling thiserror-impl v1.0.69
[INFO] [stderr]    Compiling serde_derive v1.0.229
[INFO] [stderr]    Compiling futures-executor v0.3.34
[INFO] [stderr]    Compiling proc-macro-crate v1.3.1
[INFO] [stderr]    Compiling proc-macro-error v1.0.4
[INFO] [stderr]    Compiling strum_macros v0.21.1
[INFO] [stderr]    Compiling glib-macros v0.14.1
[INFO] [stderr]    Compiling serde v1.0.229
[INFO] [stderr]    Compiling toml v0.5.11
[INFO] [stderr]    Compiling system-deps v3.2.0
[INFO] [stderr]    Compiling glib-sys v0.14.0
[INFO] [stderr]    Compiling gobject-sys v0.14.0
[INFO] [stderr]    Compiling cairo-sys-rs v0.14.9
[INFO] [stderr]    Compiling pango-sys v0.14.0
[INFO] [stderr]    Compiling pangocairo-sys v0.14.0
[INFO] [stderr]    Compiling glib v0.14.8
[INFO] [stderr]    Compiling cairo-rs v0.14.9
[INFO] [stderr]    Compiling pango v0.14.8
[INFO] [stderr]    Compiling pangocairo v0.14.0
[INFO] [stderr]    Compiling n18hex v0.1.0
[INFO] [stderr]    Compiling n18tile v0.1.0
[INFO] [stderr]    Compiling n18token v0.1.0
[INFO] [stderr]    Compiling n18catalogue v0.1.0
[INFO] [stderr]    Compiling n18map v0.1.0
[INFO] [stderr]    Compiling n18route v0.1.0
[INFO] [stderr]    Compiling n18game v0.1.0
[INFO] [stderr]    Compiling n18io v0.1.0 (/opt/rustwide/workdir)
[INFO] [stdout] warning: use of deprecated constant `std::f64::EPSILON`: replaced by the `EPSILON` associated constant on `f64`
[INFO] [stdout]    --> src/lib.rs:223:29
[INFO] [stdout]     |
[INFO] [stdout] 223 |         let eps = std::f64::EPSILON;
[INFO] [stdout]     |                             ^^^^^^^
[INFO] [stdout]     |
[INFO] [stdout]     = note: `#[warn(deprecated)]` on by default
[INFO] [stdout] 
[INFO] [stdout] 
[INFO] [stderr]     Finished `release` profile [optimized] target(s) in 13.45s
[INFO] running `Command { std: "docker" "inspect" "90f6de645eba9d5cd039f74d2286da41d8a7f9cef6eb2efdd271363b058d205d", kill_on_drop: false }`
[INFO] running `Command { std: "docker" "exec" "-e" "SOURCE_DIR=/opt/rustwide/workdir" "-e" "CARGO_HOME=/opt/rustwide/cargo-home" "-e" "RUSTUP_HOME=/opt/rustwide/rustup-home" "-e" "CARGO_TARGET_DIR=/opt/rustwide/target" "-e" "CARGO_INCREMENTAL=0" "-e" "RUST_BACKTRACE=full" "-e" "RUSTFLAGS=--cap-lints=warn" "-e" "RUSTDOCFLAGS=--cap-lints=warn" "-w" "/opt/rustwide/workdir" "--user" "0:0" "90f6de645eba9d5cd039f74d2286da41d8a7f9cef6eb2efdd271363b058d205d" "/opt/rustwide/cargo-home/bin/cargo" "+1.100.0-beta.1" "test" "--frozen" "--no-run" "--message-format=json" "--release", kill_on_drop: false }`
[INFO] [stderr]    Compiling n18io v0.1.0 (/opt/rustwide/workdir)
[INFO] [stdout] warning: use of deprecated constant `std::f64::EPSILON`: replaced by the `EPSILON` associated constant on `f64`
[INFO] [stdout]    --> src/lib.rs:223:29
[INFO] [stdout]     |
[INFO] [stdout] 223 |         let eps = std::f64::EPSILON;
[INFO] [stdout]     |                             ^^^^^^^
[INFO] [stdout]     |
[INFO] [stdout]     = note: `#[warn(deprecated)]` on by default
[INFO] [stdout] 
[INFO] [stdout] 
[INFO] [stdout] warning: use of deprecated constant `std::f64::EPSILON`: replaced by the `EPSILON` associated constant on `f64`
[INFO] [stdout]    --> src/lib.rs:223:29
[INFO] [stdout]     |
[INFO] [stdout] 223 |         let eps = std::f64::EPSILON;
[INFO] [stdout]     |                             ^^^^^^^
[INFO] [stdout]     |
[INFO] [stdout]     = note: `#[warn(deprecated)]` on by default
[INFO] [stdout] 
[INFO] [stdout] 
[INFO] [stderr]     Finished `release` profile [optimized] target(s) in 2.77s
[INFO] running `Command { std: "docker" "inspect" "90f6de645eba9d5cd039f74d2286da41d8a7f9cef6eb2efdd271363b058d205d", kill_on_drop: false }`
[INFO] running `Command { std: "docker" "exec" "-e" "SOURCE_DIR=/opt/rustwide/workdir" "-e" "CARGO_HOME=/opt/rustwide/cargo-home" "-e" "RUSTUP_HOME=/opt/rustwide/rustup-home" "-e" "CARGO_TARGET_DIR=/opt/rustwide/target" "-e" "CARGO_INCREMENTAL=0" "-e" "RUST_BACKTRACE=full" "-e" "RUSTFLAGS=--cap-lints=warn" "-e" "RUSTDOCFLAGS=--cap-lints=warn" "-w" "/opt/rustwide/workdir" "--user" "0:0" "90f6de645eba9d5cd039f74d2286da41d8a7f9cef6eb2efdd271363b058d205d" "/opt/rustwide/cargo-home/bin/cargo" "+1.100.0-beta.1" "test" "--frozen" "--release", kill_on_drop: false }`
[INFO] [stderr] warning: use of deprecated constant `std::f64::EPSILON`: replaced by the `EPSILON` associated constant on `f64`
[INFO] [stderr]    --> src/lib.rs:223:29
[INFO] [stderr]     |
[INFO] [stderr] 223 |         let eps = std::f64::EPSILON;
[INFO] [stderr]     |                             ^^^^^^^
[INFO] [stderr]     |
[INFO] [stderr]     = note: `#[warn(deprecated)]` on by default
[INFO] [stderr] 
[INFO] [stderr] warning: `n18io` (lib) generated 1 warning
[INFO] [stderr] warning: `n18io` (lib test) generated 1 warning (1 duplicate)
[INFO] [stderr]     Finished `release` profile [optimized] target(s) in 0.05s
[INFO] [stderr]      Running unittests src/lib.rs (/opt/rustwide/target/release/build/n18io/71d9103e4d97b0f7/out/n18io-71d9103e4d97b0f7)
[INFO] [stdout] 
[INFO] [stdout] running 8 tests
[INFO] [stdout] test routes::tests::json_hex_address_round_trip ... FAILED
[INFO] [stdout] test routes::tests::json_visit_round_trip ... FAILED
[INFO] [stdout] test tests::json_round_trip_1867 ... FAILED
[INFO] [stdout] test tests::json_round_trip_1 ... FAILED
[INFO] [stdout] test tests::json_round_trip_2 ... FAILED
[INFO] [stdout] test tests::compare_to_catalogue ... ok
[INFO] [stdout] test tests::compare_1861_tiles ... ok
[INFO] [stdout] test tests::compare_1867_tiles ... ok
[INFO] [stdout] 
[INFO] [stdout] failures:
[INFO] [stdout] 
[INFO] [stdout] ---- routes::tests::json_hex_address_round_trip stdout ----
[INFO] [stdout] 
[INFO] [stdout] thread 'routes::tests::json_hex_address_round_trip' (1185) panicked at src/routes.rs:333:44:
[INFO] [stdout] called `Result::unwrap()` on an `Err` value: Os { code: 2, kind: NotFound, message: "No such file or directory" }
[INFO] [stdout] stack backtrace:
[INFO] [stdout]    0:     0x566345ec5a41 - <<std[617be2ca0a6fd877]::sys::backtrace::BacktraceLock>::print::DisplayBacktrace as core[a373ad73a504971]::fmt::Display>::fmt
[INFO] [stdout]    1:     0x566345edae9a - core[a373ad73a504971]::fmt::write
[INFO] [stdout]    2:     0x566345ec9d2c - <alloc[2e1b2a31b91974c5]::vec::Vec<u8> as core[a373ad73a504971]::io::write::Write>::write_fmt
[INFO] [stdout]    3:     0x566345ea1d16 - std[617be2ca0a6fd877]::panicking::default_hook::{closure#0}
[INFO] [stdout]    4:     0x566345ebe0d9 - std[617be2ca0a6fd877]::panicking::default_hook
[INFO] [stdout]    5:     0x566345e21930 - test[aada8e7e76ba119b]::test_main_inner::{closure#0}
[INFO] [stdout]    6:     0x566345ebe292 - std[617be2ca0a6fd877]::panicking::panic_with_hook
[INFO] [stdout]    7:     0x566345ea1dc2 - std[617be2ca0a6fd877]::panicking::panic_handler::{closure#0}
[INFO] [stdout]    8:     0x566345e9aaa9 - std[617be2ca0a6fd877]::sys::backtrace::__rust_end_short_backtrace::<std[617be2ca0a6fd877]::panicking::panic_handler::{closure#0}, !>
[INFO] [stdout]    9:     0x566345ea29cd - __rustc[ea4f61d10b84890b]::rust_begin_unwind
[INFO] [stdout]   10:     0x566345edb5cc - core[a373ad73a504971]::panicking::panic_fmt
[INFO] [stdout]   11:     0x566345edb3a2 - core[a373ad73a504971]::result::unwrap_failed
[INFO] [stdout]   12:     0x566345dd6e8c - <n18io[8d5c7a781a5d9798]::routes::tests::json_hex_address_round_trip::{closure#0} as core[a373ad73a504971]::ops::function::FnOnce<()>>::call_once
[INFO] [stdout]   13:     0x566345e14d7b - test[aada8e7e76ba119b]::__rust_begin_short_backtrace::<core[a373ad73a504971]::result::Result<(), alloc[2e1b2a31b91974c5]::string::String>, fn() -> core[a373ad73a504971]::result::Result<(), alloc[2e1b2a31b91974c5]::string::String>>
[INFO] [stdout]   14:     0x566345e21f55 - test[aada8e7e76ba119b]::run_test::{closure#0}
[INFO] [stdout]   15:     0x566345e1b844 - std[617be2ca0a6fd877]::sys::backtrace::__rust_begin_short_backtrace::<test[aada8e7e76ba119b]::run_test::{closure#1}, ()>
[INFO] [stdout]   16:     0x566345e24fe2 - <std[617be2ca0a6fd877]::thread::lifecycle::spawn_unchecked<test[aada8e7e76ba119b]::run_test::{closure#1}, ()>::{closure#1} as core[a373ad73a504971]::ops::function::FnOnce<()>>::call_once::{shim:vtable#0}
[INFO] [stdout]   17:     0x566345ec529f - <std[617be2ca0a6fd877]::sys::thread::unix::Thread>::new::thread_start
[INFO] [stdout]   18:     0x76c9d96fedfa - <unknown>
[INFO] [stdout]   19:     0x76c9d97923d4 - clone
[INFO] [stdout]   20:                0x0 - <unknown>
[INFO] [stdout] 
[INFO] [stdout] ---- routes::tests::json_visit_round_trip stdout ----
[INFO] [stdout] 
[INFO] [stdout] thread 'routes::tests::json_visit_round_trip' (1186) panicked at src/routes.rs:351:44:
[INFO] [stdout] called `Result::unwrap()` on an `Err` value: Os { code: 2, kind: NotFound, message: "No such file or directory" }
[INFO] [stdout] stack backtrace:
[INFO] [stdout]    0:     0x566345ec5a41 - <<std[617be2ca0a6fd877]::sys::backtrace::BacktraceLock>::print::DisplayBacktrace as core[a373ad73a504971]::fmt::Display>::fmt
[INFO] [stdout]    1:     0x566345edae9a - core[a373ad73a504971]::fmt::write
[INFO] [stdout]    2:     0x566345ec9d2c - <alloc[2e1b2a31b91974c5]::vec::Vec<u8> as core[a373ad73a504971]::io::write::Write>::write_fmt
[INFO] [stdout]    3:     0x566345ea1d16 - std[617be2ca0a6fd877]::panicking::default_hook::{closure#0}
[INFO] [stdout]    4:     0x566345ebe0d9 - std[617be2ca0a6fd877]::panicking::default_hook
[INFO] [stdout]    5:     0x566345e21930 - test[aada8e7e76ba119b]::test_main_inner::{closure#0}
[INFO] [stdout]    6:     0x566345ebe292 - std[617be2ca0a6fd877]::panicking::panic_with_hook
[INFO] [stdout]    7:     0x566345ea1dc2 - std[617be2ca0a6fd877]::panicking::panic_handler::{closure#0}
[INFO] [stdout]    8:     0x566345e9aaa9 - std[617be2ca0a6fd877]::sys::backtrace::__rust_end_short_backtrace::<std[617be2ca0a6fd877]::panicking::panic_handler::{closure#0}, !>
[INFO] [stdout]    9:     0x566345ea29cd - __rustc[ea4f61d10b84890b]::rust_begin_unwind
[INFO] [stdout]   10:     0x566345edb5cc - core[a373ad73a504971]::panicking::panic_fmt
[INFO] [stdout]   11:     0x566345edb3a2 - core[a373ad73a504971]::result::unwrap_failed
[INFO] [stdout]   12:     0x566345dd69b8 - <n18io[8d5c7a781a5d9798]::routes::tests::json_visit_round_trip::{closure#0} as core[a373ad73a504971]::ops::function::FnOnce<()>>::call_once
[INFO] [stdout]   13:     0x566345e14d7b - test[aada8e7e76ba119b]::__rust_begin_short_backtrace::<core[a373ad73a504971]::result::Result<(), alloc[2e1b2a31b91974c5]::string::String>, fn() -> core[a373ad73a504971]::result::Result<(), alloc[2e1b2a31b91974c5]::string::String>>
[INFO] [stdout]   14:     0x566345e21f55 - test[aada8e7e76ba119b]::run_test::{closure#0}
[INFO] [stdout]   15:     0x566345e1b844 - std[617be2ca0a6fd877]::sys::backtrace::__rust_begin_short_backtrace::<test[aada8e7e76ba119b]::run_test::{closure#1}, ()>
[INFO] [stdout]   16:     0x566345e24fe2 - <std[617be2ca0a6fd877]::thread::lifecycle::spawn_unchecked<test[aada8e7e76ba119b]::run_test::{closure#1}, ()>::{closure#1} as core[a373ad73a504971]::ops::function::FnOnce<()>>::call_once::{shim:vtable#0}
[INFO] [stdout]   17:     0x566345ec529f - <std[617be2ca0a6fd877]::sys::thread::unix::Thread>::new::thread_start
[INFO] [stdout]   18:     0x76c9d96fedfa - <unknown>
[INFO] [stdout]   19:     0x76c9d97923d4 - clone
[INFO] [stdout]   20:                0x0 - <unknown>
[INFO] [stdout] 
[INFO] [stdout] ---- tests::json_round_trip_1867 stdout ----
[INFO] [stdout] 
[INFO] [stdout] thread 'tests::json_round_trip_1867' (1191) panicked at src/lib.rs:1685:9:
[INFO] [stdout] Could not write ../../tests/output/test-json_round_trip_1867.json
[INFO] [stdout] stack backtrace:
[INFO] [stdout]    0:     0x566345ec5a41 - <<std[617be2ca0a6fd877]::sys::backtrace::BacktraceLock>::print::DisplayBacktrace as core[a373ad73a504971]::fmt::Display>::fmt
[INFO] [stdout]    1:     0x566345edae9a - core[a373ad73a504971]::fmt::write
[INFO] [stdout]    2:     0x566345ec9d2c - <alloc[2e1b2a31b91974c5]::vec::Vec<u8> as core[a373ad73a504971]::io::write::Write>::write_fmt
[INFO] [stdout]    3:     0x566345ea1d16 - std[617be2ca0a6fd877]::panicking::default_hook::{closure#0}
[INFO] [stdout]    4:     0x566345ebe0d9 - std[617be2ca0a6fd877]::panicking::default_hook
[INFO] [stdout]    5:     0x566345e21930 - test[aada8e7e76ba119b]::test_main_inner::{closure#0}
[INFO] [stdout]    6:     0x566345ebe292 - std[617be2ca0a6fd877]::panicking::panic_with_hook
[INFO] [stderr] error: test failed, to rerun pass `--lib`
[INFO] [stdout]    7:     0x566345ea1dc2 - std[617be2ca0a6fd877]::panicking::panic_handler::{closure#0}
[INFO] [stdout]    8:     0x566345e9aaa9 - std[617be2ca0a6fd877]::sys::backtrace::__rust_end_short_backtrace::<std[617be2ca0a6fd877]::panicking::panic_handler::{closure#0}, !>
[INFO] [stdout]    9:     0x566345ea29cd - __rustc[ea4f61d10b84890b]::rust_begin_unwind
[INFO] [stdout]   10:     0x566345edb5cc - core[a373ad73a504971]::panicking::panic_fmt
[INFO] [stdout]   11:     0x566345dd48b7 - <n18io[8d5c7a781a5d9798]::tests::json_round_trip_1867::{closure#0} as core[a373ad73a504971]::ops::function::FnOnce<()>>::call_once
[INFO] [stdout]   12:     0x566345e14d7b - test[aada8e7e76ba119b]::__rust_begin_short_backtrace::<core[a373ad73a504971]::result::Result<(), alloc[2e1b2a31b91974c5]::string::String>, fn() -> core[a373ad73a504971]::result::Result<(), alloc[2e1b2a31b91974c5]::string::String>>
[INFO] [stdout]   13:     0x566345e21f55 - test[aada8e7e76ba119b]::run_test::{closure#0}
[INFO] [stdout]   14:     0x566345e1b844 - std[617be2ca0a6fd877]::sys::backtrace::__rust_begin_short_backtrace::<test[aada8e7e76ba119b]::run_test::{closure#1}, ()>
[INFO] [stdout]   15:     0x566345e24fe2 - <std[617be2ca0a6fd877]::thread::lifecycle::spawn_unchecked<test[aada8e7e76ba119b]::run_test::{closure#1}, ()>::{closure#1} as core[a373ad73a504971]::ops::function::FnOnce<()>>::call_once::{shim:vtable#0}
[INFO] [stdout]   16:     0x566345ec529f - <std[617be2ca0a6fd877]::sys::thread::unix::Thread>::new::thread_start
[INFO] [stdout]   17:     0x76c9d96fedfa - <unknown>
[INFO] [stdout]   18:     0x76c9d97923d4 - clone
[INFO] [stdout]   19:                0x0 - <unknown>
[INFO] [stdout] 
[INFO] [stdout] ---- tests::json_round_trip_1 stdout ----
[INFO] [stdout] 
[INFO] [stdout] thread 'tests::json_round_trip_1' (1190) panicked at src/lib.rs:1650:9:
[INFO] [stdout] Could not write ../../tests/output/test-json_round_trip_1.json
[INFO] [stdout] stack backtrace:
[INFO] [stdout]    0:     0x566345ec5a41 - <<std[617be2ca0a6fd877]::sys::backtrace::BacktraceLock>::print::DisplayBacktrace as core[a373ad73a504971]::fmt::Display>::fmt
[INFO] [stdout]    1:     0x566345edae9a - core[a373ad73a504971]::fmt::write
[INFO] [stdout]    2:     0x566345ec9d2c - <alloc[2e1b2a31b91974c5]::vec::Vec<u8> as core[a373ad73a504971]::io::write::Write>::write_fmt
[INFO] [stdout]    3:     0x566345ea1d16 - std[617be2ca0a6fd877]::panicking::default_hook::{closure#0}
[INFO] [stdout]    4:     0x566345ebe0d9 - std[617be2ca0a6fd877]::panicking::default_hook
[INFO] [stdout]    5:     0x566345e21930 - test[aada8e7e76ba119b]::test_main_inner::{closure#0}
[INFO] [stdout]    6:     0x566345ebe292 - std[617be2ca0a6fd877]::panicking::panic_with_hook
[INFO] [stdout]    7:     0x566345ea1dc2 - std[617be2ca0a6fd877]::panicking::panic_handler::{closure#0}
[INFO] [stdout]    8:     0x566345e9aaa9 - std[617be2ca0a6fd877]::sys::backtrace::__rust_end_short_backtrace::<std[617be2ca0a6fd877]::panicking::panic_handler::{closure#0}, !>
[INFO] [stdout]    9:     0x566345ea29cd - __rustc[ea4f61d10b84890b]::rust_begin_unwind
[INFO] [stdout]   10:     0x566345edb5cc - core[a373ad73a504971]::panicking::panic_fmt
[INFO] [stdout]   11:     0x566345dd28e4 - <n18io[8d5c7a781a5d9798]::tests::json_round_trip_1::{closure#0} as core[a373ad73a504971]::ops::function::FnOnce<()>>::call_once
[INFO] [stdout]   12:     0x566345e14d7b - test[aada8e7e76ba119b]::__rust_begin_short_backtrace::<core[a373ad73a504971]::result::Result<(), alloc[2e1b2a31b91974c5]::string::String>, fn() -> core[a373ad73a504971]::result::Result<(), alloc[2e1b2a31b91974c5]::string::String>>
[INFO] [stdout]   13:     0x566345e21f55 - test[aada8e7e76ba119b]::run_test::{closure#0}
[INFO] [stdout]   14:     0x566345e1b844 - std[617be2ca0a6fd877]::sys::backtrace::__rust_begin_short_backtrace::<test[aada8e7e76ba119b]::run_test::{closure#1}, ()>
[INFO] [stdout]   15:     0x566345e24fe2 - <std[617be2ca0a6fd877]::thread::lifecycle::spawn_unchecked<test[aada8e7e76ba119b]::run_test::{closure#1}, ()>::{closure#1} as core[a373ad73a504971]::ops::function::FnOnce<()>>::call_once::{shim:vtable#0}
[INFO] [stdout]   16:     0x566345ec529f - <std[617be2ca0a6fd877]::sys::thread::unix::Thread>::new::thread_start
[INFO] [stdout]   17:     0x76c9d96fedfa - <unknown>
[INFO] [stdout]   18:     0x76c9d97923d4 - clone
[INFO] [stdout]   19:                0x0 - <unknown>
[INFO] [stdout] 
[INFO] [stdout] ---- tests::json_round_trip_2 stdout ----
[INFO] [stdout] 
[INFO] [stdout] thread 'tests::json_round_trip_2' (1192) panicked at src/lib.rs:1664:9:
[INFO] [stdout] Could not write ../../tests/output/test-json_round_trip_2.json
[INFO] [stdout] stack backtrace:
[INFO] [stdout]    0:     0x566345ec5a41 - <<std[617be2ca0a6fd877]::sys::backtrace::BacktraceLock>::print::DisplayBacktrace as core[a373ad73a504971]::fmt::Display>::fmt
[INFO] [stdout]    1:     0x566345edae9a - core[a373ad73a504971]::fmt::write
[INFO] [stdout]    2:     0x566345ec9d2c - <alloc[2e1b2a31b91974c5]::vec::Vec<u8> as core[a373ad73a504971]::io::write::Write>::write_fmt
[INFO] [stdout]    3:     0x566345ea1d16 - std[617be2ca0a6fd877]::panicking::default_hook::{closure#0}
[INFO] [stdout]    4:     0x566345ebe0d9 - std[617be2ca0a6fd877]::panicking::default_hook
[INFO] [stdout]    5:     0x566345e21930 - test[aada8e7e76ba119b]::test_main_inner::{closure#0}
[INFO] [stdout]    6:     0x566345ebe292 - std[617be2ca0a6fd877]::panicking::panic_with_hook
[INFO] [stdout]    7:     0x566345ea1dc2 - std[617be2ca0a6fd877]::panicking::panic_handler::{closure#0}
[INFO] [stdout]    8:     0x566345e9aaa9 - std[617be2ca0a6fd877]::sys::backtrace::__rust_end_short_backtrace::<std[617be2ca0a6fd877]::panicking::panic_handler::{closure#0}, !>
[INFO] [stdout]    9:     0x566345ea29cd - __rustc[ea4f61d10b84890b]::rust_begin_unwind
[INFO] [stdout]   10:     0x566345edb5cc - core[a373ad73a504971]::panicking::panic_fmt
[INFO] [stdout]   11:     0x566345dd2e34 - <n18io[8d5c7a781a5d9798]::tests::json_round_trip_2::{closure#0} as core[a373ad73a504971]::ops::function::FnOnce<()>>::call_once
[INFO] [stdout]   12:     0x566345e14d7b - test[aada8e7e76ba119b]::__rust_begin_short_backtrace::<core[a373ad73a504971]::result::Result<(), alloc[2e1b2a31b91974c5]::string::String>, fn() -> core[a373ad73a504971]::result::Result<(), alloc[2e1b2a31b91974c5]::string::String>>
[INFO] [stdout]   13:     0x566345e21f55 - test[aada8e7e76ba119b]::run_test::{closure#0}
[INFO] [stdout]   14:     0x566345e1b844 - std[617be2ca0a6fd877]::sys::backtrace::__rust_begin_short_backtrace::<test[aada8e7e76ba119b]::run_test::{closure#1}, ()>
[INFO] [stdout]   15:     0x566345e24fe2 - <std[617be2ca0a6fd877]::thread::lifecycle::spawn_unchecked<test[aada8e7e76ba119b]::run_test::{closure#1}, ()>::{closure#1} as core[a373ad73a504971]::ops::function::FnOnce<()>>::call_once::{shim:vtable#0}
[INFO] [stdout]   16:     0x566345ec529f - <std[617be2ca0a6fd877]::sys::thread::unix::Thread>::new::thread_start
[INFO] [stdout]   17:     0x76c9d96fedfa - <unknown>
[INFO] [stdout]   18:     0x76c9d97923d4 - clone
[INFO] [stdout]   19:                0x0 - <unknown>
[INFO] [stdout] 
[INFO] [stdout] 
[INFO] [stdout] failures:
[INFO] [stdout]     routes::tests::json_hex_address_round_trip
[INFO] [stdout]     routes::tests::json_visit_round_trip
[INFO] [stdout]     tests::json_round_trip_1
[INFO] [stdout]     tests::json_round_trip_1867
[INFO] [stdout]     tests::json_round_trip_2
[INFO] [stdout] 
[INFO] [stdout] test result: FAILED. 3 passed; 5 failed; 0 ignored; 0 measured; 0 filtered out; finished in 0.01s
[INFO] [stdout] 
[INFO] running `Command { std: "docker" "inspect" "90f6de645eba9d5cd039f74d2286da41d8a7f9cef6eb2efdd271363b058d205d", kill_on_drop: false }`
[INFO] running `Command { std: "docker" "rm" "-f" "90f6de645eba9d5cd039f74d2286da41d8a7f9cef6eb2efdd271363b058d205d", kill_on_drop: false }`
[INFO] [stdout] 90f6de645eba9d5cd039f74d2286da41d8a7f9cef6eb2efdd271363b058d205d
