[INFO] fetching crate mzdata-bindata 0.67.4...
[INFO] testing mzdata-bindata-0.67.4 against 1.100.0-beta.1+cargoflags=--release for beta-release-1.100-2
[INFO] extracting crate mzdata-bindata 0.67.4 into /workspace/builds/worker-2-tc2/source
[INFO] started tweaking crates.io crate mzdata-bindata 0.67.4
[INFO] finished tweaking crates.io crate mzdata-bindata 0.67.4
[INFO] tweaked toml for crates.io crate mzdata-bindata 0.67.4 written to /workspace/builds/worker-2-tc2/source/Cargo.toml
[INFO] validating manifest of crates.io crate mzdata-bindata 0.67.4 on toolchain 1.100.0-beta.1
[INFO] running `Command { std: CARGO_HOME="/workspace/cargo-home" RUSTUP_HOME="/workspace/rustup-home" "/workspace/cargo-home/bin/cargo" "+1.100.0-beta.1" "metadata" "--manifest-path" "Cargo.toml" "--no-deps", kill_on_drop: false }`
[INFO] crate crates.io crate mzdata-bindata 0.67.4 already has a lockfile, it will not be regenerated
[INFO] running `Command { std: CARGO_HOME="/workspace/cargo-home" RUSTUP_HOME="/workspace/rustup-home" "/workspace/cargo-home/bin/cargo" "+1.100.0-beta.1" "fetch" "--manifest-path" "Cargo.toml", kill_on_drop: false }`
[INFO] running `Command { std: "docker" "create" "-v" "/var/lib/crater-agent-workspace/builds/worker-2-tc2/source:/opt/rustwide/workdir:ro,Z" "-v" "/var/lib/crater-agent-workspace/builds/worker-2-tc2/target:/opt/rustwide/target:rw,Z" "-v" "/var/lib/crater-agent-workspace/cargo-home:/opt/rustwide/cargo-home:ro,Z" "-v" "/var/lib/crater-agent-workspace/rustup-home:/opt/rustwide/rustup-home:ro,Z" "-m" "1610612736" "--network" "none" "ghcr.io/rust-lang/crates-build-env/linux@sha256:77db811e55d90add9212f6832c23229e3de5f1c1f9905e8cb07319ea15df73ac" "sleep" "infinity", kill_on_drop: false }`
[INFO] [stdout] 0f1f3195fc45ede79b5f921a1b66e9feb3b8a4820345c15c1b99658529652023
[INFO] running `Command { std: "docker" "start" "0f1f3195fc45ede79b5f921a1b66e9feb3b8a4820345c15c1b99658529652023", kill_on_drop: false }`
[INFO] running `Command { std: "docker" "inspect" "0f1f3195fc45ede79b5f921a1b66e9feb3b8a4820345c15c1b99658529652023", kill_on_drop: false }`
[INFO] running `Command { std: "docker" "exec" "-e" "SOURCE_DIR=/opt/rustwide/workdir" "-e" "CARGO_HOME=/opt/rustwide/cargo-home" "-e" "RUSTUP_HOME=/opt/rustwide/rustup-home" "-e" "CARGO_TARGET_DIR=/opt/rustwide/target" "-w" "/opt/rustwide/workdir" "--user" "0:0" "0f1f3195fc45ede79b5f921a1b66e9feb3b8a4820345c15c1b99658529652023" "/opt/rustwide/cargo-home/bin/cargo" "+1.100.0-beta.1" "metadata" "--no-deps" "--format-version=1", kill_on_drop: false }`
[INFO] running `Command { std: "docker" "inspect" "0f1f3195fc45ede79b5f921a1b66e9feb3b8a4820345c15c1b99658529652023", kill_on_drop: false }`
[INFO] running `Command { std: "docker" "exec" "-e" "SOURCE_DIR=/opt/rustwide/workdir" "-e" "CARGO_HOME=/opt/rustwide/cargo-home" "-e" "RUSTUP_HOME=/opt/rustwide/rustup-home" "-e" "CARGO_TARGET_DIR=/opt/rustwide/target" "-e" "CARGO_INCREMENTAL=0" "-e" "RUST_BACKTRACE=full" "-e" "RUSTFLAGS=--cap-lints=warn" "-e" "RUSTDOCFLAGS=--cap-lints=warn" "-w" "/opt/rustwide/workdir" "--user" "0:0" "0f1f3195fc45ede79b5f921a1b66e9feb3b8a4820345c15c1b99658529652023" "/opt/rustwide/cargo-home/bin/cargo" "+1.100.0-beta.1" "build" "--frozen" "--message-format=json" "--release", kill_on_drop: false }`
[INFO] [stderr]    Compiling syn v3.0.3
[INFO] [stderr]    Compiling simd-adler32 v0.3.10
[INFO] [stderr]    Compiling outref v0.5.2
[INFO] [stderr]    Compiling vsimd v0.8.0
[INFO] [stderr]    Compiling log v0.4.33
[INFO] [stderr]    Compiling bytemuck v1.25.2
[INFO] [stderr]    Compiling identity-hash v0.1.0
[INFO] [stderr]    Compiling mzpeaks v1.0.9
[INFO] [stderr]    Compiling miniz_oxide v0.8.9
[INFO] [stderr]    Compiling base64-simd v0.8.0
[INFO] [stderr]    Compiling flate2 v1.1.9
[INFO] [stderr]    Compiling thiserror-impl v2.0.20
[INFO] [stderr]    Compiling thiserror v2.0.20
[INFO] [stderr]    Compiling mzdata-param v0.67.4
[INFO] [stderr]    Compiling mzdata-bindata v0.67.4 (/opt/rustwide/workdir)
[INFO] [stderr]     Finished `release` profile [optimized] target(s) in 7.25s
[INFO] running `Command { std: "docker" "inspect" "0f1f3195fc45ede79b5f921a1b66e9feb3b8a4820345c15c1b99658529652023", kill_on_drop: false }`
[INFO] running `Command { std: "docker" "exec" "-e" "SOURCE_DIR=/opt/rustwide/workdir" "-e" "CARGO_HOME=/opt/rustwide/cargo-home" "-e" "RUSTUP_HOME=/opt/rustwide/rustup-home" "-e" "CARGO_TARGET_DIR=/opt/rustwide/target" "-e" "CARGO_INCREMENTAL=0" "-e" "RUST_BACKTRACE=full" "-e" "RUSTFLAGS=--cap-lints=warn" "-e" "RUSTDOCFLAGS=--cap-lints=warn" "-w" "/opt/rustwide/workdir" "--user" "0:0" "0f1f3195fc45ede79b5f921a1b66e9feb3b8a4820345c15c1b99658529652023" "/opt/rustwide/cargo-home/bin/cargo" "+1.100.0-beta.1" "test" "--frozen" "--no-run" "--message-format=json" "--release", kill_on_drop: false }`
[INFO] [stderr]    Compiling mzdata-bindata v0.67.4 (/opt/rustwide/workdir)
[INFO] [stderr]     Finished `release` profile [optimized] target(s) in 2.74s
[INFO] running `Command { std: "docker" "inspect" "0f1f3195fc45ede79b5f921a1b66e9feb3b8a4820345c15c1b99658529652023", kill_on_drop: false }`
[INFO] running `Command { std: "docker" "exec" "-e" "SOURCE_DIR=/opt/rustwide/workdir" "-e" "CARGO_HOME=/opt/rustwide/cargo-home" "-e" "RUSTUP_HOME=/opt/rustwide/rustup-home" "-e" "CARGO_TARGET_DIR=/opt/rustwide/target" "-e" "CARGO_INCREMENTAL=0" "-e" "RUST_BACKTRACE=full" "-e" "RUSTFLAGS=--cap-lints=warn" "-e" "RUSTDOCFLAGS=--cap-lints=warn" "-w" "/opt/rustwide/workdir" "--user" "0:0" "0f1f3195fc45ede79b5f921a1b66e9feb3b8a4820345c15c1b99658529652023" "/opt/rustwide/cargo-home/bin/cargo" "+1.100.0-beta.1" "test" "--frozen" "--release", kill_on_drop: false }`
[INFO] [stderr]     Finished `release` profile [optimized] target(s) in 0.05s
[INFO] [stderr]      Running unittests src/lib.rs (/opt/rustwide/target/release/build/mzdata-bindata/51195198add56cee/out/mzdata_bindata-51195198add56cee)
[INFO] [stdout] 
[INFO] [stdout] running 17 tests
[INFO] [stdout] test array::test::test_coerce_from_mut ... ok
[INFO] [stdout] test encodings::test::test_byteswap ... ok
[INFO] [stdout] test array::test::test_coerce_from_mut_invalid_buffer ... ok
[INFO] [stdout] test array::test::test_decode_roundtrip ... FAILED
[INFO] [stdout] test array::test::test_iter_unaligned_numeric_data ... ok
[INFO] [stdout] test array::test::test_decode_empty ... ok
[INFO] [stdout] test encodings::test::test_binary_encoding_conv ... ok
[INFO] [stdout] test traits::test::test_iterator_remaining ... ok
[INFO] [stdout] test map::test::test_decode ... FAILED
[INFO] [stdout] test array::test::test_decode ... FAILED
[INFO] [stdout] test encodings::test::test_dtype_size ... ok
[INFO] [stdout] test map::test::test_sort_from ... FAILED
[INFO] [stdout] test encodings::test::test_transpose ... ok
[INFO] [stdout] test map::test::test_construction ... FAILED
[INFO] [stdout] test array::test::test_decode_store ... FAILED
[INFO] [stdout] test encodings::test::test_dict ... ok
[INFO] [stdout] test encodings::test::test_array_type_param ... ok
[INFO] [stdout] 
[INFO] [stdout] failures:
[INFO] [stdout] 
[INFO] [stdout] ---- array::test::test_decode_roundtrip stdout ----
[INFO] [stdout] Error: Os { code: 2, kind: NotFound, message: "No such file or directory" }
[INFO] [stdout] 
[INFO] [stdout] ---- map::test::test_decode stdout ----
[INFO] [stdout] Error: Os { code: 2, kind: NotFound, message: "No such file or directory" }
[INFO] [stdout] 
[INFO] [stdout] ---- array::test::test_decode stdout ----
[INFO] [stdout] Error: Os { code: 2, kind: NotFound, message: "No such file or directory" }
[INFO] [stdout] 
[INFO] [stdout] ---- map::test::test_sort_from stdout ----
[INFO] [stdout] Error: Os { code: 2, kind: NotFound, message: "No such file or directory" }
[INFO] [stdout] 
[INFO] [stdout] ---- map::test::test_construction stdout ----
[INFO] [stdout] Error: Os { code: 2, kind: NotFound, message: "No such file or directory" }
[INFO] [stdout] 
[INFO] [stdout] ---- array::test::test_decode_store stdout ----
[INFO] [stdout] Error: Os { code: 2, kind: NotFound, message: "No such file or directory" }
[INFO] [stdout] 
[INFO] [stdout] 
[INFO] [stdout] failures:
[INFO] [stdout]     array::test::test_decode
[INFO] [stdout]     array::test::test_decode_roundtrip
[INFO] [stdout]     array::test::test_decode_store
[INFO] [stdout]     map::test::test_construction
[INFO] [stdout]     map::test::test_decode
[INFO] [stdout]     map::test::test_sort_from
[INFO] [stdout] 
[INFO] [stdout] test result: FAILED. 11 passed; 6 failed; 0 ignored; 0 measured; 0 filtered out; finished in 0.01s
[INFO] [stdout] 
[INFO] [stderr] error: test failed, to rerun pass `--lib`
[INFO] running `Command { std: "docker" "inspect" "0f1f3195fc45ede79b5f921a1b66e9feb3b8a4820345c15c1b99658529652023", kill_on_drop: false }`
[INFO] running `Command { std: "docker" "rm" "-f" "0f1f3195fc45ede79b5f921a1b66e9feb3b8a4820345c15c1b99658529652023", kill_on_drop: false }`
[INFO] [stdout] 0f1f3195fc45ede79b5f921a1b66e9feb3b8a4820345c15c1b99658529652023
