[INFO] fetching crate mz_rusoto_sns 0.46.0...
[INFO] testing mz_rusoto_sns-0.46.0 against 1.99.0-beta.8+cargoflags=--release for beta-release-1.100-2
[INFO] extracting crate mz_rusoto_sns 0.46.0 into /workspace/builds/worker-5-tc1/source
[INFO] started tweaking crates.io crate mz_rusoto_sns 0.46.0
[INFO] finished tweaking crates.io crate mz_rusoto_sns 0.46.0
[INFO] tweaked toml for crates.io crate mz_rusoto_sns 0.46.0 written to /workspace/builds/worker-5-tc1/source/Cargo.toml
[INFO] validating manifest of crates.io crate mz_rusoto_sns 0.46.0 on toolchain 1.99.0-beta.8
[INFO] running `Command { std: CARGO_HOME="/workspace/cargo-home" RUSTUP_HOME="/workspace/rustup-home" "/workspace/cargo-home/bin/cargo" "+1.99.0-beta.8" "metadata" "--manifest-path" "Cargo.toml" "--no-deps", kill_on_drop: false }`
[INFO] running `Command { std: CARGO_HOME="/workspace/cargo-home" RUSTUP_HOME="/workspace/rustup-home" "/workspace/cargo-home/bin/cargo" "+1.99.0-beta.8" "generate-lockfile" "--manifest-path" "Cargo.toml", kill_on_drop: false }`
[INFO] [stderr]     Updating crates.io index
[INFO] [stderr]      Locking 226 packages to highest compatible versions
[INFO] [stderr]       Adding bytes v0.5.6 (available: v1.12.1)
[INFO] [stderr]       Adding psm v0.1.24 (available: v0.1.32)
[INFO] [stderr]       Adding serde_urlencoded v0.6.1 (available: v0.7.1)
[INFO] [stderr]       Adding subtle v2.4.1 (available: v2.6.1)
[INFO] [stderr]       Adding tokio v0.2.25 (available: v1.53.3)
[INFO] [stderr]       Adding xml-rs v0.8.29 (available: v1.0.0)
[INFO] running `Command { std: CARGO_HOME="/workspace/cargo-home" RUSTUP_HOME="/workspace/rustup-home" "/workspace/cargo-home/bin/cargo" "+1.99.0-beta.8" "fetch" "--manifest-path" "Cargo.toml", kill_on_drop: false }`
[INFO] running `Command { std: "docker" "create" "-v" "/var/lib/crater-agent-workspace/builds/worker-5-tc1/source:/opt/rustwide/workdir:ro,Z" "-v" "/var/lib/crater-agent-workspace/builds/worker-5-tc1/target:/opt/rustwide/target:rw,Z" "-v" "/var/lib/crater-agent-workspace/cargo-home:/opt/rustwide/cargo-home:ro,Z" "-v" "/var/lib/crater-agent-workspace/rustup-home:/opt/rustwide/rustup-home:ro,Z" "-m" "1610612736" "--network" "none" "ghcr.io/rust-lang/crates-build-env/linux@sha256:77db811e55d90add9212f6832c23229e3de5f1c1f9905e8cb07319ea15df73ac" "sleep" "infinity", kill_on_drop: false }`
[INFO] [stdout] 96fe13b8e1b185e74d7fad84f6228c242db988d18a37ab011678376a58d21502
[INFO] running `Command { std: "docker" "start" "96fe13b8e1b185e74d7fad84f6228c242db988d18a37ab011678376a58d21502", kill_on_drop: false }`
[INFO] running `Command { std: "docker" "inspect" "96fe13b8e1b185e74d7fad84f6228c242db988d18a37ab011678376a58d21502", kill_on_drop: false }`
[INFO] running `Command { std: "docker" "exec" "-e" "SOURCE_DIR=/opt/rustwide/workdir" "-e" "CARGO_HOME=/opt/rustwide/cargo-home" "-e" "RUSTUP_HOME=/opt/rustwide/rustup-home" "-e" "CARGO_TARGET_DIR=/opt/rustwide/target" "-w" "/opt/rustwide/workdir" "--user" "0:0" "96fe13b8e1b185e74d7fad84f6228c242db988d18a37ab011678376a58d21502" "/opt/rustwide/cargo-home/bin/cargo" "+1.99.0-beta.8" "metadata" "--no-deps" "--format-version=1", kill_on_drop: false }`
[INFO] running `Command { std: "docker" "inspect" "96fe13b8e1b185e74d7fad84f6228c242db988d18a37ab011678376a58d21502", kill_on_drop: false }`
[INFO] running `Command { std: "docker" "exec" "-e" "SOURCE_DIR=/opt/rustwide/workdir" "-e" "CARGO_HOME=/opt/rustwide/cargo-home" "-e" "RUSTUP_HOME=/opt/rustwide/rustup-home" "-e" "CARGO_TARGET_DIR=/opt/rustwide/target" "-e" "CARGO_INCREMENTAL=0" "-e" "RUST_BACKTRACE=full" "-e" "RUSTFLAGS=--cap-lints=warn" "-e" "RUSTDOCFLAGS=--cap-lints=warn" "-w" "/opt/rustwide/workdir" "--user" "0:0" "96fe13b8e1b185e74d7fad84f6228c242db988d18a37ab011678376a58d21502" "/opt/rustwide/cargo-home/bin/cargo" "+1.99.0-beta.8" "build" "--frozen" "--message-format=json" "--release", kill_on_drop: false }`
[INFO] [stderr]    Compiling libc v0.2.191
[INFO] [stderr]    Compiling syn v2.0.119
[INFO] [stderr]    Compiling bytes v0.5.6
[INFO] [stderr]    Compiling standback v0.2.17
[INFO] [stderr]    Compiling futures-macro v0.3.34
[INFO] [stderr]    Compiling futures-channel v0.3.34
[INFO] [stderr]    Compiling futures-io v0.3.34
[INFO] [stderr]    Compiling pin-project-lite v0.1.12
[INFO] [stderr]    Compiling tokio-macros v0.2.6
[INFO] [stderr]    Compiling http v0.2.12
[INFO] [stderr]    Compiling tracing v0.1.44
[INFO] [stderr]    Compiling serde v1.0.229
[INFO] [stderr]    Compiling want v0.3.2
[INFO] [stderr]    Compiling httpdate v0.3.2
[INFO] [stderr]    Compiling const_fn v0.4.12
[INFO] [stderr]    Compiling digest v0.9.0
[INFO] [stderr]    Compiling time v0.2.27
[INFO] [stderr]    Compiling crypto-mac v0.10.1
[INFO] [stderr]    Compiling time-macros-impl v0.1.2
[INFO] [stderr]    Compiling block-buffer v0.9.0
[INFO] [stderr]    Compiling async-trait v0.1.92
[INFO] [stderr]    Compiling shlex v0.1.1
[INFO] [stderr]    Compiling crc32fast v1.5.2
[INFO] [stderr]    Compiling zeroize v1.9.1
[INFO] [stderr]    Compiling sha2 v0.9.9
[INFO] [stderr]    Compiling hmac v0.10.1
[INFO] [stderr]    Compiling form_urlencoded v1.2.2
[INFO] [stderr]    Compiling xml-rs v0.8.29
[INFO] [stderr]    Compiling url v2.5.8
[INFO] [stderr]    Compiling time-macros v0.1.1
[INFO] [stderr]    Compiling futures-util v0.3.34
[INFO] [stderr]    Compiling chrono v0.4.45
[INFO] [stderr]    Compiling serde_urlencoded v0.6.1
[INFO] [stderr]    Compiling stacker v0.1.25
[INFO] [stderr]    Compiling pest v2.9.4
[INFO] [stderr]    Compiling http-body v0.3.1
[INFO] [stderr]    Compiling iovec v0.1.4
[INFO] [stderr]    Compiling net2 v0.2.39
[INFO] [stderr]    Compiling errno v0.3.14
[INFO] [stderr]    Compiling socket2 v0.3.19
[INFO] [stderr]    Compiling openssl-sys v0.9.117
[INFO] [stderr]    Compiling dirs-sys-next v0.1.2
[INFO] [stderr]    Compiling dirs-next v2.0.0
[INFO] [stderr]    Compiling signal-hook-registry v1.4.8
[INFO] [stderr]    Compiling mio v0.6.23
[INFO] [stderr]    Compiling semver-parser v0.10.3
[INFO] [stderr]    Compiling mio-uds v0.6.8
[INFO] [stderr]    Compiling semver v0.11.0
[INFO] [stderr]    Compiling tokio v0.2.25
[INFO] [stderr]    Compiling rustc_version v0.3.3
[INFO] [stderr]    Compiling mz_rusoto_core v0.46.0
[INFO] [stderr]    Compiling futures-executor v0.3.34
[INFO] [stderr]    Compiling futures v0.3.34
[INFO] [stderr]    Compiling pin-project-internal v1.1.13
[INFO] [stderr]    Compiling openssl-macros v0.1.1
[INFO] [stderr]    Compiling openssl v0.10.81
[INFO] [stderr]    Compiling pin-project v1.1.13
[INFO] [stderr]    Compiling tracing-futures v0.2.5
[INFO] [stderr]    Compiling tokio-util v0.3.1
[INFO] [stderr]    Compiling h2 v0.2.7
[INFO] [stderr]    Compiling native-tls v0.2.18
[INFO] [stderr]    Compiling tokio-tls v0.3.1
[INFO] [stderr]    Compiling hyper v0.13.10
[INFO] [stderr]    Compiling mz_rusoto_credential v0.46.0
[INFO] [stderr]    Compiling hyper-tls v0.4.3
[INFO] [stderr]    Compiling mz_rusoto_signature v0.46.0
[INFO] [stderr]    Compiling mz_rusoto_sns v0.46.0 (/opt/rustwide/workdir)
[INFO] [stdout] warning: unused import: `custom::*`
[INFO] [stdout]   --> src/lib.rs:21:9
[INFO] [stdout]    |
[INFO] [stdout] 21 | pub use custom::*;
[INFO] [stdout]    |         ^^^^^^^^^
[INFO] [stdout]    |
[INFO] [stdout]    = note: `#[warn(unused_imports)]` (part of `#[warn(unused)]`) on by default
[INFO] [stdout] 
[INFO] [stdout] 
[INFO] [stderr]     Finished `release` profile [optimized] target(s) in 1m 02s
[INFO] running `Command { std: "docker" "inspect" "96fe13b8e1b185e74d7fad84f6228c242db988d18a37ab011678376a58d21502", kill_on_drop: false }`
[INFO] running `Command { std: "docker" "exec" "-e" "SOURCE_DIR=/opt/rustwide/workdir" "-e" "CARGO_HOME=/opt/rustwide/cargo-home" "-e" "RUSTUP_HOME=/opt/rustwide/rustup-home" "-e" "CARGO_TARGET_DIR=/opt/rustwide/target" "-e" "CARGO_INCREMENTAL=0" "-e" "RUST_BACKTRACE=full" "-e" "RUSTFLAGS=--cap-lints=warn" "-e" "RUSTDOCFLAGS=--cap-lints=warn" "-w" "/opt/rustwide/workdir" "--user" "0:0" "96fe13b8e1b185e74d7fad84f6228c242db988d18a37ab011678376a58d21502" "/opt/rustwide/cargo-home/bin/cargo" "+1.99.0-beta.8" "test" "--frozen" "--no-run" "--message-format=json" "--release", kill_on_drop: false }`
[INFO] [stderr]    Compiling mz_rusoto_mock v0.46.0
[INFO] [stdout] warning: unused import: `custom::*`
[INFO] [stdout]   --> src/lib.rs:21:9
[INFO] [stdout]    |
[INFO] [stdout] 21 | pub use custom::*;
[INFO] [stdout]    |         ^^^^^^^^^
[INFO] [stdout]    |
[INFO] [stdout]    = note: `#[warn(unused_imports)]` (part of `#[warn(unused)]`) on by default
[INFO] [stdout] 
[INFO] [stdout] 
[INFO] [stderr]    Compiling mz_rusoto_sns v0.46.0 (/opt/rustwide/workdir)
[INFO] [stdout] warning: unused import: `custom::*`
[INFO] [stdout]   --> src/lib.rs:21:9
[INFO] [stdout]    |
[INFO] [stdout] 21 | pub use custom::*;
[INFO] [stdout]    |         ^^^^^^^^^
[INFO] [stdout]    |
[INFO] [stdout]    = note: `#[warn(unused_imports)]` (part of `#[warn(unused)]`) on by default
[INFO] [stdout] 
[INFO] [stdout] 
[INFO] [stderr]     Finished `release` profile [optimized] target(s) in 4.50s
[INFO] running `Command { std: "docker" "inspect" "96fe13b8e1b185e74d7fad84f6228c242db988d18a37ab011678376a58d21502", kill_on_drop: false }`
[INFO] running `Command { std: "docker" "exec" "-e" "SOURCE_DIR=/opt/rustwide/workdir" "-e" "CARGO_HOME=/opt/rustwide/cargo-home" "-e" "RUSTUP_HOME=/opt/rustwide/rustup-home" "-e" "CARGO_TARGET_DIR=/opt/rustwide/target" "-e" "CARGO_INCREMENTAL=0" "-e" "RUST_BACKTRACE=full" "-e" "RUSTFLAGS=--cap-lints=warn" "-e" "RUSTDOCFLAGS=--cap-lints=warn" "-w" "/opt/rustwide/workdir" "--user" "0:0" "96fe13b8e1b185e74d7fad84f6228c242db988d18a37ab011678376a58d21502" "/opt/rustwide/cargo-home/bin/cargo" "+1.99.0-beta.8" "test" "--frozen" "--release", kill_on_drop: false }`
[INFO] [stderr] warning: unused import: `custom::*`
[INFO] [stderr]   --> src/lib.rs:21:9
[INFO] [stderr]    |
[INFO] [stderr] 21 | pub use custom::*;
[INFO] [stderr]    |         ^^^^^^^^^
[INFO] [stderr]    |
[INFO] [stderr]    = note: `#[warn(unused_imports)]` (part of `#[warn(unused)]`) on by default
[INFO] [stderr] 
[INFO] [stderr] warning: `mz_rusoto_sns` (lib) generated 1 warning (run `cargo fix --lib -p mz_rusoto_sns` to apply 1 suggestion)
[INFO] [stderr] warning: `mz_rusoto_sns` (lib test) generated 1 warning (1 duplicate)
[INFO] [stderr]     Finished `release` profile [optimized] target(s) in 0.10s
[INFO] [stderr]      Running unittests src/lib.rs (/opt/rustwide/target/release/deps/rusoto_sns-2817dbdf8fcb43f4)
[INFO] [stdout] 
[INFO] [stdout] running 18 tests
[INFO] [stdout] test custom::custom_tests::should_serialize_map_parameters_in_create_platform_application_request_body ... ok
[INFO] [stdout] test custom::custom_tests::should_serialize_map_parameters_in_create_platform_endpoint_request_body ... ok
[INFO] [stdout] test custom::custom_tests::should_serialize_map_parameters_in_get_sms_attributes_request_body ... ok
[INFO] [stdout] test custom::custom_tests::should_serialize_map_parameters_in_get_subscription_attributes_request_body ... ok
[INFO] [stdout] test custom::custom_tests::should_serialize_map_parameters_in_set_platform_application_attributes_request_body ... ok
[INFO] [stdout] test custom::custom_tests::should_serialize_map_parameters_in_set_endpoint_attributes_request_body ... ok
[INFO] [stdout] test custom::custom_tests::should_serialize_map_parameters_in_set_sms_attributes_request_body ... ok
[INFO] [stdout] test generated::protocol_tests::test_parse_valid_sns_add_permission ... FAILED
[INFO] [stdout] test generated::protocol_tests::test_parse_valid_sns_confirm_subscription ... FAILED
[INFO] [stdout] test generated::protocol_tests::test_parse_error_sns_delete_topic ... FAILED
[INFO] [stdout] test generated::protocol_tests::test_parse_valid_sns_create_topic ... FAILED
[INFO] [stdout] test generated::protocol_tests::test_parse_valid_sns_get_subscription_attributes ... FAILED
[INFO] [stdout] test generated::protocol_tests::test_parse_valid_sns_get_topic_attributes ... FAILED
[INFO] [stdout] test generated::protocol_tests::test_parse_valid_sns_list_subscriptions ... FAILED
[INFO] [stdout] test generated::protocol_tests::test_parse_valid_sns_list_subscriptions_by_topic ... FAILED
[INFO] [stdout] test generated::protocol_tests::test_parse_valid_sns_list_topics ... FAILED
[INFO] [stdout] test generated::protocol_tests::test_parse_valid_sns_publish ... FAILED
[INFO] [stdout] test generated::protocol_tests::test_parse_valid_sns_subscribe ... FAILED
[INFO] [stdout] 
[INFO] [stdout] failures:
[INFO] [stdout] 
[INFO] [stdout] ---- generated::protocol_tests::test_parse_valid_sns_add_permission stdout ----
[INFO] [stdout] 
[INFO] [stdout] thread 'generated::protocol_tests::test_parse_valid_sns_add_permission' (1429) panicked at /opt/rustwide/cargo-home/registry/src/index.crates.io-1949cf8c6b5b557f/mz_rusoto_mock-0.46.0/src/lib.rs:175:53:
[INFO] [stdout] couldn't find file: Os { code: 2, kind: NotFound, message: "No such file or directory" }
[INFO] [stdout] stack backtrace:
[INFO] [stdout]    0:     0x562069511aa1 - <<std[70759c8f55707aa4]::sys::backtrace::BacktraceLock>::print::DisplayBacktrace as core[df12db4294e9bfd3]::fmt::Display>::fmt
[INFO] [stdout]    1:     0x56206952652a - core[df12db4294e9bfd3]::fmt::write
[INFO] [stdout]    2:     0x56206951607c - <alloc[2182bb758b4b3781]::vec::Vec<u8> as core[df12db4294e9bfd3]::io::write::Write>::write_fmt
[INFO] [stdout]    3:     0x5620694edd26 - std[70759c8f55707aa4]::panicking::default_hook::{closure#0}
[INFO] [stdout]    4:     0x56206950a159 - std[70759c8f55707aa4]::panicking::default_hook
[INFO] [stdout]    5:     0x56206946d5a0 - test[9d35eded1c95d3be]::test_main_inner::<test[9d35eded1c95d3be]::test_main_static::{closure#0}>::{closure#0}
[INFO] [stdout]    6:     0x56206950a312 - std[70759c8f55707aa4]::panicking::panic_with_hook
[INFO] [stdout]    7:     0x5620694eddd2 - std[70759c8f55707aa4]::panicking::panic_handler::{closure#0}
[INFO] [stdout]    8:     0x5620694e6b29 - std[70759c8f55707aa4]::sys::backtrace::__rust_end_short_backtrace::<std[70759c8f55707aa4]::panicking::panic_handler::{closure#0}, !>
[INFO] [stdout]    9:     0x5620694ee9cd - __rustc[8fa7c3cbc660c2b3]::rust_begin_unwind
[INFO] [stdout]   10:     0x562069526c8c - core[df12db4294e9bfd3]::panicking::panic_fmt
[INFO] [stdout]   11:     0x562069526a62 - core[df12db4294e9bfd3]::result::unwrap_failed
[INFO] [stdout]   12:     0x5620694a3b2c - <rusoto_mock[1a9d6f9a77d5744d]::MockResponseReader as rusoto_mock[1a9d6f9a77d5744d]::ReadMockResponse>::read_response
[INFO] [stdout]   13:     0x56206943b89d - rusoto_sns[1b841760616749bc]::generated::protocol_tests::test_parse_valid_sns_add_permission::{closure#0}
[INFO] [stdout]   14:     0x5620694410bd - <tokio[abcbcc4d3da30ef7]::macros::scoped_tls::ScopedKey<tokio[abcbcc4d3da30ef7]::runtime::basic_scheduler::Context>>::set::<tokio[abcbcc4d3da30ef7]::runtime::basic_scheduler::enter<<tokio[abcbcc4d3da30ef7]::runtime::basic_scheduler::BasicScheduler<tokio[abcbcc4d3da30ef7]::park::either::Either<tokio[abcbcc4d3da30ef7]::time::driver::Driver<tokio[abcbcc4d3da30ef7]::park::either::Either<tokio[abcbcc4d3da30ef7]::io::driver::Driver, tokio[abcbcc4d3da30ef7]::park::thread::ParkThread>>, tokio[abcbcc4d3da30ef7]::park::either::Either<tokio[abcbcc4d3da30ef7]::io::driver::Driver, tokio[abcbcc4d3da30ef7]::park::thread::ParkThread>>>>::block_on<rusoto_sns[1b841760616749bc]::generated::protocol_tests::test_parse_valid_sns_add_permission::{closure#0}>::{closure#0}, (), tokio[abcbcc4d3da30ef7]::park::either::Either<tokio[abcbcc4d3da30ef7]::time::driver::Driver<tokio[abcbcc4d3da30ef7]::park::either::Either<tokio[abcbcc4d3da30ef7]::io::driver::Driver, tokio[abcbcc4d3da30ef7]::park::thread::ParkThread>>, tokio[abcbcc4d3da30ef7]::park::either::Either<tokio[abcbcc4d3da30ef7]::io::driver::Driver, tokio[abcbcc4d3da30ef7]::park::thread::ParkThread>>>::{closure#0}, ()>
[INFO] [stdout]   15:     0x562069452f96 - tokio[abcbcc4d3da30ef7]::runtime::basic_scheduler::enter::<<tokio[abcbcc4d3da30ef7]::runtime::basic_scheduler::BasicScheduler<tokio[abcbcc4d3da30ef7]::park::either::Either<tokio[abcbcc4d3da30ef7]::time::driver::Driver<tokio[abcbcc4d3da30ef7]::park::either::Either<tokio[abcbcc4d3da30ef7]::io::driver::Driver, tokio[abcbcc4d3da30ef7]::park::thread::ParkThread>>, tokio[abcbcc4d3da30ef7]::park::either::Either<tokio[abcbcc4d3da30ef7]::io::driver::Driver, tokio[abcbcc4d3da30ef7]::park::thread::ParkThread>>>>::block_on<rusoto_sns[1b841760616749bc]::generated::protocol_tests::test_parse_valid_sns_add_permission::{closure#0}>::{closure#0}, (), tokio[abcbcc4d3da30ef7]::park::either::Either<tokio[abcbcc4d3da30ef7]::time::driver::Driver<tokio[abcbcc4d3da30ef7]::park::either::Either<tokio[abcbcc4d3da30ef7]::io::driver::Driver, tokio[abcbcc4d3da30ef7]::park::thread::ParkThread>>, tokio[abcbcc4d3da30ef7]::park::either::Either<tokio[abcbcc4d3da30ef7]::io::driver::Driver, tokio[abcbcc4d3da30ef7]::park::thread::ParkThread>>>
[INFO] [stdout]   16:     0x5620694549d1 - tokio[abcbcc4d3da30ef7]::runtime::context::enter::<<tokio[abcbcc4d3da30ef7]::runtime::Runtime>::block_on<rusoto_sns[1b841760616749bc]::generated::protocol_tests::test_parse_valid_sns_add_permission::{closure#0}>::{closure#0}, ()>
[INFO] [stdout]   17:     0x56206945b07a - <rusoto_sns[1b841760616749bc]::generated::protocol_tests::test_parse_valid_sns_add_permission::{closure#0} as core[df12db4294e9bfd3]::ops::function::FnOnce<()>>::call_once
[INFO] [stdout]   18:     0x56206946088b - test[9d35eded1c95d3be]::__rust_begin_short_backtrace::<core[df12db4294e9bfd3]::result::Result<(), alloc[2182bb758b4b3781]::string::String>, fn() -> core[df12db4294e9bfd3]::result::Result<(), alloc[2182bb758b4b3781]::string::String>>
[INFO] [stdout]   19:     0x56206946def5 - test[9d35eded1c95d3be]::run_test::{closure#0}
[INFO] [stdout]   20:     0x5620694677b4 - std[70759c8f55707aa4]::sys::backtrace::__rust_begin_short_backtrace::<test[9d35eded1c95d3be]::run_test::{closure#1}, ()>
[INFO] [stdout]   21:     0x562069471052 - <std[70759c8f55707aa4]::thread::lifecycle::spawn_unchecked<test[9d35eded1c95d3be]::run_test::{closure#1}, ()>::{closure#1} as core[df12db4294e9bfd3]::ops::function::FnOnce<()>>::call_once::{shim:vtable#0}
[INFO] [stdout]   22:     0x562069511379 - <std[70759c8f55707aa4]::sys::thread::unix::Thread>::new::thread_start
[INFO] [stdout]   23:     0x77dbfeda0dfa - <unknown>
[INFO] [stdout]   24:     0x77dbfee343d4 - clone
[INFO] [stdout]   25:                0x0 - <unknown>
[INFO] [stdout] 
[INFO] [stdout] ---- generated::protocol_tests::test_parse_valid_sns_confirm_subscription stdout ----
[INFO] [stdout] 
[INFO] [stdout] thread 'generated::protocol_tests::test_parse_valid_sns_confirm_subscription' (1430) panicked at /opt/rustwide/cargo-home/registry/src/index.crates.io-1949cf8c6b5b557f/mz_rusoto_mock-0.46.0/src/lib.rs:175:53:
[INFO] [stdout] couldn't find file: Os { code: 2, kind: NotFound, message: "No such file or directory" }
[INFO] [stdout] stack backtrace:
[INFO] [stdout]    0:     0x562069511aa1 - <<std[70759c8f55707aa4]::sys::backtrace::BacktraceLock>::print::DisplayBacktrace as core[df12db4294e9bfd3]::fmt::Display>::fmt
[INFO] [stdout]    1:     0x56206952652a - core[df12db4294e9bfd3]::fmt::write
[INFO] [stdout]    2:     0x56206951607c - <alloc[2182bb758b4b3781]::vec::Vec<u8> as core[df12db4294e9bfd3]::io::write::Write>::write_fmt
[INFO] [stdout]    3:     0x5620694edd26 - std[70759c8f55707aa4]::panicking::default_hook::{closure#0}
[INFO] [stdout]    4:     0x56206950a159 - std[70759c8f55707aa4]::panicking::default_hook
[INFO] [stdout]    5:     0x56206946d5a0 - test[9d35eded1c95d3be]::test_main_inner::<test[9d35eded1c95d3be]::test_main_static::{closure#0}>::{closure#0}
[INFO] [stdout]    6:     0x56206950a312 - std[70759c8f55707aa4]::panicking::panic_with_hook
[INFO] [stdout]    7:     0x5620694eddd2 - std[70759c8f55707aa4]::panicking::panic_handler::{closure#0}
[INFO] [stdout]    8:     0x5620694e6b29 - std[70759c8f55707aa4]::sys::backtrace::__rust_end_short_backtrace::<std[70759c8f55707aa4]::panicking::panic_handler::{closure#0}, !>
[INFO] [stdout]    9:     0x5620694ee9cd - __rustc[8fa7c3cbc660c2b3]::rust_begin_unwind
[INFO] [stderr] error: test failed, to rerun pass `--lib`
[INFO] [stdout]   10:     0x562069526c8c - core[df12db4294e9bfd3]::panicking::panic_fmt
[INFO] [stdout]   11:     0x562069526a62 - core[df12db4294e9bfd3]::result::unwrap_failed
[INFO] [stdout]   12:     0x5620694a3b2c - <rusoto_mock[1a9d6f9a77d5744d]::MockResponseReader as rusoto_mock[1a9d6f9a77d5744d]::ReadMockResponse>::read_response
[INFO] [stdout]   13:     0x56206943bfed - rusoto_sns[1b841760616749bc]::generated::protocol_tests::test_parse_valid_sns_confirm_subscription::{closure#0}
[INFO] [stdout]   14:     0x562069441a3d - <tokio[abcbcc4d3da30ef7]::macros::scoped_tls::ScopedKey<tokio[abcbcc4d3da30ef7]::runtime::basic_scheduler::Context>>::set::<tokio[abcbcc4d3da30ef7]::runtime::basic_scheduler::enter<<tokio[abcbcc4d3da30ef7]::runtime::basic_scheduler::BasicScheduler<tokio[abcbcc4d3da30ef7]::park::either::Either<tokio[abcbcc4d3da30ef7]::time::driver::Driver<tokio[abcbcc4d3da30ef7]::park::either::Either<tokio[abcbcc4d3da30ef7]::io::driver::Driver, tokio[abcbcc4d3da30ef7]::park::thread::ParkThread>>, tokio[abcbcc4d3da30ef7]::park::either::Either<tokio[abcbcc4d3da30ef7]::io::driver::Driver, tokio[abcbcc4d3da30ef7]::park::thread::ParkThread>>>>::block_on<rusoto_sns[1b841760616749bc]::generated::protocol_tests::test_parse_valid_sns_confirm_subscription::{closure#0}>::{closure#0}, (), tokio[abcbcc4d3da30ef7]::park::either::Either<tokio[abcbcc4d3da30ef7]::time::driver::Driver<tokio[abcbcc4d3da30ef7]::park::either::Either<tokio[abcbcc4d3da30ef7]::io::driver::Driver, tokio[abcbcc4d3da30ef7]::park::thread::ParkThread>>, tokio[abcbcc4d3da30ef7]::park::either::Either<tokio[abcbcc4d3da30ef7]::io::driver::Driver, tokio[abcbcc4d3da30ef7]::park::thread::ParkThread>>>::{closure#0}, ()>
[INFO] [stdout]   15:     0x562069453216 - tokio[abcbcc4d3da30ef7]::runtime::basic_scheduler::enter::<<tokio[abcbcc4d3da30ef7]::runtime::basic_scheduler::BasicScheduler<tokio[abcbcc4d3da30ef7]::park::either::Either<tokio[abcbcc4d3da30ef7]::time::driver::Driver<tokio[abcbcc4d3da30ef7]::park::either::Either<tokio[abcbcc4d3da30ef7]::io::driver::Driver, tokio[abcbcc4d3da30ef7]::park::thread::ParkThread>>, tokio[abcbcc4d3da30ef7]::park::either::Either<tokio[abcbcc4d3da30ef7]::io::driver::Driver, tokio[abcbcc4d3da30ef7]::park::thread::ParkThread>>>>::block_on<rusoto_sns[1b841760616749bc]::generated::protocol_tests::test_parse_valid_sns_confirm_subscription::{closure#0}>::{closure#0}, (), tokio[abcbcc4d3da30ef7]::park::either::Either<tokio[abcbcc4d3da30ef7]::time::driver::Driver<tokio[abcbcc4d3da30ef7]::park::either::Either<tokio[abcbcc4d3da30ef7]::io::driver::Driver, tokio[abcbcc4d3da30ef7]::park::thread::ParkThread>>, tokio[abcbcc4d3da30ef7]::park::either::Either<tokio[abcbcc4d3da30ef7]::io::driver::Driver, tokio[abcbcc4d3da30ef7]::park::thread::ParkThread>>>
[INFO] [stdout]   16:     0x562069454c31 - tokio[abcbcc4d3da30ef7]::runtime::context::enter::<<tokio[abcbcc4d3da30ef7]::runtime::Runtime>::block_on<rusoto_sns[1b841760616749bc]::generated::protocol_tests::test_parse_valid_sns_confirm_subscription::{closure#0}>::{closure#0}, ()>
[INFO] [stdout]   17:     0x56206945b41a - <rusoto_sns[1b841760616749bc]::generated::protocol_tests::test_parse_valid_sns_confirm_subscription::{closure#0} as core[df12db4294e9bfd3]::ops::function::FnOnce<()>>::call_once
[INFO] [stdout]   18:     0x56206946088b - test[9d35eded1c95d3be]::__rust_begin_short_backtrace::<core[df12db4294e9bfd3]::result::Result<(), alloc[2182bb758b4b3781]::string::String>, fn() -> core[df12db4294e9bfd3]::result::Result<(), alloc[2182bb758b4b3781]::string::String>>
[INFO] [stdout]   19:     0x56206946def5 - test[9d35eded1c95d3be]::run_test::{closure#0}
[INFO] [stdout]   20:     0x5620694677b4 - std[70759c8f55707aa4]::sys::backtrace::__rust_begin_short_backtrace::<test[9d35eded1c95d3be]::run_test::{closure#1}, ()>
[INFO] [stdout]   21:     0x562069471052 - <std[70759c8f55707aa4]::thread::lifecycle::spawn_unchecked<test[9d35eded1c95d3be]::run_test::{closure#1}, ()>::{closure#1} as core[df12db4294e9bfd3]::ops::function::FnOnce<()>>::call_once::{shim:vtable#0}
[INFO] [stdout]   22:     0x562069511379 - <std[70759c8f55707aa4]::sys::thread::unix::Thread>::new::thread_start
[INFO] [stdout]   23:     0x77dbfeda0dfa - <unknown>
[INFO] [stdout]   24:     0x77dbfee343d4 - clone
[INFO] [stdout]   25:                0x0 - <unknown>
[INFO] [stdout] 
[INFO] [stdout] ---- generated::protocol_tests::test_parse_error_sns_delete_topic stdout ----
[INFO] [stdout] 
[INFO] [stdout] thread 'generated::protocol_tests::test_parse_error_sns_delete_topic' (1428) panicked at /opt/rustwide/cargo-home/registry/src/index.crates.io-1949cf8c6b5b557f/mz_rusoto_mock-0.46.0/src/lib.rs:175:53:
[INFO] [stdout] couldn't find file: Os { code: 2, kind: NotFound, message: "No such file or directory" }
[INFO] [stdout] stack backtrace:
[INFO] [stdout]    0:     0x562069511aa1 - <<std[70759c8f55707aa4]::sys::backtrace::BacktraceLock>::print::DisplayBacktrace as core[df12db4294e9bfd3]::fmt::Display>::fmt
[INFO] [stdout]    1:     0x56206952652a - core[df12db4294e9bfd3]::fmt::write
[INFO] [stdout]    2:     0x56206951607c - <alloc[2182bb758b4b3781]::vec::Vec<u8> as core[df12db4294e9bfd3]::io::write::Write>::write_fmt
[INFO] [stdout]    3:     0x5620694edd26 - std[70759c8f55707aa4]::panicking::default_hook::{closure#0}
[INFO] [stdout]    4:     0x56206950a159 - std[70759c8f55707aa4]::panicking::default_hook
[INFO] [stdout]    5:     0x56206946d5a0 - test[9d35eded1c95d3be]::test_main_inner::<test[9d35eded1c95d3be]::test_main_static::{closure#0}>::{closure#0}
[INFO] [stdout]    6:     0x56206950a312 - std[70759c8f55707aa4]::panicking::panic_with_hook
[INFO] [stdout]    7:     0x5620694eddd2 - std[70759c8f55707aa4]::panicking::panic_handler::{closure#0}
[INFO] [stdout]    8:     0x5620694e6b29 - std[70759c8f55707aa4]::sys::backtrace::__rust_end_short_backtrace::<std[70759c8f55707aa4]::panicking::panic_handler::{closure#0}, !>
[INFO] [stdout]    9:     0x5620694ee9cd - __rustc[8fa7c3cbc660c2b3]::rust_begin_unwind
[INFO] [stdout]   10:     0x562069526c8c - core[df12db4294e9bfd3]::panicking::panic_fmt
[INFO] [stdout]   11:     0x562069526a62 - core[df12db4294e9bfd3]::result::unwrap_failed
[INFO] [stdout]   12:     0x5620694a3b2c - <rusoto_mock[1a9d6f9a77d5744d]::MockResponseReader as rusoto_mock[1a9d6f9a77d5744d]::ReadMockResponse>::read_response
[INFO] [stdout]   13:     0x56206943b15d - rusoto_sns[1b841760616749bc]::generated::protocol_tests::test_parse_error_sns_delete_topic::{closure#0}
[INFO] [stdout]   14:     0x56206944073d - <tokio[abcbcc4d3da30ef7]::macros::scoped_tls::ScopedKey<tokio[abcbcc4d3da30ef7]::runtime::basic_scheduler::Context>>::set::<tokio[abcbcc4d3da30ef7]::runtime::basic_scheduler::enter<<tokio[abcbcc4d3da30ef7]::runtime::basic_scheduler::BasicScheduler<tokio[abcbcc4d3da30ef7]::park::either::Either<tokio[abcbcc4d3da30ef7]::time::driver::Driver<tokio[abcbcc4d3da30ef7]::park::either::Either<tokio[abcbcc4d3da30ef7]::io::driver::Driver, tokio[abcbcc4d3da30ef7]::park::thread::ParkThread>>, tokio[abcbcc4d3da30ef7]::park::either::Either<tokio[abcbcc4d3da30ef7]::io::driver::Driver, tokio[abcbcc4d3da30ef7]::park::thread::ParkThread>>>>::block_on<rusoto_sns[1b841760616749bc]::generated::protocol_tests::test_parse_error_sns_delete_topic::{closure#0}>::{closure#0}, (), tokio[abcbcc4d3da30ef7]::park::either::Either<tokio[abcbcc4d3da30ef7]::time::driver::Driver<tokio[abcbcc4d3da30ef7]::park::either::Either<tokio[abcbcc4d3da30ef7]::io::driver::Driver, tokio[abcbcc4d3da30ef7]::park::thread::ParkThread>>, tokio[abcbcc4d3da30ef7]::park::either::Either<tokio[abcbcc4d3da30ef7]::io::driver::Driver, tokio[abcbcc4d3da30ef7]::park::thread::ParkThread>>>::{closure#0}, ()>
[INFO] [stdout]   15:     0x562069452d16 - tokio[abcbcc4d3da30ef7]::runtime::basic_scheduler::enter::<<tokio[abcbcc4d3da30ef7]::runtime::basic_scheduler::BasicScheduler<tokio[abcbcc4d3da30ef7]::park::either::Either<tokio[abcbcc4d3da30ef7]::time::driver::Driver<tokio[abcbcc4d3da30ef7]::park::either::Either<tokio[abcbcc4d3da30ef7]::io::driver::Driver, tokio[abcbcc4d3da30ef7]::park::thread::ParkThread>>, tokio[abcbcc4d3da30ef7]::park::either::Either<tokio[abcbcc4d3da30ef7]::io::driver::Driver, tokio[abcbcc4d3da30ef7]::park::thread::ParkThread>>>>::block_on<rusoto_sns[1b841760616749bc]::generated::protocol_tests::test_parse_error_sns_delete_topic::{closure#0}>::{closure#0}, (), tokio[abcbcc4d3da30ef7]::park::either::Either<tokio[abcbcc4d3da30ef7]::time::driver::Driver<tokio[abcbcc4d3da30ef7]::park::either::Either<tokio[abcbcc4d3da30ef7]::io::driver::Driver, tokio[abcbcc4d3da30ef7]::park::thread::ParkThread>>, tokio[abcbcc4d3da30ef7]::park::either::Either<tokio[abcbcc4d3da30ef7]::io::driver::Driver, tokio[abcbcc4d3da30ef7]::park::thread::ParkThread>>>
[INFO] [stdout]   16:     0x562069454771 - tokio[abcbcc4d3da30ef7]::runtime::context::enter::<<tokio[abcbcc4d3da30ef7]::runtime::Runtime>::block_on<rusoto_sns[1b841760616749bc]::generated::protocol_tests::test_parse_error_sns_delete_topic::{closure#0}>::{closure#0}, ()>
[INFO] [stdout]   17:     0x56206945acda - <rusoto_sns[1b841760616749bc]::generated::protocol_tests::test_parse_error_sns_delete_topic::{closure#0} as core[df12db4294e9bfd3]::ops::function::FnOnce<()>>::call_once
[INFO] [stdout]   18:     0x56206946088b - test[9d35eded1c95d3be]::__rust_begin_short_backtrace::<core[df12db4294e9bfd3]::result::Result<(), alloc[2182bb758b4b3781]::string::String>, fn() -> core[df12db4294e9bfd3]::result::Result<(), alloc[2182bb758b4b3781]::string::String>>
[INFO] [stdout]   19:     0x56206946def5 - test[9d35eded1c95d3be]::run_test::{closure#0}
[INFO] [stdout]   20:     0x5620694677b4 - std[70759c8f55707aa4]::sys::backtrace::__rust_begin_short_backtrace::<test[9d35eded1c95d3be]::run_test::{closure#1}, ()>
[INFO] [stdout]   21:     0x562069471052 - <std[70759c8f55707aa4]::thread::lifecycle::spawn_unchecked<test[9d35eded1c95d3be]::run_test::{closure#1}, ()>::{closure#1} as core[df12db4294e9bfd3]::ops::function::FnOnce<()>>::call_once::{shim:vtable#0}
[INFO] [stdout]   22:     0x562069511379 - <std[70759c8f55707aa4]::sys::thread::unix::Thread>::new::thread_start
[INFO] [stdout]   23:     0x77dbfeda0dfa - <unknown>
[INFO] [stdout]   24:     0x77dbfee343d4 - clone
[INFO] [stdout]   25:                0x0 - <unknown>
[INFO] [stdout] 
[INFO] [stdout] ---- generated::protocol_tests::test_parse_valid_sns_create_topic stdout ----
[INFO] [stdout] 
[INFO] [stdout] thread 'generated::protocol_tests::test_parse_valid_sns_create_topic' (1431) panicked at /opt/rustwide/cargo-home/registry/src/index.crates.io-1949cf8c6b5b557f/mz_rusoto_mock-0.46.0/src/lib.rs:175:53:
[INFO] [stdout] couldn't find file: Os { code: 2, kind: NotFound, message: "No such file or directory" }
[INFO] [stdout] stack backtrace:
[INFO] [stdout]    0:     0x562069511aa1 - <<std[70759c8f55707aa4]::sys::backtrace::BacktraceLock>::print::DisplayBacktrace as core[df12db4294e9bfd3]::fmt::Display>::fmt
[INFO] [stdout]    1:     0x56206952652a - core[df12db4294e9bfd3]::fmt::write
[INFO] [stdout]    2:     0x56206951607c - <alloc[2182bb758b4b3781]::vec::Vec<u8> as core[df12db4294e9bfd3]::io::write::Write>::write_fmt
[INFO] [stdout]    3:     0x5620694edd26 - std[70759c8f55707aa4]::panicking::default_hook::{closure#0}
[INFO] [stdout]    4:     0x56206950a159 - std[70759c8f55707aa4]::panicking::default_hook
[INFO] [stdout]    5:     0x56206946d5a0 - test[9d35eded1c95d3be]::test_main_inner::<test[9d35eded1c95d3be]::test_main_static::{closure#0}>::{closure#0}
[INFO] [stdout]    6:     0x56206950a312 - std[70759c8f55707aa4]::panicking::panic_with_hook
[INFO] [stdout]    7:     0x5620694eddd2 - std[70759c8f55707aa4]::panicking::panic_handler::{closure#0}
[INFO] [stdout]    8:     0x5620694e6b29 - std[70759c8f55707aa4]::sys::backtrace::__rust_end_short_backtrace::<std[70759c8f55707aa4]::panicking::panic_handler::{closure#0}, !>
[INFO] [stdout]    9:     0x5620694ee9cd - __rustc[8fa7c3cbc660c2b3]::rust_begin_unwind
[INFO] [stdout]   10:     0x562069526c8c - core[df12db4294e9bfd3]::panicking::panic_fmt
[INFO] [stdout]   11:     0x562069526a62 - core[df12db4294e9bfd3]::result::unwrap_failed
[INFO] [stdout]   12:     0x5620694a3b2c - <rusoto_mock[1a9d6f9a77d5744d]::MockResponseReader as rusoto_mock[1a9d6f9a77d5744d]::ReadMockResponse>::read_response
[INFO] [stdout]   13:     0x56206943b4ed - rusoto_sns[1b841760616749bc]::generated::protocol_tests::test_parse_valid_sns_create_topic::{closure#0}
[INFO] [stdout]   14:     0x562069440bfd - <tokio[abcbcc4d3da30ef7]::macros::scoped_tls::ScopedKey<tokio[abcbcc4d3da30ef7]::runtime::basic_scheduler::Context>>::set::<tokio[abcbcc4d3da30ef7]::runtime::basic_scheduler::enter<<tokio[abcbcc4d3da30ef7]::runtime::basic_scheduler::BasicScheduler<tokio[abcbcc4d3da30ef7]::park::either::Either<tokio[abcbcc4d3da30ef7]::time::driver::Driver<tokio[abcbcc4d3da30ef7]::park::either::Either<tokio[abcbcc4d3da30ef7]::io::driver::Driver, tokio[abcbcc4d3da30ef7]::park::thread::ParkThread>>, tokio[abcbcc4d3da30ef7]::park::either::Either<tokio[abcbcc4d3da30ef7]::io::driver::Driver, tokio[abcbcc4d3da30ef7]::park::thread::ParkThread>>>>::block_on<rusoto_sns[1b841760616749bc]::generated::protocol_tests::test_parse_valid_sns_create_topic::{closure#0}>::{closure#0}, (), tokio[abcbcc4d3da30ef7]::park::either::Either<tokio[abcbcc4d3da30ef7]::time::driver::Driver<tokio[abcbcc4d3da30ef7]::park::either::Either<tokio[abcbcc4d3da30ef7]::io::driver::Driver, tokio[abcbcc4d3da30ef7]::park::thread::ParkThread>>, tokio[abcbcc4d3da30ef7]::park::either::Either<tokio[abcbcc4d3da30ef7]::io::driver::Driver, tokio[abcbcc4d3da30ef7]::park::thread::ParkThread>>>::{closure#0}, ()>
[INFO] [stdout]   15:     0x562069452e56 - tokio[abcbcc4d3da30ef7]::runtime::basic_scheduler::enter::<<tokio[abcbcc4d3da30ef7]::runtime::basic_scheduler::BasicScheduler<tokio[abcbcc4d3da30ef7]::park::either::Either<tokio[abcbcc4d3da30ef7]::time::driver::Driver<tokio[abcbcc4d3da30ef7]::park::either::Either<tokio[abcbcc4d3da30ef7]::io::driver::Driver, tokio[abcbcc4d3da30ef7]::park::thread::ParkThread>>, tokio[abcbcc4d3da30ef7]::park::either::Either<tokio[abcbcc4d3da30ef7]::io::driver::Driver, tokio[abcbcc4d3da30ef7]::park::thread::ParkThread>>>>::block_on<rusoto_sns[1b841760616749bc]::generated::protocol_tests::test_parse_valid_sns_create_topic::{closure#0}>::{closure#0}, (), tokio[abcbcc4d3da30ef7]::park::either::Either<tokio[abcbcc4d3da30ef7]::time::driver::Driver<tokio[abcbcc4d3da30ef7]::park::either::Either<tokio[abcbcc4d3da30ef7]::io::driver::Driver, tokio[abcbcc4d3da30ef7]::park::thread::ParkThread>>, tokio[abcbcc4d3da30ef7]::park::either::Either<tokio[abcbcc4d3da30ef7]::io::driver::Driver, tokio[abcbcc4d3da30ef7]::park::thread::ParkThread>>>
[INFO] [stdout]   16:     0x5620694548a1 - tokio[abcbcc4d3da30ef7]::runtime::context::enter::<<tokio[abcbcc4d3da30ef7]::runtime::Runtime>::block_on<rusoto_sns[1b841760616749bc]::generated::protocol_tests::test_parse_valid_sns_create_topic::{closure#0}>::{closure#0}, ()>
[INFO] [stdout]   17:     0x56206945aeaa - <rusoto_sns[1b841760616749bc]::generated::protocol_tests::test_parse_valid_sns_create_topic::{closure#0} as core[df12db4294e9bfd3]::ops::function::FnOnce<()>>::call_once
[INFO] [stdout]   18:     0x56206946088b - test[9d35eded1c95d3be]::__rust_begin_short_backtrace::<core[df12db4294e9bfd3]::result::Result<(), alloc[2182bb758b4b3781]::string::String>, fn() -> core[df12db4294e9bfd3]::result::Result<(), alloc[2182bb758b4b3781]::string::String>>
[INFO] [stdout]   19:     0x56206946def5 - test[9d35eded1c95d3be]::run_test::{closure#0}
[INFO] [stdout]   20:     0x5620694677b4 - std[70759c8f55707aa4]::sys::backtrace::__rust_begin_short_backtrace::<test[9d35eded1c95d3be]::run_test::{closure#1}, ()>
[INFO] [stdout]   21:     0x562069471052 - <std[70759c8f55707aa4]::thread::lifecycle::spawn_unchecked<test[9d35eded1c95d3be]::run_test::{closure#1}, ()>::{closure#1} as core[df12db4294e9bfd3]::ops::function::FnOnce<()>>::call_once::{shim:vtable#0}
[INFO] [stdout]   22:     0x562069511379 - <std[70759c8f55707aa4]::sys::thread::unix::Thread>::new::thread_start
[INFO] [stdout]   23:     0x77dbfeda0dfa - <unknown>
[INFO] [stdout]   24:     0x77dbfee343d4 - clone
[INFO] [stdout]   25:                0x0 - <unknown>
[INFO] [stdout] 
[INFO] [stdout] ---- generated::protocol_tests::test_parse_valid_sns_get_subscription_attributes stdout ----
[INFO] [stdout] 
[INFO] [stdout] thread 'generated::protocol_tests::test_parse_valid_sns_get_subscription_attributes' (1432) panicked at /opt/rustwide/cargo-home/registry/src/index.crates.io-1949cf8c6b5b557f/mz_rusoto_mock-0.46.0/src/lib.rs:175:53:
[INFO] [stdout] couldn't find file: Os { code: 2, kind: NotFound, message: "No such file or directory" }
[INFO] [stdout] stack backtrace:
[INFO] [stdout]    0:     0x562069511aa1 - <<std[70759c8f55707aa4]::sys::backtrace::BacktraceLock>::print::DisplayBacktrace as core[df12db4294e9bfd3]::fmt::Display>::fmt
[INFO] [stdout]    1:     0x56206952652a - core[df12db4294e9bfd3]::fmt::write
[INFO] [stdout]    2:     0x56206951607c - <alloc[2182bb758b4b3781]::vec::Vec<u8> as core[df12db4294e9bfd3]::io::write::Write>::write_fmt
[INFO] [stdout]    3:     0x5620694edd26 - std[70759c8f55707aa4]::panicking::default_hook::{closure#0}
[INFO] [stdout]    4:     0x56206950a159 - std[70759c8f55707aa4]::panicking::default_hook
[INFO] [stdout]    5:     0x56206946d5a0 - test[9d35eded1c95d3be]::test_main_inner::<test[9d35eded1c95d3be]::test_main_static::{closure#0}>::{closure#0}
[INFO] [stdout]    6:     0x56206950a312 - std[70759c8f55707aa4]::panicking::panic_with_hook
[INFO] [stdout]    7:     0x5620694eddd2 - std[70759c8f55707aa4]::panicking::panic_handler::{closure#0}
[INFO] [stdout]    8:     0x5620694e6b29 - std[70759c8f55707aa4]::sys::backtrace::__rust_end_short_backtrace::<std[70759c8f55707aa4]::panicking::panic_handler::{closure#0}, !>
[INFO] [stdout]    9:     0x5620694ee9cd - __rustc[8fa7c3cbc660c2b3]::rust_begin_unwind
[INFO] [stdout]   10:     0x562069526c8c - core[df12db4294e9bfd3]::panicking::panic_fmt
[INFO] [stdout]   11:     0x562069526a62 - core[df12db4294e9bfd3]::result::unwrap_failed
[INFO] [stdout]   12:     0x5620694a3b2c - <rusoto_mock[1a9d6f9a77d5744d]::MockResponseReader as rusoto_mock[1a9d6f9a77d5744d]::ReadMockResponse>::read_response
[INFO] [stdout]   13:     0x56206943c72d - rusoto_sns[1b841760616749bc]::generated::protocol_tests::test_parse_valid_sns_get_subscription_attributes::{closure#0}
[INFO] [stdout]   14:     0x5620694423bd - <tokio[abcbcc4d3da30ef7]::macros::scoped_tls::ScopedKey<tokio[abcbcc4d3da30ef7]::runtime::basic_scheduler::Context>>::set::<tokio[abcbcc4d3da30ef7]::runtime::basic_scheduler::enter<<tokio[abcbcc4d3da30ef7]::runtime::basic_scheduler::BasicScheduler<tokio[abcbcc4d3da30ef7]::park::either::Either<tokio[abcbcc4d3da30ef7]::time::driver::Driver<tokio[abcbcc4d3da30ef7]::park::either::Either<tokio[abcbcc4d3da30ef7]::io::driver::Driver, tokio[abcbcc4d3da30ef7]::park::thread::ParkThread>>, tokio[abcbcc4d3da30ef7]::park::either::Either<tokio[abcbcc4d3da30ef7]::io::driver::Driver, tokio[abcbcc4d3da30ef7]::park::thread::ParkThread>>>>::block_on<rusoto_sns[1b841760616749bc]::generated::protocol_tests::test_parse_valid_sns_get_subscription_attributes::{closure#0}>::{closure#0}, (), tokio[abcbcc4d3da30ef7]::park::either::Either<tokio[abcbcc4d3da30ef7]::time::driver::Driver<tokio[abcbcc4d3da30ef7]::park::either::Either<tokio[abcbcc4d3da30ef7]::io::driver::Driver, tokio[abcbcc4d3da30ef7]::park::thread::ParkThread>>, tokio[abcbcc4d3da30ef7]::park::either::Either<tokio[abcbcc4d3da30ef7]::io::driver::Driver, tokio[abcbcc4d3da30ef7]::park::thread::ParkThread>>>::{closure#0}, ()>
[INFO] [stdout]   15:     0x562069453496 - tokio[abcbcc4d3da30ef7]::runtime::basic_scheduler::enter::<<tokio[abcbcc4d3da30ef7]::runtime::basic_scheduler::BasicScheduler<tokio[abcbcc4d3da30ef7]::park::either::Either<tokio[abcbcc4d3da30ef7]::time::driver::Driver<tokio[abcbcc4d3da30ef7]::park::either::Either<tokio[abcbcc4d3da30ef7]::io::driver::Driver, tokio[abcbcc4d3da30ef7]::park::thread::ParkThread>>, tokio[abcbcc4d3da30ef7]::park::either::Either<tokio[abcbcc4d3da30ef7]::io::driver::Driver, tokio[abcbcc4d3da30ef7]::park::thread::ParkThread>>>>::block_on<rusoto_sns[1b841760616749bc]::generated::protocol_tests::test_parse_valid_sns_get_subscription_attributes::{closure#0}>::{closure#0}, (), tokio[abcbcc4d3da30ef7]::park::either::Either<tokio[abcbcc4d3da30ef7]::time::driver::Driver<tokio[abcbcc4d3da30ef7]::park::either::Either<tokio[abcbcc4d3da30ef7]::io::driver::Driver, tokio[abcbcc4d3da30ef7]::park::thread::ParkThread>>, tokio[abcbcc4d3da30ef7]::park::either::Either<tokio[abcbcc4d3da30ef7]::io::driver::Driver, tokio[abcbcc4d3da30ef7]::park::thread::ParkThread>>>
[INFO] [stdout]   16:     0x562069454e91 - tokio[abcbcc4d3da30ef7]::runtime::context::enter::<<tokio[abcbcc4d3da30ef7]::runtime::Runtime>::block_on<rusoto_sns[1b841760616749bc]::generated::protocol_tests::test_parse_valid_sns_get_subscription_attributes::{closure#0}>::{closure#0}, ()>
[INFO] [stdout]   17:     0x56206945b7ba - <rusoto_sns[1b841760616749bc]::generated::protocol_tests::test_parse_valid_sns_get_subscription_attributes::{closure#0} as core[df12db4294e9bfd3]::ops::function::FnOnce<()>>::call_once
[INFO] [stdout]   18:     0x56206946088b - test[9d35eded1c95d3be]::__rust_begin_short_backtrace::<core[df12db4294e9bfd3]::result::Result<(), alloc[2182bb758b4b3781]::string::String>, fn() -> core[df12db4294e9bfd3]::result::Result<(), alloc[2182bb758b4b3781]::string::String>>
[INFO] [stdout]   19:     0x56206946def5 - test[9d35eded1c95d3be]::run_test::{closure#0}
[INFO] [stdout]   20:     0x5620694677b4 - std[70759c8f55707aa4]::sys::backtrace::__rust_begin_short_backtrace::<test[9d35eded1c95d3be]::run_test::{closure#1}, ()>
[INFO] [stdout]   21:     0x562069471052 - <std[70759c8f55707aa4]::thread::lifecycle::spawn_unchecked<test[9d35eded1c95d3be]::run_test::{closure#1}, ()>::{closure#1} as core[df12db4294e9bfd3]::ops::function::FnOnce<()>>::call_once::{shim:vtable#0}
[INFO] [stdout]   22:     0x562069511379 - <std[70759c8f55707aa4]::sys::thread::unix::Thread>::new::thread_start
[INFO] [stdout]   23:     0x77dbfeda0dfa - <unknown>
[INFO] [stdout]   24:     0x77dbfee343d4 - clone
[INFO] [stdout]   25:                0x0 - <unknown>
[INFO] [stdout] 
[INFO] [stdout] ---- generated::protocol_tests::test_parse_valid_sns_get_topic_attributes stdout ----
[INFO] [stdout] 
[INFO] [stdout] thread 'generated::protocol_tests::test_parse_valid_sns_get_topic_attributes' (1433) panicked at /opt/rustwide/cargo-home/registry/src/index.crates.io-1949cf8c6b5b557f/mz_rusoto_mock-0.46.0/src/lib.rs:175:53:
[INFO] [stdout] couldn't find file: Os { code: 2, kind: NotFound, message: "No such file or directory" }
[INFO] [stdout] stack backtrace:
[INFO] [stdout]    0:     0x562069511aa1 - <<std[70759c8f55707aa4]::sys::backtrace::BacktraceLock>::print::DisplayBacktrace as core[df12db4294e9bfd3]::fmt::Display>::fmt
[INFO] [stdout]    1:     0x56206952652a - core[df12db4294e9bfd3]::fmt::write
[INFO] [stdout]    2:     0x56206951607c - <alloc[2182bb758b4b3781]::vec::Vec<u8> as core[df12db4294e9bfd3]::io::write::Write>::write_fmt
[INFO] [stdout]    3:     0x5620694edd26 - std[70759c8f55707aa4]::panicking::default_hook::{closure#0}
[INFO] [stdout]    4:     0x56206950a159 - std[70759c8f55707aa4]::panicking::default_hook
[INFO] [stdout]    5:     0x56206946d5a0 - test[9d35eded1c95d3be]::test_main_inner::<test[9d35eded1c95d3be]::test_main_static::{closure#0}>::{closure#0}
[INFO] [stdout]    6:     0x56206950a312 - std[70759c8f55707aa4]::panicking::panic_with_hook
[INFO] [stdout]    7:     0x5620694eddd2 - std[70759c8f55707aa4]::panicking::panic_handler::{closure#0}
[INFO] [stdout]    8:     0x5620694e6b29 - std[70759c8f55707aa4]::sys::backtrace::__rust_end_short_backtrace::<std[70759c8f55707aa4]::panicking::panic_handler::{closure#0}, !>
[INFO] [stdout]    9:     0x5620694ee9cd - __rustc[8fa7c3cbc660c2b3]::rust_begin_unwind
[INFO] [stdout]   10:     0x562069526c8c - core[df12db4294e9bfd3]::panicking::panic_fmt
[INFO] [stdout]   11:     0x562069526a62 - core[df12db4294e9bfd3]::result::unwrap_failed
[INFO] [stdout]   12:     0x5620694a3b2c - <rusoto_mock[1a9d6f9a77d5744d]::MockResponseReader as rusoto_mock[1a9d6f9a77d5744d]::ReadMockResponse>::read_response
[INFO] [stdout]   13:     0x56206943c39d - rusoto_sns[1b841760616749bc]::generated::protocol_tests::test_parse_valid_sns_get_topic_attributes::{closure#0}
[INFO] [stdout]   14:     0x562069441efd - <tokio[abcbcc4d3da30ef7]::macros::scoped_tls::ScopedKey<tokio[abcbcc4d3da30ef7]::runtime::basic_scheduler::Context>>::set::<tokio[abcbcc4d3da30ef7]::runtime::basic_scheduler::enter<<tokio[abcbcc4d3da30ef7]::runtime::basic_scheduler::BasicScheduler<tokio[abcbcc4d3da30ef7]::park::either::Either<tokio[abcbcc4d3da30ef7]::time::driver::Driver<tokio[abcbcc4d3da30ef7]::park::either::Either<tokio[abcbcc4d3da30ef7]::io::driver::Driver, tokio[abcbcc4d3da30ef7]::park::thread::ParkThread>>, tokio[abcbcc4d3da30ef7]::park::either::Either<tokio[abcbcc4d3da30ef7]::io::driver::Driver, tokio[abcbcc4d3da30ef7]::park::thread::ParkThread>>>>::block_on<rusoto_sns[1b841760616749bc]::generated::protocol_tests::test_parse_valid_sns_get_topic_attributes::{closure#0}>::{closure#0}, (), tokio[abcbcc4d3da30ef7]::park::either::Either<tokio[abcbcc4d3da30ef7]::time::driver::Driver<tokio[abcbcc4d3da30ef7]::park::either::Either<tokio[abcbcc4d3da30ef7]::io::driver::Driver, tokio[abcbcc4d3da30ef7]::park::thread::ParkThread>>, tokio[abcbcc4d3da30ef7]::park::either::Either<tokio[abcbcc4d3da30ef7]::io::driver::Driver, tokio[abcbcc4d3da30ef7]::park::thread::ParkThread>>>::{closure#0}, ()>
[INFO] [stdout]   15:     0x562069453356 - tokio[abcbcc4d3da30ef7]::runtime::basic_scheduler::enter::<<tokio[abcbcc4d3da30ef7]::runtime::basic_scheduler::BasicScheduler<tokio[abcbcc4d3da30ef7]::park::either::Either<tokio[abcbcc4d3da30ef7]::time::driver::Driver<tokio[abcbcc4d3da30ef7]::park::either::Either<tokio[abcbcc4d3da30ef7]::io::driver::Driver, tokio[abcbcc4d3da30ef7]::park::thread::ParkThread>>, tokio[abcbcc4d3da30ef7]::park::either::Either<tokio[abcbcc4d3da30ef7]::io::driver::Driver, tokio[abcbcc4d3da30ef7]::park::thread::ParkThread>>>>::block_on<rusoto_sns[1b841760616749bc]::generated::protocol_tests::test_parse_valid_sns_get_topic_attributes::{closure#0}>::{closure#0}, (), tokio[abcbcc4d3da30ef7]::park::either::Either<tokio[abcbcc4d3da30ef7]::time::driver::Driver<tokio[abcbcc4d3da30ef7]::park::either::Either<tokio[abcbcc4d3da30ef7]::io::driver::Driver, tokio[abcbcc4d3da30ef7]::park::thread::ParkThread>>, tokio[abcbcc4d3da30ef7]::park::either::Either<tokio[abcbcc4d3da30ef7]::io::driver::Driver, tokio[abcbcc4d3da30ef7]::park::thread::ParkThread>>>
[INFO] [stdout]   16:     0x562069454d61 - tokio[abcbcc4d3da30ef7]::runtime::context::enter::<<tokio[abcbcc4d3da30ef7]::runtime::Runtime>::block_on<rusoto_sns[1b841760616749bc]::generated::protocol_tests::test_parse_valid_sns_get_topic_attributes::{closure#0}>::{closure#0}, ()>
[INFO] [stdout]   17:     0x56206945b5ea - <rusoto_sns[1b841760616749bc]::generated::protocol_tests::test_parse_valid_sns_get_topic_attributes::{closure#0} as core[df12db4294e9bfd3]::ops::function::FnOnce<()>>::call_once
[INFO] [stdout]   18:     0x56206946088b - test[9d35eded1c95d3be]::__rust_begin_short_backtrace::<core[df12db4294e9bfd3]::result::Result<(), alloc[2182bb758b4b3781]::string::String>, fn() -> core[df12db4294e9bfd3]::result::Result<(), alloc[2182bb758b4b3781]::string::String>>
[INFO] [stdout]   19:     0x56206946def5 - test[9d35eded1c95d3be]::run_test::{closure#0}
[INFO] [stdout]   20:     0x5620694677b4 - std[70759c8f55707aa4]::sys::backtrace::__rust_begin_short_backtrace::<test[9d35eded1c95d3be]::run_test::{closure#1}, ()>
[INFO] [stdout]   21:     0x562069471052 - <std[70759c8f55707aa4]::thread::lifecycle::spawn_unchecked<test[9d35eded1c95d3be]::run_test::{closure#1}, ()>::{closure#1} as core[df12db4294e9bfd3]::ops::function::FnOnce<()>>::call_once::{shim:vtable#0}
[INFO] [stdout]   22:     0x562069511379 - <std[70759c8f55707aa4]::sys::thread::unix::Thread>::new::thread_start
[INFO] [stdout]   23:     0x77dbfeda0dfa - <unknown>
[INFO] [stdout]   24:     0x77dbfee343d4 - clone
[INFO] [stdout]   25:                0x0 - <unknown>
[INFO] [stdout] 
[INFO] [stdout] ---- generated::protocol_tests::test_parse_valid_sns_list_subscriptions stdout ----
[INFO] [stdout] 
[INFO] [stdout] thread 'generated::protocol_tests::test_parse_valid_sns_list_subscriptions' (1434) panicked at /opt/rustwide/cargo-home/registry/src/index.crates.io-1949cf8c6b5b557f/mz_rusoto_mock-0.46.0/src/lib.rs:175:53:
[INFO] [stdout] couldn't find file: Os { code: 2, kind: NotFound, message: "No such file or directory" }
[INFO] [stdout] stack backtrace:
[INFO] [stdout]    0:     0x562069511aa1 - <<std[70759c8f55707aa4]::sys::backtrace::BacktraceLock>::print::DisplayBacktrace as core[df12db4294e9bfd3]::fmt::Display>::fmt
[INFO] [stdout]    1:     0x56206952652a - core[df12db4294e9bfd3]::fmt::write
[INFO] [stdout]    2:     0x56206951607c - <alloc[2182bb758b4b3781]::vec::Vec<u8> as core[df12db4294e9bfd3]::io::write::Write>::write_fmt
[INFO] [stdout]    3:     0x5620694edd26 - std[70759c8f55707aa4]::panicking::default_hook::{closure#0}
[INFO] [stdout]    4:     0x56206950a159 - std[70759c8f55707aa4]::panicking::default_hook
[INFO] [stdout]    5:     0x56206946d5a0 - test[9d35eded1c95d3be]::test_main_inner::<test[9d35eded1c95d3be]::test_main_static::{closure#0}>::{closure#0}
[INFO] [stdout]    6:     0x56206950a312 - std[70759c8f55707aa4]::panicking::panic_with_hook
[INFO] [stdout]    7:     0x5620694eddd2 - std[70759c8f55707aa4]::panicking::panic_handler::{closure#0}
[INFO] [stdout]    8:     0x5620694e6b29 - std[70759c8f55707aa4]::sys::backtrace::__rust_end_short_backtrace::<std[70759c8f55707aa4]::panicking::panic_handler::{closure#0}, !>
[INFO] [stdout]    9:     0x5620694ee9cd - __rustc[8fa7c3cbc660c2b3]::rust_begin_unwind
[INFO] [stdout]   10:     0x562069526c8c - core[df12db4294e9bfd3]::panicking::panic_fmt
[INFO] [stdout]   11:     0x562069526a62 - core[df12db4294e9bfd3]::result::unwrap_failed
[INFO] [stdout]   12:     0x5620694a3b2c - <rusoto_mock[1a9d6f9a77d5744d]::MockResponseReader as rusoto_mock[1a9d6f9a77d5744d]::ReadMockResponse>::read_response
[INFO] [stdout]   13:     0x56206943bc6d - rusoto_sns[1b841760616749bc]::generated::protocol_tests::test_parse_valid_sns_list_subscriptions::{closure#0}
[INFO] [stdout]   14:     0x56206944157d - <tokio[abcbcc4d3da30ef7]::macros::scoped_tls::ScopedKey<tokio[abcbcc4d3da30ef7]::runtime::basic_scheduler::Context>>::set::<tokio[abcbcc4d3da30ef7]::runtime::basic_scheduler::enter<<tokio[abcbcc4d3da30ef7]::runtime::basic_scheduler::BasicScheduler<tokio[abcbcc4d3da30ef7]::park::either::Either<tokio[abcbcc4d3da30ef7]::time::driver::Driver<tokio[abcbcc4d3da30ef7]::park::either::Either<tokio[abcbcc4d3da30ef7]::io::driver::Driver, tokio[abcbcc4d3da30ef7]::park::thread::ParkThread>>, tokio[abcbcc4d3da30ef7]::park::either::Either<tokio[abcbcc4d3da30ef7]::io::driver::Driver, tokio[abcbcc4d3da30ef7]::park::thread::ParkThread>>>>::block_on<rusoto_sns[1b841760616749bc]::generated::protocol_tests::test_parse_valid_sns_list_subscriptions::{closure#0}>::{closure#0}, (), tokio[abcbcc4d3da30ef7]::park::either::Either<tokio[abcbcc4d3da30ef7]::time::driver::Driver<tokio[abcbcc4d3da30ef7]::park::either::Either<tokio[abcbcc4d3da30ef7]::io::driver::Driver, tokio[abcbcc4d3da30ef7]::park::thread::ParkThread>>, tokio[abcbcc4d3da30ef7]::park::either::Either<tokio[abcbcc4d3da30ef7]::io::driver::Driver, tokio[abcbcc4d3da30ef7]::park::thread::ParkThread>>>::{closure#0}, ()>
[INFO] [stdout]   15:     0x5620694530d6 - tokio[abcbcc4d3da30ef7]::runtime::basic_scheduler::enter::<<tokio[abcbcc4d3da30ef7]::runtime::basic_scheduler::BasicScheduler<tokio[abcbcc4d3da30ef7]::park::either::Either<tokio[abcbcc4d3da30ef7]::time::driver::Driver<tokio[abcbcc4d3da30ef7]::park::either::Either<tokio[abcbcc4d3da30ef7]::io::driver::Driver, tokio[abcbcc4d3da30ef7]::park::thread::ParkThread>>, tokio[abcbcc4d3da30ef7]::park::either::Either<tokio[abcbcc4d3da30ef7]::io::driver::Driver, tokio[abcbcc4d3da30ef7]::park::thread::ParkThread>>>>::block_on<rusoto_sns[1b841760616749bc]::generated::protocol_tests::test_parse_valid_sns_list_subscriptions::{closure#0}>::{closure#0}, (), tokio[abcbcc4d3da30ef7]::park::either::Either<tokio[abcbcc4d3da30ef7]::time::driver::Driver<tokio[abcbcc4d3da30ef7]::park::either::Either<tokio[abcbcc4d3da30ef7]::io::driver::Driver, tokio[abcbcc4d3da30ef7]::park::thread::ParkThread>>, tokio[abcbcc4d3da30ef7]::park::either::Either<tokio[abcbcc4d3da30ef7]::io::driver::Driver, tokio[abcbcc4d3da30ef7]::park::thread::ParkThread>>>
[INFO] [stdout]   16:     0x562069454b01 - tokio[abcbcc4d3da30ef7]::runtime::context::enter::<<tokio[abcbcc4d3da30ef7]::runtime::Runtime>::block_on<rusoto_sns[1b841760616749bc]::generated::protocol_tests::test_parse_valid_sns_list_subscriptions::{closure#0}>::{closure#0}, ()>
[INFO] [stdout]   17:     0x56206945b24a - <rusoto_sns[1b841760616749bc]::generated::protocol_tests::test_parse_valid_sns_list_subscriptions::{closure#0} as core[df12db4294e9bfd3]::ops::function::FnOnce<()>>::call_once
[INFO] [stdout]   18:     0x56206946088b - test[9d35eded1c95d3be]::__rust_begin_short_backtrace::<core[df12db4294e9bfd3]::result::Result<(), alloc[2182bb758b4b3781]::string::String>, fn() -> core[df12db4294e9bfd3]::result::Result<(), alloc[2182bb758b4b3781]::string::String>>
[INFO] [stdout]   19:     0x56206946def5 - test[9d35eded1c95d3be]::run_test::{closure#0}
[INFO] [stdout]   20:     0x5620694677b4 - std[70759c8f55707aa4]::sys::backtrace::__rust_begin_short_backtrace::<test[9d35eded1c95d3be]::run_test::{closure#1}, ()>
[INFO] [stdout]   21:     0x562069471052 - <std[70759c8f55707aa4]::thread::lifecycle::spawn_unchecked<test[9d35eded1c95d3be]::run_test::{closure#1}, ()>::{closure#1} as core[df12db4294e9bfd3]::ops::function::FnOnce<()>>::call_once::{shim:vtable#0}
[INFO] [stdout]   22:     0x562069511379 - <std[70759c8f55707aa4]::sys::thread::unix::Thread>::new::thread_start
[INFO] [stdout]   23:     0x77dbfeda0dfa - <unknown>
[INFO] [stdout]   24:     0x77dbfee343d4 - clone
[INFO] [stdout]   25:                0x0 - <unknown>
[INFO] [stdout] 
[INFO] [stdout] ---- generated::protocol_tests::test_parse_valid_sns_list_subscriptions_by_topic stdout ----
[INFO] [stdout] 
[INFO] [stdout] thread 'generated::protocol_tests::test_parse_valid_sns_list_subscriptions_by_topic' (1435) panicked at /opt/rustwide/cargo-home/registry/src/index.crates.io-1949cf8c6b5b557f/mz_rusoto_mock-0.46.0/src/lib.rs:175:53:
[INFO] [stdout] couldn't find file: Os { code: 2, kind: NotFound, message: "No such file or directory" }
[INFO] [stdout] stack backtrace:
[INFO] [stdout]    0:     0x562069511aa1 - <<std[70759c8f55707aa4]::sys::backtrace::BacktraceLock>::print::DisplayBacktrace as core[df12db4294e9bfd3]::fmt::Display>::fmt
[INFO] [stdout]    1:     0x56206952652a - core[df12db4294e9bfd3]::fmt::write
[INFO] [stdout]    2:     0x56206951607c - <alloc[2182bb758b4b3781]::vec::Vec<u8> as core[df12db4294e9bfd3]::io::write::Write>::write_fmt
[INFO] [stdout]    3:     0x5620694edd26 - std[70759c8f55707aa4]::panicking::default_hook::{closure#0}
[INFO] [stdout]    4:     0x56206950a159 - std[70759c8f55707aa4]::panicking::default_hook
[INFO] [stdout]    5:     0x56206946d5a0 - test[9d35eded1c95d3be]::test_main_inner::<test[9d35eded1c95d3be]::test_main_static::{closure#0}>::{closure#0}
[INFO] [stdout]    6:     0x56206950a312 - std[70759c8f55707aa4]::panicking::panic_with_hook
[INFO] [stdout]    7:     0x5620694eddd2 - std[70759c8f55707aa4]::panicking::panic_handler::{closure#0}
[INFO] [stdout]    8:     0x5620694e6b29 - std[70759c8f55707aa4]::sys::backtrace::__rust_end_short_backtrace::<std[70759c8f55707aa4]::panicking::panic_handler::{closure#0}, !>
[INFO] [stdout]    9:     0x5620694ee9cd - __rustc[8fa7c3cbc660c2b3]::rust_begin_unwind
[INFO] [stdout]   10:     0x562069526c8c - core[df12db4294e9bfd3]::panicking::panic_fmt
[INFO] [stdout]   11:     0x562069526a62 - core[df12db4294e9bfd3]::result::unwrap_failed
[INFO] [stdout]   12:     0x5620694a3b2c - <rusoto_mock[1a9d6f9a77d5744d]::MockResponseReader as rusoto_mock[1a9d6f9a77d5744d]::ReadMockResponse>::read_response
[INFO] [stdout]   13:     0x56206943cacd - rusoto_sns[1b841760616749bc]::generated::protocol_tests::test_parse_valid_sns_list_subscriptions_by_topic::{closure#0}
[INFO] [stdout]   14:     0x56206944287d - <tokio[abcbcc4d3da30ef7]::macros::scoped_tls::ScopedKey<tokio[abcbcc4d3da30ef7]::runtime::basic_scheduler::Context>>::set::<tokio[abcbcc4d3da30ef7]::runtime::basic_scheduler::enter<<tokio[abcbcc4d3da30ef7]::runtime::basic_scheduler::BasicScheduler<tokio[abcbcc4d3da30ef7]::park::either::Either<tokio[abcbcc4d3da30ef7]::time::driver::Driver<tokio[abcbcc4d3da30ef7]::park::either::Either<tokio[abcbcc4d3da30ef7]::io::driver::Driver, tokio[abcbcc4d3da30ef7]::park::thread::ParkThread>>, tokio[abcbcc4d3da30ef7]::park::either::Either<tokio[abcbcc4d3da30ef7]::io::driver::Driver, tokio[abcbcc4d3da30ef7]::park::thread::ParkThread>>>>::block_on<rusoto_sns[1b841760616749bc]::generated::protocol_tests::test_parse_valid_sns_list_subscriptions_by_topic::{closure#0}>::{closure#0}, (), tokio[abcbcc4d3da30ef7]::park::either::Either<tokio[abcbcc4d3da30ef7]::time::driver::Driver<tokio[abcbcc4d3da30ef7]::park::either::Either<tokio[abcbcc4d3da30ef7]::io::driver::Driver, tokio[abcbcc4d3da30ef7]::park::thread::ParkThread>>, tokio[abcbcc4d3da30ef7]::park::either::Either<tokio[abcbcc4d3da30ef7]::io::driver::Driver, tokio[abcbcc4d3da30ef7]::park::thread::ParkThread>>>::{closure#0}, ()>
[INFO] [stdout]   15:     0x5620694535d6 - tokio[abcbcc4d3da30ef7]::runtime::basic_scheduler::enter::<<tokio[abcbcc4d3da30ef7]::runtime::basic_scheduler::BasicScheduler<tokio[abcbcc4d3da30ef7]::park::either::Either<tokio[abcbcc4d3da30ef7]::time::driver::Driver<tokio[abcbcc4d3da30ef7]::park::either::Either<tokio[abcbcc4d3da30ef7]::io::driver::Driver, tokio[abcbcc4d3da30ef7]::park::thread::ParkThread>>, tokio[abcbcc4d3da30ef7]::park::either::Either<tokio[abcbcc4d3da30ef7]::io::driver::Driver, tokio[abcbcc4d3da30ef7]::park::thread::ParkThread>>>>::block_on<rusoto_sns[1b841760616749bc]::generated::protocol_tests::test_parse_valid_sns_list_subscriptions_by_topic::{closure#0}>::{closure#0}, (), tokio[abcbcc4d3da30ef7]::park::either::Either<tokio[abcbcc4d3da30ef7]::time::driver::Driver<tokio[abcbcc4d3da30ef7]::park::either::Either<tokio[abcbcc4d3da30ef7]::io::driver::Driver, tokio[abcbcc4d3da30ef7]::park::thread::ParkThread>>, tokio[abcbcc4d3da30ef7]::park::either::Either<tokio[abcbcc4d3da30ef7]::io::driver::Driver, tokio[abcbcc4d3da30ef7]::park::thread::ParkThread>>>
[INFO] [stdout]   16:     0x562069454fc1 - tokio[abcbcc4d3da30ef7]::runtime::context::enter::<<tokio[abcbcc4d3da30ef7]::runtime::Runtime>::block_on<rusoto_sns[1b841760616749bc]::generated::protocol_tests::test_parse_valid_sns_list_subscriptions_by_topic::{closure#0}>::{closure#0}, ()>
[INFO] [stdout]   17:     0x56206945b98a - <rusoto_sns[1b841760616749bc]::generated::protocol_tests::test_parse_valid_sns_list_subscriptions_by_topic::{closure#0} as core[df12db4294e9bfd3]::ops::function::FnOnce<()>>::call_once
[INFO] [stdout]   18:     0x56206946088b - test[9d35eded1c95d3be]::__rust_begin_short_backtrace::<core[df12db4294e9bfd3]::result::Result<(), alloc[2182bb758b4b3781]::string::String>, fn() -> core[df12db4294e9bfd3]::result::Result<(), alloc[2182bb758b4b3781]::string::String>>
[INFO] [stdout]   19:     0x56206946def5 - test[9d35eded1c95d3be]::run_test::{closure#0}
[INFO] [stdout]   20:     0x5620694677b4 - std[70759c8f55707aa4]::sys::backtrace::__rust_begin_short_backtrace::<test[9d35eded1c95d3be]::run_test::{closure#1}, ()>
[INFO] [stdout]   21:     0x562069471052 - <std[70759c8f55707aa4]::thread::lifecycle::spawn_unchecked<test[9d35eded1c95d3be]::run_test::{closure#1}, ()>::{closure#1} as core[df12db4294e9bfd3]::ops::function::FnOnce<()>>::call_once::{shim:vtable#0}
[INFO] [stdout]   22:     0x562069511379 - <std[70759c8f55707aa4]::sys::thread::unix::Thread>::new::thread_start
[INFO] [stdout]   23:     0x77dbfeda0dfa - <unknown>
[INFO] [stdout]   24:     0x77dbfee343d4 - clone
[INFO] [stdout]   25:                0x0 - <unknown>
[INFO] [stdout] 
[INFO] [stdout] ---- generated::protocol_tests::test_parse_valid_sns_list_topics stdout ----
[INFO] [stdout] 
[INFO] [stdout] thread 'generated::protocol_tests::test_parse_valid_sns_list_topics' (1436) panicked at /opt/rustwide/cargo-home/registry/src/index.crates.io-1949cf8c6b5b557f/mz_rusoto_mock-0.46.0/src/lib.rs:175:53:
[INFO] [stdout] couldn't find file: Os { code: 2, kind: NotFound, message: "No such file or directory" }
[INFO] [stdout] stack backtrace:
[INFO] [stdout]    0:     0x562069511aa1 - <<std[70759c8f55707aa4]::sys::backtrace::BacktraceLock>::print::DisplayBacktrace as core[df12db4294e9bfd3]::fmt::Display>::fmt
[INFO] [stdout]    1:     0x56206952652a - core[df12db4294e9bfd3]::fmt::write
[INFO] [stdout]    2:     0x56206951607c - <alloc[2182bb758b4b3781]::vec::Vec<u8> as core[df12db4294e9bfd3]::io::write::Write>::write_fmt
[INFO] [stdout]    3:     0x5620694edd26 - std[70759c8f55707aa4]::panicking::default_hook::{closure#0}
[INFO] [stdout]    4:     0x56206950a159 - std[70759c8f55707aa4]::panicking::default_hook
[INFO] [stdout]    5:     0x56206946d5a0 - test[9d35eded1c95d3be]::test_main_inner::<test[9d35eded1c95d3be]::test_main_static::{closure#0}>::{closure#0}
[INFO] [stdout]    6:     0x56206950a312 - std[70759c8f55707aa4]::panicking::panic_with_hook
[INFO] [stdout]    7:     0x5620694eddd2 - std[70759c8f55707aa4]::panicking::panic_handler::{closure#0}
[INFO] [stdout]    8:     0x5620694e6b29 - std[70759c8f55707aa4]::sys::backtrace::__rust_end_short_backtrace::<std[70759c8f55707aa4]::panicking::panic_handler::{closure#0}, !>
[INFO] [stdout]    9:     0x5620694ee9cd - __rustc[8fa7c3cbc660c2b3]::rust_begin_unwind
[INFO] [stdout]   10:     0x562069526c8c - core[df12db4294e9bfd3]::panicking::panic_fmt
[INFO] [stdout]   11:     0x562069526a62 - core[df12db4294e9bfd3]::result::unwrap_failed
[INFO] [stdout]   12:     0x5620694a3b2c - <rusoto_mock[1a9d6f9a77d5744d]::MockResponseReader as rusoto_mock[1a9d6f9a77d5744d]::ReadMockResponse>::read_response
[INFO] [stdout]   13:     0x56206943addd - rusoto_sns[1b841760616749bc]::generated::protocol_tests::test_parse_valid_sns_list_topics::{closure#0}
[INFO] [stdout]   14:     0x56206944027d - <tokio[abcbcc4d3da30ef7]::macros::scoped_tls::ScopedKey<tokio[abcbcc4d3da30ef7]::runtime::basic_scheduler::Context>>::set::<tokio[abcbcc4d3da30ef7]::runtime::basic_scheduler::enter<<tokio[abcbcc4d3da30ef7]::runtime::basic_scheduler::BasicScheduler<tokio[abcbcc4d3da30ef7]::park::either::Either<tokio[abcbcc4d3da30ef7]::time::driver::Driver<tokio[abcbcc4d3da30ef7]::park::either::Either<tokio[abcbcc4d3da30ef7]::io::driver::Driver, tokio[abcbcc4d3da30ef7]::park::thread::ParkThread>>, tokio[abcbcc4d3da30ef7]::park::either::Either<tokio[abcbcc4d3da30ef7]::io::driver::Driver, tokio[abcbcc4d3da30ef7]::park::thread::ParkThread>>>>::block_on<rusoto_sns[1b841760616749bc]::generated::protocol_tests::test_parse_valid_sns_list_topics::{closure#0}>::{closure#0}, (), tokio[abcbcc4d3da30ef7]::park::either::Either<tokio[abcbcc4d3da30ef7]::time::driver::Driver<tokio[abcbcc4d3da30ef7]::park::either::Either<tokio[abcbcc4d3da30ef7]::io::driver::Driver, tokio[abcbcc4d3da30ef7]::park::thread::ParkThread>>, tokio[abcbcc4d3da30ef7]::park::either::Either<tokio[abcbcc4d3da30ef7]::io::driver::Driver, tokio[abcbcc4d3da30ef7]::park::thread::ParkThread>>>::{closure#0}, ()>
[INFO] [stdout]   15:     0x562069452bd6 - tokio[abcbcc4d3da30ef7]::runtime::basic_scheduler::enter::<<tokio[abcbcc4d3da30ef7]::runtime::basic_scheduler::BasicScheduler<tokio[abcbcc4d3da30ef7]::park::either::Either<tokio[abcbcc4d3da30ef7]::time::driver::Driver<tokio[abcbcc4d3da30ef7]::park::either::Either<tokio[abcbcc4d3da30ef7]::io::driver::Driver, tokio[abcbcc4d3da30ef7]::park::thread::ParkThread>>, tokio[abcbcc4d3da30ef7]::park::either::Either<tokio[abcbcc4d3da30ef7]::io::driver::Driver, tokio[abcbcc4d3da30ef7]::park::thread::ParkThread>>>>::block_on<rusoto_sns[1b841760616749bc]::generated::protocol_tests::test_parse_valid_sns_list_topics::{closure#0}>::{closure#0}, (), tokio[abcbcc4d3da30ef7]::park::either::Either<tokio[abcbcc4d3da30ef7]::time::driver::Driver<tokio[abcbcc4d3da30ef7]::park::either::Either<tokio[abcbcc4d3da30ef7]::io::driver::Driver, tokio[abcbcc4d3da30ef7]::park::thread::ParkThread>>, tokio[abcbcc4d3da30ef7]::park::either::Either<tokio[abcbcc4d3da30ef7]::io::driver::Driver, tokio[abcbcc4d3da30ef7]::park::thread::ParkThread>>>
[INFO] [stdout]   16:     0x562069454641 - tokio[abcbcc4d3da30ef7]::runtime::context::enter::<<tokio[abcbcc4d3da30ef7]::runtime::Runtime>::block_on<rusoto_sns[1b841760616749bc]::generated::protocol_tests::test_parse_valid_sns_list_topics::{closure#0}>::{closure#0}, ()>
[INFO] [stdout]   17:     0x56206945ab0a - <rusoto_sns[1b841760616749bc]::generated::protocol_tests::test_parse_valid_sns_list_topics::{closure#0} as core[df12db4294e9bfd3]::ops::function::FnOnce<()>>::call_once
[INFO] [stdout]   18:     0x56206946088b - test[9d35eded1c95d3be]::__rust_begin_short_backtrace::<core[df12db4294e9bfd3]::result::Result<(), alloc[2182bb758b4b3781]::string::String>, fn() -> core[df12db4294e9bfd3]::result::Result<(), alloc[2182bb758b4b3781]::string::String>>
[INFO] [stdout]   19:     0x56206946def5 - test[9d35eded1c95d3be]::run_test::{closure#0}
[INFO] [stdout]   20:     0x5620694677b4 - std[70759c8f55707aa4]::sys::backtrace::__rust_begin_short_backtrace::<test[9d35eded1c95d3be]::run_test::{closure#1}, ()>
[INFO] [stdout]   21:     0x562069471052 - <std[70759c8f55707aa4]::thread::lifecycle::spawn_unchecked<test[9d35eded1c95d3be]::run_test::{closure#1}, ()>::{closure#1} as core[df12db4294e9bfd3]::ops::function::FnOnce<()>>::call_once::{shim:vtable#0}
[INFO] [stdout]   22:     0x562069511379 - <std[70759c8f55707aa4]::sys::thread::unix::Thread>::new::thread_start
[INFO] [stdout]   23:     0x77dbfeda0dfa - <unknown>
[INFO] [stdout]   24:     0x77dbfee343d4 - clone
[INFO] [stdout]   25:                0x0 - <unknown>
[INFO] [stdout] 
[INFO] [stdout] ---- generated::protocol_tests::test_parse_valid_sns_publish stdout ----
[INFO] [stdout] 
[INFO] [stdout] thread 'generated::protocol_tests::test_parse_valid_sns_publish' (1437) panicked at /opt/rustwide/cargo-home/registry/src/index.crates.io-1949cf8c6b5b557f/mz_rusoto_mock-0.46.0/src/lib.rs:175:53:
[INFO] [stdout] couldn't find file: Os { code: 2, kind: NotFound, message: "No such file or directory" }
[INFO] [stdout] stack backtrace:
[INFO] [stdout]    0:     0x562069511aa1 - <<std[70759c8f55707aa4]::sys::backtrace::BacktraceLock>::print::DisplayBacktrace as core[df12db4294e9bfd3]::fmt::Display>::fmt
[INFO] [stdout]    1:     0x56206952652a - core[df12db4294e9bfd3]::fmt::write
[INFO] [stdout]    2:     0x56206951607c - <alloc[2182bb758b4b3781]::vec::Vec<u8> as core[df12db4294e9bfd3]::io::write::Write>::write_fmt
[INFO] [stdout]    3:     0x5620694edd26 - std[70759c8f55707aa4]::panicking::default_hook::{closure#0}
[INFO] [stdout]    4:     0x56206950a159 - std[70759c8f55707aa4]::panicking::default_hook
[INFO] [stdout]    5:     0x56206946d5a0 - test[9d35eded1c95d3be]::test_main_inner::<test[9d35eded1c95d3be]::test_main_static::{closure#0}>::{closure#0}
[INFO] [stdout]    6:     0x56206950a312 - std[70759c8f55707aa4]::panicking::panic_with_hook
[INFO] [stdout]    7:     0x5620694eddd2 - std[70759c8f55707aa4]::panicking::panic_handler::{closure#0}
[INFO] [stdout]    8:     0x5620694e6b29 - std[70759c8f55707aa4]::sys::backtrace::__rust_end_short_backtrace::<std[70759c8f55707aa4]::panicking::panic_handler::{closure#0}, !>
[INFO] [stdout]    9:     0x5620694ee9cd - __rustc[8fa7c3cbc660c2b3]::rust_begin_unwind
[INFO] [stdout]   10:     0x562069526c8c - core[df12db4294e9bfd3]::panicking::panic_fmt
[INFO] [stdout]   11:     0x562069526a62 - core[df12db4294e9bfd3]::result::unwrap_failed
[INFO] [stdout]   12:     0x5620694a3b2c - <rusoto_mock[1a9d6f9a77d5744d]::MockResponseReader as rusoto_mock[1a9d6f9a77d5744d]::ReadMockResponse>::read_response
[INFO] [stdout]   13:     0x56206943a62d - rusoto_sns[1b841760616749bc]::generated::protocol_tests::test_parse_valid_sns_publish::{closure#0}
[INFO] [stdout]   14:     0x56206943f8fd - <tokio[abcbcc4d3da30ef7]::macros::scoped_tls::ScopedKey<tokio[abcbcc4d3da30ef7]::runtime::basic_scheduler::Context>>::set::<tokio[abcbcc4d3da30ef7]::runtime::basic_scheduler::enter<<tokio[abcbcc4d3da30ef7]::runtime::basic_scheduler::BasicScheduler<tokio[abcbcc4d3da30ef7]::park::either::Either<tokio[abcbcc4d3da30ef7]::time::driver::Driver<tokio[abcbcc4d3da30ef7]::park::either::Either<tokio[abcbcc4d3da30ef7]::io::driver::Driver, tokio[abcbcc4d3da30ef7]::park::thread::ParkThread>>, tokio[abcbcc4d3da30ef7]::park::either::Either<tokio[abcbcc4d3da30ef7]::io::driver::Driver, tokio[abcbcc4d3da30ef7]::park::thread::ParkThread>>>>::block_on<rusoto_sns[1b841760616749bc]::generated::protocol_tests::test_parse_valid_sns_publish::{closure#0}>::{closure#0}, (), tokio[abcbcc4d3da30ef7]::park::either::Either<tokio[abcbcc4d3da30ef7]::time::driver::Driver<tokio[abcbcc4d3da30ef7]::park::either::Either<tokio[abcbcc4d3da30ef7]::io::driver::Driver, tokio[abcbcc4d3da30ef7]::park::thread::ParkThread>>, tokio[abcbcc4d3da30ef7]::park::either::Either<tokio[abcbcc4d3da30ef7]::io::driver::Driver, tokio[abcbcc4d3da30ef7]::park::thread::ParkThread>>>::{closure#0}, ()>
[INFO] [stdout]   15:     0x562069452956 - tokio[abcbcc4d3da30ef7]::runtime::basic_scheduler::enter::<<tokio[abcbcc4d3da30ef7]::runtime::basic_scheduler::BasicScheduler<tokio[abcbcc4d3da30ef7]::park::either::Either<tokio[abcbcc4d3da30ef7]::time::driver::Driver<tokio[abcbcc4d3da30ef7]::park::either::Either<tokio[abcbcc4d3da30ef7]::io::driver::Driver, tokio[abcbcc4d3da30ef7]::park::thread::ParkThread>>, tokio[abcbcc4d3da30ef7]::park::either::Either<tokio[abcbcc4d3da30ef7]::io::driver::Driver, tokio[abcbcc4d3da30ef7]::park::thread::ParkThread>>>>::block_on<rusoto_sns[1b841760616749bc]::generated::protocol_tests::test_parse_valid_sns_publish::{closure#0}>::{closure#0}, (), tokio[abcbcc4d3da30ef7]::park::either::Either<tokio[abcbcc4d3da30ef7]::time::driver::Driver<tokio[abcbcc4d3da30ef7]::park::either::Either<tokio[abcbcc4d3da30ef7]::io::driver::Driver, tokio[abcbcc4d3da30ef7]::park::thread::ParkThread>>, tokio[abcbcc4d3da30ef7]::park::either::Either<tokio[abcbcc4d3da30ef7]::io::driver::Driver, tokio[abcbcc4d3da30ef7]::park::thread::ParkThread>>>
[INFO] [stdout]   16:     0x5620694543e1 - tokio[abcbcc4d3da30ef7]::runtime::context::enter::<<tokio[abcbcc4d3da30ef7]::runtime::Runtime>::block_on<rusoto_sns[1b841760616749bc]::generated::protocol_tests::test_parse_valid_sns_publish::{closure#0}>::{closure#0}, ()>
[INFO] [stdout]   17:     0x56206945a76a - <rusoto_sns[1b841760616749bc]::generated::protocol_tests::test_parse_valid_sns_publish::{closure#0} as core[df12db4294e9bfd3]::ops::function::FnOnce<()>>::call_once
[INFO] [stdout]   18:     0x56206946088b - test[9d35eded1c95d3be]::__rust_begin_short_backtrace::<core[df12db4294e9bfd3]::result::Result<(), alloc[2182bb758b4b3781]::string::String>, fn() -> core[df12db4294e9bfd3]::result::Result<(), alloc[2182bb758b4b3781]::string::String>>
[INFO] [stdout]   19:     0x56206946def5 - test[9d35eded1c95d3be]::run_test::{closure#0}
[INFO] [stdout]   20:     0x5620694677b4 - std[70759c8f55707aa4]::sys::backtrace::__rust_begin_short_backtrace::<test[9d35eded1c95d3be]::run_test::{closure#1}, ()>
[INFO] [stdout]   21:     0x562069471052 - <std[70759c8f55707aa4]::thread::lifecycle::spawn_unchecked<test[9d35eded1c95d3be]::run_test::{closure#1}, ()>::{closure#1} as core[df12db4294e9bfd3]::ops::function::FnOnce<()>>::call_once::{shim:vtable#0}
[INFO] [stdout]   22:     0x562069511379 - <std[70759c8f55707aa4]::sys::thread::unix::Thread>::new::thread_start
[INFO] [stdout]   23:     0x77dbfeda0dfa - <unknown>
[INFO] [stdout]   24:     0x77dbfee343d4 - clone
[INFO] [stdout]   25:                0x0 - <unknown>
[INFO] [stdout] 
[INFO] [stdout] ---- generated::protocol_tests::test_parse_valid_sns_subscribe stdout ----
[INFO] [stdout] 
[INFO] [stdout] thread 'generated::protocol_tests::test_parse_valid_sns_subscribe' (1438) panicked at /opt/rustwide/cargo-home/registry/src/index.crates.io-1949cf8c6b5b557f/mz_rusoto_mock-0.46.0/src/lib.rs:175:53:
[INFO] [stdout] couldn't find file: Os { code: 2, kind: NotFound, message: "No such file or directory" }
[INFO] [stdout] stack backtrace:
[INFO] [stdout]    0:     0x562069511aa1 - <<std[70759c8f55707aa4]::sys::backtrace::BacktraceLock>::print::DisplayBacktrace as core[df12db4294e9bfd3]::fmt::Display>::fmt
[INFO] [stdout]    1:     0x56206952652a - core[df12db4294e9bfd3]::fmt::write
[INFO] [stdout]    2:     0x56206951607c - <alloc[2182bb758b4b3781]::vec::Vec<u8> as core[df12db4294e9bfd3]::io::write::Write>::write_fmt
[INFO] [stdout]    3:     0x5620694edd26 - std[70759c8f55707aa4]::panicking::default_hook::{closure#0}
[INFO] [stdout]    4:     0x56206950a159 - std[70759c8f55707aa4]::panicking::default_hook
[INFO] [stdout]    5:     0x56206946d5a0 - test[9d35eded1c95d3be]::test_main_inner::<test[9d35eded1c95d3be]::test_main_static::{closure#0}>::{closure#0}
[INFO] [stdout]    6:     0x56206950a312 - std[70759c8f55707aa4]::panicking::panic_with_hook
[INFO] [stdout]    7:     0x5620694eddd2 - std[70759c8f55707aa4]::panicking::panic_handler::{closure#0}
[INFO] [stdout]    8:     0x5620694e6b29 - std[70759c8f55707aa4]::sys::backtrace::__rust_end_short_backtrace::<std[70759c8f55707aa4]::panicking::panic_handler::{closure#0}, !>
[INFO] [stdout]    9:     0x5620694ee9cd - __rustc[8fa7c3cbc660c2b3]::rust_begin_unwind
[INFO] [stdout]   10:     0x562069526c8c - core[df12db4294e9bfd3]::panicking::panic_fmt
[INFO] [stdout]   11:     0x562069526a62 - core[df12db4294e9bfd3]::result::unwrap_failed
[INFO] [stdout]   12:     0x5620694a3b2c - <rusoto_mock[1a9d6f9a77d5744d]::MockResponseReader as rusoto_mock[1a9d6f9a77d5744d]::ReadMockResponse>::read_response
[INFO] [stdout]   13:     0x56206943aa0d - rusoto_sns[1b841760616749bc]::generated::protocol_tests::test_parse_valid_sns_subscribe::{closure#0}
[INFO] [stdout]   14:     0x56206943fdbd - <tokio[abcbcc4d3da30ef7]::macros::scoped_tls::ScopedKey<tokio[abcbcc4d3da30ef7]::runtime::basic_scheduler::Context>>::set::<tokio[abcbcc4d3da30ef7]::runtime::basic_scheduler::enter<<tokio[abcbcc4d3da30ef7]::runtime::basic_scheduler::BasicScheduler<tokio[abcbcc4d3da30ef7]::park::either::Either<tokio[abcbcc4d3da30ef7]::time::driver::Driver<tokio[abcbcc4d3da30ef7]::park::either::Either<tokio[abcbcc4d3da30ef7]::io::driver::Driver, tokio[abcbcc4d3da30ef7]::park::thread::ParkThread>>, tokio[abcbcc4d3da30ef7]::park::either::Either<tokio[abcbcc4d3da30ef7]::io::driver::Driver, tokio[abcbcc4d3da30ef7]::park::thread::ParkThread>>>>::block_on<rusoto_sns[1b841760616749bc]::generated::protocol_tests::test_parse_valid_sns_subscribe::{closure#0}>::{closure#0}, (), tokio[abcbcc4d3da30ef7]::park::either::Either<tokio[abcbcc4d3da30ef7]::time::driver::Driver<tokio[abcbcc4d3da30ef7]::park::either::Either<tokio[abcbcc4d3da30ef7]::io::driver::Driver, tokio[abcbcc4d3da30ef7]::park::thread::ParkThread>>, tokio[abcbcc4d3da30ef7]::park::either::Either<tokio[abcbcc4d3da30ef7]::io::driver::Driver, tokio[abcbcc4d3da30ef7]::park::thread::ParkThread>>>::{closure#0}, ()>
[INFO] [stdout]   15:     0x562069452a96 - tokio[abcbcc4d3da30ef7]::runtime::basic_scheduler::enter::<<tokio[abcbcc4d3da30ef7]::runtime::basic_scheduler::BasicScheduler<tokio[abcbcc4d3da30ef7]::park::either::Either<tokio[abcbcc4d3da30ef7]::time::driver::Driver<tokio[abcbcc4d3da30ef7]::park::either::Either<tokio[abcbcc4d3da30ef7]::io::driver::Driver, tokio[abcbcc4d3da30ef7]::park::thread::ParkThread>>, tokio[abcbcc4d3da30ef7]::park::either::Either<tokio[abcbcc4d3da30ef7]::io::driver::Driver, tokio[abcbcc4d3da30ef7]::park::thread::ParkThread>>>>::block_on<rusoto_sns[1b841760616749bc]::generated::protocol_tests::test_parse_valid_sns_subscribe::{closure#0}>::{closure#0}, (), tokio[abcbcc4d3da30ef7]::park::either::Either<tokio[abcbcc4d3da30ef7]::time::driver::Driver<tokio[abcbcc4d3da30ef7]::park::either::Either<tokio[abcbcc4d3da30ef7]::io::driver::Driver, tokio[abcbcc4d3da30ef7]::park::thread::ParkThread>>, tokio[abcbcc4d3da30ef7]::park::either::Either<tokio[abcbcc4d3da30ef7]::io::driver::Driver, tokio[abcbcc4d3da30ef7]::park::thread::ParkThread>>>
[INFO] [stdout]   16:     0x562069454511 - tokio[abcbcc4d3da30ef7]::runtime::context::enter::<<tokio[abcbcc4d3da30ef7]::runtime::Runtime>::block_on<rusoto_sns[1b841760616749bc]::generated::protocol_tests::test_parse_valid_sns_subscribe::{closure#0}>::{closure#0}, ()>
[INFO] [stdout]   17:     0x56206945a93a - <rusoto_sns[1b841760616749bc]::generated::protocol_tests::test_parse_valid_sns_subscribe::{closure#0} as core[df12db4294e9bfd3]::ops::function::FnOnce<()>>::call_once
[INFO] [stdout]   18:     0x56206946088b - test[9d35eded1c95d3be]::__rust_begin_short_backtrace::<core[df12db4294e9bfd3]::result::Result<(), alloc[2182bb758b4b3781]::string::String>, fn() -> core[df12db4294e9bfd3]::result::Result<(), alloc[2182bb758b4b3781]::string::String>>
[INFO] [stdout]   19:     0x56206946def5 - test[9d35eded1c95d3be]::run_test::{closure#0}
[INFO] [stdout]   20:     0x5620694677b4 - std[70759c8f55707aa4]::sys::backtrace::__rust_begin_short_backtrace::<test[9d35eded1c95d3be]::run_test::{closure#1}, ()>
[INFO] [stdout]   21:     0x562069471052 - <std[70759c8f55707aa4]::thread::lifecycle::spawn_unchecked<test[9d35eded1c95d3be]::run_test::{closure#1}, ()>::{closure#1} as core[df12db4294e9bfd3]::ops::function::FnOnce<()>>::call_once::{shim:vtable#0}
[INFO] [stdout]   22:     0x562069511379 - <std[70759c8f55707aa4]::sys::thread::unix::Thread>::new::thread_start
[INFO] [stdout]   23:     0x77dbfeda0dfa - <unknown>
[INFO] [stdout]   24:     0x77dbfee343d4 - clone
[INFO] [stdout]   25:                0x0 - <unknown>
[INFO] [stdout] 
[INFO] [stdout] 
[INFO] [stdout] failures:
[INFO] [stdout]     generated::protocol_tests::test_parse_error_sns_delete_topic
[INFO] [stdout]     generated::protocol_tests::test_parse_valid_sns_add_permission
[INFO] [stdout]     generated::protocol_tests::test_parse_valid_sns_confirm_subscription
[INFO] [stdout]     generated::protocol_tests::test_parse_valid_sns_create_topic
[INFO] [stdout]     generated::protocol_tests::test_parse_valid_sns_get_subscription_attributes
[INFO] [stdout]     generated::protocol_tests::test_parse_valid_sns_get_topic_attributes
[INFO] [stdout]     generated::protocol_tests::test_parse_valid_sns_list_subscriptions
[INFO] [stdout]     generated::protocol_tests::test_parse_valid_sns_list_subscriptions_by_topic
[INFO] [stdout]     generated::protocol_tests::test_parse_valid_sns_list_topics
[INFO] [stdout]     generated::protocol_tests::test_parse_valid_sns_publish
[INFO] [stdout]     generated::protocol_tests::test_parse_valid_sns_subscribe
[INFO] [stdout] 
[INFO] [stdout] test result: FAILED. 7 passed; 11 failed; 0 ignored; 0 measured; 0 filtered out; finished in 0.00s
[INFO] [stdout] 
[INFO] running `Command { std: "docker" "inspect" "96fe13b8e1b185e74d7fad84f6228c242db988d18a37ab011678376a58d21502", kill_on_drop: false }`
[INFO] running `Command { std: "docker" "rm" "-f" "96fe13b8e1b185e74d7fad84f6228c242db988d18a37ab011678376a58d21502", kill_on_drop: false }`
[INFO] [stdout] 96fe13b8e1b185e74d7fad84f6228c242db988d18a37ab011678376a58d21502
