[INFO] fetching crate mz_rusoto_ses 0.46.0...
[INFO] testing mz_rusoto_ses-0.46.0 against 1.100.0-beta.1+cargoflags=--release for beta-release-1.100-2
[INFO] extracting crate mz_rusoto_ses 0.46.0 into /workspace/builds/worker-5-tc2/source
[INFO] started tweaking crates.io crate mz_rusoto_ses 0.46.0
[INFO] finished tweaking crates.io crate mz_rusoto_ses 0.46.0
[INFO] tweaked toml for crates.io crate mz_rusoto_ses 0.46.0 written to /workspace/builds/worker-5-tc2/source/Cargo.toml
[INFO] validating manifest of crates.io crate mz_rusoto_ses 0.46.0 on toolchain 1.100.0-beta.1
[INFO] running `Command { std: CARGO_HOME="/workspace/cargo-home" RUSTUP_HOME="/workspace/rustup-home" "/workspace/cargo-home/bin/cargo" "+1.100.0-beta.1" "metadata" "--manifest-path" "Cargo.toml" "--no-deps", kill_on_drop: false }`
[INFO] running `Command { std: CARGO_HOME="/workspace/cargo-home" RUSTUP_HOME="/workspace/rustup-home" "/workspace/cargo-home/bin/cargo" "+1.100.0-beta.1" "generate-lockfile" "--manifest-path" "Cargo.toml", kill_on_drop: false }`
[INFO] [stderr]     Updating crates.io index
[INFO] [stderr]      Locking 226 packages to highest compatible versions
[INFO] [stderr]       Adding bytes v0.5.6 (available: v1.12.1)
[INFO] [stderr]       Adding psm v0.1.24 (available: v0.1.32)
[INFO] [stderr]       Adding serde_urlencoded v0.6.1 (available: v0.7.1)
[INFO] [stderr]       Adding subtle v2.4.1 (available: v2.6.1)
[INFO] [stderr]       Adding tokio v0.2.25 (available: v1.53.3)
[INFO] [stderr]       Adding xml-rs v0.8.29 (available: v1.0.0)
[INFO] running `Command { std: CARGO_HOME="/workspace/cargo-home" RUSTUP_HOME="/workspace/rustup-home" "/workspace/cargo-home/bin/cargo" "+1.100.0-beta.1" "fetch" "--manifest-path" "Cargo.toml", kill_on_drop: false }`
[INFO] running `Command { std: "docker" "create" "-v" "/var/lib/crater-agent-workspace/builds/worker-5-tc2/source:/opt/rustwide/workdir:ro,Z" "-v" "/var/lib/crater-agent-workspace/builds/worker-5-tc2/target:/opt/rustwide/target:rw,Z" "-v" "/var/lib/crater-agent-workspace/cargo-home:/opt/rustwide/cargo-home:ro,Z" "-v" "/var/lib/crater-agent-workspace/rustup-home:/opt/rustwide/rustup-home:ro,Z" "-m" "1610612736" "--network" "none" "ghcr.io/rust-lang/crates-build-env/linux@sha256:77db811e55d90add9212f6832c23229e3de5f1c1f9905e8cb07319ea15df73ac" "sleep" "infinity", kill_on_drop: false }`
[INFO] [stdout] a8395274992510a783c02b70e66c8fd795f8380995cdd34288212d41cd42c7e7
[INFO] running `Command { std: "docker" "start" "a8395274992510a783c02b70e66c8fd795f8380995cdd34288212d41cd42c7e7", kill_on_drop: false }`
[INFO] running `Command { std: "docker" "inspect" "a8395274992510a783c02b70e66c8fd795f8380995cdd34288212d41cd42c7e7", kill_on_drop: false }`
[INFO] running `Command { std: "docker" "exec" "-e" "SOURCE_DIR=/opt/rustwide/workdir" "-e" "CARGO_HOME=/opt/rustwide/cargo-home" "-e" "RUSTUP_HOME=/opt/rustwide/rustup-home" "-e" "CARGO_TARGET_DIR=/opt/rustwide/target" "-w" "/opt/rustwide/workdir" "--user" "0:0" "a8395274992510a783c02b70e66c8fd795f8380995cdd34288212d41cd42c7e7" "/opt/rustwide/cargo-home/bin/cargo" "+1.100.0-beta.1" "metadata" "--no-deps" "--format-version=1", kill_on_drop: false }`
[INFO] running `Command { std: "docker" "inspect" "a8395274992510a783c02b70e66c8fd795f8380995cdd34288212d41cd42c7e7", kill_on_drop: false }`
[INFO] running `Command { std: "docker" "exec" "-e" "SOURCE_DIR=/opt/rustwide/workdir" "-e" "CARGO_HOME=/opt/rustwide/cargo-home" "-e" "RUSTUP_HOME=/opt/rustwide/rustup-home" "-e" "CARGO_TARGET_DIR=/opt/rustwide/target" "-e" "CARGO_INCREMENTAL=0" "-e" "RUST_BACKTRACE=full" "-e" "RUSTFLAGS=--cap-lints=warn" "-e" "RUSTDOCFLAGS=--cap-lints=warn" "-w" "/opt/rustwide/workdir" "--user" "0:0" "a8395274992510a783c02b70e66c8fd795f8380995cdd34288212d41cd42c7e7" "/opt/rustwide/cargo-home/bin/cargo" "+1.100.0-beta.1" "build" "--frozen" "--message-format=json" "--release", kill_on_drop: false }`
[INFO] [stderr]    Compiling libc v0.2.191
[INFO] [stderr]    Compiling syn v1.0.109
[INFO] [stderr]    Compiling syn v2.0.119
[INFO] [stderr]    Compiling psm v0.1.24
[INFO] [stderr]    Compiling bytes v0.5.6
[INFO] [stderr]    Compiling yoke v0.8.3
[INFO] [stderr]    Compiling stacker v0.1.25
[INFO] [stderr]    Compiling generic-array v0.14.9
[INFO] [stderr]    Compiling pin-project-lite v0.1.12
[INFO] [stderr]    Compiling zerovec v0.11.8
[INFO] [stderr]    Compiling futures-util v0.3.34
[INFO] [stderr]    Compiling tracing v0.1.44
[INFO] [stderr]    Compiling zerotrie v0.2.5
[INFO] [stderr]    Compiling tinystr v0.8.4
[INFO] [stderr]    Compiling potential_utf v0.1.6
[INFO] [stderr]    Compiling ucd-trie v0.1.7
[INFO] [stderr]    Compiling icu_locale_core v2.3.0
[INFO] [stderr]    Compiling icu_collections v2.3.0
[INFO] [stderr]    Compiling itoa v0.4.8
[INFO] [stderr]    Compiling serde v1.0.229
[INFO] [stderr]    Compiling iovec v0.1.4
[INFO] [stderr]    Compiling net2 v0.2.39
[INFO] [stderr]    Compiling errno v0.3.14
[INFO] [stderr]    Compiling signal-hook-registry v1.4.8
[INFO] [stderr]    Compiling mio v0.6.23
[INFO] [stderr]    Compiling openssl-sys v0.9.117
[INFO] [stderr]    Compiling socket2 v0.3.19
[INFO] [stderr]    Compiling pest v2.9.4
[INFO] [stderr]    Compiling mio-uds v0.6.8
[INFO] [stderr]    Compiling icu_provider v2.3.1
[INFO] [stderr]    Compiling http-body v0.3.1
[INFO] [stderr]    Compiling aho-corasick v1.1.5
[INFO] [stderr]    Compiling httpdate v0.3.2
[INFO] [stderr]    Compiling semver-parser v0.10.3
[INFO] [stderr]    Compiling icu_normalizer v2.3.0
[INFO] [stderr]    Compiling futures-executor v0.3.34
[INFO] [stderr]    Compiling icu_properties v2.3.0
[INFO] [stderr]    Compiling semver v0.11.0
[INFO] [stderr]    Compiling tokio-macros v0.2.6
[INFO] [stderr]    Compiling time-macros-impl v0.1.2
[INFO] [stderr]    Compiling dirs-sys-next v0.1.2
[INFO] [stderr]    Compiling digest v0.9.0
[INFO] [stderr]    Compiling pin-project-internal v1.1.13
[INFO] [stderr]    Compiling openssl-macros v0.1.1
[INFO] [stderr]    Compiling tokio v0.2.25
[INFO] [stderr]    Compiling openssl v0.10.81
[INFO] [stderr]    Compiling regex-automata v0.4.18
[INFO] [stderr]    Compiling standback v0.2.17
[INFO] [stderr]    Compiling crypto-mac v0.10.1
[INFO] [stderr]    Compiling chrono v0.4.45
[INFO] [stderr]    Compiling time v0.2.27
[INFO] [stderr]    Compiling idna_adapter v1.2.2
[INFO] [stderr]    Compiling time-macros v0.1.1
[INFO] [stderr]    Compiling dirs-next v2.0.0
[INFO] [stderr]    Compiling serde_json v1.0.154
[INFO] [stderr]    Compiling pin-project v1.1.13
[INFO] [stderr]    Compiling tracing-futures v0.2.5
[INFO] [stderr]    Compiling rustc_version v0.3.3
[INFO] [stderr]    Compiling futures v0.3.34
[INFO] [stderr]    Compiling const_fn v0.4.12
[INFO] [stderr]    Compiling block-buffer v0.9.0
[INFO] [stderr]    Compiling shlex v0.1.1
[INFO] [stderr]    Compiling sha2 v0.9.9
[INFO] [stderr]    Compiling tokio-util v0.3.1
[INFO] [stderr]    Compiling regex v1.13.1
[INFO] [stderr]    Compiling h2 v0.2.7
[INFO] [stderr]    Compiling mz_rusoto_core v0.46.0
[INFO] [stderr]    Compiling idna v1.1.0
[INFO] [stderr]    Compiling native-tls v0.2.18
[INFO] [stderr]    Compiling tokio-tls v0.3.1
[INFO] [stderr]    Compiling hmac v0.10.1
[INFO] [stderr]    Compiling form_urlencoded v1.2.2
[INFO] [stderr]    Compiling url v2.5.8
[INFO] [stderr]    Compiling dtoa v0.4.8
[INFO] [stderr]    Compiling xml-rs v0.8.29
[INFO] [stderr]    Compiling serde_urlencoded v0.6.1
[INFO] [stderr]    Compiling hyper v0.13.10
[INFO] [stderr]    Compiling mz_rusoto_credential v0.46.0
[INFO] [stderr]    Compiling hyper-tls v0.4.3
[INFO] [stderr]    Compiling mz_rusoto_signature v0.46.0
[INFO] [stderr]    Compiling mz_rusoto_ses v0.46.0 (/opt/rustwide/workdir)
[INFO] [stdout] warning: unused import: `custom::*`
[INFO] [stdout]   --> src/lib.rs:21:9
[INFO] [stdout]    |
[INFO] [stdout] 21 | pub use custom::*;
[INFO] [stdout]    |         ^^^^^^^^^
[INFO] [stdout]    |
[INFO] [stdout]    = note: `#[warn(unused_imports)]` (part of `#[warn(unused)]`) on by default
[INFO] [stdout] 
[INFO] [stdout] 
[INFO] [stderr]     Finished `release` profile [optimized] target(s) in 2m 47s
[INFO] running `Command { std: "docker" "inspect" "a8395274992510a783c02b70e66c8fd795f8380995cdd34288212d41cd42c7e7", kill_on_drop: false }`
[INFO] running `Command { std: "docker" "exec" "-e" "SOURCE_DIR=/opt/rustwide/workdir" "-e" "CARGO_HOME=/opt/rustwide/cargo-home" "-e" "RUSTUP_HOME=/opt/rustwide/rustup-home" "-e" "CARGO_TARGET_DIR=/opt/rustwide/target" "-e" "CARGO_INCREMENTAL=0" "-e" "RUST_BACKTRACE=full" "-e" "RUSTFLAGS=--cap-lints=warn" "-e" "RUSTDOCFLAGS=--cap-lints=warn" "-w" "/opt/rustwide/workdir" "--user" "0:0" "a8395274992510a783c02b70e66c8fd795f8380995cdd34288212d41cd42c7e7" "/opt/rustwide/cargo-home/bin/cargo" "+1.100.0-beta.1" "test" "--frozen" "--no-run" "--message-format=json" "--release", kill_on_drop: false }`
[INFO] [stdout] warning: unused import: `custom::*`
[INFO] [stdout]   --> src/lib.rs:21:9
[INFO] [stdout]    |
[INFO] [stdout] 21 | pub use custom::*;
[INFO] [stdout]    |         ^^^^^^^^^
[INFO] [stdout]    |
[INFO] [stdout]    = note: `#[warn(unused_imports)]` (part of `#[warn(unused)]`) on by default
[INFO] [stdout] 
[INFO] [stdout] 
[INFO] [stderr]    Compiling mz_rusoto_mock v0.46.0
[INFO] [stderr]    Compiling mz_rusoto_ses v0.46.0 (/opt/rustwide/workdir)
[INFO] [stdout] warning: unused import: `custom::*`
[INFO] [stdout]   --> src/lib.rs:21:9
[INFO] [stdout]    |
[INFO] [stdout] 21 | pub use custom::*;
[INFO] [stdout]    |         ^^^^^^^^^
[INFO] [stdout]    |
[INFO] [stdout]    = note: `#[warn(unused_imports)]` (part of `#[warn(unused)]`) on by default
[INFO] [stdout] 
[INFO] [stdout] 
[INFO] [stderr]     Finished `release` profile [optimized] target(s) in 9.60s
[INFO] running `Command { std: "docker" "inspect" "a8395274992510a783c02b70e66c8fd795f8380995cdd34288212d41cd42c7e7", kill_on_drop: false }`
[INFO] running `Command { std: "docker" "exec" "-e" "SOURCE_DIR=/opt/rustwide/workdir" "-e" "CARGO_HOME=/opt/rustwide/cargo-home" "-e" "RUSTUP_HOME=/opt/rustwide/rustup-home" "-e" "CARGO_TARGET_DIR=/opt/rustwide/target" "-e" "CARGO_INCREMENTAL=0" "-e" "RUST_BACKTRACE=full" "-e" "RUSTFLAGS=--cap-lints=warn" "-e" "RUSTDOCFLAGS=--cap-lints=warn" "-w" "/opt/rustwide/workdir" "--user" "0:0" "a8395274992510a783c02b70e66c8fd795f8380995cdd34288212d41cd42c7e7" "/opt/rustwide/cargo-home/bin/cargo" "+1.100.0-beta.1" "test" "--frozen" "--release", kill_on_drop: false }`
[INFO] [stderr] warning: unused import: `custom::*`
[INFO] [stderr]   --> src/lib.rs:21:9
[INFO] [stderr]    |
[INFO] [stderr] 21 | pub use custom::*;
[INFO] [stderr]    |         ^^^^^^^^^
[INFO] [stderr]    |
[INFO] [stderr]    = note: `#[warn(unused_imports)]` (part of `#[warn(unused)]`) on by default
[INFO] [stderr] 
[INFO] [stderr] warning: `mz_rusoto_ses` (lib) generated 1 warning (run `cargo fix --lib -p mz_rusoto_ses` to apply 1 suggestion)
[INFO] [stderr] warning: `mz_rusoto_ses` (lib test) generated 1 warning (1 duplicate)
[INFO] [stderr]     Finished `release` profile [optimized] target(s) in 0.20s
[INFO] [stderr]      Running unittests src/lib.rs (/opt/rustwide/target/release/build/mz_rusoto_ses/9ba03b1bd8e42ef2/out/rusoto_ses-9ba03b1bd8e42ef2)
[INFO] [stdout] 
[INFO] [stdout] running 13 tests
[INFO] [stdout] test generated::protocol_tests::test_parse_valid_ses_get_identity_verification_attributes ... FAILED
[INFO] [stdout] test generated::protocol_tests::test_parse_error_ses_delete_identity ... FAILED
[INFO] [stdout] test generated::protocol_tests::test_parse_valid_ses_send_email ... FAILED
[INFO] [stdout] test generated::protocol_tests::test_parse_valid_ses_send_raw_email ... FAILED
[INFO] [stdout] test generated::protocol_tests::test_parse_valid_ses_get_send_quota ... FAILED
[INFO] [stdout] test generated::protocol_tests::test_parse_valid_ses_list_identities ... FAILED
[INFO] [stdout] test generated::protocol_tests::test_parse_valid_ses_delete_identity ... FAILED
[INFO] [stdout] test generated::protocol_tests::test_parse_valid_ses_get_send_statistics ... FAILED
[INFO] [stdout] test generated::protocol_tests::test_parse_valid_ses_get_identity_notification_attributes ... FAILED
[INFO] [stdout] test generated::protocol_tests::test_parse_valid_ses_set_identity_dkim_enabled ... FAILED
[INFO] [stdout] test generated::protocol_tests::test_parse_valid_ses_verify_domain_dkim ... FAILED
[INFO] [stdout] test generated::protocol_tests::test_parse_valid_ses_verify_domain_identity ... FAILED
[INFO] [stdout] test generated::protocol_tests::test_parse_valid_ses_get_identity_dkim_attributes ... FAILED
[INFO] [stdout] 
[INFO] [stdout] failures:
[INFO] [stdout] 
[INFO] [stdout] ---- generated::protocol_tests::test_parse_valid_ses_get_identity_verification_attributes stdout ----
[INFO] [stdout] 
[INFO] [stdout] thread 'generated::protocol_tests::test_parse_valid_ses_get_identity_verification_attributes' (1523) panicked at /opt/rustwide/cargo-home/registry/src/index.crates.io-1949cf8c6b5b557f/mz_rusoto_mock-0.46.0/src/lib.rs:175:53:
[INFO] [stdout] couldn't find file: Os { code: 2, kind: NotFound, message: "No such file or directory" }
[INFO] [stdout] stack backtrace:
[INFO] [stdout]    0:     0x5a9b583905b1 - <<std[617be2ca0a6fd877]::sys::backtrace::BacktraceLock>::print::DisplayBacktrace as core[a373ad73a504971]::fmt::Display>::fmt
[INFO] [stdout]    1:     0x5a9b583a590a - core[a373ad73a504971]::fmt::write
[INFO] [stdout]    2:     0x5a9b5839490c - <alloc[2e1b2a31b91974c5]::vec::Vec<u8> as core[a373ad73a504971]::io::write::Write>::write_fmt
[INFO] [stdout]    3:     0x5a9b5836c756 - std[617be2ca0a6fd877]::panicking::default_hook::{closure#0}
[INFO] [stdout]    4:     0x5a9b58388c49 - std[617be2ca0a6fd877]::panicking::default_hook
[INFO] [stdout]    5:     0x5a9b582edce0 - test[aada8e7e76ba119b]::test_main_inner::{closure#0}
[INFO] [stdout]    6:     0x5a9b58388e02 - std[617be2ca0a6fd877]::panicking::panic_with_hook
[INFO] [stdout]    7:     0x5a9b5836c802 - std[617be2ca0a6fd877]::panicking::panic_handler::{closure#0}
[INFO] [stdout]    8:     0x5a9b583654e9 - std[617be2ca0a6fd877]::sys::backtrace::__rust_end_short_backtrace::<std[617be2ca0a6fd877]::panicking::panic_handler::{closure#0}, !>
[INFO] [stdout]    9:     0x5a9b5836d40d - __rustc[ea4f61d10b84890b]::rust_begin_unwind
[INFO] [stdout]   10:     0x5a9b583a606c - core[a373ad73a504971]::panicking::panic_fmt
[INFO] [stdout]   11:     0x5a9b583a5e42 - core[a373ad73a504971]::result::unwrap_failed
[INFO] [stdout]   12:     0x5a9b58322c4c - <rusoto_mock[494343f50ae4f61f]::MockResponseReader as rusoto_mock[494343f50ae4f61f]::ReadMockResponse>::read_response
[INFO] [stdout]   13:     0x5a9b582c02ed - rusoto_ses[3c955bfd27ea93aa]::generated::protocol_tests::test_parse_valid_ses_get_identity_verification_attributes::{closure#0}
[INFO] [stdout]   14:     0x5a9b582cd8fd - <tokio[a5aead05e7fe6652]::macros::scoped_tls::ScopedKey<tokio[a5aead05e7fe6652]::runtime::basic_scheduler::Context>>::set::<tokio[a5aead05e7fe6652]::runtime::basic_scheduler::enter<<tokio[a5aead05e7fe6652]::runtime::basic_scheduler::BasicScheduler<tokio[a5aead05e7fe6652]::park::either::Either<tokio[a5aead05e7fe6652]::time::driver::Driver<tokio[a5aead05e7fe6652]::park::either::Either<tokio[a5aead05e7fe6652]::io::driver::Driver, tokio[a5aead05e7fe6652]::park::thread::ParkThread>>, tokio[a5aead05e7fe6652]::park::either::Either<tokio[a5aead05e7fe6652]::io::driver::Driver, tokio[a5aead05e7fe6652]::park::thread::ParkThread>>>>::block_on<rusoto_ses[3c955bfd27ea93aa]::generated::protocol_tests::test_parse_valid_ses_get_identity_verification_attributes::{closure#0}>::{closure#0}, (), tokio[a5aead05e7fe6652]::park::either::Either<tokio[a5aead05e7fe6652]::time::driver::Driver<tokio[a5aead05e7fe6652]::park::either::Either<tokio[a5aead05e7fe6652]::io::driver::Driver, tokio[a5aead05e7fe6652]::park::thread::ParkThread>>, tokio[a5aead05e7fe6652]::park::either::Either<tokio[a5aead05e7fe6652]::io::driver::Driver, tokio[a5aead05e7fe6652]::park::thread::ParkThread>>>::{closure#0}, ()>
[INFO] [stdout]   15:     0x5a9b582e0c86 - tokio[a5aead05e7fe6652]::runtime::basic_scheduler::enter::<<tokio[a5aead05e7fe6652]::runtime::basic_scheduler::BasicScheduler<tokio[a5aead05e7fe6652]::park::either::Either<tokio[a5aead05e7fe6652]::time::driver::Driver<tokio[a5aead05e7fe6652]::park::either::Either<tokio[a5aead05e7fe6652]::io::driver::Driver, tokio[a5aead05e7fe6652]::park::thread::ParkThread>>, tokio[a5aead05e7fe6652]::park::either::Either<tokio[a5aead05e7fe6652]::io::driver::Driver, tokio[a5aead05e7fe6652]::park::thread::ParkThread>>>>::block_on<rusoto_ses[3c955bfd27ea93aa]::generated::protocol_tests::test_parse_valid_ses_get_identity_verification_attributes::{closure#0}>::{closure#0}, (), tokio[a5aead05e7fe6652]::park::either::Either<tokio[a5aead05e7fe6652]::time::driver::Driver<tokio[a5aead05e7fe6652]::park::either::Either<tokio[a5aead05e7fe6652]::io::driver::Driver, tokio[a5aead05e7fe6652]::park::thread::ParkThread>>, tokio[a5aead05e7fe6652]::park::either::Either<tokio[a5aead05e7fe6652]::io::driver::Driver, tokio[a5aead05e7fe6652]::park::thread::ParkThread>>>
[INFO] [stdout]   16:     0x5a9b582dbc01 - tokio[a5aead05e7fe6652]::runtime::context::enter::<<tokio[a5aead05e7fe6652]::runtime::Runtime>::block_on<rusoto_ses[3c955bfd27ea93aa]::generated::protocol_tests::test_parse_valid_ses_get_identity_verification_attributes::{closure#0}>::{closure#0}, ()>
[INFO] [stdout]   17:     0x5a9b582d6c0a - <rusoto_ses[3c955bfd27ea93aa]::generated::protocol_tests::test_parse_valid_ses_get_identity_verification_attributes::{closure#0} as core[a373ad73a504971]::ops::function::FnOnce<()>>::call_once
[INFO] [stdout]   18:     0x5a9b582e112b - test[aada8e7e76ba119b]::__rust_begin_short_backtrace::<core[a373ad73a504971]::result::Result<(), alloc[2e1b2a31b91974c5]::string::String>, fn() -> core[a373ad73a504971]::result::Result<(), alloc[2e1b2a31b91974c5]::string::String>>
[INFO] [stdout]   19:     0x5a9b582ee305 - test[aada8e7e76ba119b]::run_test::{closure#0}
[INFO] [stdout]   20:     0x5a9b582e7bf4 - std[617be2ca0a6fd877]::sys::backtrace::__rust_begin_short_backtrace::<test[aada8e7e76ba119b]::run_test::{closure#1}, ()>
[INFO] [stdout]   21:     0x5a9b582f1392 - <std[617be2ca0a6fd877]::thread::lifecycle::spawn_unchecked<test[aada8e7e76ba119b]::run_test::{closure#1}, ()>::{closure#1} as core[a373ad73a504971]::ops::function::FnOnce<()>>::call_once::{shim:vtable#0}
[INFO] [stdout]   22:     0x5a9b5838fe0f - <std[617be2ca0a6fd877]::sys::thread::unix::Thread>::new::thread_start
[INFO] [stdout]   23:     0x7686b4656dfa - <unknown>
[INFO] [stdout]   24:     0x7686b46ea3d4 - clone
[INFO] [stdout]   25:                0x0 - <unknown>
[INFO] [stdout] 
[INFO] [stdout] ---- generated::protocol_tests::test_parse_error_ses_delete_identity stdout ----
[INFO] [stdout] 
[INFO] [stdout] thread 'generated::protocol_tests::test_parse_error_ses_delete_identity' (1519) panicked at /opt/rustwide/cargo-home/registry/src/index.crates.io-1949cf8c6b5b557f/mz_rusoto_mock-0.46.0/src/lib.rs:175:53:
[INFO] [stdout] couldn't find file: Os { code: 2, kind: NotFound, message: "No such file or directory" }
[INFO] [stdout] stack backtrace:
[INFO] [stdout]    0:     0x5a9b583905b1 - <<std[617be2ca0a6fd877]::sys::backtrace::BacktraceLock>::print::DisplayBacktrace as core[a373ad73a504971]::fmt::Display>::fmt
[INFO] [stdout]    1:     0x5a9b583a590a - core[a373ad73a504971]::fmt::write
[INFO] [stdout]    2:     0x5a9b5839490c - <alloc[2e1b2a31b91974c5]::vec::Vec<u8> as core[a373ad73a504971]::io::write::Write>::write_fmt
[INFO] [stdout]    3:     0x5a9b5836c756 - std[617be2ca0a6fd877]::panicking::default_hook::{closure#0}
[INFO] [stdout]    4:     0x5a9b58388c49 - std[617be2ca0a6fd877]::panicking::default_hook
[INFO] [stdout]    5:     0x5a9b582edce0 - test[aada8e7e76ba119b]::test_main_inner::{closure#0}
[INFO] [stdout]    6:     0x5a9b58388e02 - std[617be2ca0a6fd877]::panicking::panic_with_hook
[INFO] [stdout]    7:     0x5a9b5836c802 - std[617be2ca0a6fd877]::panicking::panic_handler::{closure#0}
[INFO] [stdout]    8:     0x5a9b583654e9 - std[617be2ca0a6fd877]::sys::backtrace::__rust_end_short_backtrace::<std[617be2ca0a6fd877]::panicking::panic_handler::{closure#0}, !>
[INFO] [stdout]    9:     0x5a9b5836d40d - __rustc[ea4f61d10b84890b]::rust_begin_unwind
[INFO] [stdout]   10:     0x5a9b583a606c - core[a373ad73a504971]::panicking::panic_fmt
[INFO] [stdout]   11:     0x5a9b583a5e42 - core[a373ad73a504971]::result::unwrap_failed
[INFO] [stdout]   12:     0x5a9b58322c4c - <rusoto_mock[494343f50ae4f61f]::MockResponseReader as rusoto_mock[494343f50ae4f61f]::ReadMockResponse>::read_response
[INFO] [stdout]   13:     0x5a9b582be2ed - rusoto_ses[3c955bfd27ea93aa]::generated::protocol_tests::test_parse_error_ses_delete_identity::{closure#0}
[INFO] [stdout]   14:     0x5a9b582cae3d - <tokio[a5aead05e7fe6652]::macros::scoped_tls::ScopedKey<tokio[a5aead05e7fe6652]::runtime::basic_scheduler::Context>>::set::<tokio[a5aead05e7fe6652]::runtime::basic_scheduler::enter<<tokio[a5aead05e7fe6652]::runtime::basic_scheduler::BasicScheduler<tokio[a5aead05e7fe6652]::park::either::Either<tokio[a5aead05e7fe6652]::time::driver::Driver<tokio[a5aead05e7fe6652]::park::either::Either<tokio[a5aead05e7fe6652]::io::driver::Driver, tokio[a5aead05e7fe6652]::park::thread::ParkThread>>, tokio[a5aead05e7fe6652]::park::either::Either<tokio[a5aead05e7fe6652]::io::driver::Driver, tokio[a5aead05e7fe6652]::park::thread::ParkThread>>>>::block_on<rusoto_ses[3c955bfd27ea93aa]::generated::protocol_tests::test_parse_error_ses_delete_identity::{closure#0}>::{closure#0}, (), tokio[a5aead05e7fe6652]::park::either::Either<tokio[a5aead05e7fe6652]::time::driver::Driver<tokio[a5aead05e7fe6652]::park::either::Either<tokio[a5aead05e7fe6652]::io::driver::Driver, tokio[a5aead05e7fe6652]::park::thread::ParkThread>>, tokio[a5aead05e7fe6652]::park::either::Either<tokio[a5aead05e7fe6652]::io::driver::Driver, tokio[a5aead05e7fe6652]::park::thread::ParkThread>>>::{closure#0}, ()>
[INFO] [stdout]   15:     0x5a9b582e0146 - tokio[a5aead05e7fe6652]::runtime::basic_scheduler::enter::<<tokio[a5aead05e7fe6652]::runtime::basic_scheduler::BasicScheduler<tokio[a5aead05e7fe6652]::park::either::Either<tokio[a5aead05e7fe6652]::time::driver::Driver<tokio[a5aead05e7fe6652]::park::either::Either<tokio[a5aead05e7fe6652]::io::driver::Driver, tokio[a5aead05e7fe6652]::park::thread::ParkThread>>, tokio[a5aead05e7fe6652]::park::either::Either<tokio[a5aead05e7fe6652]::io::driver::Driver, tokio[a5aead05e7fe6652]::park::thread::ParkThread>>>>::block_on<rusoto_ses[3c955bfd27ea93aa]::generated::protocol_tests::test_parse_error_ses_delete_identity::{closure#0}>::{closure#0}, (), tokio[a5aead05e7fe6652]::park::either::Either<tokio[a5aead05e7fe6652]::time::driver::Driver<tokio[a5aead05e7fe6652]::park::either::Either<tokio[a5aead05e7fe6652]::io::driver::Driver, tokio[a5aead05e7fe6652]::park::thread::ParkThread>>, tokio[a5aead05e7fe6652]::park::either::Either<tokio[a5aead05e7fe6652]::io::driver::Driver, tokio[a5aead05e7fe6652]::park::thread::ParkThread>>>
[INFO] [stdout]   16:     0x5a9b582d9f51 - tokio[a5aead05e7fe6652]::runtime::context::enter::<<tokio[a5aead05e7fe6652]::runtime::Runtime>::block_on<rusoto_ses[3c955bfd27ea93aa]::generated::protocol_tests::test_parse_error_ses_delete_identity::{closure#0}>::{closure#0}, ()>
[INFO] [stdout]   17:     0x5a9b582d5bba - <rusoto_ses[3c955bfd27ea93aa]::generated::protocol_tests::test_parse_error_ses_delete_identity::{closure#0} as core[a373ad73a504971]::ops::function::FnOnce<()>>::call_once
[INFO] [stdout]   18:     0x5a9b582e112b - test[aada8e7e76ba119b]::__rust_begin_short_backtrace::<core[a373ad73a504971]::result::Result<(), alloc[2e1b2a31b91974c5]::string::String>, fn() -> core[a373ad73a504971]::result::Result<(), alloc[2e1b2a31b91974c5]::string::String>>
[INFO] [stdout]   19:     0x5a9b582ee305 - test[aada8e7e76ba119b]::run_test::{closure#0}
[INFO] [stdout]   20:     0x5a9b582e7bf4 - std[617be2ca0a6fd877]::sys::backtrace::__rust_begin_short_backtrace::<test[aada8e7e76ba119b]::run_test::{closure#1}, ()>
[INFO] [stdout]   21:     0x5a9b582f1392 - <std[617be2ca0a6fd877]::thread::lifecycle::spawn_unchecked<test[aada8e7e76ba119b]::run_test::{closure#1}, ()>::{closure#1} as core[a373ad73a504971]::ops::function::FnOnce<()>>::call_once::{shim:vtable#0}
[INFO] [stdout]   22:     0x5a9b5838fe0f - <std[617be2ca0a6fd877]::sys::thread::unix::Thread>::new::thread_start
[INFO] [stdout]   23:     0x7686b4656dfa - <unknown>
[INFO] [stdout]   24:     0x7686b46ea3d4 - clone
[INFO] [stdout]   25:                0x0 - <unknown>
[INFO] [stdout] 
[INFO] [stdout] ---- generated::protocol_tests::test_parse_valid_ses_send_email stdout ----
[INFO] [stdout] 
[INFO] [stdout] thread 'generated::protocol_tests::test_parse_valid_ses_send_email' (1527) panicked at /opt/rustwide/cargo-home/registry/src/index.crates.io-1949cf8c6b5b557f/mz_rusoto_mock-0.46.0/src/lib.rs:175:53:
[INFO] [stdout] couldn't find file: Os { code: 2, kind: NotFound, message: "No such file or directory" }
[INFO] [stdout] stack backtrace:
[INFO] [stdout]    0:     0x5a9b583905b1 - <<std[617be2ca0a6fd877]::sys::backtrace::BacktraceLock>::print::DisplayBacktrace as core[a373ad73a504971]::fmt::Display>::fmt
[INFO] [stdout]    1:     0x5a9b583a590a - core[a373ad73a504971]::fmt::write
[INFO] [stdout]    2:     0x5a9b5839490c - <alloc[2e1b2a31b91974c5]::vec::Vec<u8> as core[a373ad73a504971]::io::write::Write>::write_fmt
[INFO] [stdout]    3:     0x5a9b5836c756 - std[617be2ca0a6fd877]::panicking::default_hook::{closure#0}
[INFO] [stdout]    4:     0x5a9b58388c49 - std[617be2ca0a6fd877]::panicking::default_hook
[INFO] [stdout]    5:     0x5a9b582edce0 - test[aada8e7e76ba119b]::test_main_inner::{closure#0}
[INFO] [stdout]    6:     0x5a9b58388e02 - std[617be2ca0a6fd877]::panicking::panic_with_hook
[INFO] [stdout]    7:     0x5a9b5836c802 - std[617be2ca0a6fd877]::panicking::panic_handler::{closure#0}
[INFO] [stdout]    8:     0x5a9b583654e9 - std[617be2ca0a6fd877]::sys::backtrace::__rust_end_short_backtrace::<std[617be2ca0a6fd877]::panicking::panic_handler::{closure#0}, !>
[INFO] [stdout]    9:     0x5a9b5836d40d - __rustc[ea4f61d10b84890b]::rust_begin_unwind
[INFO] [stdout]   10:     0x5a9b583a606c - core[a373ad73a504971]::panicking::panic_fmt
[INFO] [stdout]   11:     0x5a9b583a5e42 - core[a373ad73a504971]::result::unwrap_failed
[INFO] [stdout]   12:     0x5a9b58322c4c - <rusoto_mock[494343f50ae4f61f]::MockResponseReader as rusoto_mock[494343f50ae4f61f]::ReadMockResponse>::read_response
[INFO] [stdout]   13:     0x5a9b582bd74d - rusoto_ses[3c955bfd27ea93aa]::generated::protocol_tests::test_parse_valid_ses_send_email::{closure#0}
[INFO] [stdout]   14:     0x5a9b582c9ffd - <tokio[a5aead05e7fe6652]::macros::scoped_tls::ScopedKey<tokio[a5aead05e7fe6652]::runtime::basic_scheduler::Context>>::set::<tokio[a5aead05e7fe6652]::runtime::basic_scheduler::enter<<tokio[a5aead05e7fe6652]::runtime::basic_scheduler::BasicScheduler<tokio[a5aead05e7fe6652]::park::either::Either<tokio[a5aead05e7fe6652]::time::driver::Driver<tokio[a5aead05e7fe6652]::park::either::Either<tokio[a5aead05e7fe6652]::io::driver::Driver, tokio[a5aead05e7fe6652]::park::thread::ParkThread>>, tokio[a5aead05e7fe6652]::park::either::Either<tokio[a5aead05e7fe6652]::io::driver::Driver, tokio[a5aead05e7fe6652]::park::thread::ParkThread>>>>::block_on<rusoto_ses[3c955bfd27ea93aa]::generated::protocol_tests::test_parse_valid_ses_send_email::{closure#0}>::{closure#0}, (), tokio[a5aead05e7fe6652]::park::either::Either<tokio[a5aead05e7fe6652]::time::driver::Driver<tokio[a5aead05e7fe6652]::park::either::Either<tokio[a5aead05e7fe6652]::io::driver::Driver, tokio[a5aead05e7fe6652]::park::thread::ParkThread>>, tokio[a5aead05e7fe6652]::park::either::Either<tokio[a5aead05e7fe6652]::io::driver::Driver, tokio[a5aead05e7fe6652]::park::thread::ParkThread>>>::{closure#0}, ()>
[INFO] [stdout]   15:     0x5a9b582dfd86 - tokio[a5aead05e7fe6652]::runtime::basic_scheduler::enter::<<tokio[a5aead05e7fe6652]::runtime::basic_scheduler::BasicScheduler<tokio[a5aead05e7fe6652]::park::either::Either<tokio[a5aead05e7fe6652]::time::driver::Driver<tokio[a5aead05e7fe6652]::park::either::Either<tokio[a5aead05e7fe6652]::io::driver::Driver, tokio[a5aead05e7fe6652]::park::thread::ParkThread>>, tokio[a5aead05e7fe6652]::park::either::Either<tokio[a5aead05e7fe6652]::io::driver::Driver, tokio[a5aead05e7fe6652]::park::thread::ParkThread>>>>::block_on<rusoto_ses[3c955bfd27ea93aa]::generated::protocol_tests::test_parse_valid_ses_send_email::{closure#0}>::{closure#0}, (), tokio[a5aead05e7fe6652]::park::either::Either<tokio[a5aead05e7fe6652]::time::driver::Driver<tokio[a5aead05e7fe6652]::park::either::Either<tokio[a5aead05e7fe6652]::io::driver::Driver, tokio[a5aead05e7fe6652]::park::thread::ParkThread>>, tokio[a5aead05e7fe6652]::park::either::Either<tokio[a5aead05e7fe6652]::io::driver::Driver, tokio[a5aead05e7fe6652]::park::thread::ParkThread>>>
[INFO] [stdout]   16:     0x5a9b582d95c1 - tokio[a5aead05e7fe6652]::runtime::context::enter::<<tokio[a5aead05e7fe6652]::runtime::Runtime>::block_on<rusoto_ses[3c955bfd27ea93aa]::generated::protocol_tests::test_parse_valid_ses_send_email::{closure#0}>::{closure#0}, ()>
[INFO] [stdout]   17:     0x5a9b582d564a - <rusoto_ses[3c955bfd27ea93aa]::generated::protocol_tests::test_parse_valid_ses_send_email::{closure#0} as core[a373ad73a504971]::ops::function::FnOnce<()>>::call_once
[INFO] [stdout]   18:     0x5a9b582e112b - test[aada8e7e76ba119b]::__rust_begin_short_backtrace::<core[a373ad73a504971]::result::Result<(), alloc[2e1b2a31b91974c5]::string::String>, fn() -> core[a373ad73a504971]::result::Result<(), alloc[2e1b2a31b91974c5]::string::String>>
[INFO] [stdout]   19:     0x5a9b582ee305 - test[aada8e7e76ba119b]::run_test::{closure#0}
[INFO] [stdout]   20:     0x5a9b582e7bf4 - std[617be2ca0a6fd877]::sys::backtrace::__rust_begin_short_backtrace::<test[aada8e7e76ba119b]::run_test::{closure#1}, ()>
[INFO] [stdout]   21:     0x5a9b582f1392 - <std[617be2ca0a6fd877]::thread::lifecycle::spawn_unchecked<test[aada8e7e76ba119b]::run_test::{closure#1}, ()>::{closure#1} as core[a373ad73a504971]::ops::function::FnOnce<()>>::call_once::{shim:vtable#0}
[INFO] [stdout]   22:     0x5a9b5838fe0f - <std[617be2ca0a6fd877]::sys::thread::unix::Thread>::new::thread_start
[INFO] [stdout]   23:     0x7686b4656dfa - <unknown>
[INFO] [stdout]   24:     0x7686b46ea3d4 - clone
[INFO] [stdout]   25:                0x0 - <unknown>
[INFO] [stdout] 
[INFO] [stdout] ---- generated::protocol_tests::test_parse_valid_ses_send_raw_email stdout ----
[INFO] [stdout] 
[INFO] [stdout] thread 'generated::protocol_tests::test_parse_valid_ses_send_raw_email' (1528) panicked at /opt/rustwide/cargo-home/registry/src/index.crates.io-1949cf8c6b5b557f/mz_rusoto_mock-0.46.0/src/lib.rs:175:53:
[INFO] [stdout] couldn't find file: Os { code: 2, kind: NotFound, message: "No such file or directory" }
[INFO] [stdout] stack backtrace:
[INFO] [stdout]    0:     0x5a9b583905b1 - <<std[617be2ca0a6fd877]::sys::backtrace::BacktraceLock>::print::DisplayBacktrace as core[a373ad73a504971]::fmt::Display>::fmt
[INFO] [stdout]    1:     0x5a9b583a590a - core[a373ad73a504971]::fmt::write
[INFO] [stdout]    2:     0x5a9b5839490c - <alloc[2e1b2a31b91974c5]::vec::Vec<u8> as core[a373ad73a504971]::io::write::Write>::write_fmt
[INFO] [stdout]    3:     0x5a9b5836c756 - std[617be2ca0a6fd877]::panicking::default_hook::{closure#0}
[INFO] [stdout]    4:     0x5a9b58388c49 - std[617be2ca0a6fd877]::panicking::default_hook
[INFO] [stdout]    5:     0x5a9b582edce0 - test[aada8e7e76ba119b]::test_main_inner::{closure#0}
[INFO] [stdout]    6:     0x5a9b58388e02 - std[617be2ca0a6fd877]::panicking::panic_with_hook
[INFO] [stdout]    7:     0x5a9b5836c802 - std[617be2ca0a6fd877]::panicking::panic_handler::{closure#0}
[INFO] [stdout]    8:     0x5a9b583654e9 - std[617be2ca0a6fd877]::sys::backtrace::__rust_end_short_backtrace::<std[617be2ca0a6fd877]::panicking::panic_handler::{closure#0}, !>
[INFO] [stdout]    9:     0x5a9b5836d40d - __rustc[ea4f61d10b84890b]::rust_begin_unwind
[INFO] [stdout]   10:     0x5a9b583a606c - core[a373ad73a504971]::panicking::panic_fmt
[INFO] [stdout]   11:     0x5a9b583a5e42 - core[a373ad73a504971]::result::unwrap_failed
[INFO] [stdout]   12:     0x5a9b58322c4c - <rusoto_mock[494343f50ae4f61f]::MockResponseReader as rusoto_mock[494343f50ae4f61f]::ReadMockResponse>::read_response
[INFO] [stdout]   13:     0x5a9b582bdefd - rusoto_ses[3c955bfd27ea93aa]::generated::protocol_tests::test_parse_valid_ses_send_raw_email::{closure#0}
[INFO] [stdout]   14:     0x5a9b582ca97d - <tokio[a5aead05e7fe6652]::macros::scoped_tls::ScopedKey<tokio[a5aead05e7fe6652]::runtime::basic_scheduler::Context>>::set::<tokio[a5aead05e7fe6652]::runtime::basic_scheduler::enter<<tokio[a5aead05e7fe6652]::runtime::basic_scheduler::BasicScheduler<tokio[a5aead05e7fe6652]::park::either::Either<tokio[a5aead05e7fe6652]::time::driver::Driver<tokio[a5aead05e7fe6652]::park::either::Either<tokio[a5aead05e7fe6652]::io::driver::Driver, tokio[a5aead05e7fe6652]::park::thread::ParkThread>>, tokio[a5aead05e7fe6652]::park::either::Either<tokio[a5aead05e7fe6652]::io::driver::Driver, tokio[a5aead05e7fe6652]::park::thread::ParkThread>>>>::block_on<rusoto_ses[3c955bfd27ea93aa]::generated::protocol_tests::test_parse_valid_ses_send_raw_email::{closure#0}>::{closure#0}, (), tokio[a5aead05e7fe6652]::park::either::Either<tokio[a5aead05e7fe6652]::time::driver::Driver<tokio[a5aead05e7fe6652]::park::either::Either<tokio[a5aead05e7fe6652]::io::driver::Driver, tokio[a5aead05e7fe6652]::park::thread::ParkThread>>, tokio[a5aead05e7fe6652]::park::either::Either<tokio[a5aead05e7fe6652]::io::driver::Driver, tokio[a5aead05e7fe6652]::park::thread::ParkThread>>>::{closure#0}, ()>
[INFO] [stdout]   15:     0x5a9b582e0006 - tokio[a5aead05e7fe6652]::runtime::basic_scheduler::enter::<<tokio[a5aead05e7fe6652]::runtime::basic_scheduler::BasicScheduler<tokio[a5aead05e7fe6652]::park::either::Either<tokio[a5aead05e7fe6652]::time::driver::Driver<tokio[a5aead05e7fe6652]::park::either::Either<tokio[a5aead05e7fe6652]::io::driver::Driver, tokio[a5aead05e7fe6652]::park::thread::ParkThread>>, tokio[a5aead05e7fe6652]::park::either::Either<tokio[a5aead05e7fe6652]::io::driver::Driver, tokio[a5aead05e7fe6652]::park::thread::ParkThread>>>>::block_on<rusoto_ses[3c955bfd27ea93aa]::generated::protocol_tests::test_parse_valid_ses_send_raw_email::{closure#0}>::{closure#0}, (), tokio[a5aead05e7fe6652]::park::either::Either<tokio[a5aead05e7fe6652]::time::driver::Driver<tokio[a5aead05e7fe6652]::park::either::Either<tokio[a5aead05e7fe6652]::io::driver::Driver, tokio[a5aead05e7fe6652]::park::thread::ParkThread>>, tokio[a5aead05e7fe6652]::park::either::Either<tokio[a5aead05e7fe6652]::io::driver::Driver, tokio[a5aead05e7fe6652]::park::thread::ParkThread>>>
[INFO] [stdout]   16:     0x5a9b582d9c21 - tokio[a5aead05e7fe6652]::runtime::context::enter::<<tokio[a5aead05e7fe6652]::runtime::Runtime>::block_on<rusoto_ses[3c955bfd27ea93aa]::generated::protocol_tests::test_parse_valid_ses_send_raw_email::{closure#0}>::{closure#0}, ()>
[INFO] [stdout]   17:     0x5a9b582d59ea - <rusoto_ses[3c955bfd27ea93aa]::generated::protocol_tests::test_parse_valid_ses_send_raw_email::{closure#0} as core[a373ad73a504971]::ops::function::FnOnce<()>>::call_once
[INFO] [stdout]   18:     0x5a9b582e112b - test[aada8e7e76ba119b]::__rust_begin_short_backtrace::<core[a373ad73a504971]::result::Result<(), alloc[2e1b2a31b91974c5]::string::String>, fn() -> core[a373ad73a504971]::result::Result<(), alloc[2e1b2a31b91974c5]::string::String>>
[INFO] [stdout]   19:     0x5a9b582ee305 - test[aada8e7e76ba119b]::run_test::{closure#0}
[INFO] [stdout]   20:     0x5a9b582e7bf4 - std[617be2ca0a6fd877]::sys::backtrace::__rust_begin_short_backtrace::<test[aada8e7e76ba119b]::run_test::{closure#1}, ()>
[INFO] [stdout]   21:     0x5a9b582f1392 - <std[617be2ca0a6fd877]::thread::lifecycle::spawn_unchecked<test[aada8e7e76ba119b]::run_test::{closure#1}, ()>::{closure#1} as core[a373ad73a504971]::ops::function::FnOnce<()>>::call_once::{shim:vtable#0}
[INFO] [stdout]   22:     0x5a9b5838fe0f - <std[617be2ca0a6fd877]::sys::thread::unix::Thread>::new::thread_start
[INFO] [stdout]   23:     0x7686b4656dfa - <unknown>
[INFO] [stdout]   24:     0x7686b46ea3d4 - clone
[INFO] [stdout]   25:                0x0 - <unknown>
[INFO] [stdout] 
[INFO] [stdout] ---- generated::protocol_tests::test_parse_valid_ses_get_send_quota stdout ----
[INFO] [stdout] 
[INFO] [stdout] thread 'generated::protocol_tests::test_parse_valid_ses_get_send_quota' (1524) panicked at /opt/rustwide/cargo-home/registry/src/index.crates.io-1949cf8c6b5b557f/mz_rusoto_mock-0.46.0/src/lib.rs:175:53:
[INFO] [stdout] couldn't find file: Os { code: 2, kind: NotFound, message: "No such file or directory" }
[INFO] [stdout] stack backtrace:
[INFO] [stdout]    0:     0x5a9b583905b1 - <<std[617be2ca0a6fd877]::sys::backtrace::BacktraceLock>::print::DisplayBacktrace as core[a373ad73a504971]::fmt::Display>::fmt
[INFO] [stdout]    1:     0x5a9b583a590a - core[a373ad73a504971]::fmt::write
[INFO] [stdout]    2:     0x5a9b5839490c - <alloc[2e1b2a31b91974c5]::vec::Vec<u8> as core[a373ad73a504971]::io::write::Write>::write_fmt
[INFO] [stdout]    3:     0x5a9b5836c756 - std[617be2ca0a6fd877]::panicking::default_hook::{closure#0}
[INFO] [stdout]    4:     0x5a9b58388c49 - std[617be2ca0a6fd877]::panicking::default_hook
[INFO] [stdout]    5:     0x5a9b582edce0 - test[aada8e7e76ba119b]::test_main_inner::{closure#0}
[INFO] [stdout]    6:     0x5a9b58388e02 - std[617be2ca0a6fd877]::panicking::panic_with_hook
[INFO] [stdout]    7:     0x5a9b5836c802 - std[617be2ca0a6fd877]::panicking::panic_handler::{closure#0}
[INFO] [stdout]    8:     0x5a9b583654e9 - std[617be2ca0a6fd877]::sys::backtrace::__rust_end_short_backtrace::<std[617be2ca0a6fd877]::panicking::panic_handler::{closure#0}, !>
[INFO] [stdout]    9:     0x5a9b5836d40d - __rustc[ea4f61d10b84890b]::rust_begin_unwind
[INFO] [stdout]   10:     0x5a9b583a606c - core[a373ad73a504971]::panicking::panic_fmt
[INFO] [stdout]   11:     0x5a9b583a5e42 - core[a373ad73a504971]::result::unwrap_failed
[INFO] [stdout]   12:     0x5a9b58322c4c - <rusoto_mock[494343f50ae4f61f]::MockResponseReader as rusoto_mock[494343f50ae4f61f]::ReadMockResponse>::read_response
[INFO] [stdout]   13:     0x5a9b582bdb8d - rusoto_ses[3c955bfd27ea93aa]::generated::protocol_tests::test_parse_valid_ses_get_send_quota::{closure#0}
[INFO] [stdout]   14:     0x5a9b582ca4bd - <tokio[a5aead05e7fe6652]::macros::scoped_tls::ScopedKey<tokio[a5aead05e7fe6652]::runtime::basic_scheduler::Context>>::set::<tokio[a5aead05e7fe6652]::runtime::basic_scheduler::enter<<tokio[a5aead05e7fe6652]::runtime::basic_scheduler::BasicScheduler<tokio[a5aead05e7fe6652]::park::either::Either<tokio[a5aead05e7fe6652]::time::driver::Driver<tokio[a5aead05e7fe6652]::park::either::Either<tokio[a5aead05e7fe6652]::io::driver::Driver, tokio[a5aead05e7fe6652]::park::thread::ParkThread>>, tokio[a5aead05e7fe6652]::park::either::Either<tokio[a5aead05e7fe6652]::io::driver::Driver, tokio[a5aead05e7fe6652]::park::thread::ParkThread>>>>::block_on<rusoto_ses[3c955bfd27ea93aa]::generated::protocol_tests::test_parse_valid_ses_get_send_quota::{closure#0}>::{closure#0}, (), tokio[a5aead05e7fe6652]::park::either::Either<tokio[a5aead05e7fe6652]::time::driver::Driver<tokio[a5aead05e7fe6652]::park::either::Either<tokio[a5aead05e7fe6652]::io::driver::Driver, tokio[a5aead05e7fe6652]::park::thread::ParkThread>>, tokio[a5aead05e7fe6652]::park::either::Either<tokio[a5aead05e7fe6652]::io::driver::Driver, tokio[a5aead05e7fe6652]::park::thread::ParkThread>>>::{closure#0}, ()>
[INFO] [stdout]   15:     0x5a9b582dfec6 - tokio[a5aead05e7fe6652]::runtime::basic_scheduler::enter::<<tokio[a5aead05e7fe6652]::runtime::basic_scheduler::BasicScheduler<tokio[a5aead05e7fe6652]::park::either::Either<tokio[a5aead05e7fe6652]::time::driver::Driver<tokio[a5aead05e7fe6652]::park::either::Either<tokio[a5aead05e7fe6652]::io::driver::Driver, tokio[a5aead05e7fe6652]::park::thread::ParkThread>>, tokio[a5aead05e7fe6652]::park::either::Either<tokio[a5aead05e7fe6652]::io::driver::Driver, tokio[a5aead05e7fe6652]::park::thread::ParkThread>>>>::block_on<rusoto_ses[3c955bfd27ea93aa]::generated::protocol_tests::test_parse_valid_ses_get_send_quota::{closure#0}>::{closure#0}, (), tokio[a5aead05e7fe6652]::park::either::Either<tokio[a5aead05e7fe6652]::time::driver::Driver<tokio[a5aead05e7fe6652]::park::either::Either<tokio[a5aead05e7fe6652]::io::driver::Driver, tokio[a5aead05e7fe6652]::park::thread::ParkThread>>, tokio[a5aead05e7fe6652]::park::either::Either<tokio[a5aead05e7fe6652]::io::driver::Driver, tokio[a5aead05e7fe6652]::park::thread::ParkThread>>>
[INFO] [stdout]   16:     0x5a9b582d98f1 - tokio[a5aead05e7fe6652]::runtime::context::enter::<<tokio[a5aead05e7fe6652]::runtime::Runtime>::block_on<rusoto_ses[3c955bfd27ea93aa]::generated::protocol_tests::test_parse_valid_ses_get_send_quota::{closure#0}>::{closure#0}, ()>
[INFO] [stdout]   17:     0x5a9b582d581a - <rusoto_ses[3c955bfd27ea93aa]::generated::protocol_tests::test_parse_valid_ses_get_send_quota::{closure#0} as core[a373ad73a504971]::ops::function::FnOnce<()>>::call_once
[INFO] [stdout]   18:     0x5a9b582e112b - test[aada8e7e76ba119b]::__rust_begin_short_backtrace::<core[a373ad73a504971]::result::Result<(), alloc[2e1b2a31b91974c5]::string::String>, fn() -> core[a373ad73a504971]::result::Result<(), alloc[2e1b2a31b91974c5]::string::String>>
[INFO] [stdout]   19:     0x5a9b582ee305 - test[aada8e7e76ba119b]::run_test::{closure#0}
[INFO] [stdout]   20:     0x5a9b582e7bf4 - std[617be2ca0a6fd877]::sys::backtrace::__rust_begin_short_backtrace::<test[aada8e7e76ba119b]::run_test::{closure#1}, ()>
[INFO] [stdout]   21:     0x5a9b582f1392 - <std[617be2ca0a6fd877]::thread::lifecycle::spawn_unchecked<test[aada8e7e76ba119b]::run_test::{closure#1}, ()>::{closure#1} as core[a373ad73a504971]::ops::function::FnOnce<()>>::call_once::{shim:vtable#0}
[INFO] [stdout]   22:     0x5a9b5838fe0f - <std[617be2ca0a6fd877]::sys::thread::unix::Thread>::new::thread_start
[INFO] [stdout]   23:     0x7686b4656dfa - <unknown>
[INFO] [stdout]   24:     0x7686b46ea3d4 - clone
[INFO] [stdout]   25:                0x0 - <unknown>
[INFO] [stdout] 
[INFO] [stdout] ---- generated::protocol_tests::test_parse_valid_ses_list_identities stdout ----
[INFO] [stdout] 
[INFO] [stdout] thread 'generated::protocol_tests::test_parse_valid_ses_list_identities' (1526) panicked at /opt/rustwide/cargo-home/registry/src/index.crates.io-1949cf8c6b5b557f/mz_rusoto_mock-0.46.0/src/lib.rs:175:53:
[INFO] [stdout] couldn't find file: Os { code: 2, kind: NotFound, message: "No such file or directory" }
[INFO] [stdout] stack backtrace:
[INFO] [stdout]    0:     0x5a9b583905b1 - <<std[617be2ca0a6fd877]::sys::backtrace::BacktraceLock>::print::DisplayBacktrace as core[a373ad73a504971]::fmt::Display>::fmt
[INFO] [stdout]    1:     0x5a9b583a590a - core[a373ad73a504971]::fmt::write
[INFO] [stdout]    2:     0x5a9b5839490c - <alloc[2e1b2a31b91974c5]::vec::Vec<u8> as core[a373ad73a504971]::io::write::Write>::write_fmt
[INFO] [stdout]    3:     0x5a9b5836c756 - std[617be2ca0a6fd877]::panicking::default_hook::{closure#0}
[INFO] [stdout]    4:     0x5a9b58388c49 - std[617be2ca0a6fd877]::panicking::default_hook
[INFO] [stdout]    5:     0x5a9b582edce0 - test[aada8e7e76ba119b]::test_main_inner::{closure#0}
[INFO] [stdout]    6:     0x5a9b58388e02 - std[617be2ca0a6fd877]::panicking::panic_with_hook
[INFO] [stdout]    7:     0x5a9b5836c802 - std[617be2ca0a6fd877]::panicking::panic_handler::{closure#0}
[INFO] [stdout]    8:     0x5a9b583654e9 - std[617be2ca0a6fd877]::sys::backtrace::__rust_end_short_backtrace::<std[617be2ca0a6fd877]::panicking::panic_handler::{closure#0}, !>
[INFO] [stdout]    9:     0x5a9b5836d40d - __rustc[ea4f61d10b84890b]::rust_begin_unwind
[INFO] [stdout]   10:     0x5a9b583a606c - core[a373ad73a504971]::panicking::panic_fmt
[INFO] [stdout]   11:     0x5a9b583a5e42 - core[a373ad73a504971]::result::unwrap_failed
[INFO] [stdout]   12:     0x5a9b58322c4c - <rusoto_mock[494343f50ae4f61f]::MockResponseReader as rusoto_mock[494343f50ae4f61f]::ReadMockResponse>::read_response
[INFO] [stdout]   13:     0x5a9b582bea0d - rusoto_ses[3c955bfd27ea93aa]::generated::protocol_tests::test_parse_valid_ses_list_identities::{closure#0}
[INFO] [stdout]   14:     0x5a9b582cb7bd - <tokio[a5aead05e7fe6652]::macros::scoped_tls::ScopedKey<tokio[a5aead05e7fe6652]::runtime::basic_scheduler::Context>>::set::<tokio[a5aead05e7fe6652]::runtime::basic_scheduler::enter<<tokio[a5aead05e7fe6652]::runtime::basic_scheduler::BasicScheduler<tokio[a5aead05e7fe6652]::park::either::Either<tokio[a5aead05e7fe6652]::time::driver::Driver<tokio[a5aead05e7fe6652]::park::either::Either<tokio[a5aead05e7fe6652]::io::driver::Driver, tokio[a5aead05e7fe6652]::park::thread::ParkThread>>, tokio[a5aead05e7fe6652]::park::either::Either<tokio[a5aead05e7fe6652]::io::driver::Driver, tokio[a5aead05e7fe6652]::park::thread::ParkThread>>>>::block_on<rusoto_ses[3c955bfd27ea93aa]::generated::protocol_tests::test_parse_valid_ses_list_identities::{closure#0}>::{closure#0}, (), tokio[a5aead05e7fe6652]::park::either::Either<tokio[a5aead05e7fe6652]::time::driver::Driver<tokio[a5aead05e7fe6652]::park::either::Either<tokio[a5aead05e7fe6652]::io::driver::Driver, tokio[a5aead05e7fe6652]::park::thread::ParkThread>>, tokio[a5aead05e7fe6652]::park::either::Either<tokio[a5aead05e7fe6652]::io::driver::Driver, tokio[a5aead05e7fe6652]::park::thread::ParkThread>>>::{closure#0}, ()>
[INFO] [stdout]   15:     0x5a9b582e03c6 - tokio[a5aead05e7fe6652]::runtime::basic_scheduler::enter::<<tokio[a5aead05e7fe6652]::runtime::basic_scheduler::BasicScheduler<tokio[a5aead05e7fe6652]::park::either::Either<tokio[a5aead05e7fe6652]::time::driver::Driver<tokio[a5aead05e7fe6652]::park::either::Either<tokio[a5aead05e7fe6652]::io::driver::Driver, tokio[a5aead05e7fe6652]::park::thread::ParkThread>>, tokio[a5aead05e7fe6652]::park::either::Either<tokio[a5aead05e7fe6652]::io::driver::Driver, tokio[a5aead05e7fe6652]::park::thread::ParkThread>>>>::block_on<rusoto_ses[3c955bfd27ea93aa]::generated::protocol_tests::test_parse_valid_ses_list_identities::{closure#0}>::{closure#0}, (), tokio[a5aead05e7fe6652]::park::either::Either<tokio[a5aead05e7fe6652]::time::driver::Driver<tokio[a5aead05e7fe6652]::park::either::Either<tokio[a5aead05e7fe6652]::io::driver::Driver, tokio[a5aead05e7fe6652]::park::thread::ParkThread>>, tokio[a5aead05e7fe6652]::park::either::Either<tokio[a5aead05e7fe6652]::io::driver::Driver, tokio[a5aead05e7fe6652]::park::thread::ParkThread>>>
[INFO] [stdout]   16:     0x5a9b582da5b1 - tokio[a5aead05e7fe6652]::runtime::context::enter::<<tokio[a5aead05e7fe6652]::runtime::Runtime>::block_on<rusoto_ses[3c955bfd27ea93aa]::generated::protocol_tests::test_parse_valid_ses_list_identities::{closure#0}>::{closure#0}, ()>
[INFO] [stdout]   17:     0x5a9b582d5f5a - <rusoto_ses[3c955bfd27ea93aa]::generated::protocol_tests::test_parse_valid_ses_list_identities::{closure#0} as core[a373ad73a504971]::ops::function::FnOnce<()>>::call_once
[INFO] [stdout]   18:     0x5a9b582e112b - test[aada8e7e76ba119b]::__rust_begin_short_backtrace::<core[a373ad73a504971]::result::Result<(), alloc[2e1b2a31b91974c5]::string::String>, fn() -> core[a373ad73a504971]::result::Result<(), alloc[2e1b2a31b91974c5]::string::String>>
[INFO] [stdout]   19:     0x5a9b582ee305 - test[aada8e7e76ba119b]::run_test::{closure#0}
[INFO] [stdout]   20:     0x5a9b582e7bf4 - std[617be2ca0a6fd877]::sys::backtrace::__rust_begin_short_backtrace::<test[aada8e7e76ba119b]::run_test::{closure#1}, ()>
[INFO] [stdout]   21:     0x5a9b582f1392 - <std[617be2ca0a6fd877]::thread::lifecycle::spawn_unchecked<test[aada8e7e76ba119b]::run_test::{closure#1}, ()>::{closure#1} as core[a373ad73a504971]::ops::function::FnOnce<()>>::call_once::{shim:vtable#0}
[INFO] [stdout]   22:     0x5a9b5838fe0f - <std[617be2ca0a6fd877]::sys::thread::unix::Thread>::new::thread_start
[INFO] [stdout]   23:     0x7686b4656dfa - <unknown>
[INFO] [stdout]   24:     0x7686b46ea3d4 - clone
[INFO] [stdout]   25:                0x0 - <unknown>
[INFO] [stdout] 
[INFO] [stdout] ---- generated::protocol_tests::test_parse_valid_ses_delete_identity stdout ----
[INFO] [stdout] 
[INFO] [stdout] thread 'generated::protocol_tests::test_parse_valid_ses_delete_identity' (1520) panicked at /opt/rustwide/cargo-home/registry/src/index.crates.io-1949cf8c6b5b557f/mz_rusoto_mock-0.46.0/src/lib.rs:175:53:
[INFO] [stdout] couldn't find file: Os { code: 2, kind: NotFound, message: "No such file or directory" }
[INFO] [stdout] stack backtrace:
[INFO] [stdout]    0:     0x5a9b583905b1 - <<std[617be2ca0a6fd877]::sys::backtrace::BacktraceLock>::print::DisplayBacktrace as core[a373ad73a504971]::fmt::Display>::fmt
[INFO] [stdout]    1:     0x5a9b583a590a - core[a373ad73a504971]::fmt::write
[INFO] [stdout]    2:     0x5a9b5839490c - <alloc[2e1b2a31b91974c5]::vec::Vec<u8> as core[a373ad73a504971]::io::write::Write>::write_fmt
[INFO] [stdout]    3:     0x5a9b5836c756 - std[617be2ca0a6fd877]::panicking::default_hook::{closure#0}
[INFO] [stdout]    4:     0x5a9b58388c49 - std[617be2ca0a6fd877]::panicking::default_hook
[INFO] [stdout]    5:     0x5a9b582edce0 - test[aada8e7e76ba119b]::test_main_inner::{closure#0}
[INFO] [stdout]    6:     0x5a9b58388e02 - std[617be2ca0a6fd877]::panicking::panic_with_hook
[INFO] [stdout]    7:     0x5a9b5836c802 - std[617be2ca0a6fd877]::panicking::panic_handler::{closure#0}
[INFO] [stdout]    8:     0x5a9b583654e9 - std[617be2ca0a6fd877]::sys::backtrace::__rust_end_short_backtrace::<std[617be2ca0a6fd877]::panicking::panic_handler::{closure#0}, !>
[INFO] [stdout]    9:     0x5a9b5836d40d - __rustc[ea4f61d10b84890b]::rust_begin_unwind
[INFO] [stdout]   10:     0x5a9b583a606c - core[a373ad73a504971]::panicking::panic_fmt
[INFO] [stdout]   11:     0x5a9b583a5e42 - core[a373ad73a504971]::result::unwrap_failed
[INFO] [stdout]   12:     0x5a9b58322c4c - <rusoto_mock[494343f50ae4f61f]::MockResponseReader as rusoto_mock[494343f50ae4f61f]::ReadMockResponse>::read_response
[INFO] [stdout]   13:     0x5a9b582be67d - rusoto_ses[3c955bfd27ea93aa]::generated::protocol_tests::test_parse_valid_ses_delete_identity::{closure#0}
[INFO] [stdout]   14:     0x5a9b582cb2fd - <tokio[a5aead05e7fe6652]::macros::scoped_tls::ScopedKey<tokio[a5aead05e7fe6652]::runtime::basic_scheduler::Context>>::set::<tokio[a5aead05e7fe6652]::runtime::basic_scheduler::enter<<tokio[a5aead05e7fe6652]::runtime::basic_scheduler::BasicScheduler<tokio[a5aead05e7fe6652]::park::either::Either<tokio[a5aead05e7fe6652]::time::driver::Driver<tokio[a5aead05e7fe6652]::park::either::Either<tokio[a5aead05e7fe6652]::io::driver::Driver, tokio[a5aead05e7fe6652]::park::thread::ParkThread>>, tokio[a5aead05e7fe6652]::park::either::Either<tokio[a5aead05e7fe6652]::io::driver::Driver, tokio[a5aead05e7fe6652]::park::thread::ParkThread>>>>::block_on<rusoto_ses[3c955bfd27ea93aa]::generated::protocol_tests::test_parse_valid_ses_delete_identity::{closure#0}>::{closure#0}, (), tokio[a5aead05e7fe6652]::park::either::Either<tokio[a5aead05e7fe6652]::time::driver::Driver<tokio[a5aead05e7fe6652]::park::either::Either<tokio[a5aead05e7fe6652]::io::driver::Driver, tokio[a5aead05e7fe6652]::park::thread::ParkThread>>, tokio[a5aead05e7fe6652]::park::either::Either<tokio[a5aead05e7fe6652]::io::driver::Driver, tokio[a5aead05e7fe6652]::park::thread::ParkThread>>>::{closure#0}, ()>
[INFO] [stdout]   15:     0x5a9b582e0286 - tokio[a5aead05e7fe6652]::runtime::basic_scheduler::enter::<<tokio[a5aead05e7fe6652]::runtime::basic_scheduler::BasicScheduler<tokio[a5aead05e7fe6652]::park::either::Either<tokio[a5aead05e7fe6652]::time::driver::Driver<tokio[a5aead05e7fe6652]::park::either::Either<tokio[a5aead05e7fe6652]::io::driver::Driver, tokio[a5aead05e7fe6652]::park::thread::ParkThread>>, tokio[a5aead05e7fe6652]::park::either::Either<tokio[a5aead05e7fe6652]::io::driver::Driver, tokio[a5aead05e7fe6652]::park::thread::ParkThread>>>>::block_on<rusoto_ses[3c955bfd27ea93aa]::generated::protocol_tests::test_parse_valid_ses_delete_identity::{closure#0}>::{closure#0}, (), tokio[a5aead05e7fe6652]::park::either::Either<tokio[a5aead05e7fe6652]::time::driver::Driver<tokio[a5aead05e7fe6652]::park::either::Either<tokio[a5aead05e7fe6652]::io::driver::Driver, tokio[a5aead05e7fe6652]::park::thread::ParkThread>>, tokio[a5aead05e7fe6652]::park::either::Either<tokio[a5aead05e7fe6652]::io::driver::Driver, tokio[a5aead05e7fe6652]::park::thread::ParkThread>>>
[INFO] [stdout]   16:     0x5a9b582da281 - tokio[a5aead05e7fe6652]::runtime::context::enter::<<tokio[a5aead05e7fe6652]::runtime::Runtime>::block_on<rusoto_ses[3c955bfd27ea93aa]::generated::protocol_tests::test_parse_valid_ses_delete_identity::{closure#0}>::{closure#0}, ()>
[INFO] [stdout]   17:     0x5a9b582d5d8a - <rusoto_ses[3c955bfd27ea93aa]::generated::protocol_tests::test_parse_valid_ses_delete_identity::{closure#0} as core[a373ad73a504971]::ops::function::FnOnce<()>>::call_once
[INFO] [stdout]   18:     0x5a9b582e112b - test[aada8e7e76ba119b]::__rust_begin_short_backtrace::<core[a373ad73a504971]::result::Result<(), alloc[2e1b2a31b91974c5]::string::String>, fn() -> core[a373ad73a504971]::result::Result<(), alloc[2e1b2a31b91974c5]::string::String>>
[INFO] [stdout]   19:     0x5a9b582ee305 - test[aada8e7e76ba119b]::run_test::{closure#0}
[INFO] [stdout]   20:     0x5a9b582e7bf4 - std[617be2ca0a6fd877]::sys::backtrace::__rust_begin_short_backtrace::<test[aada8e7e76ba119b]::run_test::{closure#1}, ()>
[INFO] [stdout]   21:     0x5a9b582f1392 - <std[617be2ca0a6fd877]::thread::lifecycle::spawn_unchecked<test[aada8e7e76ba119b]::run_test::{closure#1}, ()>::{closure#1} as core[a373ad73a504971]::ops::function::FnOnce<()>>::call_once::{shim:vtable#0}
[INFO] [stdout]   22:     0x5a9b5838fe0f - <std[617be2ca0a6fd877]::sys::thread::unix::Thread>::new::thread_start
[INFO] [stdout]   23:     0x7686b4656dfa - <unknown>
[INFO] [stdout]   24:     0x7686b46ea3d4 - clone
[INFO] [stdout]   25:                0x0 - <unknown>
[INFO] [stdout] 
[INFO] [stdout] ---- generated::protocol_tests::test_parse_valid_ses_get_send_statistics stdout ----
[INFO] [stdout] 
[INFO] [stdout] thread 'generated::protocol_tests::test_parse_valid_ses_get_send_statistics' (1525) panicked at /opt/rustwide/cargo-home/registry/src/index.crates.io-1949cf8c6b5b557f/mz_rusoto_mock-0.46.0/src/lib.rs:175:53:
[INFO] [stdout] couldn't find file: Os { code: 2, kind: NotFound, message: "No such file or directory" }
[INFO] [stdout] stack backtrace:
[INFO] [stdout]    0:     0x5a9b583905b1 - <<std[617be2ca0a6fd877]::sys::backtrace::BacktraceLock>::print::DisplayBacktrace as core[a373ad73a504971]::fmt::Display>::fmt
[INFO] [stdout]    1:     0x5a9b583a590a - core[a373ad73a504971]::fmt::write
[INFO] [stdout]    2:     0x5a9b5839490c - <alloc[2e1b2a31b91974c5]::vec::Vec<u8> as core[a373ad73a504971]::io::write::Write>::write_fmt
[INFO] [stdout]    3:     0x5a9b5836c756 - std[617be2ca0a6fd877]::panicking::default_hook::{closure#0}
[INFO] [stdout]    4:     0x5a9b58388c49 - std[617be2ca0a6fd877]::panicking::default_hook
[INFO] [stdout]    5:     0x5a9b582edce0 - test[aada8e7e76ba119b]::test_main_inner::{closure#0}
[INFO] [stdout]    6:     0x5a9b58388e02 - std[617be2ca0a6fd877]::panicking::panic_with_hook
[INFO] [stdout]    7:     0x5a9b5836c802 - std[617be2ca0a6fd877]::panicking::panic_handler::{closure#0}
[INFO] [stdout]    8:     0x5a9b583654e9 - std[617be2ca0a6fd877]::sys::backtrace::__rust_end_short_backtrace::<std[617be2ca0a6fd877]::panicking::panic_handler::{closure#0}, !>
[INFO] [stdout]    9:     0x5a9b5836d40d - __rustc[ea4f61d10b84890b]::rust_begin_unwind
[INFO] [stdout]   10:     0x5a9b583a606c - core[a373ad73a504971]::panicking::panic_fmt
[INFO] [stdout]   11:     0x5a9b583a5e42 - core[a373ad73a504971]::result::unwrap_failed
[INFO] [stdout]   12:     0x5a9b58322c4c - <rusoto_mock[494343f50ae4f61f]::MockResponseReader as rusoto_mock[494343f50ae4f61f]::ReadMockResponse>::read_response
[INFO] [stdout]   13:     0x5a9b582bf12d - rusoto_ses[3c955bfd27ea93aa]::generated::protocol_tests::test_parse_valid_ses_get_send_statistics::{closure#0}
[INFO] [stdout]   14:     0x5a9b582cc13d - <tokio[a5aead05e7fe6652]::macros::scoped_tls::ScopedKey<tokio[a5aead05e7fe6652]::runtime::basic_scheduler::Context>>::set::<tokio[a5aead05e7fe6652]::runtime::basic_scheduler::enter<<tokio[a5aead05e7fe6652]::runtime::basic_scheduler::BasicScheduler<tokio[a5aead05e7fe6652]::park::either::Either<tokio[a5aead05e7fe6652]::time::driver::Driver<tokio[a5aead05e7fe6652]::park::either::Either<tokio[a5aead05e7fe6652]::io::driver::Driver, tokio[a5aead05e7fe6652]::park::thread::ParkThread>>, tokio[a5aead05e7fe6652]::park::either::Either<tokio[a5aead05e7fe6652]::io::driver::Driver, tokio[a5aead05e7fe6652]::park::thread::ParkThread>>>>::block_on<rusoto_ses[3c955bfd27ea93aa]::generated::protocol_tests::test_parse_valid_ses_get_send_statistics::{closure#0}>::{closure#0}, (), tokio[a5aead05e7fe6652]::park::either::Either<tokio[a5aead05e7fe6652]::time::driver::Driver<tokio[a5aead05e7fe6652]::park::either::Either<tokio[a5aead05e7fe6652]::io::driver::Driver, tokio[a5aead05e7fe6652]::park::thread::ParkThread>>, tokio[a5aead05e7fe6652]::park::either::Either<tokio[a5aead05e7fe6652]::io::driver::Driver, tokio[a5aead05e7fe6652]::park::thread::ParkThread>>>::{closure#0}, ()>
[INFO] [stdout]   15:     0x5a9b582e0646 - tokio[a5aead05e7fe6652]::runtime::basic_scheduler::enter::<<tokio[a5aead05e7fe6652]::runtime::basic_scheduler::BasicScheduler<tokio[a5aead05e7fe6652]::park::either::Either<tokio[a5aead05e7fe6652]::time::driver::Driver<tokio[a5aead05e7fe6652]::park::either::Either<tokio[a5aead05e7fe6652]::io::driver::Driver, tokio[a5aead05e7fe6652]::park::thread::ParkThread>>, tokio[a5aead05e7fe6652]::park::either::Either<tokio[a5aead05e7fe6652]::io::driver::Driver, tokio[a5aead05e7fe6652]::park::thread::ParkThread>>>>::block_on<rusoto_ses[3c955bfd27ea93aa]::generated::protocol_tests::test_parse_valid_ses_get_send_statistics::{closure#0}>::{closure#0}, (), tokio[a5aead05e7fe6652]::park::either::Either<tokio[a5aead05e7fe6652]::time::driver::Driver<tokio[a5aead05e7fe6652]::park::either::Either<tokio[a5aead05e7fe6652]::io::driver::Driver, tokio[a5aead05e7fe6652]::park::thread::ParkThread>>, tokio[a5aead05e7fe6652]::park::either::Either<tokio[a5aead05e7fe6652]::io::driver::Driver, tokio[a5aead05e7fe6652]::park::thread::ParkThread>>>
[INFO] [stdout]   16:     0x5a9b582dac11 - tokio[a5aead05e7fe6652]::runtime::context::enter::<<tokio[a5aead05e7fe6652]::runtime::Runtime>::block_on<rusoto_ses[3c955bfd27ea93aa]::generated::protocol_tests::test_parse_valid_ses_get_send_statistics::{closure#0}>::{closure#0}, ()>
[INFO] [stdout]   17:     0x5a9b582d62fa - <rusoto_ses[3c955bfd27ea93aa]::generated::protocol_tests::test_parse_valid_ses_get_send_statistics::{closure#0} as core[a373ad73a504971]::ops::function::FnOnce<()>>::call_once
[INFO] [stdout]   18:     0x5a9b582e112b - test[aada8e7e76ba119b]::__rust_begin_short_backtrace::<core[a373ad73a504971]::result::Result<(), alloc[2e1b2a31b91974c5]::string::String>, fn() -> core[a373ad73a504971]::result::Result<(), alloc[2e1b2a31b91974c5]::string::String>>
[INFO] [stdout]   19:     0x5a9b582ee305 - test[aada8e7e76ba119b]::run_test::{closure#0}
[INFO] [stdout]   20:     0x5a9b582e7bf4 - std[617be2ca0a6fd877]::sys::backtrace::__rust_begin_short_backtrace::<test[aada8e7e76ba119b]::run_test::{closure#1}, ()>
[INFO] [stdout]   21:     0x5a9b582f1392 - <std[617be2ca0a6fd877]::thread::lifecycle::spawn_unchecked<test[aada8e7e76ba119b]::run_test::{closure#1}, ()>::{closure#1} as core[a373ad73a504971]::ops::function::FnOnce<()>>::call_once::{shim:vtable#0}
[INFO] [stdout]   22:     0x5a9b5838fe0f - <std[617be2ca0a6fd877]::sys::thread::unix::Thread>::new::thread_start
[INFO] [stdout]   23:     0x7686b4656dfa - <unknown>
[INFO] [stdout]   24:     0x7686b46ea3d4 - clone
[INFO] [stdout]   25:                0x0 - <unknown>
[INFO] [stdout] 
[INFO] [stdout] ---- generated::protocol_tests::test_parse_valid_ses_get_identity_notification_attributes stdout ----
[INFO] [stdout] 
[INFO] [stdout] thread 'generated::protocol_tests::test_parse_valid_ses_get_identity_notification_attributes' (1522) panicked at /opt/rustwide/cargo-home/registry/src/index.crates.io-1949cf8c6b5b557f/mz_rusoto_mock-0.46.0/src/lib.rs:175:53:
[INFO] [stdout] couldn't find file: Os { code: 2, kind: NotFound, message: "No such file or directory" }
[INFO] [stdout] stack backtrace:
[INFO] [stdout]    0:     0x5a9b583905b1 - <<std[617be2ca0a6fd877]::sys::backtrace::BacktraceLock>::print::DisplayBacktrace as core[a373ad73a504971]::fmt::Display>::fmt
[INFO] [stdout]    1:     0x5a9b583a590a - core[a373ad73a504971]::fmt::write
[INFO] [stdout]    2:     0x5a9b5839490c - <alloc[2e1b2a31b91974c5]::vec::Vec<u8> as core[a373ad73a504971]::io::write::Write>::write_fmt
[INFO] [stdout]    3:     0x5a9b5836c756 - std[617be2ca0a6fd877]::panicking::default_hook::{closure#0}
[INFO] [stdout]    4:     0x5a9b58388c49 - std[617be2ca0a6fd877]::panicking::default_hook
[INFO] [stdout]    5:     0x5a9b582edce0 - test[aada8e7e76ba119b]::test_main_inner::{closure#0}
[INFO] [stdout]    6:     0x5a9b58388e02 - std[617be2ca0a6fd877]::panicking::panic_with_hook
[INFO] [stdout]    7:     0x5a9b5836c802 - std[617be2ca0a6fd877]::panicking::panic_handler::{closure#0}
[INFO] [stdout]    8:     0x5a9b583654e9 - std[617be2ca0a6fd877]::sys::backtrace::__rust_end_short_backtrace::<std[617be2ca0a6fd877]::panicking::panic_handler::{closure#0}, !>
[INFO] [stdout]    9:     0x5a9b5836d40d - __rustc[ea4f61d10b84890b]::rust_begin_unwind
[INFO] [stdout]   10:     0x5a9b583a606c - core[a373ad73a504971]::panicking::panic_fmt
[INFO] [stdout]   11:     0x5a9b583a5e42 - core[a373ad73a504971]::result::unwrap_failed
[INFO] [stdout]   12:     0x5a9b58322c4c - <rusoto_mock[494343f50ae4f61f]::MockResponseReader as rusoto_mock[494343f50ae4f61f]::ReadMockResponse>::read_response
[INFO] [stdout]   13:     0x5a9b582bff5d - rusoto_ses[3c955bfd27ea93aa]::generated::protocol_tests::test_parse_valid_ses_get_identity_notification_attributes::{closure#0}
[INFO] [stdout]   14:     0x5a9b582cd43d - <tokio[a5aead05e7fe6652]::macros::scoped_tls::ScopedKey<tokio[a5aead05e7fe6652]::runtime::basic_scheduler::Context>>::set::<tokio[a5aead05e7fe6652]::runtime::basic_scheduler::enter<<tokio[a5aead05e7fe6652]::runtime::basic_scheduler::BasicScheduler<tokio[a5aead05e7fe6652]::park::either::Either<tokio[a5aead05e7fe6652]::time::driver::Driver<tokio[a5aead05e7fe6652]::park::either::Either<tokio[a5aead05e7fe6652]::io::driver::Driver, tokio[a5aead05e7fe6652]::park::thread::ParkThread>>, tokio[a5aead05e7fe6652]::park::either::Either<tokio[a5aead05e7fe6652]::io::driver::Driver, tokio[a5aead05e7fe6652]::park::thread::ParkThread>>>>::block_on<rusoto_ses[3c955bfd27ea93aa]::generated::protocol_tests::test_parse_valid_ses_get_identity_notification_attributes::{closure#0}>::{closure#0}, (), tokio[a5aead05e7fe6652]::park::either::Either<tokio[a5aead05e7fe6652]::time::driver::Driver<tokio[a5aead05e7fe6652]::park::either::Either<tokio[a5aead05e7fe6652]::io::driver::Driver, tokio[a5aead05e7fe6652]::park::thread::ParkThread>>, tokio[a5aead05e7fe6652]::park::either::Either<tokio[a5aead05e7fe6652]::io::driver::Driver, tokio[a5aead05e7fe6652]::park::thread::ParkThread>>>::{closure#0}, ()>
[INFO] [stdout]   15:     0x5a9b582e0b46 - tokio[a5aead05e7fe6652]::runtime::basic_scheduler::enter::<<tokio[a5aead05e7fe6652]::runtime::basic_scheduler::BasicScheduler<tokio[a5aead05e7fe6652]::park::either::Either<tokio[a5aead05e7fe6652]::time::driver::Driver<tokio[a5aead05e7fe6652]::park::either::Either<tokio[a5aead05e7fe6652]::io::driver::Driver, tokio[a5aead05e7fe6652]::park::thread::ParkThread>>, tokio[a5aead05e7fe6652]::park::either::Either<tokio[a5aead05e7fe6652]::io::driver::Driver, tokio[a5aead05e7fe6652]::park::thread::ParkThread>>>>::block_on<rusoto_ses[3c955bfd27ea93aa]::generated::protocol_tests::test_parse_valid_ses_get_identity_notification_attributes::{closure#0}>::{closure#0}, (), tokio[a5aead05e7fe6652]::park::either::Either<tokio[a5aead05e7fe6652]::time::driver::Driver<tokio[a5aead05e7fe6652]::park::either::Either<tokio[a5aead05e7fe6652]::io::driver::Driver, tokio[a5aead05e7fe6652]::park::thread::ParkThread>>, tokio[a5aead05e7fe6652]::park::either::Either<tokio[a5aead05e7fe6652]::io::driver::Driver, tokio[a5aead05e7fe6652]::park::thread::ParkThread>>>
[INFO] [stdout]   16:     0x5a9b582db8d1 - tokio[a5aead05e7fe6652]::runtime::context::enter::<<tokio[a5aead05e7fe6652]::runtime::Runtime>::block_on<rusoto_ses[3c955bfd27ea93aa]::generated::protocol_tests::test_parse_valid_ses_get_identity_notification_attributes::{closure#0}>::{closure#0}, ()>
[INFO] [stdout]   17:     0x5a9b582d6a3a - <rusoto_ses[3c955bfd27ea93aa]::generated::protocol_tests::test_parse_valid_ses_get_identity_notification_attributes::{closure#0} as core[a373ad73a504971]::ops::function::FnOnce<()>>::call_once
[INFO] [stdout]   18:     0x5a9b582e112b - test[aada8e7e76ba119b]::__rust_begin_short_backtrace::<core[a373ad73a504971]::result::Result<(), alloc[2e1b2a31b91974c5]::string::String>, fn() -> core[a373ad73a504971]::result::Result<(), alloc[2e1b2a31b91974c5]::string::String>>
[INFO] [stdout]   19:     0x5a9b582ee305 - test[aada8e7e76ba119b]::run_test::{closure#0}
[INFO] [stdout]   20:     0x5a9b582e7bf4 - std[617be2ca0a6fd877]::sys::backtrace::__rust_begin_short_backtrace::<test[aada8e7e76ba119b]::run_test::{closure#1}, ()>
[INFO] [stdout]   21:     0x5a9b582f1392 - <std[617be2ca0a6fd877]::thread::lifecycle::spawn_unchecked<test[aada8e7e76ba119b]::run_test::{closure#1}, ()>::{closure#1} as core[a373ad73a504971]::ops::function::FnOnce<()>>::call_once::{shim:vtable#0}
[INFO] [stdout]   22:     0x5a9b5838fe0f - <std[617be2ca0a6fd877]::sys::thread::unix::Thread>::new::thread_start
[INFO] [stdout]   23:     0x7686b4656dfa - <unknown>
[INFO] [stdout]   24:     0x7686b46ea3d4 - clone
[INFO] [stdout]   25:                0x0 - <unknown>
[INFO] [stdout] 
[INFO] [stdout] ---- generated::protocol_tests::test_parse_valid_ses_set_identity_dkim_enabled stdout ----
[INFO] [stdout] 
[INFO] [stdout] thread 'generated::protocol_tests::test_parse_valid_ses_set_identity_dkim_enabled' (1529) panicked at /opt/rustwide/cargo-home/registry/src/index.crates.io-1949cf8c6b5b557f/mz_rusoto_mock-0.46.0/src/lib.rs:175:53:
[INFO] [stdout] couldn't find file: Os { code: 2, kind: NotFound, message: "No such file or directory" }
[INFO] [stdout] stack backtrace:
[INFO] [stdout]    0:     0x5a9b583905b1 - <<std[617be2ca0a6fd877]::sys::backtrace::BacktraceLock>::print::DisplayBacktrace as core[a373ad73a504971]::fmt::Display>::fmt
[INFO] [stdout]    1:     0x5a9b583a590a - core[a373ad73a504971]::fmt::write
[INFO] [stdout]    2:     0x5a9b5839490c - <alloc[2e1b2a31b91974c5]::vec::Vec<u8> as core[a373ad73a504971]::io::write::Write>::write_fmt
[INFO] [stdout]    3:     0x5a9b5836c756 - std[617be2ca0a6fd877]::panicking::default_hook::{closure#0}
[INFO] [stdout]    4:     0x5a9b58388c49 - std[617be2ca0a6fd877]::panicking::default_hook
[INFO] [stdout]    5:     0x5a9b582edce0 - test[aada8e7e76ba119b]::test_main_inner::{closure#0}
[INFO] [stdout]    6:     0x5a9b58388e02 - std[617be2ca0a6fd877]::panicking::panic_with_hook
[INFO] [stdout]    7:     0x5a9b5836c802 - std[617be2ca0a6fd877]::panicking::panic_handler::{closure#0}
[INFO] [stdout]    8:     0x5a9b583654e9 - std[617be2ca0a6fd877]::sys::backtrace::__rust_end_short_backtrace::<std[617be2ca0a6fd877]::panicking::panic_handler::{closure#0}, !>
[INFO] [stdout]    9:     0x5a9b5836d40d - __rustc[ea4f61d10b84890b]::rust_begin_unwind
[INFO] [stdout]   10:     0x5a9b583a606c - core[a373ad73a504971]::panicking::panic_fmt
[INFO] [stdout]   11:     0x5a9b583a5e42 - core[a373ad73a504971]::result::unwrap_failed
[INFO] [stdout]   12:     0x5a9b58322c4c - <rusoto_mock[494343f50ae4f61f]::MockResponseReader as rusoto_mock[494343f50ae4f61f]::ReadMockResponse>::read_response
[INFO] [stdout]   13:     0x5a9b582bf82d - rusoto_ses[3c955bfd27ea93aa]::generated::protocol_tests::test_parse_valid_ses_set_identity_dkim_enabled::{closure#0}
[INFO] [stdout]   14:     0x5a9b582ccabd - <tokio[a5aead05e7fe6652]::macros::scoped_tls::ScopedKey<tokio[a5aead05e7fe6652]::runtime::basic_scheduler::Context>>::set::<tokio[a5aead05e7fe6652]::runtime::basic_scheduler::enter<<tokio[a5aead05e7fe6652]::runtime::basic_scheduler::BasicScheduler<tokio[a5aead05e7fe6652]::park::either::Either<tokio[a5aead05e7fe6652]::time::driver::Driver<tokio[a5aead05e7fe6652]::park::either::Either<tokio[a5aead05e7fe6652]::io::driver::Driver, tokio[a5aead05e7fe6652]::park::thread::ParkThread>>, tokio[a5aead05e7fe6652]::park::either::Either<tokio[a5aead05e7fe6652]::io::driver::Driver, tokio[a5aead05e7fe6652]::park::thread::ParkThread>>>>::block_on<rusoto_ses[3c955bfd27ea93aa]::generated::protocol_tests::test_parse_valid_ses_set_identity_dkim_enabled::{closure#0}>::{closure#0}, (), tokio[a5aead05e7fe6652]::park::either::Either<tokio[a5aead05e7fe6652]::time::driver::Driver<tokio[a5aead05e7fe6652]::park::either::Either<tokio[a5aead05e7fe6652]::io::driver::Driver, tokio[a5aead05e7fe6652]::park::thread::ParkThread>>, tokio[a5aead05e7fe6652]::park::either::Either<tokio[a5aead05e7fe6652]::io::driver::Driver, tokio[a5aead05e7fe6652]::park::thread::ParkThread>>>::{closure#0}, ()>
[INFO] [stdout]   15:     0x5a9b582e08c6 - tokio[a5aead05e7fe6652]::runtime::basic_scheduler::enter::<<tokio[a5aead05e7fe6652]::runtime::basic_scheduler::BasicScheduler<tokio[a5aead05e7fe6652]::park::either::Either<tokio[a5aead05e7fe6652]::time::driver::Driver<tokio[a5aead05e7fe6652]::park::either::Either<tokio[a5aead05e7fe6652]::io::driver::Driver, tokio[a5aead05e7fe6652]::park::thread::ParkThread>>, tokio[a5aead05e7fe6652]::park::either::Either<tokio[a5aead05e7fe6652]::io::driver::Driver, tokio[a5aead05e7fe6652]::park::thread::ParkThread>>>>::block_on<rusoto_ses[3c955bfd27ea93aa]::generated::protocol_tests::test_parse_valid_ses_set_identity_dkim_enabled::{closure#0}>::{closure#0}, (), tokio[a5aead05e7fe6652]::park::either::Either<tokio[a5aead05e7fe6652]::time::driver::Driver<tokio[a5aead05e7fe6652]::park::either::Either<tokio[a5aead05e7fe6652]::io::driver::Driver, tokio[a5aead05e7fe6652]::park::thread::ParkThread>>, tokio[a5aead05e7fe6652]::park::either::Either<tokio[a5aead05e7fe6652]::io::driver::Driver, tokio[a5aead05e7fe6652]::park::thread::ParkThread>>>
[INFO] [stdout]   16:     0x5a9b582db271 - tokio[a5aead05e7fe6652]::runtime::context::enter::<<tokio[a5aead05e7fe6652]::runtime::Runtime>::block_on<rusoto_ses[3c955bfd27ea93aa]::generated::protocol_tests::test_parse_valid_ses_set_identity_dkim_enabled::{closure#0}>::{closure#0}, ()>
[INFO] [stdout]   17:     0x5a9b582d669a - <rusoto_ses[3c955bfd27ea93aa]::generated::protocol_tests::test_parse_valid_ses_set_identity_dkim_enabled::{closure#0} as core[a373ad73a504971]::ops::function::FnOnce<()>>::call_once
[INFO] [stdout]   18:     0x5a9b582e112b - test[aada8e7e76ba119b]::__rust_begin_short_backtrace::<core[a373ad73a504971]::result::Result<(), alloc[2e1b2a31b91974c5]::string::String>, fn() -> core[a373ad73a504971]::result::Result<(), alloc[2e1b2a31b91974c5]::string::String>>
[INFO] [stdout]   19:     0x5a9b582ee305 - test[aada8e7e76ba119b]::run_test::{closure#0}
[INFO] [stdout]   20:     0x5a9b582e7bf4 - std[617be2ca0a6fd877]::sys::backtrace::__rust_begin_short_backtrace::<test[aada8e7e76ba119b]::run_test::{closure#1}, ()>
[INFO] [stdout]   21:     0x5a9b582f1392 - <std[617be2ca0a6fd877]::thread::lifecycle::spawn_unchecked<test[aada8e7e76ba119b]::run_test::{closure#1}, ()>::{closure#1} as core[a373ad73a504971]::ops::function::FnOnce<()>>::call_once::{shim:vtable#0}
[INFO] [stdout]   22:     0x5a9b5838fe0f - <std[617be2ca0a6fd877]::sys::thread::unix::Thread>::new::thread_start
[INFO] [stdout]   23:     0x7686b4656dfa - <unknown>
[INFO] [stdout]   24:     0x7686b46ea3d4 - clone
[INFO] [stdout]   25:                0x0 - <unknown>
[INFO] [stdout] 
[INFO] [stdout] ---- generated::protocol_tests::test_parse_valid_ses_verify_domain_dkim stdout ----
[INFO] [stdout] 
[INFO] [stdout] thread 'generated::protocol_tests::test_parse_valid_ses_verify_domain_dkim' (1530) panicked at /opt/rustwide/cargo-home/registry/src/index.crates.io-1949cf8c6b5b557f/mz_rusoto_mock-0.46.0/src/lib.rs:175:53:
[INFO] [stdout] couldn't find file: Os { code: 2, kind: NotFound, message: "No such file or directory" }
[INFO] [stdout] stack backtrace:
[INFO] [stdout]    0:     0x5a9b583905b1 - <<std[617be2ca0a6fd877]::sys::backtrace::BacktraceLock>::print::DisplayBacktrace as core[a373ad73a504971]::fmt::Display>::fmt
[INFO] [stdout]    1:     0x5a9b583a590a - core[a373ad73a504971]::fmt::write
[INFO] [stdout]    2:     0x5a9b5839490c - <alloc[2e1b2a31b91974c5]::vec::Vec<u8> as core[a373ad73a504971]::io::write::Write>::write_fmt
[INFO] [stdout]    3:     0x5a9b5836c756 - std[617be2ca0a6fd877]::panicking::default_hook::{closure#0}
[INFO] [stdout]    4:     0x5a9b58388c49 - std[617be2ca0a6fd877]::panicking::default_hook
[INFO] [stdout]    5:     0x5a9b582edce0 - test[aada8e7e76ba119b]::test_main_inner::{closure#0}
[INFO] [stdout]    6:     0x5a9b58388e02 - std[617be2ca0a6fd877]::panicking::panic_with_hook
[INFO] [stdout]    7:     0x5a9b5836c802 - std[617be2ca0a6fd877]::panicking::panic_handler::{closure#0}
[INFO] [stdout]    8:     0x5a9b583654e9 - std[617be2ca0a6fd877]::sys::backtrace::__rust_end_short_backtrace::<std[617be2ca0a6fd877]::panicking::panic_handler::{closure#0}, !>
[INFO] [stdout]    9:     0x5a9b5836d40d - __rustc[ea4f61d10b84890b]::rust_begin_unwind
[INFO] [stdout]   10:     0x5a9b583a606c - core[a373ad73a504971]::panicking::panic_fmt
[INFO] [stdout]   11:     0x5a9b583a5e42 - core[a373ad73a504971]::result::unwrap_failed
[INFO] [stdout]   12:     0x5a9b58322c4c - <rusoto_mock[494343f50ae4f61f]::MockResponseReader as rusoto_mock[494343f50ae4f61f]::ReadMockResponse>::read_response
[INFO] [stdout]   13:     0x5a9b582bed9d - rusoto_ses[3c955bfd27ea93aa]::generated::protocol_tests::test_parse_valid_ses_verify_domain_dkim::{closure#0}
[INFO] [stdout]   14:     0x5a9b582cbc7d - <tokio[a5aead05e7fe6652]::macros::scoped_tls::ScopedKey<tokio[a5aead05e7fe6652]::runtime::basic_scheduler::Context>>::set::<tokio[a5aead05e7fe6652]::runtime::basic_scheduler::enter<<tokio[a5aead05e7fe6652]::runtime::basic_scheduler::BasicScheduler<tokio[a5aead05e7fe6652]::park::either::Either<tokio[a5aead05e7fe6652]::time::driver::Driver<tokio[a5aead05e7fe6652]::park::either::Either<tokio[a5aead05e7fe6652]::io::driver::Driver, tokio[a5aead05e7fe6652]::park::thread::ParkThread>>, tokio[a5aead05e7fe6652]::park::either::Either<tokio[a5aead05e7fe6652]::io::driver::Driver, tokio[a5aead05e7fe6652]::park::thread::ParkThread>>>>::block_on<rusoto_ses[3c955bfd27ea93aa]::generated::protocol_tests::test_parse_valid_ses_verify_domain_dkim::{closure#0}>::{closure#0}, (), tokio[a5aead05e7fe6652]::park::either::Either<tokio[a5aead05e7fe6652]::time::driver::Driver<tokio[a5aead05e7fe6652]::park::either::Either<tokio[a5aead05e7fe6652]::io::driver::Driver, tokio[a5aead05e7fe6652]::park::thread::ParkThread>>, tokio[a5aead05e7fe6652]::park::either::Either<tokio[a5aead05e7fe6652]::io::driver::Driver, tokio[a5aead05e7fe6652]::park::thread::ParkThread>>>::{closure#0}, ()>
[INFO] [stdout]   15:     0x5a9b582e0506 - tokio[a5aead05e7fe6652]::runtime::basic_scheduler::enter::<<tokio[a5aead05e7fe6652]::runtime::basic_scheduler::BasicScheduler<tokio[a5aead05e7fe6652]::park::either::Either<tokio[a5aead05e7fe6652]::time::driver::Driver<tokio[a5aead05e7fe6652]::park::either::Either<tokio[a5aead05e7fe6652]::io::driver::Driver, tokio[a5aead05e7fe6652]::park::thread::ParkThread>>, tokio[a5aead05e7fe6652]::park::either::Either<tokio[a5aead05e7fe6652]::io::driver::Driver, tokio[a5aead05e7fe6652]::park::thread::ParkThread>>>>::block_on<rusoto_ses[3c955bfd27ea93aa]::generated::protocol_tests::test_parse_valid_ses_verify_domain_dkim::{closure#0}>::{closure#0}, (), tokio[a5aead05e7fe6652]::park::either::Either<tokio[a5aead05e7fe6652]::time::driver::Driver<tokio[a5aead05e7fe6652]::park::either::Either<tokio[a5aead05e7fe6652]::io::driver::Driver, tokio[a5aead05e7fe6652]::park::thread::ParkThread>>, tokio[a5aead05e7fe6652]::park::either::Either<tokio[a5aead05e7fe6652]::io::driver::Driver, tokio[a5aead05e7fe6652]::park::thread::ParkThread>>>
[INFO] [stdout]   16:     0x5a9b582da8e1 - tokio[a5aead05e7fe6652]::runtime::context::enter::<<tokio[a5aead05e7fe6652]::runtime::Runtime>::block_on<rusoto_ses[3c955bfd27ea93aa]::generated::protocol_tests::test_parse_valid_ses_verify_domain_dkim::{closure#0}>::{closure#0}, ()>
[INFO] [stdout]   17:     0x5a9b582d612a - <rusoto_ses[3c955bfd27ea93aa]::generated::protocol_tests::test_parse_valid_ses_verify_domain_dkim::{closure#0} as core[a373ad73a504971]::ops::function::FnOnce<()>>::call_once
[INFO] [stdout]   18:     0x5a9b582e112b - test[aada8e7e76ba119b]::__rust_begin_short_backtrace::<core[a373ad73a504971]::result::Result<(), alloc[2e1b2a31b91974c5]::string::String>, fn() -> core[a373ad73a504971]::result::Result<(), alloc[2e1b2a31b91974c5]::string::String>>
[INFO] [stdout]   19:     0x5a9b582ee305 - test[aada8e7e76ba119b]::run_test::{closure#0}
[INFO] [stdout]   20:     0x5a9b582e7bf4 - std[617be2ca0a6fd877]::sys::backtrace::__rust_begin_short_backtrace::<test[aada8e7e76ba119b]::run_test::{closure#1}, ()>
[INFO] [stdout]   21:     0x5a9b582f1392 - <std[617be2ca0a6fd877]::thread::lifecycle::spawn_unchecked<test[aada8e7e76ba119b]::run_test::{closure#1}, ()>::{closure#1} as core[a373ad73a504971]::ops::function::FnOnce<()>>::call_once::{shim:vtable#0}
[INFO] [stdout]   22:     0x5a9b5838fe0f - <std[617be2ca0a6fd877]::sys::thread::unix::Thread>::new::thread_start
[INFO] [stdout]   23:     0x7686b4656dfa - <unknown>
[INFO] [stdout]   24:     0x7686b46ea3d4 - clone
[INFO] [stdout]   25:                0x0 - <unknown>
[INFO] [stdout] 
[INFO] [stdout] ---- generated::protocol_tests::test_parse_valid_ses_verify_domain_identity stdout ----
[INFO] [stdout] 
[INFO] [stdout] thread 'generated::protocol_tests::test_parse_valid_ses_verify_domain_identity' (1531) panicked at /opt/rustwide/cargo-home/registry/src/index.crates.io-1949cf8c6b5b557f/mz_rusoto_mock-0.46.0/src/lib.rs:175:53:
[INFO] [stdout] couldn't find file: Os { code: 2, kind: NotFound, message: "No such file or directory" }
[INFO] [stdout] stack backtrace:
[INFO] [stdout]    0:     0x5a9b583905b1 - <<std[617be2ca0a6fd877]::sys::backtrace::BacktraceLock>::print::DisplayBacktrace as core[a373ad73a504971]::fmt::Display>::fmt
[INFO] [stdout]    1:     0x5a9b583a590a - core[a373ad73a504971]::fmt::write
[INFO] [stdout]    2:     0x5a9b5839490c - <alloc[2e1b2a31b91974c5]::vec::Vec<u8> as core[a373ad73a504971]::io::write::Write>::write_fmt
[INFO] [stdout]    3:     0x5a9b5836c756 - std[617be2ca0a6fd877]::panicking::default_hook::{closure#0}
[INFO] [stdout]    4:     0x5a9b58388c49 - std[617be2ca0a6fd877]::panicking::default_hook
[INFO] [stdout]    5:     0x5a9b582edce0 - test[aada8e7e76ba119b]::test_main_inner::{closure#0}
[INFO] [stdout]    6:     0x5a9b58388e02 - std[617be2ca0a6fd877]::panicking::panic_with_hook
[INFO] [stdout]    7:     0x5a9b5836c802 - std[617be2ca0a6fd877]::panicking::panic_handler::{closure#0}
[INFO] [stdout]    8:     0x5a9b583654e9 - std[617be2ca0a6fd877]::sys::backtrace::__rust_end_short_backtrace::<std[617be2ca0a6fd877]::panicking::panic_handler::{closure#0}, !>
[INFO] [stdout]    9:     0x5a9b5836d40d - __rustc[ea4f61d10b84890b]::rust_begin_unwind
[INFO] [stdout]   10:     0x5a9b583a606c - core[a373ad73a504971]::panicking::panic_fmt
[INFO] [stdout]   11:     0x5a9b583a5e42 - core[a373ad73a504971]::result::unwrap_failed
[INFO] [stdout]   12:     0x5a9b58322c4c - <rusoto_mock[494343f50ae4f61f]::MockResponseReader as rusoto_mock[494343f50ae4f61f]::ReadMockResponse>::read_response
[INFO] [stdout]   13:     0x5a9b582bf49d - rusoto_ses[3c955bfd27ea93aa]::generated::protocol_tests::test_parse_valid_ses_verify_domain_identity::{closure#0}
[INFO] [stdout]   14:     0x5a9b582cc5fd - <tokio[a5aead05e7fe6652]::macros::scoped_tls::ScopedKey<tokio[a5aead05e7fe6652]::runtime::basic_scheduler::Context>>::set::<tokio[a5aead05e7fe6652]::runtime::basic_scheduler::enter<<tokio[a5aead05e7fe6652]::runtime::basic_scheduler::BasicScheduler<tokio[a5aead05e7fe6652]::park::either::Either<tokio[a5aead05e7fe6652]::time::driver::Driver<tokio[a5aead05e7fe6652]::park::either::Either<tokio[a5aead05e7fe6652]::io::driver::Driver, tokio[a5aead05e7fe6652]::park::thread::ParkThread>>, tokio[a5aead05e7fe6652]::park::either::Either<tokio[a5aead05e7fe6652]::io::driver::Driver, tokio[a5aead05e7fe6652]::park::thread::ParkThread>>>>::block_on<rusoto_ses[3c955bfd27ea93aa]::generated::protocol_tests::test_parse_valid_ses_verify_domain_identity::{closure#0}>::{closure#0}, (), tokio[a5aead05e7fe6652]::park::either::Either<tokio[a5aead05e7fe6652]::time::driver::Driver<tokio[a5aead05e7fe6652]::park::either::Either<tokio[a5aead05e7fe6652]::io::driver::Driver, tokio[a5aead05e7fe6652]::park::thread::ParkThread>>, tokio[a5aead05e7fe6652]::park::either::Either<tokio[a5aead05e7fe6652]::io::driver::Driver, tokio[a5aead05e7fe6652]::park::thread::ParkThread>>>::{closure#0}, ()>
[INFO] [stderr] error: test failed, to rerun pass `--lib`
[INFO] [stdout]   15:     0x5a9b582e0786 - tokio[a5aead05e7fe6652]::runtime::basic_scheduler::enter::<<tokio[a5aead05e7fe6652]::runtime::basic_scheduler::BasicScheduler<tokio[a5aead05e7fe6652]::park::either::Either<tokio[a5aead05e7fe6652]::time::driver::Driver<tokio[a5aead05e7fe6652]::park::either::Either<tokio[a5aead05e7fe6652]::io::driver::Driver, tokio[a5aead05e7fe6652]::park::thread::ParkThread>>, tokio[a5aead05e7fe6652]::park::either::Either<tokio[a5aead05e7fe6652]::io::driver::Driver, tokio[a5aead05e7fe6652]::park::thread::ParkThread>>>>::block_on<rusoto_ses[3c955bfd27ea93aa]::generated::protocol_tests::test_parse_valid_ses_verify_domain_identity::{closure#0}>::{closure#0}, (), tokio[a5aead05e7fe6652]::park::either::Either<tokio[a5aead05e7fe6652]::time::driver::Driver<tokio[a5aead05e7fe6652]::park::either::Either<tokio[a5aead05e7fe6652]::io::driver::Driver, tokio[a5aead05e7fe6652]::park::thread::ParkThread>>, tokio[a5aead05e7fe6652]::park::either::Either<tokio[a5aead05e7fe6652]::io::driver::Driver, tokio[a5aead05e7fe6652]::park::thread::ParkThread>>>
[INFO] [stdout]   16:     0x5a9b582daf41 - tokio[a5aead05e7fe6652]::runtime::context::enter::<<tokio[a5aead05e7fe6652]::runtime::Runtime>::block_on<rusoto_ses[3c955bfd27ea93aa]::generated::protocol_tests::test_parse_valid_ses_verify_domain_identity::{closure#0}>::{closure#0}, ()>
[INFO] [stdout]   17:     0x5a9b582d64ca - <rusoto_ses[3c955bfd27ea93aa]::generated::protocol_tests::test_parse_valid_ses_verify_domain_identity::{closure#0} as core[a373ad73a504971]::ops::function::FnOnce<()>>::call_once
[INFO] [stdout]   18:     0x5a9b582e112b - test[aada8e7e76ba119b]::__rust_begin_short_backtrace::<core[a373ad73a504971]::result::Result<(), alloc[2e1b2a31b91974c5]::string::String>, fn() -> core[a373ad73a504971]::result::Result<(), alloc[2e1b2a31b91974c5]::string::String>>
[INFO] [stdout]   19:     0x5a9b582ee305 - test[aada8e7e76ba119b]::run_test::{closure#0}
[INFO] [stdout]   20:     0x5a9b582e7bf4 - std[617be2ca0a6fd877]::sys::backtrace::__rust_begin_short_backtrace::<test[aada8e7e76ba119b]::run_test::{closure#1}, ()>
[INFO] [stdout]   21:     0x5a9b582f1392 - <std[617be2ca0a6fd877]::thread::lifecycle::spawn_unchecked<test[aada8e7e76ba119b]::run_test::{closure#1}, ()>::{closure#1} as core[a373ad73a504971]::ops::function::FnOnce<()>>::call_once::{shim:vtable#0}
[INFO] [stdout]   22:     0x5a9b5838fe0f - <std[617be2ca0a6fd877]::sys::thread::unix::Thread>::new::thread_start
[INFO] [stdout]   23:     0x7686b4656dfa - <unknown>
[INFO] [stdout]   24:     0x7686b46ea3d4 - clone
[INFO] [stdout]   25:                0x0 - <unknown>
[INFO] [stdout] 
[INFO] [stdout] ---- generated::protocol_tests::test_parse_valid_ses_get_identity_dkim_attributes stdout ----
[INFO] [stdout] 
[INFO] [stdout] thread 'generated::protocol_tests::test_parse_valid_ses_get_identity_dkim_attributes' (1521) panicked at /opt/rustwide/cargo-home/registry/src/index.crates.io-1949cf8c6b5b557f/mz_rusoto_mock-0.46.0/src/lib.rs:175:53:
[INFO] [stdout] couldn't find file: Os { code: 2, kind: NotFound, message: "No such file or directory" }
[INFO] [stdout] stack backtrace:
[INFO] [stdout]    0:     0x5a9b583905b1 - <<std[617be2ca0a6fd877]::sys::backtrace::BacktraceLock>::print::DisplayBacktrace as core[a373ad73a504971]::fmt::Display>::fmt
[INFO] [stdout]    1:     0x5a9b583a590a - core[a373ad73a504971]::fmt::write
[INFO] [stdout]    2:     0x5a9b5839490c - <alloc[2e1b2a31b91974c5]::vec::Vec<u8> as core[a373ad73a504971]::io::write::Write>::write_fmt
[INFO] [stdout]    3:     0x5a9b5836c756 - std[617be2ca0a6fd877]::panicking::default_hook::{closure#0}
[INFO] [stdout]    4:     0x5a9b58388c49 - std[617be2ca0a6fd877]::panicking::default_hook
[INFO] [stdout]    5:     0x5a9b582edce0 - test[aada8e7e76ba119b]::test_main_inner::{closure#0}
[INFO] [stdout]    6:     0x5a9b58388e02 - std[617be2ca0a6fd877]::panicking::panic_with_hook
[INFO] [stdout]    7:     0x5a9b5836c802 - std[617be2ca0a6fd877]::panicking::panic_handler::{closure#0}
[INFO] [stdout]    8:     0x5a9b583654e9 - std[617be2ca0a6fd877]::sys::backtrace::__rust_end_short_backtrace::<std[617be2ca0a6fd877]::panicking::panic_handler::{closure#0}, !>
[INFO] [stdout]    9:     0x5a9b5836d40d - __rustc[ea4f61d10b84890b]::rust_begin_unwind
[INFO] [stdout]   10:     0x5a9b583a606c - core[a373ad73a504971]::panicking::panic_fmt
[INFO] [stdout]   11:     0x5a9b583a5e42 - core[a373ad73a504971]::result::unwrap_failed
[INFO] [stdout]   12:     0x5a9b58322c4c - <rusoto_mock[494343f50ae4f61f]::MockResponseReader as rusoto_mock[494343f50ae4f61f]::ReadMockResponse>::read_response
[INFO] [stdout]   13:     0x5a9b582bfbcd - rusoto_ses[3c955bfd27ea93aa]::generated::protocol_tests::test_parse_valid_ses_get_identity_dkim_attributes::{closure#0}
[INFO] [stdout]   14:     0x5a9b582ccf7d - <tokio[a5aead05e7fe6652]::macros::scoped_tls::ScopedKey<tokio[a5aead05e7fe6652]::runtime::basic_scheduler::Context>>::set::<tokio[a5aead05e7fe6652]::runtime::basic_scheduler::enter<<tokio[a5aead05e7fe6652]::runtime::basic_scheduler::BasicScheduler<tokio[a5aead05e7fe6652]::park::either::Either<tokio[a5aead05e7fe6652]::time::driver::Driver<tokio[a5aead05e7fe6652]::park::either::Either<tokio[a5aead05e7fe6652]::io::driver::Driver, tokio[a5aead05e7fe6652]::park::thread::ParkThread>>, tokio[a5aead05e7fe6652]::park::either::Either<tokio[a5aead05e7fe6652]::io::driver::Driver, tokio[a5aead05e7fe6652]::park::thread::ParkThread>>>>::block_on<rusoto_ses[3c955bfd27ea93aa]::generated::protocol_tests::test_parse_valid_ses_get_identity_dkim_attributes::{closure#0}>::{closure#0}, (), tokio[a5aead05e7fe6652]::park::either::Either<tokio[a5aead05e7fe6652]::time::driver::Driver<tokio[a5aead05e7fe6652]::park::either::Either<tokio[a5aead05e7fe6652]::io::driver::Driver, tokio[a5aead05e7fe6652]::park::thread::ParkThread>>, tokio[a5aead05e7fe6652]::park::either::Either<tokio[a5aead05e7fe6652]::io::driver::Driver, tokio[a5aead05e7fe6652]::park::thread::ParkThread>>>::{closure#0}, ()>
[INFO] [stdout]   15:     0x5a9b582e0a06 - tokio[a5aead05e7fe6652]::runtime::basic_scheduler::enter::<<tokio[a5aead05e7fe6652]::runtime::basic_scheduler::BasicScheduler<tokio[a5aead05e7fe6652]::park::either::Either<tokio[a5aead05e7fe6652]::time::driver::Driver<tokio[a5aead05e7fe6652]::park::either::Either<tokio[a5aead05e7fe6652]::io::driver::Driver, tokio[a5aead05e7fe6652]::park::thread::ParkThread>>, tokio[a5aead05e7fe6652]::park::either::Either<tokio[a5aead05e7fe6652]::io::driver::Driver, tokio[a5aead05e7fe6652]::park::thread::ParkThread>>>>::block_on<rusoto_ses[3c955bfd27ea93aa]::generated::protocol_tests::test_parse_valid_ses_get_identity_dkim_attributes::{closure#0}>::{closure#0}, (), tokio[a5aead05e7fe6652]::park::either::Either<tokio[a5aead05e7fe6652]::time::driver::Driver<tokio[a5aead05e7fe6652]::park::either::Either<tokio[a5aead05e7fe6652]::io::driver::Driver, tokio[a5aead05e7fe6652]::park::thread::ParkThread>>, tokio[a5aead05e7fe6652]::park::either::Either<tokio[a5aead05e7fe6652]::io::driver::Driver, tokio[a5aead05e7fe6652]::park::thread::ParkThread>>>
[INFO] [stdout]   16:     0x5a9b582db5a1 - tokio[a5aead05e7fe6652]::runtime::context::enter::<<tokio[a5aead05e7fe6652]::runtime::Runtime>::block_on<rusoto_ses[3c955bfd27ea93aa]::generated::protocol_tests::test_parse_valid_ses_get_identity_dkim_attributes::{closure#0}>::{closure#0}, ()>
[INFO] [stdout]   17:     0x5a9b582d686a - <rusoto_ses[3c955bfd27ea93aa]::generated::protocol_tests::test_parse_valid_ses_get_identity_dkim_attributes::{closure#0} as core[a373ad73a504971]::ops::function::FnOnce<()>>::call_once
[INFO] [stdout]   18:     0x5a9b582e112b - test[aada8e7e76ba119b]::__rust_begin_short_backtrace::<core[a373ad73a504971]::result::Result<(), alloc[2e1b2a31b91974c5]::string::String>, fn() -> core[a373ad73a504971]::result::Result<(), alloc[2e1b2a31b91974c5]::string::String>>
[INFO] [stdout]   19:     0x5a9b582ee305 - test[aada8e7e76ba119b]::run_test::{closure#0}
[INFO] [stdout]   20:     0x5a9b582e7bf4 - std[617be2ca0a6fd877]::sys::backtrace::__rust_begin_short_backtrace::<test[aada8e7e76ba119b]::run_test::{closure#1}, ()>
[INFO] [stdout]   21:     0x5a9b582f1392 - <std[617be2ca0a6fd877]::thread::lifecycle::spawn_unchecked<test[aada8e7e76ba119b]::run_test::{closure#1}, ()>::{closure#1} as core[a373ad73a504971]::ops::function::FnOnce<()>>::call_once::{shim:vtable#0}
[INFO] [stdout]   22:     0x5a9b5838fe0f - <std[617be2ca0a6fd877]::sys::thread::unix::Thread>::new::thread_start
[INFO] [stdout]   23:     0x7686b4656dfa - <unknown>
[INFO] [stdout]   24:     0x7686b46ea3d4 - clone
[INFO] [stdout]   25:                0x0 - <unknown>
[INFO] [stdout] 
[INFO] [stdout] 
[INFO] [stdout] failures:
[INFO] [stdout]     generated::protocol_tests::test_parse_error_ses_delete_identity
[INFO] [stdout]     generated::protocol_tests::test_parse_valid_ses_delete_identity
[INFO] [stdout]     generated::protocol_tests::test_parse_valid_ses_get_identity_dkim_attributes
[INFO] [stdout]     generated::protocol_tests::test_parse_valid_ses_get_identity_notification_attributes
[INFO] [stdout]     generated::protocol_tests::test_parse_valid_ses_get_identity_verification_attributes
[INFO] [stdout]     generated::protocol_tests::test_parse_valid_ses_get_send_quota
[INFO] [stdout]     generated::protocol_tests::test_parse_valid_ses_get_send_statistics
[INFO] [stdout]     generated::protocol_tests::test_parse_valid_ses_list_identities
[INFO] [stdout]     generated::protocol_tests::test_parse_valid_ses_send_email
[INFO] [stdout]     generated::protocol_tests::test_parse_valid_ses_send_raw_email
[INFO] [stdout]     generated::protocol_tests::test_parse_valid_ses_set_identity_dkim_enabled
[INFO] [stdout]     generated::protocol_tests::test_parse_valid_ses_verify_domain_dkim
[INFO] [stdout]     generated::protocol_tests::test_parse_valid_ses_verify_domain_identity
[INFO] [stdout] 
[INFO] [stdout] test result: FAILED. 0 passed; 13 failed; 0 ignored; 0 measured; 0 filtered out; finished in 0.01s
[INFO] [stdout] 
[INFO] running `Command { std: "docker" "inspect" "a8395274992510a783c02b70e66c8fd795f8380995cdd34288212d41cd42c7e7", kill_on_drop: false }`
[INFO] running `Command { std: "docker" "rm" "-f" "a8395274992510a783c02b70e66c8fd795f8380995cdd34288212d41cd42c7e7", kill_on_drop: false }`
[INFO] [stdout] a8395274992510a783c02b70e66c8fd795f8380995cdd34288212d41cd42c7e7
