[INFO] fetching crate mz_rusoto_redshift 0.46.0...
[INFO] testing mz_rusoto_redshift-0.46.0 against 1.99.0-beta.8+cargoflags=--release for beta-release-1.100-2
[INFO] extracting crate mz_rusoto_redshift 0.46.0 into /workspace/builds/worker-3-tc1/source
[INFO] started tweaking crates.io crate mz_rusoto_redshift 0.46.0
[INFO] finished tweaking crates.io crate mz_rusoto_redshift 0.46.0
[INFO] tweaked toml for crates.io crate mz_rusoto_redshift 0.46.0 written to /workspace/builds/worker-3-tc1/source/Cargo.toml
[INFO] validating manifest of crates.io crate mz_rusoto_redshift 0.46.0 on toolchain 1.99.0-beta.8
[INFO] running `Command { std: CARGO_HOME="/workspace/cargo-home" RUSTUP_HOME="/workspace/rustup-home" "/workspace/cargo-home/bin/cargo" "+1.99.0-beta.8" "metadata" "--manifest-path" "Cargo.toml" "--no-deps", kill_on_drop: false }`
[INFO] running `Command { std: CARGO_HOME="/workspace/cargo-home" RUSTUP_HOME="/workspace/rustup-home" "/workspace/cargo-home/bin/cargo" "+1.99.0-beta.8" "generate-lockfile" "--manifest-path" "Cargo.toml", kill_on_drop: false }`
[INFO] [stderr]     Updating crates.io index
[INFO] [stderr]      Locking 226 packages to highest compatible versions
[INFO] [stderr]       Adding bytes v0.5.6 (available: v1.12.1)
[INFO] [stderr]       Adding psm v0.1.24 (available: v0.1.32)
[INFO] [stderr]       Adding serde_urlencoded v0.6.1 (available: v0.7.1)
[INFO] [stderr]       Adding subtle v2.4.1 (available: v2.6.1)
[INFO] [stderr]       Adding tokio v0.2.25 (available: v1.53.3)
[INFO] [stderr]       Adding xml-rs v0.8.29 (available: v1.0.0)
[INFO] running `Command { std: CARGO_HOME="/workspace/cargo-home" RUSTUP_HOME="/workspace/rustup-home" "/workspace/cargo-home/bin/cargo" "+1.99.0-beta.8" "fetch" "--manifest-path" "Cargo.toml", kill_on_drop: false }`
[INFO] [stderr]  Downloading crates ...
[INFO] [stderr]   Downloaded pin-project-lite v0.1.12
[INFO] [stderr]   Downloaded mio-named-pipes v0.1.7
[INFO] [stderr]   Downloaded tokio-macros v0.2.6
[INFO] [stderr]   Downloaded mio-uds v0.6.8
[INFO] [stderr]   Downloaded itoa v0.4.8
[INFO] [stderr]   Downloaded mz_rusoto_signature v0.46.0
[INFO] [stderr]   Downloaded stdweb-internal-runtime v0.1.5
[INFO] [stderr]   Downloaded sha1 v0.6.1
[INFO] [stderr]   Downloaded base-x v0.2.11
[INFO] [stderr]   Downloaded shlex v0.1.1
[INFO] [stderr]   Downloaded serde_urlencoded v0.6.1
[INFO] [stderr]   Downloaded stdweb-internal-macros v0.2.9
[INFO] [stderr]   Downloaded stdweb-derive v0.5.3
[INFO] [stderr]   Downloaded discard v1.0.4
[INFO] [stderr]   Downloaded httpdate v0.3.2
[INFO] [stderr]   Downloaded http-body v0.3.1
[INFO] [stderr]   Downloaded dtoa v0.4.8
[INFO] [stderr]   Downloaded rustc_version v0.3.3
[INFO] [stderr]   Downloaded time-macros v0.1.1
[INFO] [stderr]   Downloaded time-macros-impl v0.1.2
[INFO] [stderr]   Downloaded mz_rusoto_mock v0.46.0
[INFO] [stderr]   Downloaded crypto-mac v0.10.1
[INFO] [stderr]   Downloaded semver-parser v0.10.3
[INFO] [stderr]   Downloaded mz_rusoto_core v0.46.0
[INFO] [stderr]   Downloaded mz_rusoto_credential v0.46.0
[INFO] [stderr]   Downloaded tokio-util v0.3.1
[INFO] [stderr]   Downloaded hyper-tls v0.4.3
[INFO] [stderr]   Downloaded tokio-tls v0.3.1
[INFO] [stderr]   Downloaded hyper-rustls v0.20.0
[INFO] [stderr]   Downloaded semver v0.11.0
[INFO] [stderr]   Downloaded tokio-rustls v0.13.1
[INFO] [stderr]   Downloaded sct v0.6.1
[INFO] [stderr]   Downloaded security-framework-sys v0.4.3
[INFO] [stderr]   Downloaded core-foundation v0.7.0
[INFO] [stderr]   Downloaded socket2 v0.3.19
[INFO] [stderr]   Downloaded rustls-native-certs v0.3.0
[INFO] [stderr]   Downloaded bytes v0.5.6
[INFO] [stderr]   Downloaded standback v0.2.17
[INFO] [stderr]   Downloaded core-foundation-sys v0.7.0
[INFO] [stderr]   Downloaded ct-logs v0.6.0
[INFO] [stderr]   Downloaded base64 v0.11.0
[INFO] [stderr]   Downloaded security-framework v0.4.4
[INFO] [stderr]   Downloaded webpki v0.21.4
[INFO] [stderr]   Downloaded time v0.2.27
[INFO] [stderr]   Downloaded stdweb v0.4.20
[INFO] [stderr]   Downloaded hyper v0.13.10
[INFO] [stderr]   Downloaded tokio v0.2.25
[INFO] [stderr]   Downloaded pest v2.9.4
[INFO] [stderr]   Downloaded h2 v0.2.7
[INFO] [stderr]   Downloaded rustls v0.17.0
[INFO] running `Command { std: "docker" "create" "-v" "/var/lib/crater-agent-workspace/builds/worker-3-tc1/source:/opt/rustwide/workdir:ro,Z" "-v" "/var/lib/crater-agent-workspace/builds/worker-3-tc1/target:/opt/rustwide/target:rw,Z" "-v" "/var/lib/crater-agent-workspace/cargo-home:/opt/rustwide/cargo-home:ro,Z" "-v" "/var/lib/crater-agent-workspace/rustup-home:/opt/rustwide/rustup-home:ro,Z" "-m" "1610612736" "--network" "none" "ghcr.io/rust-lang/crates-build-env/linux@sha256:77db811e55d90add9212f6832c23229e3de5f1c1f9905e8cb07319ea15df73ac" "sleep" "infinity", kill_on_drop: false }`
[INFO] [stdout] 3a9e52327532cc3518f06673e9f4fb836744baafb09eed91961e977b67fd4756
[INFO] running `Command { std: "docker" "start" "3a9e52327532cc3518f06673e9f4fb836744baafb09eed91961e977b67fd4756", kill_on_drop: false }`
[INFO] running `Command { std: "docker" "inspect" "3a9e52327532cc3518f06673e9f4fb836744baafb09eed91961e977b67fd4756", kill_on_drop: false }`
[INFO] running `Command { std: "docker" "exec" "-e" "SOURCE_DIR=/opt/rustwide/workdir" "-e" "CARGO_HOME=/opt/rustwide/cargo-home" "-e" "RUSTUP_HOME=/opt/rustwide/rustup-home" "-e" "CARGO_TARGET_DIR=/opt/rustwide/target" "-w" "/opt/rustwide/workdir" "--user" "0:0" "3a9e52327532cc3518f06673e9f4fb836744baafb09eed91961e977b67fd4756" "/opt/rustwide/cargo-home/bin/cargo" "+1.99.0-beta.8" "metadata" "--no-deps" "--format-version=1", kill_on_drop: false }`
[INFO] running `Command { std: "docker" "inspect" "3a9e52327532cc3518f06673e9f4fb836744baafb09eed91961e977b67fd4756", kill_on_drop: false }`
[INFO] running `Command { std: "docker" "exec" "-e" "SOURCE_DIR=/opt/rustwide/workdir" "-e" "CARGO_HOME=/opt/rustwide/cargo-home" "-e" "RUSTUP_HOME=/opt/rustwide/rustup-home" "-e" "CARGO_TARGET_DIR=/opt/rustwide/target" "-e" "CARGO_INCREMENTAL=0" "-e" "RUST_BACKTRACE=full" "-e" "RUSTFLAGS=--cap-lints=warn" "-e" "RUSTDOCFLAGS=--cap-lints=warn" "-w" "/opt/rustwide/workdir" "--user" "0:0" "3a9e52327532cc3518f06673e9f4fb836744baafb09eed91961e977b67fd4756" "/opt/rustwide/cargo-home/bin/cargo" "+1.99.0-beta.8" "build" "--frozen" "--message-format=json" "--release", kill_on_drop: false }`
[INFO] [stderr]    Compiling unicode-ident v1.0.27
[INFO] [stderr]    Compiling libc v0.2.191
[INFO] [stderr]    Compiling find-msvc-tools v0.1.14
[INFO] [stderr]    Compiling memchr v2.8.3
[INFO] [stderr]    Compiling syn v1.0.109
[INFO] [stderr]    Compiling slab v0.4.12
[INFO] [stderr]    Compiling futures-core v0.3.34
[INFO] [stderr]    Compiling cfg-if v0.1.10
[INFO] [stderr]    Compiling futures-sink v0.3.34
[INFO] [stderr]    Compiling bytes v0.5.6
[INFO] [stderr]    Compiling generic-array v0.14.9
[INFO] [stderr]    Compiling standback v0.2.17
[INFO] [stderr]    Compiling futures-io v0.3.34
[INFO] [stderr]    Compiling lazy_static v1.5.1
[INFO] [stderr]    Compiling futures-task v0.3.34
[INFO] [stderr]    Compiling pin-project-lite v0.1.12
[INFO] [stderr]    Compiling indexmap v1.9.3
[INFO] [stderr]    Compiling litemap v0.8.3
[INFO] [stderr]    Compiling proc-macro2 v1.0.107
[INFO] [stderr]    Compiling cfg-if v1.0.5
[INFO] [stderr]    Compiling writeable v0.6.4
[INFO] [stderr]    Compiling futures-channel v0.3.34
[INFO] [stderr]    Compiling http v0.2.12
[INFO] [stderr]    Compiling tracing v0.1.44
[INFO] [stderr]    Compiling ucd-trie v0.1.7
[INFO] [stderr]    Compiling hashbrown v0.12.3
[INFO] [stderr]    Compiling cc v1.8.0
[INFO] [stderr]    Compiling proc-macro-hack v0.5.20+deprecated
[INFO] [stderr]    Compiling icu_normalizer_data v2.3.0
[INFO] [stderr]    Compiling icu_properties_data v2.3.0
[INFO] [stderr]    Compiling itoa v0.4.8
[INFO] [stderr]    Compiling openssl v0.10.81
[INFO] [stderr]    Compiling want v0.3.2
[INFO] [stderr]    Compiling httpdate v0.3.2
[INFO] [stderr]    Compiling serde_json v1.0.154
[INFO] [stderr]    Compiling const_fn v0.4.12
[INFO] [stderr]    Compiling native-tls v0.2.18
[INFO] [stderr]    Compiling smallvec v1.16.3
[INFO] [stderr]    Compiling time v0.2.27
[INFO] [stderr]    Compiling openssl-probe v0.2.1
[INFO] [stderr]    Compiling subtle v2.4.1
[INFO] [stderr]    Compiling aho-corasick v1.1.5
[INFO] [stderr]    Compiling shlex v0.1.1
[INFO] [stderr]    Compiling zeroize v1.9.1
[INFO] [stderr]    Compiling digest v0.9.0
[INFO] [stderr]    Compiling quote v1.0.47
[INFO] [stderr]    Compiling block-buffer v0.9.0
[INFO] [stderr]    Compiling syn v3.0.9
[INFO] [stderr]    Compiling syn v2.0.119
[INFO] [stderr]    Compiling crypto-mac v0.10.1
[INFO] [stderr]    Compiling opaque-debug v0.3.1
[INFO] [stderr]    Compiling crc32fast v1.5.2
[INFO] [stderr]    Compiling sha2 v0.9.9
[INFO] [stderr]    Compiling hmac v0.10.1
[INFO] [stderr]    Compiling form_urlencoded v1.2.2
[INFO] [stderr]    Compiling base64 v0.13.1
[INFO] [stderr]    Compiling md5 v0.7.0
[INFO] [stderr]    Compiling xml-rs v0.8.29
[INFO] [stderr]    Compiling dtoa v0.4.8
[INFO] [stderr]    Compiling iovec v0.1.4
[INFO] [stderr]    Compiling net2 v0.2.39
[INFO] [stderr]    Compiling errno v0.3.14
[INFO] [stderr]    Compiling socket2 v0.3.19
[INFO] [stderr]    Compiling dirs-sys-next v0.1.2
[INFO] [stderr]    Compiling mio v0.6.23
[INFO] [stderr]    Compiling signal-hook-registry v1.4.8
[INFO] [stderr]    Compiling http-body v0.3.1
[INFO] [stderr]    Compiling dirs-next v2.0.0
[INFO] [stderr]    Compiling mio-uds v0.6.8
[INFO] [stderr]    Compiling psm v0.1.24
[INFO] [stderr]    Compiling stacker v0.1.25
[INFO] [stderr]    Compiling openssl-sys v0.9.117
[INFO] [stderr]    Compiling regex-automata v0.4.18
[INFO] [stderr]    Compiling pest v2.9.4
[INFO] [stderr]    Compiling tokio-macros v0.2.6
[INFO] [stderr]    Compiling time-macros-impl v0.1.2
[INFO] [stderr]    Compiling semver-parser v0.10.3
[INFO] [stderr]    Compiling time-macros v0.1.1
[INFO] [stderr]    Compiling semver v0.11.0
[INFO] [stderr]    Compiling tokio v0.2.25
[INFO] [stderr]    Compiling rustc_version v0.3.3
[INFO] [stderr]    Compiling mz_rusoto_core v0.46.0
[INFO] [stderr]    Compiling pin-project-internal v1.1.13
[INFO] [stderr]    Compiling openssl-macros v0.1.1
[INFO] [stderr]    Compiling synstructure v0.14.0
[INFO] [stderr]    Compiling zerofrom-derive v0.1.8
[INFO] [stderr]    Compiling yoke-derive v0.8.4
[INFO] [stderr]    Compiling zerovec-derive v0.11.6
[INFO] [stderr]    Compiling displaydoc v0.2.7
[INFO] [stderr]    Compiling futures-macro v0.3.34
[INFO] [stderr]    Compiling serde_derive v1.0.229
[INFO] [stderr]    Compiling async-trait v0.1.92
[INFO] [stderr]    Compiling pin-project v1.1.13
[INFO] [stderr]    Compiling tracing-futures v0.2.5
[INFO] [stderr]    Compiling regex v1.13.1
[INFO] [stderr]    Compiling futures-util v0.3.34
[INFO] [stderr]    Compiling zerofrom v0.1.8
[INFO] [stderr]    Compiling yoke v0.8.3
[INFO] [stderr]    Compiling tokio-util v0.3.1
[INFO] [stderr]    Compiling zerotrie v0.2.5
[INFO] [stderr]    Compiling zerovec v0.11.8
[INFO] [stderr]    Compiling tinystr v0.8.4
[INFO] [stderr]    Compiling potential_utf v0.1.6
[INFO] [stderr]    Compiling icu_locale_core v2.3.0
[INFO] [stderr]    Compiling icu_collections v2.3.0
[INFO] [stderr]    Compiling serde v1.0.229
[INFO] [stderr]    Compiling chrono v0.4.45
[INFO] [stderr]    Compiling icu_provider v2.3.1
[INFO] [stderr]    Compiling icu_properties v2.3.0
[INFO] [stderr]    Compiling icu_normalizer v2.3.0
[INFO] [stderr]    Compiling tokio-tls v0.3.1
[INFO] [stderr]    Compiling idna_adapter v1.2.2
[INFO] [stderr]    Compiling idna v1.1.0
[INFO] [stderr]    Compiling h2 v0.2.7
[INFO] [stderr]    Compiling futures-executor v0.3.34
[INFO] [stderr]    Compiling futures v0.3.34
[INFO] [stderr]    Compiling url v2.5.8
[INFO] [stderr]    Compiling serde_urlencoded v0.6.1
[INFO] [stderr]    Compiling hyper v0.13.10
[INFO] [stderr]    Compiling mz_rusoto_credential v0.46.0
[INFO] [stderr]    Compiling hyper-tls v0.4.3
[INFO] [stderr]    Compiling mz_rusoto_signature v0.46.0
[INFO] [stderr]    Compiling mz_rusoto_redshift v0.46.0 (/opt/rustwide/workdir)
[INFO] [stdout] warning: unused import: `custom::*`
[INFO] [stdout]   --> src/lib.rs:21:9
[INFO] [stdout]    |
[INFO] [stdout] 21 | pub use custom::*;
[INFO] [stdout]    |         ^^^^^^^^^
[INFO] [stdout]    |
[INFO] [stdout]    = note: `#[warn(unused_imports)]` (part of `#[warn(unused)]`) on by default
[INFO] [stdout] 
[INFO] [stdout] 
[INFO] [stderr]     Finished `release` profile [optimized] target(s) in 1m 11s
[INFO] running `Command { std: "docker" "inspect" "3a9e52327532cc3518f06673e9f4fb836744baafb09eed91961e977b67fd4756", kill_on_drop: false }`
[INFO] running `Command { std: "docker" "exec" "-e" "SOURCE_DIR=/opt/rustwide/workdir" "-e" "CARGO_HOME=/opt/rustwide/cargo-home" "-e" "RUSTUP_HOME=/opt/rustwide/rustup-home" "-e" "CARGO_TARGET_DIR=/opt/rustwide/target" "-e" "CARGO_INCREMENTAL=0" "-e" "RUST_BACKTRACE=full" "-e" "RUSTFLAGS=--cap-lints=warn" "-e" "RUSTDOCFLAGS=--cap-lints=warn" "-w" "/opt/rustwide/workdir" "--user" "0:0" "3a9e52327532cc3518f06673e9f4fb836744baafb09eed91961e977b67fd4756" "/opt/rustwide/cargo-home/bin/cargo" "+1.99.0-beta.8" "test" "--frozen" "--no-run" "--message-format=json" "--release", kill_on_drop: false }`
[INFO] [stderr]    Compiling mz_rusoto_mock v0.46.0
[INFO] [stdout] warning: unused import: `custom::*`
[INFO] [stdout]   --> src/lib.rs:21:9
[INFO] [stdout]    |
[INFO] [stdout] 21 | pub use custom::*;
[INFO] [stdout]    |         ^^^^^^^^^
[INFO] [stdout]    |
[INFO] [stdout]    = note: `#[warn(unused_imports)]` (part of `#[warn(unused)]`) on by default
[INFO] [stdout] 
[INFO] [stdout] 
[INFO] [stderr]    Compiling mz_rusoto_redshift v0.46.0 (/opt/rustwide/workdir)
[INFO] [stdout] warning: unused import: `custom::*`
[INFO] [stdout]   --> src/lib.rs:21:9
[INFO] [stdout]    |
[INFO] [stdout] 21 | pub use custom::*;
[INFO] [stdout]    |         ^^^^^^^^^
[INFO] [stdout]    |
[INFO] [stdout]    = note: `#[warn(unused_imports)]` (part of `#[warn(unused)]`) on by default
[INFO] [stdout] 
[INFO] [stdout] 
[INFO] [stderr]     Finished `release` profile [optimized] target(s) in 6.45s
[INFO] running `Command { std: "docker" "inspect" "3a9e52327532cc3518f06673e9f4fb836744baafb09eed91961e977b67fd4756", kill_on_drop: false }`
[INFO] running `Command { std: "docker" "exec" "-e" "SOURCE_DIR=/opt/rustwide/workdir" "-e" "CARGO_HOME=/opt/rustwide/cargo-home" "-e" "RUSTUP_HOME=/opt/rustwide/rustup-home" "-e" "CARGO_TARGET_DIR=/opt/rustwide/target" "-e" "CARGO_INCREMENTAL=0" "-e" "RUST_BACKTRACE=full" "-e" "RUSTFLAGS=--cap-lints=warn" "-e" "RUSTDOCFLAGS=--cap-lints=warn" "-w" "/opt/rustwide/workdir" "--user" "0:0" "3a9e52327532cc3518f06673e9f4fb836744baafb09eed91961e977b67fd4756" "/opt/rustwide/cargo-home/bin/cargo" "+1.99.0-beta.8" "test" "--frozen" "--release", kill_on_drop: false }`
[INFO] [stderr] warning: unused import: `custom::*`
[INFO] [stderr]   --> src/lib.rs:21:9
[INFO] [stderr]    |
[INFO] [stderr] 21 | pub use custom::*;
[INFO] [stderr]    |         ^^^^^^^^^
[INFO] [stderr]    |
[INFO] [stderr]    = note: `#[warn(unused_imports)]` (part of `#[warn(unused)]`) on by default
[INFO] [stderr] 
[INFO] [stderr] warning: `mz_rusoto_redshift` (lib) generated 1 warning (run `cargo fix --lib -p mz_rusoto_redshift` to apply 1 suggestion)
[INFO] [stderr] warning: `mz_rusoto_redshift` (lib test) generated 1 warning (1 duplicate)
[INFO] [stderr]     Finished `release` profile [optimized] target(s) in 0.09s
[INFO] [stderr]      Running unittests src/lib.rs (/opt/rustwide/target/release/deps/rusoto_redshift-a5536b8e5f47ae92)
[INFO] [stdout] 
[INFO] [stdout] running 28 tests
[INFO] [stdout] test generated::protocol_tests::test_parse_valid_redshift_create_cluster ... FAILED
[INFO] [stdout] test generated::protocol_tests::test_parse_valid_redshift_copy_cluster_snapshot ... FAILED
[INFO] [stdout] test generated::protocol_tests::test_parse_valid_redshift_authorize_cluster_security_group_ingress ... FAILED
[INFO] [stdout] test generated::protocol_tests::test_parse_valid_redshift_create_cluster_parameter_group ... FAILED
[INFO] [stdout] test generated::protocol_tests::test_parse_valid_redshift_create_cluster_security_group ... FAILED
[INFO] [stdout] test generated::protocol_tests::test_parse_valid_redshift_create_cluster_subnet_group ... FAILED
[INFO] [stdout] test generated::protocol_tests::test_parse_valid_redshift_create_cluster_snapshot ... FAILED
[INFO] [stdout] test generated::protocol_tests::test_parse_valid_redshift_delete_cluster ... FAILED
[INFO] [stdout] test generated::protocol_tests::test_parse_valid_redshift_delete_cluster_parameter_group ... FAILED
[INFO] [stdout] test generated::protocol_tests::test_parse_valid_redshift_describe_cluster_parameters ... FAILED
[INFO] [stdout] test generated::protocol_tests::test_parse_valid_redshift_describe_cluster_parameter_groups ... FAILED
[INFO] [stdout] test generated::protocol_tests::test_parse_valid_redshift_describe_cluster_snapshots ... FAILED
[INFO] [stdout] test generated::protocol_tests::test_parse_valid_redshift_delete_cluster_snapshot ... FAILED
[INFO] [stdout] test generated::protocol_tests::test_parse_valid_redshift_describe_cluster_versions ... FAILED
[INFO] [stdout] test generated::protocol_tests::test_parse_valid_redshift_describe_cluster_subnet_groups ... FAILED
[INFO] [stdout] test generated::protocol_tests::test_parse_valid_redshift_describe_cluster_security_groups ... FAILED
[INFO] [stdout] test generated::protocol_tests::test_parse_valid_redshift_describe_clusters ... FAILED
[INFO] [stdout] test generated::protocol_tests::test_parse_valid_redshift_describe_events ... FAILED
[INFO] [stdout] test generated::protocol_tests::test_parse_valid_redshift_describe_orderable_cluster_options ... FAILED
[INFO] [stdout] test generated::protocol_tests::test_parse_valid_redshift_describe_reserved_node_offerings ... FAILED
[INFO] [stdout] test generated::protocol_tests::test_parse_valid_redshift_describe_reserved_nodes ... FAILED
[INFO] [stdout] test generated::protocol_tests::test_parse_valid_redshift_describe_resize ... FAILED
[INFO] [stdout] test generated::protocol_tests::test_parse_valid_redshift_modify_cluster_parameter_group ... FAILED
[INFO] [stdout] test generated::protocol_tests::test_parse_valid_redshift_purchase_reserved_node_offering ... FAILED
[INFO] [stdout] test generated::protocol_tests::test_parse_valid_redshift_reboot_cluster ... FAILED
[INFO] [stdout] test generated::protocol_tests::test_parse_valid_redshift_reset_cluster_parameter_group ... FAILED
[INFO] [stdout] test generated::protocol_tests::test_parse_valid_redshift_restore_from_cluster_snapshot ... FAILED
[INFO] [stdout] test generated::protocol_tests::test_parse_valid_redshift_revoke_cluster_security_group_ingress ... FAILED
[INFO] [stdout] 
[INFO] [stdout] failures:
[INFO] [stdout] 
[INFO] [stdout] ---- generated::protocol_tests::test_parse_valid_redshift_create_cluster stdout ----
[INFO] [stdout] 
[INFO] [stdout] thread 'generated::protocol_tests::test_parse_valid_redshift_create_cluster' (2613) panicked at /opt/rustwide/cargo-home/registry/src/index.crates.io-1949cf8c6b5b557f/mz_rusoto_mock-0.46.0/src/lib.rs:175:53:
[INFO] [stdout] couldn't find file: Os { code: 2, kind: NotFound, message: "No such file or directory" }
[INFO] [stdout] stack backtrace:
[INFO] [stdout]    0:     0x5997ceac4271 - <<std[70759c8f55707aa4]::sys::backtrace::BacktraceLock>::print::DisplayBacktrace as core[df12db4294e9bfd3]::fmt::Display>::fmt
[INFO] [stdout]    1:     0x5997cead999a - core[df12db4294e9bfd3]::fmt::write
[INFO] [stdout]    2:     0x5997ceac884c - <alloc[2182bb758b4b3781]::vec::Vec<u8> as core[df12db4294e9bfd3]::io::write::Write>::write_fmt
[INFO] [stdout]    3:     0x5997ceaa04f6 - std[70759c8f55707aa4]::panicking::default_hook::{closure#0}
[INFO] [stdout]    4:     0x5997ceabc929 - std[70759c8f55707aa4]::panicking::default_hook
[INFO] [stdout]    5:     0x5997cea20aa0 - test[9d35eded1c95d3be]::test_main_inner::<test[9d35eded1c95d3be]::test_main_static::{closure#0}>::{closure#0}
[INFO] [stdout]    6:     0x5997ceabcae2 - std[70759c8f55707aa4]::panicking::panic_with_hook
[INFO] [stdout]    7:     0x5997ceaa05a2 - std[70759c8f55707aa4]::panicking::panic_handler::{closure#0}
[INFO] [stdout]    8:     0x5997cea992f9 - std[70759c8f55707aa4]::sys::backtrace::__rust_end_short_backtrace::<std[70759c8f55707aa4]::panicking::panic_handler::{closure#0}, !>
[INFO] [stdout]    9:     0x5997ceaa119d - __rustc[8fa7c3cbc660c2b3]::rust_begin_unwind
[INFO] [stdout]   10:     0x5997ceada0fc - core[df12db4294e9bfd3]::panicking::panic_fmt
[INFO] [stdout]   11:     0x5997cead9ed2 - core[df12db4294e9bfd3]::result::unwrap_failed
[INFO] [stdout]   12:     0x5997cea565ac - <rusoto_mock[1a9d6f9a77d5744d]::MockResponseReader as rusoto_mock[1a9d6f9a77d5744d]::ReadMockResponse>::read_response
[INFO] [stdout]   13:     0x5997ce9e2ced - rusoto_redshift[9dbd053a7159cd56]::generated::protocol_tests::test_parse_valid_redshift_create_cluster::{closure#0}
[INFO] [stdout]   14:     0x5997ce9ea00d - <tokio[abcbcc4d3da30ef7]::macros::scoped_tls::ScopedKey<tokio[abcbcc4d3da30ef7]::runtime::basic_scheduler::Context>>::set::<tokio[abcbcc4d3da30ef7]::runtime::basic_scheduler::enter<<tokio[abcbcc4d3da30ef7]::runtime::basic_scheduler::BasicScheduler<tokio[abcbcc4d3da30ef7]::park::either::Either<tokio[abcbcc4d3da30ef7]::time::driver::Driver<tokio[abcbcc4d3da30ef7]::park::either::Either<tokio[abcbcc4d3da30ef7]::io::driver::Driver, tokio[abcbcc4d3da30ef7]::park::thread::ParkThread>>, tokio[abcbcc4d3da30ef7]::park::either::Either<tokio[abcbcc4d3da30ef7]::io::driver::Driver, tokio[abcbcc4d3da30ef7]::park::thread::ParkThread>>>>::block_on<rusoto_redshift[9dbd053a7159cd56]::generated::protocol_tests::test_parse_valid_redshift_create_cluster::{closure#0}>::{closure#0}, (), tokio[abcbcc4d3da30ef7]::park::either::Either<tokio[abcbcc4d3da30ef7]::time::driver::Driver<tokio[abcbcc4d3da30ef7]::park::either::Either<tokio[abcbcc4d3da30ef7]::io::driver::Driver, tokio[abcbcc4d3da30ef7]::park::thread::ParkThread>>, tokio[abcbcc4d3da30ef7]::park::either::Either<tokio[abcbcc4d3da30ef7]::io::driver::Driver, tokio[abcbcc4d3da30ef7]::park::thread::ParkThread>>>::{closure#0}, ()>
[INFO] [stdout]   15:     0x5997cea025f6 - tokio[abcbcc4d3da30ef7]::runtime::basic_scheduler::enter::<<tokio[abcbcc4d3da30ef7]::runtime::basic_scheduler::BasicScheduler<tokio[abcbcc4d3da30ef7]::park::either::Either<tokio[abcbcc4d3da30ef7]::time::driver::Driver<tokio[abcbcc4d3da30ef7]::park::either::Either<tokio[abcbcc4d3da30ef7]::io::driver::Driver, tokio[abcbcc4d3da30ef7]::park::thread::ParkThread>>, tokio[abcbcc4d3da30ef7]::park::either::Either<tokio[abcbcc4d3da30ef7]::io::driver::Driver, tokio[abcbcc4d3da30ef7]::park::thread::ParkThread>>>>::block_on<rusoto_redshift[9dbd053a7159cd56]::generated::protocol_tests::test_parse_valid_redshift_create_cluster::{closure#0}>::{closure#0}, (), tokio[abcbcc4d3da30ef7]::park::either::Either<tokio[abcbcc4d3da30ef7]::time::driver::Driver<tokio[abcbcc4d3da30ef7]::park::either::Either<tokio[abcbcc4d3da30ef7]::io::driver::Driver, tokio[abcbcc4d3da30ef7]::park::thread::ParkThread>>, tokio[abcbcc4d3da30ef7]::park::either::Either<tokio[abcbcc4d3da30ef7]::io::driver::Driver, tokio[abcbcc4d3da30ef7]::park::thread::ParkThread>>>
[INFO] [stdout]   16:     0x5997cea04cd1 - tokio[abcbcc4d3da30ef7]::runtime::context::enter::<<tokio[abcbcc4d3da30ef7]::runtime::Runtime>::block_on<rusoto_redshift[9dbd053a7159cd56]::generated::protocol_tests::test_parse_valid_redshift_create_cluster::{closure#0}>::{closure#0}, ()>
[INFO] [stdout]   17:     0x5997cea0d702 - rusoto_redshift[9dbd053a7159cd56]::generated::protocol_tests::test_parse_valid_redshift_create_cluster
[INFO] [stdout]   18:     0x5997cea0c379 - <rusoto_redshift[9dbd053a7159cd56]::generated::protocol_tests::test_parse_valid_redshift_create_cluster::{closure#0} as core[df12db4294e9bfd3]::ops::function::FnOnce<()>>::call_once
[INFO] [stdout]   19:     0x5997cea13d8b - test[9d35eded1c95d3be]::__rust_begin_short_backtrace::<core[df12db4294e9bfd3]::result::Result<(), alloc[2182bb758b4b3781]::string::String>, fn() -> core[df12db4294e9bfd3]::result::Result<(), alloc[2182bb758b4b3781]::string::String>>
[INFO] [stdout]   20:     0x5997cea213f5 - test[9d35eded1c95d3be]::run_test::{closure#0}
[INFO] [stdout]   21:     0x5997cea1acb4 - std[70759c8f55707aa4]::sys::backtrace::__rust_begin_short_backtrace::<test[9d35eded1c95d3be]::run_test::{closure#1}, ()>
[INFO] [stdout]   22:     0x5997cea24552 - <std[70759c8f55707aa4]::thread::lifecycle::spawn_unchecked<test[9d35eded1c95d3be]::run_test::{closure#1}, ()>::{closure#1} as core[df12db4294e9bfd3]::ops::function::FnOnce<()>>::call_once::{shim:vtable#0}
[INFO] [stdout]   23:     0x5997ceac3b49 - <std[70759c8f55707aa4]::sys::thread::unix::Thread>::new::thread_start
[INFO] [stdout]   24:     0x70a21606cdfa - <unknown>
[INFO] [stdout]   25:     0x70a2161003d4 - clone
[INFO] [stdout]   26:                0x0 - <unknown>
[INFO] [stdout] 
[INFO] [stdout] ---- generated::protocol_tests::test_parse_valid_redshift_copy_cluster_snapshot stdout ----
[INFO] [stdout] 
[INFO] [stdout] thread 'generated::protocol_tests::test_parse_valid_redshift_copy_cluster_snapshot' (2612) panicked at /opt/rustwide/cargo-home/registry/src/index.crates.io-1949cf8c6b5b557f/mz_rusoto_mock-0.46.0/src/lib.rs:175:53:
[INFO] [stdout] couldn't find file: Os { code: 2, kind: NotFound, message: "No such file or directory" }
[INFO] [stdout] stack backtrace:
[INFO] [stdout]    0:     0x5997ceac4271 - <<std[70759c8f55707aa4]::sys::backtrace::BacktraceLock>::print::DisplayBacktrace as core[df12db4294e9bfd3]::fmt::Display>::fmt
[INFO] [stdout]    1:     0x5997cead999a - core[df12db4294e9bfd3]::fmt::write
[INFO] [stdout]    2:     0x5997ceac884c - <alloc[2182bb758b4b3781]::vec::Vec<u8> as core[df12db4294e9bfd3]::io::write::Write>::write_fmt
[INFO] [stdout]    3:     0x5997ceaa04f6 - std[70759c8f55707aa4]::panicking::default_hook::{closure#0}
[INFO] [stdout]    4:     0x5997ceabc929 - std[70759c8f55707aa4]::panicking::default_hook
[INFO] [stdout]    5:     0x5997cea20aa0 - test[9d35eded1c95d3be]::test_main_inner::<test[9d35eded1c95d3be]::test_main_static::{closure#0}>::{closure#0}
[INFO] [stdout]    6:     0x5997ceabcae2 - std[70759c8f55707aa4]::panicking::panic_with_hook
[INFO] [stdout]    7:     0x5997ceaa05a2 - std[70759c8f55707aa4]::panicking::panic_handler::{closure#0}
[INFO] [stdout]    8:     0x5997cea992f9 - std[70759c8f55707aa4]::sys::backtrace::__rust_end_short_backtrace::<std[70759c8f55707aa4]::panicking::panic_handler::{closure#0}, !>
[INFO] [stdout]    9:     0x5997ceaa119d - __rustc[8fa7c3cbc660c2b3]::rust_begin_unwind
[INFO] [stdout]   10:     0x5997ceada0fc - core[df12db4294e9bfd3]::panicking::panic_fmt
[INFO] [stdout]   11:     0x5997cead9ed2 - core[df12db4294e9bfd3]::result::unwrap_failed
[INFO] [stdout]   12:     0x5997cea565ac - <rusoto_mock[1a9d6f9a77d5744d]::MockResponseReader as rusoto_mock[1a9d6f9a77d5744d]::ReadMockResponse>::read_response
[INFO] [stdout]   13:     0x5997ce9e432d - rusoto_redshift[9dbd053a7159cd56]::generated::protocol_tests::test_parse_valid_redshift_copy_cluster_snapshot::{closure#0}
[INFO] [stdout]   14:     0x5997ce9ec16d - <tokio[abcbcc4d3da30ef7]::macros::scoped_tls::ScopedKey<tokio[abcbcc4d3da30ef7]::runtime::basic_scheduler::Context>>::set::<tokio[abcbcc4d3da30ef7]::runtime::basic_scheduler::enter<<tokio[abcbcc4d3da30ef7]::runtime::basic_scheduler::BasicScheduler<tokio[abcbcc4d3da30ef7]::park::either::Either<tokio[abcbcc4d3da30ef7]::time::driver::Driver<tokio[abcbcc4d3da30ef7]::park::either::Either<tokio[abcbcc4d3da30ef7]::io::driver::Driver, tokio[abcbcc4d3da30ef7]::park::thread::ParkThread>>, tokio[abcbcc4d3da30ef7]::park::either::Either<tokio[abcbcc4d3da30ef7]::io::driver::Driver, tokio[abcbcc4d3da30ef7]::park::thread::ParkThread>>>>::block_on<rusoto_redshift[9dbd053a7159cd56]::generated::protocol_tests::test_parse_valid_redshift_copy_cluster_snapshot::{closure#0}>::{closure#0}, (), tokio[abcbcc4d3da30ef7]::park::either::Either<tokio[abcbcc4d3da30ef7]::time::driver::Driver<tokio[abcbcc4d3da30ef7]::park::either::Either<tokio[abcbcc4d3da30ef7]::io::driver::Driver, tokio[abcbcc4d3da30ef7]::park::thread::ParkThread>>, tokio[abcbcc4d3da30ef7]::park::either::Either<tokio[abcbcc4d3da30ef7]::io::driver::Driver, tokio[abcbcc4d3da30ef7]::park::thread::ParkThread>>>::{closure#0}, ()>
[INFO] [stdout]   15:     0x5997cea02d76 - tokio[abcbcc4d3da30ef7]::runtime::basic_scheduler::enter::<<tokio[abcbcc4d3da30ef7]::runtime::basic_scheduler::BasicScheduler<tokio[abcbcc4d3da30ef7]::park::either::Either<tokio[abcbcc4d3da30ef7]::time::driver::Driver<tokio[abcbcc4d3da30ef7]::park::either::Either<tokio[abcbcc4d3da30ef7]::io::driver::Driver, tokio[abcbcc4d3da30ef7]::park::thread::ParkThread>>, tokio[abcbcc4d3da30ef7]::park::either::Either<tokio[abcbcc4d3da30ef7]::io::driver::Driver, tokio[abcbcc4d3da30ef7]::park::thread::ParkThread>>>>::block_on<rusoto_redshift[9dbd053a7159cd56]::generated::protocol_tests::test_parse_valid_redshift_copy_cluster_snapshot::{closure#0}>::{closure#0}, (), tokio[abcbcc4d3da30ef7]::park::either::Either<tokio[abcbcc4d3da30ef7]::time::driver::Driver<tokio[abcbcc4d3da30ef7]::park::either::Either<tokio[abcbcc4d3da30ef7]::io::driver::Driver, tokio[abcbcc4d3da30ef7]::park::thread::ParkThread>>, tokio[abcbcc4d3da30ef7]::park::either::Either<tokio[abcbcc4d3da30ef7]::io::driver::Driver, tokio[abcbcc4d3da30ef7]::park::thread::ParkThread>>>
[INFO] [stdout]   16:     0x5997cea053f1 - tokio[abcbcc4d3da30ef7]::runtime::context::enter::<<tokio[abcbcc4d3da30ef7]::runtime::Runtime>::block_on<rusoto_redshift[9dbd053a7159cd56]::generated::protocol_tests::test_parse_valid_redshift_copy_cluster_snapshot::{closure#0}>::{closure#0}, ()>
[INFO] [stdout]   17:     0x5997cea0e182 - rusoto_redshift[9dbd053a7159cd56]::generated::protocol_tests::test_parse_valid_redshift_copy_cluster_snapshot
[INFO] [stdout]   18:     0x5997cea0c439 - <rusoto_redshift[9dbd053a7159cd56]::generated::protocol_tests::test_parse_valid_redshift_copy_cluster_snapshot::{closure#0} as core[df12db4294e9bfd3]::ops::function::FnOnce<()>>::call_once
[INFO] [stdout]   19:     0x5997cea13d8b - test[9d35eded1c95d3be]::__rust_begin_short_backtrace::<core[df12db4294e9bfd3]::result::Result<(), alloc[2182bb758b4b3781]::string::String>, fn() -> core[df12db4294e9bfd3]::result::Result<(), alloc[2182bb758b4b3781]::string::String>>
[INFO] [stdout]   20:     0x5997cea213f5 - test[9d35eded1c95d3be]::run_test::{closure#0}
[INFO] [stdout]   21:     0x5997cea1acb4 - std[70759c8f55707aa4]::sys::backtrace::__rust_begin_short_backtrace::<test[9d35eded1c95d3be]::run_test::{closure#1}, ()>
[INFO] [stdout]   22:     0x5997cea24552 - <std[70759c8f55707aa4]::thread::lifecycle::spawn_unchecked<test[9d35eded1c95d3be]::run_test::{closure#1}, ()>::{closure#1} as core[df12db4294e9bfd3]::ops::function::FnOnce<()>>::call_once::{shim:vtable#0}
[INFO] [stdout]   23:     0x5997ceac3b49 - <std[70759c8f55707aa4]::sys::thread::unix::Thread>::new::thread_start
[INFO] [stdout]   24:     0x70a21606cdfa - <unknown>
[INFO] [stdout]   25:     0x70a2161003d4 - clone
[INFO] [stdout]   26:                0x0 - <unknown>
[INFO] [stdout] 
[INFO] [stdout] ---- generated::protocol_tests::test_parse_valid_redshift_authorize_cluster_security_group_ingress stdout ----
[INFO] [stdout] 
[INFO] [stdout] thread 'generated::protocol_tests::test_parse_valid_redshift_authorize_cluster_security_group_ingress' (2611) panicked at /opt/rustwide/cargo-home/registry/src/index.crates.io-1949cf8c6b5b557f/mz_rusoto_mock-0.46.0/src/lib.rs:175:53:
[INFO] [stdout] couldn't find file: Os { code: 2, kind: NotFound, message: "No such file or directory" }
[INFO] [stdout] stack backtrace:
[INFO] [stdout]    0:     0x5997ceac4271 - <<std[70759c8f55707aa4]::sys::backtrace::BacktraceLock>::print::DisplayBacktrace as core[df12db4294e9bfd3]::fmt::Display>::fmt
[INFO] [stdout]    1:     0x5997cead999a - core[df12db4294e9bfd3]::fmt::write
[INFO] [stdout]    2:     0x5997ceac884c - <alloc[2182bb758b4b3781]::vec::Vec<u8> as core[df12db4294e9bfd3]::io::write::Write>::write_fmt
[INFO] [stdout]    3:     0x5997ceaa04f6 - std[70759c8f55707aa4]::panicking::default_hook::{closure#0}
[INFO] [stdout]    4:     0x5997ceabc929 - std[70759c8f55707aa4]::panicking::default_hook
[INFO] [stdout]    5:     0x5997cea20aa0 - test[9d35eded1c95d3be]::test_main_inner::<test[9d35eded1c95d3be]::test_main_static::{closure#0}>::{closure#0}
[INFO] [stdout]    6:     0x5997ceabcae2 - std[70759c8f55707aa4]::panicking::panic_with_hook
[INFO] [stdout]    7:     0x5997ceaa05a2 - std[70759c8f55707aa4]::panicking::panic_handler::{closure#0}
[INFO] [stdout]    8:     0x5997cea992f9 - std[70759c8f55707aa4]::sys::backtrace::__rust_end_short_backtrace::<std[70759c8f55707aa4]::panicking::panic_handler::{closure#0}, !>
[INFO] [stdout]    9:     0x5997ceaa119d - __rustc[8fa7c3cbc660c2b3]::rust_begin_unwind
[INFO] [stdout]   10:     0x5997ceada0fc - core[df12db4294e9bfd3]::panicking::panic_fmt
[INFO] [stdout]   11:     0x5997cead9ed2 - core[df12db4294e9bfd3]::result::unwrap_failed
[INFO] [stdout]   12:     0x5997cea565ac - <rusoto_mock[1a9d6f9a77d5744d]::MockResponseReader as rusoto_mock[1a9d6f9a77d5744d]::ReadMockResponse>::read_response
[INFO] [stdout]   13:     0x5997ce9e907d - rusoto_redshift[9dbd053a7159cd56]::generated::protocol_tests::test_parse_valid_redshift_authorize_cluster_security_group_ingress::{closure#0}
[INFO] [stdout]   14:     0x5997ce9f363d - <tokio[abcbcc4d3da30ef7]::macros::scoped_tls::ScopedKey<tokio[abcbcc4d3da30ef7]::runtime::basic_scheduler::Context>>::set::<tokio[abcbcc4d3da30ef7]::runtime::basic_scheduler::enter<<tokio[abcbcc4d3da30ef7]::runtime::basic_scheduler::BasicScheduler<tokio[abcbcc4d3da30ef7]::park::either::Either<tokio[abcbcc4d3da30ef7]::time::driver::Driver<tokio[abcbcc4d3da30ef7]::park::either::Either<tokio[abcbcc4d3da30ef7]::io::driver::Driver, tokio[abcbcc4d3da30ef7]::park::thread::ParkThread>>, tokio[abcbcc4d3da30ef7]::park::either::Either<tokio[abcbcc4d3da30ef7]::io::driver::Driver, tokio[abcbcc4d3da30ef7]::park::thread::ParkThread>>>>::block_on<rusoto_redshift[9dbd053a7159cd56]::generated::protocol_tests::test_parse_valid_redshift_authorize_cluster_security_group_ingress::{closure#0}>::{closure#0}, (), tokio[abcbcc4d3da30ef7]::park::either::Either<tokio[abcbcc4d3da30ef7]::time::driver::Driver<tokio[abcbcc4d3da30ef7]::park::either::Either<tokio[abcbcc4d3da30ef7]::io::driver::Driver, tokio[abcbcc4d3da30ef7]::park::thread::ParkThread>>, tokio[abcbcc4d3da30ef7]::park::either::Either<tokio[abcbcc4d3da30ef7]::io::driver::Driver, tokio[abcbcc4d3da30ef7]::park::thread::ParkThread>>>::{closure#0}, ()>
[INFO] [stdout]   15:     0x5997cea047b6 - tokio[abcbcc4d3da30ef7]::runtime::basic_scheduler::enter::<<tokio[abcbcc4d3da30ef7]::runtime::basic_scheduler::BasicScheduler<tokio[abcbcc4d3da30ef7]::park::either::Either<tokio[abcbcc4d3da30ef7]::time::driver::Driver<tokio[abcbcc4d3da30ef7]::park::either::Either<tokio[abcbcc4d3da30ef7]::io::driver::Driver, tokio[abcbcc4d3da30ef7]::park::thread::ParkThread>>, tokio[abcbcc4d3da30ef7]::park::either::Either<tokio[abcbcc4d3da30ef7]::io::driver::Driver, tokio[abcbcc4d3da30ef7]::park::thread::ParkThread>>>>::block_on<rusoto_redshift[9dbd053a7159cd56]::generated::protocol_tests::test_parse_valid_redshift_authorize_cluster_security_group_ingress::{closure#0}>::{closure#0}, (), tokio[abcbcc4d3da30ef7]::park::either::Either<tokio[abcbcc4d3da30ef7]::time::driver::Driver<tokio[abcbcc4d3da30ef7]::park::either::Either<tokio[abcbcc4d3da30ef7]::io::driver::Driver, tokio[abcbcc4d3da30ef7]::park::thread::ParkThread>>, tokio[abcbcc4d3da30ef7]::park::either::Either<tokio[abcbcc4d3da30ef7]::io::driver::Driver, tokio[abcbcc4d3da30ef7]::park::thread::ParkThread>>>
[INFO] [stdout]   16:     0x5997cea06ce1 - tokio[abcbcc4d3da30ef7]::runtime::context::enter::<<tokio[abcbcc4d3da30ef7]::runtime::Runtime>::block_on<rusoto_redshift[9dbd053a7159cd56]::generated::protocol_tests::test_parse_valid_redshift_authorize_cluster_security_group_ingress::{closure#0}>::{closure#0}, ()>
[INFO] [stdout]   17:     0x5997cea10642 - rusoto_redshift[9dbd053a7159cd56]::generated::protocol_tests::test_parse_valid_redshift_authorize_cluster_security_group_ingress
[INFO] [stdout]   18:     0x5997cea0c6d9 - <rusoto_redshift[9dbd053a7159cd56]::generated::protocol_tests::test_parse_valid_redshift_authorize_cluster_security_group_ingress::{closure#0} as core[df12db4294e9bfd3]::ops::function::FnOnce<()>>::call_once
[INFO] [stdout]   19:     0x5997cea13d8b - test[9d35eded1c95d3be]::__rust_begin_short_backtrace::<core[df12db4294e9bfd3]::result::Result<(), alloc[2182bb758b4b3781]::string::String>, fn() -> core[df12db4294e9bfd3]::result::Result<(), alloc[2182bb758b4b3781]::string::String>>
[INFO] [stdout]   20:     0x5997cea213f5 - test[9d35eded1c95d3be]::run_test::{closure#0}
[INFO] [stdout]   21:     0x5997cea1acb4 - std[70759c8f55707aa4]::sys::backtrace::__rust_begin_short_backtrace::<test[9d35eded1c95d3be]::run_test::{closure#1}, ()>
[INFO] [stdout]   22:     0x5997cea24552 - <std[70759c8f55707aa4]::thread::lifecycle::spawn_unchecked<test[9d35eded1c95d3be]::run_test::{closure#1}, ()>::{closure#1} as core[df12db4294e9bfd3]::ops::function::FnOnce<()>>::call_once::{shim:vtable#0}
[INFO] [stdout]   23:     0x5997ceac3b49 - <std[70759c8f55707aa4]::sys::thread::unix::Thread>::new::thread_start
[INFO] [stdout]   24:     0x70a21606cdfa - <unknown>
[INFO] [stdout]   25:     0x70a2161003d4 - clone
[INFO] [stdout]   26:                0x0 - <unknown>
[INFO] [stdout] 
[INFO] [stdout] ---- generated::protocol_tests::test_parse_valid_redshift_create_cluster_parameter_group stdout ----
[INFO] [stdout] 
[INFO] [stdout] thread 'generated::protocol_tests::test_parse_valid_redshift_create_cluster_parameter_group' (2614) panicked at /opt/rustwide/cargo-home/registry/src/index.crates.io-1949cf8c6b5b557f/mz_rusoto_mock-0.46.0/src/lib.rs:175:53:
[INFO] [stdout] couldn't find file: Os { code: 2, kind: NotFound, message: "No such file or directory" }
[INFO] [stdout] stack backtrace:
[INFO] [stdout]    0:     0x5997ceac4271 - <<std[70759c8f55707aa4]::sys::backtrace::BacktraceLock>::print::DisplayBacktrace as core[df12db4294e9bfd3]::fmt::Display>::fmt
[INFO] [stdout]    1:     0x5997cead999a - core[df12db4294e9bfd3]::fmt::write
[INFO] [stdout]    2:     0x5997ceac884c - <alloc[2182bb758b4b3781]::vec::Vec<u8> as core[df12db4294e9bfd3]::io::write::Write>::write_fmt
[INFO] [stdout]    3:     0x5997ceaa04f6 - std[70759c8f55707aa4]::panicking::default_hook::{closure#0}
[INFO] [stdout]    4:     0x5997ceabc929 - std[70759c8f55707aa4]::panicking::default_hook
[INFO] [stdout]    5:     0x5997cea20aa0 - test[9d35eded1c95d3be]::test_main_inner::<test[9d35eded1c95d3be]::test_main_static::{closure#0}>::{closure#0}
[INFO] [stdout]    6:     0x5997ceabcae2 - std[70759c8f55707aa4]::panicking::panic_with_hook
[INFO] [stdout]    7:     0x5997ceaa05a2 - std[70759c8f55707aa4]::panicking::panic_handler::{closure#0}
[INFO] [stdout]    8:     0x5997cea992f9 - std[70759c8f55707aa4]::sys::backtrace::__rust_end_short_backtrace::<std[70759c8f55707aa4]::panicking::panic_handler::{closure#0}, !>
[INFO] [stdout]    9:     0x5997ceaa119d - __rustc[8fa7c3cbc660c2b3]::rust_begin_unwind
[INFO] [stdout]   10:     0x5997ceada0fc - core[df12db4294e9bfd3]::panicking::panic_fmt
[INFO] [stdout]   11:     0x5997cead9ed2 - core[df12db4294e9bfd3]::result::unwrap_failed
[INFO] [stdout]   12:     0x5997cea565ac - <rusoto_mock[1a9d6f9a77d5744d]::MockResponseReader as rusoto_mock[1a9d6f9a77d5744d]::ReadMockResponse>::read_response
[INFO] [stdout]   13:     0x5997ce9e6c0d - rusoto_redshift[9dbd053a7159cd56]::generated::protocol_tests::test_parse_valid_redshift_create_cluster_parameter_group::{closure#0}
[INFO] [stdout]   14:     0x5997ce9efe9d - <tokio[abcbcc4d3da30ef7]::macros::scoped_tls::ScopedKey<tokio[abcbcc4d3da30ef7]::runtime::basic_scheduler::Context>>::set::<tokio[abcbcc4d3da30ef7]::runtime::basic_scheduler::enter<<tokio[abcbcc4d3da30ef7]::runtime::basic_scheduler::BasicScheduler<tokio[abcbcc4d3da30ef7]::park::either::Either<tokio[abcbcc4d3da30ef7]::time::driver::Driver<tokio[abcbcc4d3da30ef7]::park::either::Either<tokio[abcbcc4d3da30ef7]::io::driver::Driver, tokio[abcbcc4d3da30ef7]::park::thread::ParkThread>>, tokio[abcbcc4d3da30ef7]::park::either::Either<tokio[abcbcc4d3da30ef7]::io::driver::Driver, tokio[abcbcc4d3da30ef7]::park::thread::ParkThread>>>>::block_on<rusoto_redshift[9dbd053a7159cd56]::generated::protocol_tests::test_parse_valid_redshift_create_cluster_parameter_group::{closure#0}>::{closure#0}, (), tokio[abcbcc4d3da30ef7]::park::either::Either<tokio[abcbcc4d3da30ef7]::time::driver::Driver<tokio[abcbcc4d3da30ef7]::park::either::Either<tokio[abcbcc4d3da30ef7]::io::driver::Driver, tokio[abcbcc4d3da30ef7]::park::thread::ParkThread>>, tokio[abcbcc4d3da30ef7]::park::either::Either<tokio[abcbcc4d3da30ef7]::io::driver::Driver, tokio[abcbcc4d3da30ef7]::park::thread::ParkThread>>>::{closure#0}, ()>
[INFO] [stdout]   15:     0x5997cea03b36 - tokio[abcbcc4d3da30ef7]::runtime::basic_scheduler::enter::<<tokio[abcbcc4d3da30ef7]::runtime::basic_scheduler::BasicScheduler<tokio[abcbcc4d3da30ef7]::park::either::Either<tokio[abcbcc4d3da30ef7]::time::driver::Driver<tokio[abcbcc4d3da30ef7]::park::either::Either<tokio[abcbcc4d3da30ef7]::io::driver::Driver, tokio[abcbcc4d3da30ef7]::park::thread::ParkThread>>, tokio[abcbcc4d3da30ef7]::park::either::Either<tokio[abcbcc4d3da30ef7]::io::driver::Driver, tokio[abcbcc4d3da30ef7]::park::thread::ParkThread>>>>::block_on<rusoto_redshift[9dbd053a7159cd56]::generated::protocol_tests::test_parse_valid_redshift_create_cluster_parameter_group::{closure#0}>::{closure#0}, (), tokio[abcbcc4d3da30ef7]::park::either::Either<tokio[abcbcc4d3da30ef7]::time::driver::Driver<tokio[abcbcc4d3da30ef7]::park::either::Either<tokio[abcbcc4d3da30ef7]::io::driver::Driver, tokio[abcbcc4d3da30ef7]::park::thread::ParkThread>>, tokio[abcbcc4d3da30ef7]::park::either::Either<tokio[abcbcc4d3da30ef7]::io::driver::Driver, tokio[abcbcc4d3da30ef7]::park::thread::ParkThread>>>
[INFO] [stdout]   16:     0x5997cea06101 - tokio[abcbcc4d3da30ef7]::runtime::context::enter::<<tokio[abcbcc4d3da30ef7]::runtime::Runtime>::block_on<rusoto_redshift[9dbd053a7159cd56]::generated::protocol_tests::test_parse_valid_redshift_create_cluster_parameter_group::{closure#0}>::{closure#0}, ()>
[INFO] [stdout]   17:     0x5997cea0f4c2 - rusoto_redshift[9dbd053a7159cd56]::generated::protocol_tests::test_parse_valid_redshift_create_cluster_parameter_group
[INFO] [stdout]   18:     0x5997cea0c599 - <rusoto_redshift[9dbd053a7159cd56]::generated::protocol_tests::test_parse_valid_redshift_create_cluster_parameter_group::{closure#0} as core[df12db4294e9bfd3]::ops::function::FnOnce<()>>::call_once
[INFO] [stdout]   19:     0x5997cea13d8b - test[9d35eded1c95d3be]::__rust_begin_short_backtrace::<core[df12db4294e9bfd3]::result::Result<(), alloc[2182bb758b4b3781]::string::String>, fn() -> core[df12db4294e9bfd3]::result::Result<(), alloc[2182bb758b4b3781]::string::String>>
[INFO] [stdout]   20:     0x5997cea213f5 - test[9d35eded1c95d3be]::run_test::{closure#0}
[INFO] [stdout]   21:     0x5997cea1acb4 - std[70759c8f55707aa4]::sys::backtrace::__rust_begin_short_backtrace::<test[9d35eded1c95d3be]::run_test::{closure#1}, ()>
[INFO] [stdout]   22:     0x5997cea24552 - <std[70759c8f55707aa4]::thread::lifecycle::spawn_unchecked<test[9d35eded1c95d3be]::run_test::{closure#1}, ()>::{closure#1} as core[df12db4294e9bfd3]::ops::function::FnOnce<()>>::call_once::{shim:vtable#0}
[INFO] [stdout]   23:     0x5997ceac3b49 - <std[70759c8f55707aa4]::sys::thread::unix::Thread>::new::thread_start
[INFO] [stdout]   24:     0x70a21606cdfa - <unknown>
[INFO] [stdout]   25:     0x70a2161003d4 - clone
[INFO] [stdout]   26:                0x0 - <unknown>
[INFO] [stdout] 
[INFO] [stdout] ---- generated::protocol_tests::test_parse_valid_redshift_create_cluster_security_group stdout ----
[INFO] [stdout] 
[INFO] [stdout] thread 'generated::protocol_tests::test_parse_valid_redshift_create_cluster_security_group' (2615) panicked at /opt/rustwide/cargo-home/registry/src/index.crates.io-1949cf8c6b5b557f/mz_rusoto_mock-0.46.0/src/lib.rs:175:53:
[INFO] [stdout] couldn't find file: Os { code: 2, kind: NotFound, message: "No such file or directory" }
[INFO] [stdout] stack backtrace:
[INFO] [stdout]    0:     0x5997ceac4271 - <<std[70759c8f55707aa4]::sys::backtrace::BacktraceLock>::print::DisplayBacktrace as core[df12db4294e9bfd3]::fmt::Display>::fmt
[INFO] [stdout]    1:     0x5997cead999a - core[df12db4294e9bfd3]::fmt::write
[INFO] [stdout]    2:     0x5997ceac884c - <alloc[2182bb758b4b3781]::vec::Vec<u8> as core[df12db4294e9bfd3]::io::write::Write>::write_fmt
[INFO] [stdout]    3:     0x5997ceaa04f6 - std[70759c8f55707aa4]::panicking::default_hook::{closure#0}
[INFO] [stdout]    4:     0x5997ceabc929 - std[70759c8f55707aa4]::panicking::default_hook
[INFO] [stdout]    5:     0x5997cea20aa0 - test[9d35eded1c95d3be]::test_main_inner::<test[9d35eded1c95d3be]::test_main_static::{closure#0}>::{closure#0}
[INFO] [stdout]    6:     0x5997ceabcae2 - std[70759c8f55707aa4]::panicking::panic_with_hook
[INFO] [stdout]    7:     0x5997ceaa05a2 - std[70759c8f55707aa4]::panicking::panic_handler::{closure#0}
[INFO] [stdout]    8:     0x5997cea992f9 - std[70759c8f55707aa4]::sys::backtrace::__rust_end_short_backtrace::<std[70759c8f55707aa4]::panicking::panic_handler::{closure#0}, !>
[INFO] [stdout]    9:     0x5997ceaa119d - __rustc[8fa7c3cbc660c2b3]::rust_begin_unwind
[INFO] [stdout]   10:     0x5997ceada0fc - core[df12db4294e9bfd3]::panicking::panic_fmt
[INFO] [stdout]   11:     0x5997cead9ed2 - core[df12db4294e9bfd3]::result::unwrap_failed
[INFO] [stdout]   12:     0x5997cea565ac - <rusoto_mock[1a9d6f9a77d5744d]::MockResponseReader as rusoto_mock[1a9d6f9a77d5744d]::ReadMockResponse>::read_response
[INFO] [stdout]   13:     0x5997ce9e605d - rusoto_redshift[9dbd053a7159cd56]::generated::protocol_tests::test_parse_valid_redshift_create_cluster_security_group::{closure#0}
[INFO] [stdout]   14:     0x5997ce9eeded - <tokio[abcbcc4d3da30ef7]::macros::scoped_tls::ScopedKey<tokio[abcbcc4d3da30ef7]::runtime::basic_scheduler::Context>>::set::<tokio[abcbcc4d3da30ef7]::runtime::basic_scheduler::enter<<tokio[abcbcc4d3da30ef7]::runtime::basic_scheduler::BasicScheduler<tokio[abcbcc4d3da30ef7]::park::either::Either<tokio[abcbcc4d3da30ef7]::time::driver::Driver<tokio[abcbcc4d3da30ef7]::park::either::Either<tokio[abcbcc4d3da30ef7]::io::driver::Driver, tokio[abcbcc4d3da30ef7]::park::thread::ParkThread>>, tokio[abcbcc4d3da30ef7]::park::either::Either<tokio[abcbcc4d3da30ef7]::io::driver::Driver, tokio[abcbcc4d3da30ef7]::park::thread::ParkThread>>>>::block_on<rusoto_redshift[9dbd053a7159cd56]::generated::protocol_tests::test_parse_valid_redshift_create_cluster_security_group::{closure#0}>::{closure#0}, (), tokio[abcbcc4d3da30ef7]::park::either::Either<tokio[abcbcc4d3da30ef7]::time::driver::Driver<tokio[abcbcc4d3da30ef7]::park::either::Either<tokio[abcbcc4d3da30ef7]::io::driver::Driver, tokio[abcbcc4d3da30ef7]::park::thread::ParkThread>>, tokio[abcbcc4d3da30ef7]::park::either::Either<tokio[abcbcc4d3da30ef7]::io::driver::Driver, tokio[abcbcc4d3da30ef7]::park::thread::ParkThread>>>::{closure#0}, ()>
[INFO] [stdout]   15:     0x5997cea03776 - tokio[abcbcc4d3da30ef7]::runtime::basic_scheduler::enter::<<tokio[abcbcc4d3da30ef7]::runtime::basic_scheduler::BasicScheduler<tokio[abcbcc4d3da30ef7]::park::either::Either<tokio[abcbcc4d3da30ef7]::time::driver::Driver<tokio[abcbcc4d3da30ef7]::park::either::Either<tokio[abcbcc4d3da30ef7]::io::driver::Driver, tokio[abcbcc4d3da30ef7]::park::thread::ParkThread>>, tokio[abcbcc4d3da30ef7]::park::either::Either<tokio[abcbcc4d3da30ef7]::io::driver::Driver, tokio[abcbcc4d3da30ef7]::park::thread::ParkThread>>>>::block_on<rusoto_redshift[9dbd053a7159cd56]::generated::protocol_tests::test_parse_valid_redshift_create_cluster_security_group::{closure#0}>::{closure#0}, (), tokio[abcbcc4d3da30ef7]::park::either::Either<tokio[abcbcc4d3da30ef7]::time::driver::Driver<tokio[abcbcc4d3da30ef7]::park::either::Either<tokio[abcbcc4d3da30ef7]::io::driver::Driver, tokio[abcbcc4d3da30ef7]::park::thread::ParkThread>>, tokio[abcbcc4d3da30ef7]::park::either::Either<tokio[abcbcc4d3da30ef7]::io::driver::Driver, tokio[abcbcc4d3da30ef7]::park::thread::ParkThread>>>
[INFO] [stdout]   16:     0x5997cea05d71 - tokio[abcbcc4d3da30ef7]::runtime::context::enter::<<tokio[abcbcc4d3da30ef7]::runtime::Runtime>::block_on<rusoto_redshift[9dbd053a7159cd56]::generated::protocol_tests::test_parse_valid_redshift_create_cluster_security_group::{closure#0}>::{closure#0}, ()>
[INFO] [stdout]   17:     0x5997cea0ef82 - rusoto_redshift[9dbd053a7159cd56]::generated::protocol_tests::test_parse_valid_redshift_create_cluster_security_group
[INFO] [stdout]   18:     0x5997cea0c539 - <rusoto_redshift[9dbd053a7159cd56]::generated::protocol_tests::test_parse_valid_redshift_create_cluster_security_group::{closure#0} as core[df12db4294e9bfd3]::ops::function::FnOnce<()>>::call_once
[INFO] [stdout]   19:     0x5997cea13d8b - test[9d35eded1c95d3be]::__rust_begin_short_backtrace::<core[df12db4294e9bfd3]::result::Result<(), alloc[2182bb758b4b3781]::string::String>, fn() -> core[df12db4294e9bfd3]::result::Result<(), alloc[2182bb758b4b3781]::string::String>>
[INFO] [stdout]   20:     0x5997cea213f5 - test[9d35eded1c95d3be]::run_test::{closure#0}
[INFO] [stdout]   21:     0x5997cea1acb4 - std[70759c8f55707aa4]::sys::backtrace::__rust_begin_short_backtrace::<test[9d35eded1c95d3be]::run_test::{closure#1}, ()>
[INFO] [stdout]   22:     0x5997cea24552 - <std[70759c8f55707aa4]::thread::lifecycle::spawn_unchecked<test[9d35eded1c95d3be]::run_test::{closure#1}, ()>::{closure#1} as core[df12db4294e9bfd3]::ops::function::FnOnce<()>>::call_once::{shim:vtable#0}
[INFO] [stdout]   23:     0x5997ceac3b49 - <std[70759c8f55707aa4]::sys::thread::unix::Thread>::new::thread_start
[INFO] [stdout]   24:     0x70a21606cdfa - <unknown>
[INFO] [stdout]   25:     0x70a2161003d4 - clone
[INFO] [stdout]   26:                0x0 - <unknown>
[INFO] [stdout] 
[INFO] [stdout] ---- generated::protocol_tests::test_parse_valid_redshift_create_cluster_subnet_group stdout ----
[INFO] [stdout] 
[INFO] [stdout] thread 'generated::protocol_tests::test_parse_valid_redshift_create_cluster_subnet_group' (2617) panicked at /opt/rustwide/cargo-home/registry/src/index.crates.io-1949cf8c6b5b557f/mz_rusoto_mock-0.46.0/src/lib.rs:175:53:
[INFO] [stdout] couldn't find file: Os { code: 2, kind: NotFound, message: "No such file or directory" }
[INFO] [stdout] stack backtrace:
[INFO] [stdout]    0:     0x5997ceac4271 - <<std[70759c8f55707aa4]::sys::backtrace::BacktraceLock>::print::DisplayBacktrace as core[df12db4294e9bfd3]::fmt::Display>::fmt
[INFO] [stdout]    1:     0x5997cead999a - core[df12db4294e9bfd3]::fmt::write
[INFO] [stdout]    2:     0x5997ceac884c - <alloc[2182bb758b4b3781]::vec::Vec<u8> as core[df12db4294e9bfd3]::io::write::Write>::write_fmt
[INFO] [stdout]    3:     0x5997ceaa04f6 - std[70759c8f55707aa4]::panicking::default_hook::{closure#0}
[INFO] [stdout]    4:     0x5997ceabc929 - std[70759c8f55707aa4]::panicking::default_hook
[INFO] [stdout]    5:     0x5997cea20aa0 - test[9d35eded1c95d3be]::test_main_inner::<test[9d35eded1c95d3be]::test_main_static::{closure#0}>::{closure#0}
[INFO] [stdout]    6:     0x5997ceabcae2 - std[70759c8f55707aa4]::panicking::panic_with_hook
[INFO] [stdout]    7:     0x5997ceaa05a2 - std[70759c8f55707aa4]::panicking::panic_handler::{closure#0}
[INFO] [stdout]    8:     0x5997cea992f9 - std[70759c8f55707aa4]::sys::backtrace::__rust_end_short_backtrace::<std[70759c8f55707aa4]::panicking::panic_handler::{closure#0}, !>
[INFO] [stdout]    9:     0x5997ceaa119d - __rustc[8fa7c3cbc660c2b3]::rust_begin_unwind
[INFO] [stdout]   10:     0x5997ceada0fc - core[df12db4294e9bfd3]::panicking::panic_fmt
[INFO] [stdout]   11:     0x5997cead9ed2 - core[df12db4294e9bfd3]::result::unwrap_failed
[INFO] [stdout]   12:     0x5997cea565ac - <rusoto_mock[1a9d6f9a77d5744d]::MockResponseReader as rusoto_mock[1a9d6f9a77d5744d]::ReadMockResponse>::read_response
[INFO] [stdout]   13:     0x5997ce9e58ed - rusoto_redshift[9dbd053a7159cd56]::generated::protocol_tests::test_parse_valid_redshift_create_cluster_subnet_group::{closure#0}
[INFO] [stdout]   14:     0x5997ce9ee2cd - <tokio[abcbcc4d3da30ef7]::macros::scoped_tls::ScopedKey<tokio[abcbcc4d3da30ef7]::runtime::basic_scheduler::Context>>::set::<tokio[abcbcc4d3da30ef7]::runtime::basic_scheduler::enter<<tokio[abcbcc4d3da30ef7]::runtime::basic_scheduler::BasicScheduler<tokio[abcbcc4d3da30ef7]::park::either::Either<tokio[abcbcc4d3da30ef7]::time::driver::Driver<tokio[abcbcc4d3da30ef7]::park::either::Either<tokio[abcbcc4d3da30ef7]::io::driver::Driver, tokio[abcbcc4d3da30ef7]::park::thread::ParkThread>>, tokio[abcbcc4d3da30ef7]::park::either::Either<tokio[abcbcc4d3da30ef7]::io::driver::Driver, tokio[abcbcc4d3da30ef7]::park::thread::ParkThread>>>>::block_on<rusoto_redshift[9dbd053a7159cd56]::generated::protocol_tests::test_parse_valid_redshift_create_cluster_subnet_group::{closure#0}>::{closure#0}, (), tokio[abcbcc4d3da30ef7]::park::either::Either<tokio[abcbcc4d3da30ef7]::time::driver::Driver<tokio[abcbcc4d3da30ef7]::park::either::Either<tokio[abcbcc4d3da30ef7]::io::driver::Driver, tokio[abcbcc4d3da30ef7]::park::thread::ParkThread>>, tokio[abcbcc4d3da30ef7]::park::either::Either<tokio[abcbcc4d3da30ef7]::io::driver::Driver, tokio[abcbcc4d3da30ef7]::park::thread::ParkThread>>>::{closure#0}, ()>
[INFO] [stdout]   15:     0x5997cea034f6 - tokio[abcbcc4d3da30ef7]::runtime::basic_scheduler::enter::<<tokio[abcbcc4d3da30ef7]::runtime::basic_scheduler::BasicScheduler<tokio[abcbcc4d3da30ef7]::park::either::Either<tokio[abcbcc4d3da30ef7]::time::driver::Driver<tokio[abcbcc4d3da30ef7]::park::either::Either<tokio[abcbcc4d3da30ef7]::io::driver::Driver, tokio[abcbcc4d3da30ef7]::park::thread::ParkThread>>, tokio[abcbcc4d3da30ef7]::park::either::Either<tokio[abcbcc4d3da30ef7]::io::driver::Driver, tokio[abcbcc4d3da30ef7]::park::thread::ParkThread>>>>::block_on<rusoto_redshift[9dbd053a7159cd56]::generated::protocol_tests::test_parse_valid_redshift_create_cluster_subnet_group::{closure#0}>::{closure#0}, (), tokio[abcbcc4d3da30ef7]::park::either::Either<tokio[abcbcc4d3da30ef7]::time::driver::Driver<tokio[abcbcc4d3da30ef7]::park::either::Either<tokio[abcbcc4d3da30ef7]::io::driver::Driver, tokio[abcbcc4d3da30ef7]::park::thread::ParkThread>>, tokio[abcbcc4d3da30ef7]::park::either::Either<tokio[abcbcc4d3da30ef7]::io::driver::Driver, tokio[abcbcc4d3da30ef7]::park::thread::ParkThread>>>
[INFO] [stdout]   16:     0x5997cea05b11 - tokio[abcbcc4d3da30ef7]::runtime::context::enter::<<tokio[abcbcc4d3da30ef7]::runtime::Runtime>::block_on<rusoto_redshift[9dbd053a7159cd56]::generated::protocol_tests::test_parse_valid_redshift_create_cluster_subnet_group::{closure#0}>::{closure#0}, ()>
[INFO] [stdout]   17:     0x5997cea0ec02 - rusoto_redshift[9dbd053a7159cd56]::generated::protocol_tests::test_parse_valid_redshift_create_cluster_subnet_group
[INFO] [stdout]   18:     0x5997cea0c4f9 - <rusoto_redshift[9dbd053a7159cd56]::generated::protocol_tests::test_parse_valid_redshift_create_cluster_subnet_group::{closure#0} as core[df12db4294e9bfd3]::ops::function::FnOnce<()>>::call_once
[INFO] [stdout]   19:     0x5997cea13d8b - test[9d35eded1c95d3be]::__rust_begin_short_backtrace::<core[df12db4294e9bfd3]::result::Result<(), alloc[2182bb758b4b3781]::string::String>, fn() -> core[df12db4294e9bfd3]::result::Result<(), alloc[2182bb758b4b3781]::string::String>>
[INFO] [stdout]   20:     0x5997cea213f5 - test[9d35eded1c95d3be]::run_test::{closure#0}
[INFO] [stdout]   21:     0x5997cea1acb4 - std[70759c8f55707aa4]::sys::backtrace::__rust_begin_short_backtrace::<test[9d35eded1c95d3be]::run_test::{closure#1}, ()>
[INFO] [stdout]   22:     0x5997cea24552 - <std[70759c8f55707aa4]::thread::lifecycle::spawn_unchecked<test[9d35eded1c95d3be]::run_test::{closure#1}, ()>::{closure#1} as core[df12db4294e9bfd3]::ops::function::FnOnce<()>>::call_once::{shim:vtable#0}
[INFO] [stdout]   23:     0x5997ceac3b49 - <std[70759c8f55707aa4]::sys::thread::unix::Thread>::new::thread_start
[INFO] [stdout]   24:     0x70a21606cdfa - <unknown>
[INFO] [stdout]   25:     0x70a2161003d4 - clone
[INFO] [stdout]   26:                0x0 - <unknown>
[INFO] [stdout] 
[INFO] [stdout] ---- generated::protocol_tests::test_parse_valid_redshift_create_cluster_snapshot stdout ----
[INFO] [stdout] 
[INFO] [stdout] thread 'generated::protocol_tests::test_parse_valid_redshift_create_cluster_snapshot' (2616) panicked at /opt/rustwide/cargo-home/registry/src/index.crates.io-1949cf8c6b5b557f/mz_rusoto_mock-0.46.0/src/lib.rs:175:53:
[INFO] [stdout] couldn't find file: Os { code: 2, kind: NotFound, message: "No such file or directory" }
[INFO] [stdout] stack backtrace:
[INFO] [stdout]    0:     0x5997ceac4271 - <<std[70759c8f55707aa4]::sys::backtrace::BacktraceLock>::print::DisplayBacktrace as core[df12db4294e9bfd3]::fmt::Display>::fmt
[INFO] [stdout]    1:     0x5997cead999a - core[df12db4294e9bfd3]::fmt::write
[INFO] [stdout]    2:     0x5997ceac884c - <alloc[2182bb758b4b3781]::vec::Vec<u8> as core[df12db4294e9bfd3]::io::write::Write>::write_fmt
[INFO] [stdout]    3:     0x5997ceaa04f6 - std[70759c8f55707aa4]::panicking::default_hook::{closure#0}
[INFO] [stdout]    4:     0x5997ceabc929 - std[70759c8f55707aa4]::panicking::default_hook
[INFO] [stdout]    5:     0x5997cea20aa0 - test[9d35eded1c95d3be]::test_main_inner::<test[9d35eded1c95d3be]::test_main_static::{closure#0}>::{closure#0}
[INFO] [stdout]    6:     0x5997ceabcae2 - std[70759c8f55707aa4]::panicking::panic_with_hook
[INFO] [stdout]    7:     0x5997ceaa05a2 - std[70759c8f55707aa4]::panicking::panic_handler::{closure#0}
[INFO] [stdout]    8:     0x5997cea992f9 - std[70759c8f55707aa4]::sys::backtrace::__rust_end_short_backtrace::<std[70759c8f55707aa4]::panicking::panic_handler::{closure#0}, !>
[INFO] [stdout]    9:     0x5997ceaa119d - __rustc[8fa7c3cbc660c2b3]::rust_begin_unwind
[INFO] [stdout]   10:     0x5997ceada0fc - core[df12db4294e9bfd3]::panicking::panic_fmt
[INFO] [stdout]   11:     0x5997cead9ed2 - core[df12db4294e9bfd3]::result::unwrap_failed
[INFO] [stdout]   12:     0x5997cea565ac - <rusoto_mock[1a9d6f9a77d5744d]::MockResponseReader as rusoto_mock[1a9d6f9a77d5744d]::ReadMockResponse>::read_response
[INFO] [stdout]   13:     0x5997ce9e46bd - rusoto_redshift[9dbd053a7159cd56]::generated::protocol_tests::test_parse_valid_redshift_create_cluster_snapshot::{closure#0}
[INFO] [stdout]   14:     0x5997ce9ec6fd - <tokio[abcbcc4d3da30ef7]::macros::scoped_tls::ScopedKey<tokio[abcbcc4d3da30ef7]::runtime::basic_scheduler::Context>>::set::<tokio[abcbcc4d3da30ef7]::runtime::basic_scheduler::enter<<tokio[abcbcc4d3da30ef7]::runtime::basic_scheduler::BasicScheduler<tokio[abcbcc4d3da30ef7]::park::either::Either<tokio[abcbcc4d3da30ef7]::time::driver::Driver<tokio[abcbcc4d3da30ef7]::park::either::Either<tokio[abcbcc4d3da30ef7]::io::driver::Driver, tokio[abcbcc4d3da30ef7]::park::thread::ParkThread>>, tokio[abcbcc4d3da30ef7]::park::either::Either<tokio[abcbcc4d3da30ef7]::io::driver::Driver, tokio[abcbcc4d3da30ef7]::park::thread::ParkThread>>>>::block_on<rusoto_redshift[9dbd053a7159cd56]::generated::protocol_tests::test_parse_valid_redshift_create_cluster_snapshot::{closure#0}>::{closure#0}, (), tokio[abcbcc4d3da30ef7]::park::either::Either<tokio[abcbcc4d3da30ef7]::time::driver::Driver<tokio[abcbcc4d3da30ef7]::park::either::Either<tokio[abcbcc4d3da30ef7]::io::driver::Driver, tokio[abcbcc4d3da30ef7]::park::thread::ParkThread>>, tokio[abcbcc4d3da30ef7]::park::either::Either<tokio[abcbcc4d3da30ef7]::io::driver::Driver, tokio[abcbcc4d3da30ef7]::park::thread::ParkThread>>>::{closure#0}, ()>
[INFO] [stdout]   15:     0x5997cea02eb6 - tokio[abcbcc4d3da30ef7]::runtime::basic_scheduler::enter::<<tokio[abcbcc4d3da30ef7]::runtime::basic_scheduler::BasicScheduler<tokio[abcbcc4d3da30ef7]::park::either::Either<tokio[abcbcc4d3da30ef7]::time::driver::Driver<tokio[abcbcc4d3da30ef7]::park::either::Either<tokio[abcbcc4d3da30ef7]::io::driver::Driver, tokio[abcbcc4d3da30ef7]::park::thread::ParkThread>>, tokio[abcbcc4d3da30ef7]::park::either::Either<tokio[abcbcc4d3da30ef7]::io::driver::Driver, tokio[abcbcc4d3da30ef7]::park::thread::ParkThread>>>>::block_on<rusoto_redshift[9dbd053a7159cd56]::generated::protocol_tests::test_parse_valid_redshift_create_cluster_snapshot::{closure#0}>::{closure#0}, (), tokio[abcbcc4d3da30ef7]::park::either::Either<tokio[abcbcc4d3da30ef7]::time::driver::Driver<tokio[abcbcc4d3da30ef7]::park::either::Either<tokio[abcbcc4d3da30ef7]::io::driver::Driver, tokio[abcbcc4d3da30ef7]::park::thread::ParkThread>>, tokio[abcbcc4d3da30ef7]::park::either::Either<tokio[abcbcc4d3da30ef7]::io::driver::Driver, tokio[abcbcc4d3da30ef7]::park::thread::ParkThread>>>
[INFO] [stdout]   16:     0x5997cea05521 - tokio[abcbcc4d3da30ef7]::runtime::context::enter::<<tokio[abcbcc4d3da30ef7]::runtime::Runtime>::block_on<rusoto_redshift[9dbd053a7159cd56]::generated::protocol_tests::test_parse_valid_redshift_create_cluster_snapshot::{closure#0}>::{closure#0}, ()>
[INFO] [stdout]   17:     0x5997cea0e342 - rusoto_redshift[9dbd053a7159cd56]::generated::protocol_tests::test_parse_valid_redshift_create_cluster_snapshot
[INFO] [stdout]   18:     0x5997cea0c459 - <rusoto_redshift[9dbd053a7159cd56]::generated::protocol_tests::test_parse_valid_redshift_create_cluster_snapshot::{closure#0} as core[df12db4294e9bfd3]::ops::function::FnOnce<()>>::call_once
[INFO] [stdout]   19:     0x5997cea13d8b - test[9d35eded1c95d3be]::__rust_begin_short_backtrace::<core[df12db4294e9bfd3]::result::Result<(), alloc[2182bb758b4b3781]::string::String>, fn() -> core[df12db4294e9bfd3]::result::Result<(), alloc[2182bb758b4b3781]::string::String>>
[INFO] [stdout]   20:     0x5997cea213f5 - test[9d35eded1c95d3be]::run_test::{closure#0}
[INFO] [stdout]   21:     0x5997cea1acb4 - std[70759c8f55707aa4]::sys::backtrace::__rust_begin_short_backtrace::<test[9d35eded1c95d3be]::run_test::{closure#1}, ()>
[INFO] [stdout]   22:     0x5997cea24552 - <std[70759c8f55707aa4]::thread::lifecycle::spawn_unchecked<test[9d35eded1c95d3be]::run_test::{closure#1}, ()>::{closure#1} as core[df12db4294e9bfd3]::ops::function::FnOnce<()>>::call_once::{shim:vtable#0}
[INFO] [stdout]   23:     0x5997ceac3b49 - <std[70759c8f55707aa4]::sys::thread::unix::Thread>::new::thread_start
[INFO] [stdout]   24:     0x70a21606cdfa - <unknown>
[INFO] [stdout]   25:     0x70a2161003d4 - clone
[INFO] [stdout]   26:                0x0 - <unknown>
[INFO] [stdout] 
[INFO] [stdout] ---- generated::protocol_tests::test_parse_valid_redshift_delete_cluster stdout ----
[INFO] [stdout] 
[INFO] [stdout] thread 'generated::protocol_tests::test_parse_valid_redshift_delete_cluster' (2618) panicked at /opt/rustwide/cargo-home/registry/src/index.crates.io-1949cf8c6b5b557f/mz_rusoto_mock-0.46.0/src/lib.rs:175:53:
[INFO] [stdout] couldn't find file: Os { code: 2, kind: NotFound, message: "No such file or directory" }
[INFO] [stdout] stack backtrace:
[INFO] [stdout]    0:     0x5997ceac4271 - <<std[70759c8f55707aa4]::sys::backtrace::BacktraceLock>::print::DisplayBacktrace as core[df12db4294e9bfd3]::fmt::Display>::fmt
[INFO] [stdout]    1:     0x5997cead999a - core[df12db4294e9bfd3]::fmt::write
[INFO] [stdout]    2:     0x5997ceac884c - <alloc[2182bb758b4b3781]::vec::Vec<u8> as core[df12db4294e9bfd3]::io::write::Write>::write_fmt
[INFO] [stdout]    3:     0x5997ceaa04f6 - std[70759c8f55707aa4]::panicking::default_hook::{closure#0}
[INFO] [stdout]    4:     0x5997ceabc929 - std[70759c8f55707aa4]::panicking::default_hook
[INFO] [stdout]    5:     0x5997cea20aa0 - test[9d35eded1c95d3be]::test_main_inner::<test[9d35eded1c95d3be]::test_main_static::{closure#0}>::{closure#0}
[INFO] [stdout]    6:     0x5997ceabcae2 - std[70759c8f55707aa4]::panicking::panic_with_hook
[INFO] [stdout]    7:     0x5997ceaa05a2 - std[70759c8f55707aa4]::panicking::panic_handler::{closure#0}
[INFO] [stdout]    8:     0x5997cea992f9 - std[70759c8f55707aa4]::sys::backtrace::__rust_end_short_backtrace::<std[70759c8f55707aa4]::panicking::panic_handler::{closure#0}, !>
[INFO] [stdout]    9:     0x5997ceaa119d - __rustc[8fa7c3cbc660c2b3]::rust_begin_unwind
[INFO] [stdout]   10:     0x5997ceada0fc - core[df12db4294e9bfd3]::panicking::panic_fmt
[INFO] [stdout]   11:     0x5997cead9ed2 - core[df12db4294e9bfd3]::result::unwrap_failed
[INFO] [stdout]   12:     0x5997cea565ac - <rusoto_mock[1a9d6f9a77d5744d]::MockResponseReader as rusoto_mock[1a9d6f9a77d5744d]::ReadMockResponse>::read_response
[INFO] [stdout]   13:     0x5997ce9e317d - rusoto_redshift[9dbd053a7159cd56]::generated::protocol_tests::test_parse_valid_redshift_delete_cluster::{closure#0}
[INFO] [stdout]   14:     0x5997ce9ea59d - <tokio[abcbcc4d3da30ef7]::macros::scoped_tls::ScopedKey<tokio[abcbcc4d3da30ef7]::runtime::basic_scheduler::Context>>::set::<tokio[abcbcc4d3da30ef7]::runtime::basic_scheduler::enter<<tokio[abcbcc4d3da30ef7]::runtime::basic_scheduler::BasicScheduler<tokio[abcbcc4d3da30ef7]::park::either::Either<tokio[abcbcc4d3da30ef7]::time::driver::Driver<tokio[abcbcc4d3da30ef7]::park::either::Either<tokio[abcbcc4d3da30ef7]::io::driver::Driver, tokio[abcbcc4d3da30ef7]::park::thread::ParkThread>>, tokio[abcbcc4d3da30ef7]::park::either::Either<tokio[abcbcc4d3da30ef7]::io::driver::Driver, tokio[abcbcc4d3da30ef7]::park::thread::ParkThread>>>>::block_on<rusoto_redshift[9dbd053a7159cd56]::generated::protocol_tests::test_parse_valid_redshift_delete_cluster::{closure#0}>::{closure#0}, (), tokio[abcbcc4d3da30ef7]::park::either::Either<tokio[abcbcc4d3da30ef7]::time::driver::Driver<tokio[abcbcc4d3da30ef7]::park::either::Either<tokio[abcbcc4d3da30ef7]::io::driver::Driver, tokio[abcbcc4d3da30ef7]::park::thread::ParkThread>>, tokio[abcbcc4d3da30ef7]::park::either::Either<tokio[abcbcc4d3da30ef7]::io::driver::Driver, tokio[abcbcc4d3da30ef7]::park::thread::ParkThread>>>::{closure#0}, ()>
[INFO] [stdout]   15:     0x5997cea02736 - tokio[abcbcc4d3da30ef7]::runtime::basic_scheduler::enter::<<tokio[abcbcc4d3da30ef7]::runtime::basic_scheduler::BasicScheduler<tokio[abcbcc4d3da30ef7]::park::either::Either<tokio[abcbcc4d3da30ef7]::time::driver::Driver<tokio[abcbcc4d3da30ef7]::park::either::Either<tokio[abcbcc4d3da30ef7]::io::driver::Driver, tokio[abcbcc4d3da30ef7]::park::thread::ParkThread>>, tokio[abcbcc4d3da30ef7]::park::either::Either<tokio[abcbcc4d3da30ef7]::io::driver::Driver, tokio[abcbcc4d3da30ef7]::park::thread::ParkThread>>>>::block_on<rusoto_redshift[9dbd053a7159cd56]::generated::protocol_tests::test_parse_valid_redshift_delete_cluster::{closure#0}>::{closure#0}, (), tokio[abcbcc4d3da30ef7]::park::either::Either<tokio[abcbcc4d3da30ef7]::time::driver::Driver<tokio[abcbcc4d3da30ef7]::park::either::Either<tokio[abcbcc4d3da30ef7]::io::driver::Driver, tokio[abcbcc4d3da30ef7]::park::thread::ParkThread>>, tokio[abcbcc4d3da30ef7]::park::either::Either<tokio[abcbcc4d3da30ef7]::io::driver::Driver, tokio[abcbcc4d3da30ef7]::park::thread::ParkThread>>>
[INFO] [stdout]   16:     0x5997cea04e01 - tokio[abcbcc4d3da30ef7]::runtime::context::enter::<<tokio[abcbcc4d3da30ef7]::runtime::Runtime>::block_on<rusoto_redshift[9dbd053a7159cd56]::generated::protocol_tests::test_parse_valid_redshift_delete_cluster::{closure#0}>::{closure#0}, ()>
[INFO] [stdout]   17:     0x5997cea0d8c2 - rusoto_redshift[9dbd053a7159cd56]::generated::protocol_tests::test_parse_valid_redshift_delete_cluster
[INFO] [stdout]   18:     0x5997cea0c399 - <rusoto_redshift[9dbd053a7159cd56]::generated::protocol_tests::test_parse_valid_redshift_delete_cluster::{closure#0} as core[df12db4294e9bfd3]::ops::function::FnOnce<()>>::call_once
[INFO] [stdout]   19:     0x5997cea13d8b - test[9d35eded1c95d3be]::__rust_begin_short_backtrace::<core[df12db4294e9bfd3]::result::Result<(), alloc[2182bb758b4b3781]::string::String>, fn() -> core[df12db4294e9bfd3]::result::Result<(), alloc[2182bb758b4b3781]::string::String>>
[INFO] [stdout]   20:     0x5997cea213f5 - test[9d35eded1c95d3be]::run_test::{closure#0}
[INFO] [stdout]   21:     0x5997cea1acb4 - std[70759c8f55707aa4]::sys::backtrace::__rust_begin_short_backtrace::<test[9d35eded1c95d3be]::run_test::{closure#1}, ()>
[INFO] [stdout]   22:     0x5997cea24552 - <std[70759c8f55707aa4]::thread::lifecycle::spawn_unchecked<test[9d35eded1c95d3be]::run_test::{closure#1}, ()>::{closure#1} as core[df12db4294e9bfd3]::ops::function::FnOnce<()>>::call_once::{shim:vtable#0}
[INFO] [stdout]   23:     0x5997ceac3b49 - <std[70759c8f55707aa4]::sys::thread::unix::Thread>::new::thread_start
[INFO] [stdout]   24:     0x70a21606cdfa - <unknown>
[INFO] [stdout]   25:     0x70a2161003d4 - clone
[INFO] [stdout]   26:                0x0 - <unknown>
[INFO] [stdout] 
[INFO] [stdout] ---- generated::protocol_tests::test_parse_valid_redshift_delete_cluster_parameter_group stdout ----
[INFO] [stdout] 
[INFO] [stdout] thread 'generated::protocol_tests::test_parse_valid_redshift_delete_cluster_parameter_group' (2619) panicked at /opt/rustwide/cargo-home/registry/src/index.crates.io-1949cf8c6b5b557f/mz_rusoto_mock-0.46.0/src/lib.rs:175:53:
[INFO] [stdout] couldn't find file: Os { code: 2, kind: NotFound, message: "No such file or directory" }
[INFO] [stdout] stack backtrace:
[INFO] [stdout]    0:     0x5997ceac4271 - <<std[70759c8f55707aa4]::sys::backtrace::BacktraceLock>::print::DisplayBacktrace as core[df12db4294e9bfd3]::fmt::Display>::fmt
[INFO] [stdout]    1:     0x5997cead999a - core[df12db4294e9bfd3]::fmt::write
[INFO] [stdout]    2:     0x5997ceac884c - <alloc[2182bb758b4b3781]::vec::Vec<u8> as core[df12db4294e9bfd3]::io::write::Write>::write_fmt
[INFO] [stdout]    3:     0x5997ceaa04f6 - std[70759c8f55707aa4]::panicking::default_hook::{closure#0}
[INFO] [stdout]    4:     0x5997ceabc929 - std[70759c8f55707aa4]::panicking::default_hook
[INFO] [stdout]    5:     0x5997cea20aa0 - test[9d35eded1c95d3be]::test_main_inner::<test[9d35eded1c95d3be]::test_main_static::{closure#0}>::{closure#0}
[INFO] [stdout]    6:     0x5997ceabcae2 - std[70759c8f55707aa4]::panicking::panic_with_hook
[INFO] [stdout]    7:     0x5997ceaa05a2 - std[70759c8f55707aa4]::panicking::panic_handler::{closure#0}
[INFO] [stdout]    8:     0x5997cea992f9 - std[70759c8f55707aa4]::sys::backtrace::__rust_end_short_backtrace::<std[70759c8f55707aa4]::panicking::panic_handler::{closure#0}, !>
[INFO] [stdout]    9:     0x5997ceaa119d - __rustc[8fa7c3cbc660c2b3]::rust_begin_unwind
[INFO] [stdout]   10:     0x5997ceada0fc - core[df12db4294e9bfd3]::panicking::panic_fmt
[INFO] [stdout]   11:     0x5997cead9ed2 - core[df12db4294e9bfd3]::result::unwrap_failed
[INFO] [stdout]   12:     0x5997cea565ac - <rusoto_mock[1a9d6f9a77d5744d]::MockResponseReader as rusoto_mock[1a9d6f9a77d5744d]::ReadMockResponse>::read_response
[INFO] [stdout]   13:     0x5997ce9e6fdd - rusoto_redshift[9dbd053a7159cd56]::generated::protocol_tests::test_parse_valid_redshift_delete_cluster_parameter_group::{closure#0}
[INFO] [stdout]   14:     0x5997ce9f042d - <tokio[abcbcc4d3da30ef7]::macros::scoped_tls::ScopedKey<tokio[abcbcc4d3da30ef7]::runtime::basic_scheduler::Context>>::set::<tokio[abcbcc4d3da30ef7]::runtime::basic_scheduler::enter<<tokio[abcbcc4d3da30ef7]::runtime::basic_scheduler::BasicScheduler<tokio[abcbcc4d3da30ef7]::park::either::Either<tokio[abcbcc4d3da30ef7]::time::driver::Driver<tokio[abcbcc4d3da30ef7]::park::either::Either<tokio[abcbcc4d3da30ef7]::io::driver::Driver, tokio[abcbcc4d3da30ef7]::park::thread::ParkThread>>, tokio[abcbcc4d3da30ef7]::park::either::Either<tokio[abcbcc4d3da30ef7]::io::driver::Driver, tokio[abcbcc4d3da30ef7]::park::thread::ParkThread>>>>::block_on<rusoto_redshift[9dbd053a7159cd56]::generated::protocol_tests::test_parse_valid_redshift_delete_cluster_parameter_group::{closure#0}>::{closure#0}, (), tokio[abcbcc4d3da30ef7]::park::either::Either<tokio[abcbcc4d3da30ef7]::time::driver::Driver<tokio[abcbcc4d3da30ef7]::park::either::Either<tokio[abcbcc4d3da30ef7]::io::driver::Driver, tokio[abcbcc4d3da30ef7]::park::thread::ParkThread>>, tokio[abcbcc4d3da30ef7]::park::either::Either<tokio[abcbcc4d3da30ef7]::io::driver::Driver, tokio[abcbcc4d3da30ef7]::park::thread::ParkThread>>>::{closure#0}, ()>
[INFO] [stdout]   15:     0x5997cea03c76 - tokio[abcbcc4d3da30ef7]::runtime::basic_scheduler::enter::<<tokio[abcbcc4d3da30ef7]::runtime::basic_scheduler::BasicScheduler<tokio[abcbcc4d3da30ef7]::park::either::Either<tokio[abcbcc4d3da30ef7]::time::driver::Driver<tokio[abcbcc4d3da30ef7]::park::either::Either<tokio[abcbcc4d3da30ef7]::io::driver::Driver, tokio[abcbcc4d3da30ef7]::park::thread::ParkThread>>, tokio[abcbcc4d3da30ef7]::park::either::Either<tokio[abcbcc4d3da30ef7]::io::driver::Driver, tokio[abcbcc4d3da30ef7]::park::thread::ParkThread>>>>::block_on<rusoto_redshift[9dbd053a7159cd56]::generated::protocol_tests::test_parse_valid_redshift_delete_cluster_parameter_group::{closure#0}>::{closure#0}, (), tokio[abcbcc4d3da30ef7]::park::either::Either<tokio[abcbcc4d3da30ef7]::time::driver::Driver<tokio[abcbcc4d3da30ef7]::park::either::Either<tokio[abcbcc4d3da30ef7]::io::driver::Driver, tokio[abcbcc4d3da30ef7]::park::thread::ParkThread>>, tokio[abcbcc4d3da30ef7]::park::either::Either<tokio[abcbcc4d3da30ef7]::io::driver::Driver, tokio[abcbcc4d3da30ef7]::park::thread::ParkThread>>>
[INFO] [stdout]   16:     0x5997cea06231 - tokio[abcbcc4d3da30ef7]::runtime::context::enter::<<tokio[abcbcc4d3da30ef7]::runtime::Runtime>::block_on<rusoto_redshift[9dbd053a7159cd56]::generated::protocol_tests::test_parse_valid_redshift_delete_cluster_parameter_group::{closure#0}>::{closure#0}, ()>
[INFO] [stdout]   17:     0x5997cea0f682 - rusoto_redshift[9dbd053a7159cd56]::generated::protocol_tests::test_parse_valid_redshift_delete_cluster_parameter_group
[INFO] [stdout]   18:     0x5997cea0c5b9 - <rusoto_redshift[9dbd053a7159cd56]::generated::protocol_tests::test_parse_valid_redshift_delete_cluster_parameter_group::{closure#0} as core[df12db4294e9bfd3]::ops::function::FnOnce<()>>::call_once
[INFO] [stdout]   19:     0x5997cea13d8b - test[9d35eded1c95d3be]::__rust_begin_short_backtrace::<core[df12db4294e9bfd3]::result::Result<(), alloc[2182bb758b4b3781]::string::String>, fn() -> core[df12db4294e9bfd3]::result::Result<(), alloc[2182bb758b4b3781]::string::String>>
[INFO] [stdout]   20:     0x5997cea213f5 - test[9d35eded1c95d3be]::run_test::{closure#0}
[INFO] [stdout]   21:     0x5997cea1acb4 - std[70759c8f55707aa4]::sys::backtrace::__rust_begin_short_backtrace::<test[9d35eded1c95d3be]::run_test::{closure#1}, ()>
[INFO] [stdout]   22:     0x5997cea24552 - <std[70759c8f55707aa4]::thread::lifecycle::spawn_unchecked<test[9d35eded1c95d3be]::run_test::{closure#1}, ()>::{closure#1} as core[df12db4294e9bfd3]::ops::function::FnOnce<()>>::call_once::{shim:vtable#0}
[INFO] [stdout]   23:     0x5997ceac3b49 - <std[70759c8f55707aa4]::sys::thread::unix::Thread>::new::thread_start
[INFO] [stdout]   24:     0x70a21606cdfa - <unknown>
[INFO] [stdout]   25:     0x70a2161003d4 - clone
[INFO] [stdout]   26:                0x0 - <unknown>
[INFO] [stdout] 
[INFO] [stdout] ---- generated::protocol_tests::test_parse_valid_redshift_describe_cluster_parameters stdout ----
[INFO] [stdout] 
[INFO] [stdout] thread 'generated::protocol_tests::test_parse_valid_redshift_describe_cluster_parameters' (2622) panicked at /opt/rustwide/cargo-home/registry/src/index.crates.io-1949cf8c6b5b557f/mz_rusoto_mock-0.46.0/src/lib.rs:175:53:
[INFO] [stdout] couldn't find file: Os { code: 2, kind: NotFound, message: "No such file or directory" }
[INFO] [stdout] stack backtrace:
[INFO] [stdout]    0:     0x5997ceac4271 - <<std[70759c8f55707aa4]::sys::backtrace::BacktraceLock>::print::DisplayBacktrace as core[df12db4294e9bfd3]::fmt::Display>::fmt
[INFO] [stdout]    1:     0x5997cead999a - core[df12db4294e9bfd3]::fmt::write
[INFO] [stdout]    2:     0x5997ceac884c - <alloc[2182bb758b4b3781]::vec::Vec<u8> as core[df12db4294e9bfd3]::io::write::Write>::write_fmt
[INFO] [stdout]    3:     0x5997ceaa04f6 - std[70759c8f55707aa4]::panicking::default_hook::{closure#0}
[INFO] [stdout]    4:     0x5997ceabc929 - std[70759c8f55707aa4]::panicking::default_hook
[INFO] [stdout]    5:     0x5997cea20aa0 - test[9d35eded1c95d3be]::test_main_inner::<test[9d35eded1c95d3be]::test_main_static::{closure#0}>::{closure#0}
[INFO] [stdout]    6:     0x5997ceabcae2 - std[70759c8f55707aa4]::panicking::panic_with_hook
[INFO] [stdout]    7:     0x5997ceaa05a2 - std[70759c8f55707aa4]::panicking::panic_handler::{closure#0}
[INFO] [stdout]    8:     0x5997cea992f9 - std[70759c8f55707aa4]::sys::backtrace::__rust_end_short_backtrace::<std[70759c8f55707aa4]::panicking::panic_handler::{closure#0}, !>
[INFO] [stdout]    9:     0x5997ceaa119d - __rustc[8fa7c3cbc660c2b3]::rust_begin_unwind
[INFO] [stdout]   10:     0x5997ceada0fc - core[df12db4294e9bfd3]::panicking::panic_fmt
[INFO] [stdout]   11:     0x5997cead9ed2 - core[df12db4294e9bfd3]::result::unwrap_failed
[INFO] [stdout]   12:     0x5997cea565ac - <rusoto_mock[1a9d6f9a77d5744d]::MockResponseReader as rusoto_mock[1a9d6f9a77d5744d]::ReadMockResponse>::read_response
[INFO] [stdout]   13:     0x5997ce9e5cad - rusoto_redshift[9dbd053a7159cd56]::generated::protocol_tests::test_parse_valid_redshift_describe_cluster_parameters::{closure#0}
[INFO] [stdout]   14:     0x5997ce9ee85d - <tokio[abcbcc4d3da30ef7]::macros::scoped_tls::ScopedKey<tokio[abcbcc4d3da30ef7]::runtime::basic_scheduler::Context>>::set::<tokio[abcbcc4d3da30ef7]::runtime::basic_scheduler::enter<<tokio[abcbcc4d3da30ef7]::runtime::basic_scheduler::BasicScheduler<tokio[abcbcc4d3da30ef7]::park::either::Either<tokio[abcbcc4d3da30ef7]::time::driver::Driver<tokio[abcbcc4d3da30ef7]::park::either::Either<tokio[abcbcc4d3da30ef7]::io::driver::Driver, tokio[abcbcc4d3da30ef7]::park::thread::ParkThread>>, tokio[abcbcc4d3da30ef7]::park::either::Either<tokio[abcbcc4d3da30ef7]::io::driver::Driver, tokio[abcbcc4d3da30ef7]::park::thread::ParkThread>>>>::block_on<rusoto_redshift[9dbd053a7159cd56]::generated::protocol_tests::test_parse_valid_redshift_describe_cluster_parameters::{closure#0}>::{closure#0}, (), tokio[abcbcc4d3da30ef7]::park::either::Either<tokio[abcbcc4d3da30ef7]::time::driver::Driver<tokio[abcbcc4d3da30ef7]::park::either::Either<tokio[abcbcc4d3da30ef7]::io::driver::Driver, tokio[abcbcc4d3da30ef7]::park::thread::ParkThread>>, tokio[abcbcc4d3da30ef7]::park::either::Either<tokio[abcbcc4d3da30ef7]::io::driver::Driver, tokio[abcbcc4d3da30ef7]::park::thread::ParkThread>>>::{closure#0}, ()>
[INFO] [stdout]   15:     0x5997cea03636 - tokio[abcbcc4d3da30ef7]::runtime::basic_scheduler::enter::<<tokio[abcbcc4d3da30ef7]::runtime::basic_scheduler::BasicScheduler<tokio[abcbcc4d3da30ef7]::park::either::Either<tokio[abcbcc4d3da30ef7]::time::driver::Driver<tokio[abcbcc4d3da30ef7]::park::either::Either<tokio[abcbcc4d3da30ef7]::io::driver::Driver, tokio[abcbcc4d3da30ef7]::park::thread::ParkThread>>, tokio[abcbcc4d3da30ef7]::park::either::Either<tokio[abcbcc4d3da30ef7]::io::driver::Driver, tokio[abcbcc4d3da30ef7]::park::thread::ParkThread>>>>::block_on<rusoto_redshift[9dbd053a7159cd56]::generated::protocol_tests::test_parse_valid_redshift_describe_cluster_parameters::{closure#0}>::{closure#0}, (), tokio[abcbcc4d3da30ef7]::park::either::Either<tokio[abcbcc4d3da30ef7]::time::driver::Driver<tokio[abcbcc4d3da30ef7]::park::either::Either<tokio[abcbcc4d3da30ef7]::io::driver::Driver, tokio[abcbcc4d3da30ef7]::park::thread::ParkThread>>, tokio[abcbcc4d3da30ef7]::park::either::Either<tokio[abcbcc4d3da30ef7]::io::driver::Driver, tokio[abcbcc4d3da30ef7]::park::thread::ParkThread>>>
[INFO] [stdout]   16:     0x5997cea05c41 - tokio[abcbcc4d3da30ef7]::runtime::context::enter::<<tokio[abcbcc4d3da30ef7]::runtime::Runtime>::block_on<rusoto_redshift[9dbd053a7159cd56]::generated::protocol_tests::test_parse_valid_redshift_describe_cluster_parameters::{closure#0}>::{closure#0}, ()>
[INFO] [stdout]   17:     0x5997cea0edc2 - rusoto_redshift[9dbd053a7159cd56]::generated::protocol_tests::test_parse_valid_redshift_describe_cluster_parameters
[INFO] [stdout]   18:     0x5997cea0c519 - <rusoto_redshift[9dbd053a7159cd56]::generated::protocol_tests::test_parse_valid_redshift_describe_cluster_parameters::{closure#0} as core[df12db4294e9bfd3]::ops::function::FnOnce<()>>::call_once
[INFO] [stdout]   19:     0x5997cea13d8b - test[9d35eded1c95d3be]::__rust_begin_short_backtrace::<core[df12db4294e9bfd3]::result::Result<(), alloc[2182bb758b4b3781]::string::String>, fn() -> core[df12db4294e9bfd3]::result::Result<(), alloc[2182bb758b4b3781]::string::String>>
[INFO] [stdout]   20:     0x5997cea213f5 - test[9d35eded1c95d3be]::run_test::{closure#0}
[INFO] [stdout]   21:     0x5997cea1acb4 - std[70759c8f55707aa4]::sys::backtrace::__rust_begin_short_backtrace::<test[9d35eded1c95d3be]::run_test::{closure#1}, ()>
[INFO] [stdout]   22:     0x5997cea24552 - <std[70759c8f55707aa4]::thread::lifecycle::spawn_unchecked<test[9d35eded1c95d3be]::run_test::{closure#1}, ()>::{closure#1} as core[df12db4294e9bfd3]::ops::function::FnOnce<()>>::call_once::{shim:vtable#0}
[INFO] [stdout]   23:     0x5997ceac3b49 - <std[70759c8f55707aa4]::sys::thread::unix::Thread>::new::thread_start
[INFO] [stdout]   24:     0x70a21606cdfa - <unknown>
[INFO] [stdout]   25:     0x70a2161003d4 - clone
[INFO] [stdout]   26:                0x0 - <unknown>
[INFO] [stdout] 
[INFO] [stdout] ---- generated::protocol_tests::test_parse_valid_redshift_describe_cluster_parameter_groups stdout ----
[INFO] [stdout] 
[INFO] [stdout] thread 'generated::protocol_tests::test_parse_valid_redshift_describe_cluster_parameter_groups' (2621) panicked at /opt/rustwide/cargo-home/registry/src/index.crates.io-1949cf8c6b5b557f/mz_rusoto_mock-0.46.0/src/lib.rs:175:53:
[INFO] [stdout] couldn't find file: Os { code: 2, kind: NotFound, message: "No such file or directory" }
[INFO] [stdout] stack backtrace:
[INFO] [stdout]    0:     0x5997ceac4271 - <<std[70759c8f55707aa4]::sys::backtrace::BacktraceLock>::print::DisplayBacktrace as core[df12db4294e9bfd3]::fmt::Display>::fmt
[INFO] [stdout]    1:     0x5997cead999a - core[df12db4294e9bfd3]::fmt::write
[INFO] [stdout]    2:     0x5997ceac884c - <alloc[2182bb758b4b3781]::vec::Vec<u8> as core[df12db4294e9bfd3]::io::write::Write>::write_fmt
[INFO] [stdout]    3:     0x5997ceaa04f6 - std[70759c8f55707aa4]::panicking::default_hook::{closure#0}
[INFO] [stdout]    4:     0x5997ceabc929 - std[70759c8f55707aa4]::panicking::default_hook
[INFO] [stdout]    5:     0x5997cea20aa0 - test[9d35eded1c95d3be]::test_main_inner::<test[9d35eded1c95d3be]::test_main_static::{closure#0}>::{closure#0}
[INFO] [stdout]    6:     0x5997ceabcae2 - std[70759c8f55707aa4]::panicking::panic_with_hook
[INFO] [stdout]    7:     0x5997ceaa05a2 - std[70759c8f55707aa4]::panicking::panic_handler::{closure#0}
[INFO] [stdout]    8:     0x5997cea992f9 - std[70759c8f55707aa4]::sys::backtrace::__rust_end_short_backtrace::<std[70759c8f55707aa4]::panicking::panic_handler::{closure#0}, !>
[INFO] [stdout]    9:     0x5997ceaa119d - __rustc[8fa7c3cbc660c2b3]::rust_begin_unwind
[INFO] [stdout]   10:     0x5997ceada0fc - core[df12db4294e9bfd3]::panicking::panic_fmt
[INFO] [stdout]   11:     0x5997cead9ed2 - core[df12db4294e9bfd3]::result::unwrap_failed
[INFO] [stdout]   12:     0x5997cea565ac - <rusoto_mock[1a9d6f9a77d5744d]::MockResponseReader as rusoto_mock[1a9d6f9a77d5744d]::ReadMockResponse>::read_response
[INFO] [stdout]   13:     0x5997ce9e857d - rusoto_redshift[9dbd053a7159cd56]::generated::protocol_tests::test_parse_valid_redshift_describe_cluster_parameter_groups::{closure#0}
[INFO] [stdout]   14:     0x5997ce9f258d - <tokio[abcbcc4d3da30ef7]::macros::scoped_tls::ScopedKey<tokio[abcbcc4d3da30ef7]::runtime::basic_scheduler::Context>>::set::<tokio[abcbcc4d3da30ef7]::runtime::basic_scheduler::enter<<tokio[abcbcc4d3da30ef7]::runtime::basic_scheduler::BasicScheduler<tokio[abcbcc4d3da30ef7]::park::either::Either<tokio[abcbcc4d3da30ef7]::time::driver::Driver<tokio[abcbcc4d3da30ef7]::park::either::Either<tokio[abcbcc4d3da30ef7]::io::driver::Driver, tokio[abcbcc4d3da30ef7]::park::thread::ParkThread>>, tokio[abcbcc4d3da30ef7]::park::either::Either<tokio[abcbcc4d3da30ef7]::io::driver::Driver, tokio[abcbcc4d3da30ef7]::park::thread::ParkThread>>>>::block_on<rusoto_redshift[9dbd053a7159cd56]::generated::protocol_tests::test_parse_valid_redshift_describe_cluster_parameter_groups::{closure#0}>::{closure#0}, (), tokio[abcbcc4d3da30ef7]::park::either::Either<tokio[abcbcc4d3da30ef7]::time::driver::Driver<tokio[abcbcc4d3da30ef7]::park::either::Either<tokio[abcbcc4d3da30ef7]::io::driver::Driver, tokio[abcbcc4d3da30ef7]::park::thread::ParkThread>>, tokio[abcbcc4d3da30ef7]::park::either::Either<tokio[abcbcc4d3da30ef7]::io::driver::Driver, tokio[abcbcc4d3da30ef7]::park::thread::ParkThread>>>::{closure#0}, ()>
[INFO] [stdout]   15:     0x5997cea043f6 - tokio[abcbcc4d3da30ef7]::runtime::basic_scheduler::enter::<<tokio[abcbcc4d3da30ef7]::runtime::basic_scheduler::BasicScheduler<tokio[abcbcc4d3da30ef7]::park::either::Either<tokio[abcbcc4d3da30ef7]::time::driver::Driver<tokio[abcbcc4d3da30ef7]::park::either::Either<tokio[abcbcc4d3da30ef7]::io::driver::Driver, tokio[abcbcc4d3da30ef7]::park::thread::ParkThread>>, tokio[abcbcc4d3da30ef7]::park::either::Either<tokio[abcbcc4d3da30ef7]::io::driver::Driver, tokio[abcbcc4d3da30ef7]::park::thread::ParkThread>>>>::block_on<rusoto_redshift[9dbd053a7159cd56]::generated::protocol_tests::test_parse_valid_redshift_describe_cluster_parameter_groups::{closure#0}>::{closure#0}, (), tokio[abcbcc4d3da30ef7]::park::either::Either<tokio[abcbcc4d3da30ef7]::time::driver::Driver<tokio[abcbcc4d3da30ef7]::park::either::Either<tokio[abcbcc4d3da30ef7]::io::driver::Driver, tokio[abcbcc4d3da30ef7]::park::thread::ParkThread>>, tokio[abcbcc4d3da30ef7]::park::either::Either<tokio[abcbcc4d3da30ef7]::io::driver::Driver, tokio[abcbcc4d3da30ef7]::park::thread::ParkThread>>>
[INFO] [stdout]   16:     0x5997cea06951 - tokio[abcbcc4d3da30ef7]::runtime::context::enter::<<tokio[abcbcc4d3da30ef7]::runtime::Runtime>::block_on<rusoto_redshift[9dbd053a7159cd56]::generated::protocol_tests::test_parse_valid_redshift_describe_cluster_parameter_groups::{closure#0}>::{closure#0}, ()>
[INFO] [stdout]   17:     0x5997cea10102 - rusoto_redshift[9dbd053a7159cd56]::generated::protocol_tests::test_parse_valid_redshift_describe_cluster_parameter_groups
[INFO] [stdout]   18:     0x5997cea0c679 - <rusoto_redshift[9dbd053a7159cd56]::generated::protocol_tests::test_parse_valid_redshift_describe_cluster_parameter_groups::{closure#0} as core[df12db4294e9bfd3]::ops::function::FnOnce<()>>::call_once
[INFO] [stdout]   19:     0x5997cea13d8b - test[9d35eded1c95d3be]::__rust_begin_short_backtrace::<core[df12db4294e9bfd3]::result::Result<(), alloc[2182bb758b4b3781]::string::String>, fn() -> core[df12db4294e9bfd3]::result::Result<(), alloc[2182bb758b4b3781]::string::String>>
[INFO] [stdout]   20:     0x5997cea213f5 - test[9d35eded1c95d3be]::run_test::{closure#0}
[INFO] [stdout]   21:     0x5997cea1acb4 - std[70759c8f55707aa4]::sys::backtrace::__rust_begin_short_backtrace::<test[9d35eded1c95d3be]::run_test::{closure#1}, ()>
[INFO] [stdout]   22:     0x5997cea24552 - <std[70759c8f55707aa4]::thread::lifecycle::spawn_unchecked<test[9d35eded1c95d3be]::run_test::{closure#1}, ()>::{closure#1} as core[df12db4294e9bfd3]::ops::function::FnOnce<()>>::call_once::{shim:vtable#0}
[INFO] [stdout]   23:     0x5997ceac3b49 - <std[70759c8f55707aa4]::sys::thread::unix::Thread>::new::thread_start
[INFO] [stdout]   24:     0x70a21606cdfa - <unknown>
[INFO] [stdout]   25:     0x70a2161003d4 - clone
[INFO] [stdout]   26:                0x0 - <unknown>
[INFO] [stdout] 
[INFO] [stdout] ---- generated::protocol_tests::test_parse_valid_redshift_describe_cluster_snapshots stdout ----
[INFO] [stdout] 
[INFO] [stdout] thread 'generated::protocol_tests::test_parse_valid_redshift_describe_cluster_snapshots' (2624) panicked at /opt/rustwide/cargo-home/registry/src/index.crates.io-1949cf8c6b5b557f/mz_rusoto_mock-0.46.0/src/lib.rs:175:53:
[INFO] [stdout] couldn't find file: Os { code: 2, kind: NotFound, message: "No such file or directory" }
[INFO] [stdout] stack backtrace:
[INFO] [stdout]    0:     0x5997ceac4271 - <<std[70759c8f55707aa4]::sys::backtrace::BacktraceLock>::print::DisplayBacktrace as core[df12db4294e9bfd3]::fmt::Display>::fmt
[INFO] [stdout]    1:     0x5997cead999a - core[df12db4294e9bfd3]::fmt::write
[INFO] [stdout]    2:     0x5997ceac884c - <alloc[2182bb758b4b3781]::vec::Vec<u8> as core[df12db4294e9bfd3]::io::write::Write>::write_fmt
[INFO] [stdout]    3:     0x5997ceaa04f6 - std[70759c8f55707aa4]::panicking::default_hook::{closure#0}
[INFO] [stdout]    4:     0x5997ceabc929 - std[70759c8f55707aa4]::panicking::default_hook
[INFO] [stdout]    5:     0x5997cea20aa0 - test[9d35eded1c95d3be]::test_main_inner::<test[9d35eded1c95d3be]::test_main_static::{closure#0}>::{closure#0}
[INFO] [stdout]    6:     0x5997ceabcae2 - std[70759c8f55707aa4]::panicking::panic_with_hook
[INFO] [stdout]    7:     0x5997ceaa05a2 - std[70759c8f55707aa4]::panicking::panic_handler::{closure#0}
[INFO] [stdout]    8:     0x5997cea992f9 - std[70759c8f55707aa4]::sys::backtrace::__rust_end_short_backtrace::<std[70759c8f55707aa4]::panicking::panic_handler::{closure#0}, !>
[INFO] [stdout]    9:     0x5997ceaa119d - __rustc[8fa7c3cbc660c2b3]::rust_begin_unwind
[INFO] [stdout]   10:     0x5997ceada0fc - core[df12db4294e9bfd3]::panicking::panic_fmt
[INFO] [stdout]   11:     0x5997cead9ed2 - core[df12db4294e9bfd3]::result::unwrap_failed
[INFO] [stdout]   12:     0x5997cea565ac - <rusoto_mock[1a9d6f9a77d5744d]::MockResponseReader as rusoto_mock[1a9d6f9a77d5744d]::ReadMockResponse>::read_response
[INFO] [stdout]   13:     0x5997ce9e54ed - rusoto_redshift[9dbd053a7159cd56]::generated::protocol_tests::test_parse_valid_redshift_describe_cluster_snapshots::{closure#0}
[INFO] [stdout]   14:     0x5997ce9edd3d - <tokio[abcbcc4d3da30ef7]::macros::scoped_tls::ScopedKey<tokio[abcbcc4d3da30ef7]::runtime::basic_scheduler::Context>>::set::<tokio[abcbcc4d3da30ef7]::runtime::basic_scheduler::enter<<tokio[abcbcc4d3da30ef7]::runtime::basic_scheduler::BasicScheduler<tokio[abcbcc4d3da30ef7]::park::either::Either<tokio[abcbcc4d3da30ef7]::time::driver::Driver<tokio[abcbcc4d3da30ef7]::park::either::Either<tokio[abcbcc4d3da30ef7]::io::driver::Driver, tokio[abcbcc4d3da30ef7]::park::thread::ParkThread>>, tokio[abcbcc4d3da30ef7]::park::either::Either<tokio[abcbcc4d3da30ef7]::io::driver::Driver, tokio[abcbcc4d3da30ef7]::park::thread::ParkThread>>>>::block_on<rusoto_redshift[9dbd053a7159cd56]::generated::protocol_tests::test_parse_valid_redshift_describe_cluster_snapshots::{closure#0}>::{closure#0}, (), tokio[abcbcc4d3da30ef7]::park::either::Either<tokio[abcbcc4d3da30ef7]::time::driver::Driver<tokio[abcbcc4d3da30ef7]::park::either::Either<tokio[abcbcc4d3da30ef7]::io::driver::Driver, tokio[abcbcc4d3da30ef7]::park::thread::ParkThread>>, tokio[abcbcc4d3da30ef7]::park::either::Either<tokio[abcbcc4d3da30ef7]::io::driver::Driver, tokio[abcbcc4d3da30ef7]::park::thread::ParkThread>>>::{closure#0}, ()>
[INFO] [stdout]   15:     0x5997cea033b6 - tokio[abcbcc4d3da30ef7]::runtime::basic_scheduler::enter::<<tokio[abcbcc4d3da30ef7]::runtime::basic_scheduler::BasicScheduler<tokio[abcbcc4d3da30ef7]::park::either::Either<tokio[abcbcc4d3da30ef7]::time::driver::Driver<tokio[abcbcc4d3da30ef7]::park::either::Either<tokio[abcbcc4d3da30ef7]::io::driver::Driver, tokio[abcbcc4d3da30ef7]::park::thread::ParkThread>>, tokio[abcbcc4d3da30ef7]::park::either::Either<tokio[abcbcc4d3da30ef7]::io::driver::Driver, tokio[abcbcc4d3da30ef7]::park::thread::ParkThread>>>>::block_on<rusoto_redshift[9dbd053a7159cd56]::generated::protocol_tests::test_parse_valid_redshift_describe_cluster_snapshots::{closure#0}>::{closure#0}, (), tokio[abcbcc4d3da30ef7]::park::either::Either<tokio[abcbcc4d3da30ef7]::time::driver::Driver<tokio[abcbcc4d3da30ef7]::park::either::Either<tokio[abcbcc4d3da30ef7]::io::driver::Driver, tokio[abcbcc4d3da30ef7]::park::thread::ParkThread>>, tokio[abcbcc4d3da30ef7]::park::either::Either<tokio[abcbcc4d3da30ef7]::io::driver::Driver, tokio[abcbcc4d3da30ef7]::park::thread::ParkThread>>>
[INFO] [stdout]   16:     0x5997cea059e1 - tokio[abcbcc4d3da30ef7]::runtime::context::enter::<<tokio[abcbcc4d3da30ef7]::runtime::Runtime>::block_on<rusoto_redshift[9dbd053a7159cd56]::generated::protocol_tests::test_parse_valid_redshift_describe_cluster_snapshots::{closure#0}>::{closure#0}, ()>
[INFO] [stdout]   17:     0x5997cea0ea42 - rusoto_redshift[9dbd053a7159cd56]::generated::protocol_tests::test_parse_valid_redshift_describe_cluster_snapshots
[INFO] [stdout]   18:     0x5997cea0c4d9 - <rusoto_redshift[9dbd053a7159cd56]::generated::protocol_tests::test_parse_valid_redshift_describe_cluster_snapshots::{closure#0} as core[df12db4294e9bfd3]::ops::function::FnOnce<()>>::call_once
[INFO] [stdout]   19:     0x5997cea13d8b - test[9d35eded1c95d3be]::__rust_begin_short_backtrace::<core[df12db4294e9bfd3]::result::Result<(), alloc[2182bb758b4b3781]::string::String>, fn() -> core[df12db4294e9bfd3]::result::Result<(), alloc[2182bb758b4b3781]::string::String>>
[INFO] [stdout]   20:     0x5997cea213f5 - test[9d35eded1c95d3be]::run_test::{closure#0}
[INFO] [stdout]   21:     0x5997cea1acb4 - std[70759c8f55707aa4]::sys::backtrace::__rust_begin_short_backtrace::<test[9d35eded1c95d3be]::run_test::{closure#1}, ()>
[INFO] [stdout]   22:     0x5997cea24552 - <std[70759c8f55707aa4]::thread::lifecycle::spawn_unchecked<test[9d35eded1c95d3be]::run_test::{closure#1}, ()>::{closure#1} as core[df12db4294e9bfd3]::ops::function::FnOnce<()>>::call_once::{shim:vtable#0}
[INFO] [stdout]   23:     0x5997ceac3b49 - <std[70759c8f55707aa4]::sys::thread::unix::Thread>::new::thread_start
[INFO] [stdout]   24:     0x70a21606cdfa - <unknown>
[INFO] [stdout]   25:     0x70a2161003d4 - clone
[INFO] [stdout]   26:                0x0 - <unknown>
[INFO] [stdout] 
[INFO] [stdout] ---- generated::protocol_tests::test_parse_valid_redshift_delete_cluster_snapshot stdout ----
[INFO] [stdout] 
[INFO] [stdout] thread 'generated::protocol_tests::test_parse_valid_redshift_delete_cluster_snapshot' (2620) panicked at /opt/rustwide/cargo-home/registry/src/index.crates.io-1949cf8c6b5b557f/mz_rusoto_mock-0.46.0/src/lib.rs:175:53:
[INFO] [stdout] couldn't find file: Os { code: 2, kind: NotFound, message: "No such file or directory" }
[INFO] [stdout] stack backtrace:
[INFO] [stdout]    0:     0x5997ceac4271 - <<std[70759c8f55707aa4]::sys::backtrace::BacktraceLock>::print::DisplayBacktrace as core[df12db4294e9bfd3]::fmt::Display>::fmt
[INFO] [stdout]    1:     0x5997cead999a - core[df12db4294e9bfd3]::fmt::write
[INFO] [stdout]    2:     0x5997ceac884c - <alloc[2182bb758b4b3781]::vec::Vec<u8> as core[df12db4294e9bfd3]::io::write::Write>::write_fmt
[INFO] [stdout]    3:     0x5997ceaa04f6 - std[70759c8f55707aa4]::panicking::default_hook::{closure#0}
[INFO] [stdout]    4:     0x5997ceabc929 - std[70759c8f55707aa4]::panicking::default_hook
[INFO] [stdout]    5:     0x5997cea20aa0 - test[9d35eded1c95d3be]::test_main_inner::<test[9d35eded1c95d3be]::test_main_static::{closure#0}>::{closure#0}
[INFO] [stdout]    6:     0x5997ceabcae2 - std[70759c8f55707aa4]::panicking::panic_with_hook
[INFO] [stdout]    7:     0x5997ceaa05a2 - std[70759c8f55707aa4]::panicking::panic_handler::{closure#0}
[INFO] [stdout]    8:     0x5997cea992f9 - std[70759c8f55707aa4]::sys::backtrace::__rust_end_short_backtrace::<std[70759c8f55707aa4]::panicking::panic_handler::{closure#0}, !>
[INFO] [stdout]    9:     0x5997ceaa119d - __rustc[8fa7c3cbc660c2b3]::rust_begin_unwind
[INFO] [stdout]   10:     0x5997ceada0fc - core[df12db4294e9bfd3]::panicking::panic_fmt
[INFO] [stdout]   11:     0x5997cead9ed2 - core[df12db4294e9bfd3]::result::unwrap_failed
[INFO] [stdout]   12:     0x5997cea565ac - <rusoto_mock[1a9d6f9a77d5744d]::MockResponseReader as rusoto_mock[1a9d6f9a77d5744d]::ReadMockResponse>::read_response
[INFO] [stdout]   13:     0x5997ce9e4a4d - rusoto_redshift[9dbd053a7159cd56]::generated::protocol_tests::test_parse_valid_redshift_delete_cluster_snapshot::{closure#0}
[INFO] [stdout]   14:     0x5997ce9ecc8d - <tokio[abcbcc4d3da30ef7]::macros::scoped_tls::ScopedKey<tokio[abcbcc4d3da30ef7]::runtime::basic_scheduler::Context>>::set::<tokio[abcbcc4d3da30ef7]::runtime::basic_scheduler::enter<<tokio[abcbcc4d3da30ef7]::runtime::basic_scheduler::BasicScheduler<tokio[abcbcc4d3da30ef7]::park::either::Either<tokio[abcbcc4d3da30ef7]::time::driver::Driver<tokio[abcbcc4d3da30ef7]::park::either::Either<tokio[abcbcc4d3da30ef7]::io::driver::Driver, tokio[abcbcc4d3da30ef7]::park::thread::ParkThread>>, tokio[abcbcc4d3da30ef7]::park::either::Either<tokio[abcbcc4d3da30ef7]::io::driver::Driver, tokio[abcbcc4d3da30ef7]::park::thread::ParkThread>>>>::block_on<rusoto_redshift[9dbd053a7159cd56]::generated::protocol_tests::test_parse_valid_redshift_delete_cluster_snapshot::{closure#0}>::{closure#0}, (), tokio[abcbcc4d3da30ef7]::park::either::Either<tokio[abcbcc4d3da30ef7]::time::driver::Driver<tokio[abcbcc4d3da30ef7]::park::either::Either<tokio[abcbcc4d3da30ef7]::io::driver::Driver, tokio[abcbcc4d3da30ef7]::park::thread::ParkThread>>, tokio[abcbcc4d3da30ef7]::park::either::Either<tokio[abcbcc4d3da30ef7]::io::driver::Driver, tokio[abcbcc4d3da30ef7]::park::thread::ParkThread>>>::{closure#0}, ()>
[INFO] [stdout]   15:     0x5997cea02ff6 - tokio[abcbcc4d3da30ef7]::runtime::basic_scheduler::enter::<<tokio[abcbcc4d3da30ef7]::runtime::basic_scheduler::BasicScheduler<tokio[abcbcc4d3da30ef7]::park::either::Either<tokio[abcbcc4d3da30ef7]::time::driver::Driver<tokio[abcbcc4d3da30ef7]::park::either::Either<tokio[abcbcc4d3da30ef7]::io::driver::Driver, tokio[abcbcc4d3da30ef7]::park::thread::ParkThread>>, tokio[abcbcc4d3da30ef7]::park::either::Either<tokio[abcbcc4d3da30ef7]::io::driver::Driver, tokio[abcbcc4d3da30ef7]::park::thread::ParkThread>>>>::block_on<rusoto_redshift[9dbd053a7159cd56]::generated::protocol_tests::test_parse_valid_redshift_delete_cluster_snapshot::{closure#0}>::{closure#0}, (), tokio[abcbcc4d3da30ef7]::park::either::Either<tokio[abcbcc4d3da30ef7]::time::driver::Driver<tokio[abcbcc4d3da30ef7]::park::either::Either<tokio[abcbcc4d3da30ef7]::io::driver::Driver, tokio[abcbcc4d3da30ef7]::park::thread::ParkThread>>, tokio[abcbcc4d3da30ef7]::park::either::Either<tokio[abcbcc4d3da30ef7]::io::driver::Driver, tokio[abcbcc4d3da30ef7]::park::thread::ParkThread>>>
[INFO] [stdout]   16:     0x5997cea05651 - tokio[abcbcc4d3da30ef7]::runtime::context::enter::<<tokio[abcbcc4d3da30ef7]::runtime::Runtime>::block_on<rusoto_redshift[9dbd053a7159cd56]::generated::protocol_tests::test_parse_valid_redshift_delete_cluster_snapshot::{closure#0}>::{closure#0}, ()>
[INFO] [stdout]   17:     0x5997cea0e502 - rusoto_redshift[9dbd053a7159cd56]::generated::protocol_tests::test_parse_valid_redshift_delete_cluster_snapshot
[INFO] [stdout]   18:     0x5997cea0c479 - <rusoto_redshift[9dbd053a7159cd56]::generated::protocol_tests::test_parse_valid_redshift_delete_cluster_snapshot::{closure#0} as core[df12db4294e9bfd3]::ops::function::FnOnce<()>>::call_once
[INFO] [stdout]   19:     0x5997cea13d8b - test[9d35eded1c95d3be]::__rust_begin_short_backtrace::<core[df12db4294e9bfd3]::result::Result<(), alloc[2182bb758b4b3781]::string::String>, fn() -> core[df12db4294e9bfd3]::result::Result<(), alloc[2182bb758b4b3781]::string::String>>
[INFO] [stdout]   20:     0x5997cea213f5 - test[9d35eded1c95d3be]::run_test::{closure#0}
[INFO] [stdout]   21:     0x5997cea1acb4 - std[70759c8f55707aa4]::sys::backtrace::__rust_begin_short_backtrace::<test[9d35eded1c95d3be]::run_test::{closure#1}, ()>
[INFO] [stdout]   22:     0x5997cea24552 - <std[70759c8f55707aa4]::thread::lifecycle::spawn_unchecked<test[9d35eded1c95d3be]::run_test::{closure#1}, ()>::{closure#1} as core[df12db4294e9bfd3]::ops::function::FnOnce<()>>::call_once::{shim:vtable#0}
[INFO] [stdout]   23:     0x5997ceac3b49 - <std[70759c8f55707aa4]::sys::thread::unix::Thread>::new::thread_start
[INFO] [stdout]   24:     0x70a21606cdfa - <unknown>
[INFO] [stdout]   25:     0x70a2161003d4 - clone
[INFO] [stdout]   26:                0x0 - <unknown>
[INFO] [stdout] 
[INFO] [stdout] ---- generated::protocol_tests::test_parse_valid_redshift_describe_cluster_versions stdout ----
[INFO] [stdout] 
[INFO] [stdout] thread 'generated::protocol_tests::test_parse_valid_redshift_describe_cluster_versions' (2626) panicked at /opt/rustwide/cargo-home/registry/src/index.crates.io-1949cf8c6b5b557f/mz_rusoto_mock-0.46.0/src/lib.rs:175:53:
[INFO] [stdout] couldn't find file: Os { code: 2, kind: NotFound, message: "No such file or directory" }
[INFO] [stdout] stack backtrace:
[INFO] [stdout]    0:     0x5997ceac4271 - <<std[70759c8f55707aa4]::sys::backtrace::BacktraceLock>::print::DisplayBacktrace as core[df12db4294e9bfd3]::fmt::Display>::fmt
[INFO] [stdout]    1:     0x5997cead999a - core[df12db4294e9bfd3]::fmt::write
[INFO] [stdout]    2:     0x5997ceac884c - <alloc[2182bb758b4b3781]::vec::Vec<u8> as core[df12db4294e9bfd3]::io::write::Write>::write_fmt
[INFO] [stdout]    3:     0x5997ceaa04f6 - std[70759c8f55707aa4]::panicking::default_hook::{closure#0}
[INFO] [stdout]    4:     0x5997ceabc929 - std[70759c8f55707aa4]::panicking::default_hook
[INFO] [stdout]    5:     0x5997cea20aa0 - test[9d35eded1c95d3be]::test_main_inner::<test[9d35eded1c95d3be]::test_main_static::{closure#0}>::{closure#0}
[INFO] [stdout]    6:     0x5997ceabcae2 - std[70759c8f55707aa4]::panicking::panic_with_hook
[INFO] [stdout]    7:     0x5997ceaa05a2 - std[70759c8f55707aa4]::panicking::panic_handler::{closure#0}
[INFO] [stdout]    8:     0x5997cea992f9 - std[70759c8f55707aa4]::sys::backtrace::__rust_end_short_backtrace::<std[70759c8f55707aa4]::panicking::panic_handler::{closure#0}, !>
[INFO] [stdout]    9:     0x5997ceaa119d - __rustc[8fa7c3cbc660c2b3]::rust_begin_unwind
[INFO] [stdout]   10:     0x5997ceada0fc - core[df12db4294e9bfd3]::panicking::panic_fmt
[INFO] [stdout]   11:     0x5997cead9ed2 - core[df12db4294e9bfd3]::result::unwrap_failed
[INFO] [stdout]   12:     0x5997cea565ac - <rusoto_mock[1a9d6f9a77d5744d]::MockResponseReader as rusoto_mock[1a9d6f9a77d5744d]::ReadMockResponse>::read_response
[INFO] [stdout]   13:     0x5997ce9e514d - rusoto_redshift[9dbd053a7159cd56]::generated::protocol_tests::test_parse_valid_redshift_describe_cluster_versions::{closure#0}
[INFO] [stdout]   14:     0x5997ce9ed7ad - <tokio[abcbcc4d3da30ef7]::macros::scoped_tls::ScopedKey<tokio[abcbcc4d3da30ef7]::runtime::basic_scheduler::Context>>::set::<tokio[abcbcc4d3da30ef7]::runtime::basic_scheduler::enter<<tokio[abcbcc4d3da30ef7]::runtime::basic_scheduler::BasicScheduler<tokio[abcbcc4d3da30ef7]::park::either::Either<tokio[abcbcc4d3da30ef7]::time::driver::Driver<tokio[abcbcc4d3da30ef7]::park::either::Either<tokio[abcbcc4d3da30ef7]::io::driver::Driver, tokio[abcbcc4d3da30ef7]::park::thread::ParkThread>>, tokio[abcbcc4d3da30ef7]::park::either::Either<tokio[abcbcc4d3da30ef7]::io::driver::Driver, tokio[abcbcc4d3da30ef7]::park::thread::ParkThread>>>>::block_on<rusoto_redshift[9dbd053a7159cd56]::generated::protocol_tests::test_parse_valid_redshift_describe_cluster_versions::{closure#0}>::{closure#0}, (), tokio[abcbcc4d3da30ef7]::park::either::Either<tokio[abcbcc4d3da30ef7]::time::driver::Driver<tokio[abcbcc4d3da30ef7]::park::either::Either<tokio[abcbcc4d3da30ef7]::io::driver::Driver, tokio[abcbcc4d3da30ef7]::park::thread::ParkThread>>, tokio[abcbcc4d3da30ef7]::park::either::Either<tokio[abcbcc4d3da30ef7]::io::driver::Driver, tokio[abcbcc4d3da30ef7]::park::thread::ParkThread>>>::{closure#0}, ()>
[INFO] [stdout]   15:     0x5997cea03276 - tokio[abcbcc4d3da30ef7]::runtime::basic_scheduler::enter::<<tokio[abcbcc4d3da30ef7]::runtime::basic_scheduler::BasicScheduler<tokio[abcbcc4d3da30ef7]::park::either::Either<tokio[abcbcc4d3da30ef7]::time::driver::Driver<tokio[abcbcc4d3da30ef7]::park::either::Either<tokio[abcbcc4d3da30ef7]::io::driver::Driver, tokio[abcbcc4d3da30ef7]::park::thread::ParkThread>>, tokio[abcbcc4d3da30ef7]::park::either::Either<tokio[abcbcc4d3da30ef7]::io::driver::Driver, tokio[abcbcc4d3da30ef7]::park::thread::ParkThread>>>>::block_on<rusoto_redshift[9dbd053a7159cd56]::generated::protocol_tests::test_parse_valid_redshift_describe_cluster_versions::{closure#0}>::{closure#0}, (), tokio[abcbcc4d3da30ef7]::park::either::Either<tokio[abcbcc4d3da30ef7]::time::driver::Driver<tokio[abcbcc4d3da30ef7]::park::either::Either<tokio[abcbcc4d3da30ef7]::io::driver::Driver, tokio[abcbcc4d3da30ef7]::park::thread::ParkThread>>, tokio[abcbcc4d3da30ef7]::park::either::Either<tokio[abcbcc4d3da30ef7]::io::driver::Driver, tokio[abcbcc4d3da30ef7]::park::thread::ParkThread>>>
[INFO] [stdout]   16:     0x5997cea058b1 - tokio[abcbcc4d3da30ef7]::runtime::context::enter::<<tokio[abcbcc4d3da30ef7]::runtime::Runtime>::block_on<rusoto_redshift[9dbd053a7159cd56]::generated::protocol_tests::test_parse_valid_redshift_describe_cluster_versions::{closure#0}>::{closure#0}, ()>
[INFO] [stdout]   17:     0x5997cea0e882 - rusoto_redshift[9dbd053a7159cd56]::generated::protocol_tests::test_parse_valid_redshift_describe_cluster_versions
[INFO] [stdout]   18:     0x5997cea0c4b9 - <rusoto_redshift[9dbd053a7159cd56]::generated::protocol_tests::test_parse_valid_redshift_describe_cluster_versions::{closure#0} as core[df12db4294e9bfd3]::ops::function::FnOnce<()>>::call_once
[INFO] [stdout]   19:     0x5997cea13d8b - test[9d35eded1c95d3be]::__rust_begin_short_backtrace::<core[df12db4294e9bfd3]::result::Result<(), alloc[2182bb758b4b3781]::string::String>, fn() -> core[df12db4294e9bfd3]::result::Result<(), alloc[2182bb758b4b3781]::string::String>>
[INFO] [stdout]   20:     0x5997cea213f5 - test[9d35eded1c95d3be]::run_test::{closure#0}
[INFO] [stdout]   21:     0x5997cea1acb4 - std[70759c8f55707aa4]::sys::backtrace::__rust_begin_short_backtrace::<test[9d35eded1c95d3be]::run_test::{closure#1}, ()>
[INFO] [stdout]   22:     0x5997cea24552 - <std[70759c8f55707aa4]::thread::lifecycle::spawn_unchecked<test[9d35eded1c95d3be]::run_test::{closure#1}, ()>::{closure#1} as core[df12db4294e9bfd3]::ops::function::FnOnce<()>>::call_once::{shim:vtable#0}
[INFO] [stdout]   23:     0x5997ceac3b49 - <std[70759c8f55707aa4]::sys::thread::unix::Thread>::new::thread_start
[INFO] [stdout]   24:     0x70a21606cdfa - <unknown>
[INFO] [stdout]   25:     0x70a2161003d4 - clone
[INFO] [stdout]   26:                0x0 - <unknown>
[INFO] [stdout] 
[INFO] [stdout] ---- generated::protocol_tests::test_parse_valid_redshift_describe_cluster_subnet_groups stdout ----
[INFO] [stdout] 
[INFO] [stdout] thread 'generated::protocol_tests::test_parse_valid_redshift_describe_cluster_subnet_groups' (2625) panicked at /opt/rustwide/cargo-home/registry/src/index.crates.io-1949cf8c6b5b557f/mz_rusoto_mock-0.46.0/src/lib.rs:175:53:
[INFO] [stdout] couldn't find file: Os { code: 2, kind: NotFound, message: "No such file or directory" }
[INFO] [stdout] stack backtrace:
[INFO] [stdout]    0:     0x5997ceac4271 - <<std[70759c8f55707aa4]::sys::backtrace::BacktraceLock>::print::DisplayBacktrace as core[df12db4294e9bfd3]::fmt::Display>::fmt
[INFO] [stdout]    1:     0x5997cead999a - core[df12db4294e9bfd3]::fmt::write
[INFO] [stdout]    2:     0x5997ceac884c - <alloc[2182bb758b4b3781]::vec::Vec<u8> as core[df12db4294e9bfd3]::io::write::Write>::write_fmt
[INFO] [stdout]    3:     0x5997ceaa04f6 - std[70759c8f55707aa4]::panicking::default_hook::{closure#0}
[INFO] [stdout]    4:     0x5997ceabc929 - std[70759c8f55707aa4]::panicking::default_hook
[INFO] [stdout]    5:     0x5997cea20aa0 - test[9d35eded1c95d3be]::test_main_inner::<test[9d35eded1c95d3be]::test_main_static::{closure#0}>::{closure#0}
[INFO] [stdout]    6:     0x5997ceabcae2 - std[70759c8f55707aa4]::panicking::panic_with_hook
[INFO] [stdout]    7:     0x5997ceaa05a2 - std[70759c8f55707aa4]::panicking::panic_handler::{closure#0}
[INFO] [stdout]    8:     0x5997cea992f9 - std[70759c8f55707aa4]::sys::backtrace::__rust_end_short_backtrace::<std[70759c8f55707aa4]::panicking::panic_handler::{closure#0}, !>
[INFO] [stdout]    9:     0x5997ceaa119d - __rustc[8fa7c3cbc660c2b3]::rust_begin_unwind
[INFO] [stdout]   10:     0x5997ceada0fc - core[df12db4294e9bfd3]::panicking::panic_fmt
[INFO] [stdout]   11:     0x5997cead9ed2 - core[df12db4294e9bfd3]::result::unwrap_failed
[INFO] [stdout]   12:     0x5997cea565ac - <rusoto_mock[1a9d6f9a77d5744d]::MockResponseReader as rusoto_mock[1a9d6f9a77d5744d]::ReadMockResponse>::read_response
[INFO] [stdout]   13:     0x5997ce9e736d - rusoto_redshift[9dbd053a7159cd56]::generated::protocol_tests::test_parse_valid_redshift_describe_cluster_subnet_groups::{closure#0}
[INFO] [stdout]   14:     0x5997ce9f09bd - <tokio[abcbcc4d3da30ef7]::macros::scoped_tls::ScopedKey<tokio[abcbcc4d3da30ef7]::runtime::basic_scheduler::Context>>::set::<tokio[abcbcc4d3da30ef7]::runtime::basic_scheduler::enter<<tokio[abcbcc4d3da30ef7]::runtime::basic_scheduler::BasicScheduler<tokio[abcbcc4d3da30ef7]::park::either::Either<tokio[abcbcc4d3da30ef7]::time::driver::Driver<tokio[abcbcc4d3da30ef7]::park::either::Either<tokio[abcbcc4d3da30ef7]::io::driver::Driver, tokio[abcbcc4d3da30ef7]::park::thread::ParkThread>>, tokio[abcbcc4d3da30ef7]::park::either::Either<tokio[abcbcc4d3da30ef7]::io::driver::Driver, tokio[abcbcc4d3da30ef7]::park::thread::ParkThread>>>>::block_on<rusoto_redshift[9dbd053a7159cd56]::generated::protocol_tests::test_parse_valid_redshift_describe_cluster_subnet_groups::{closure#0}>::{closure#0}, (), tokio[abcbcc4d3da30ef7]::park::either::Either<tokio[abcbcc4d3da30ef7]::time::driver::Driver<tokio[abcbcc4d3da30ef7]::park::either::Either<tokio[abcbcc4d3da30ef7]::io::driver::Driver, tokio[abcbcc4d3da30ef7]::park::thread::ParkThread>>, tokio[abcbcc4d3da30ef7]::park::either::Either<tokio[abcbcc4d3da30ef7]::io::driver::Driver, tokio[abcbcc4d3da30ef7]::park::thread::ParkThread>>>::{closure#0}, ()>
[INFO] [stdout]   15:     0x5997cea03db6 - tokio[abcbcc4d3da30ef7]::runtime::basic_scheduler::enter::<<tokio[abcbcc4d3da30ef7]::runtime::basic_scheduler::BasicScheduler<tokio[abcbcc4d3da30ef7]::park::either::Either<tokio[abcbcc4d3da30ef7]::time::driver::Driver<tokio[abcbcc4d3da30ef7]::park::either::Either<tokio[abcbcc4d3da30ef7]::io::driver::Driver, tokio[abcbcc4d3da30ef7]::park::thread::ParkThread>>, tokio[abcbcc4d3da30ef7]::park::either::Either<tokio[abcbcc4d3da30ef7]::io::driver::Driver, tokio[abcbcc4d3da30ef7]::park::thread::ParkThread>>>>::block_on<rusoto_redshift[9dbd053a7159cd56]::generated::protocol_tests::test_parse_valid_redshift_describe_cluster_subnet_groups::{closure#0}>::{closure#0}, (), tokio[abcbcc4d3da30ef7]::park::either::Either<tokio[abcbcc4d3da30ef7]::time::driver::Driver<tokio[abcbcc4d3da30ef7]::park::either::Either<tokio[abcbcc4d3da30ef7]::io::driver::Driver, tokio[abcbcc4d3da30ef7]::park::thread::ParkThread>>, tokio[abcbcc4d3da30ef7]::park::either::Either<tokio[abcbcc4d3da30ef7]::io::driver::Driver, tokio[abcbcc4d3da30ef7]::park::thread::ParkThread>>>
[INFO] [stdout]   16:     0x5997cea06361 - tokio[abcbcc4d3da30ef7]::runtime::context::enter::<<tokio[abcbcc4d3da30ef7]::runtime::Runtime>::block_on<rusoto_redshift[9dbd053a7159cd56]::generated::protocol_tests::test_parse_valid_redshift_describe_cluster_subnet_groups::{closure#0}>::{closure#0}, ()>
[INFO] [stdout]   17:     0x5997cea0f842 - rusoto_redshift[9dbd053a7159cd56]::generated::protocol_tests::test_parse_valid_redshift_describe_cluster_subnet_groups
[INFO] [stdout]   18:     0x5997cea0c5d9 - <rusoto_redshift[9dbd053a7159cd56]::generated::protocol_tests::test_parse_valid_redshift_describe_cluster_subnet_groups::{closure#0} as core[df12db4294e9bfd3]::ops::function::FnOnce<()>>::call_once
[INFO] [stdout]   19:     0x5997cea13d8b - test[9d35eded1c95d3be]::__rust_begin_short_backtrace::<core[df12db4294e9bfd3]::result::Result<(), alloc[2182bb758b4b3781]::string::String>, fn() -> core[df12db4294e9bfd3]::result::Result<(), alloc[2182bb758b4b3781]::string::String>>
[INFO] [stdout]   20:     0x5997cea213f5 - test[9d35eded1c95d3be]::run_test::{closure#0}
[INFO] [stdout]   21:     0x5997cea1acb4 - std[70759c8f55707aa4]::sys::backtrace::__rust_begin_short_backtrace::<test[9d35eded1c95d3be]::run_test::{closure#1}, ()>
[INFO] [stdout]   22:     0x5997cea24552 - <std[70759c8f55707aa4]::thread::lifecycle::spawn_unchecked<test[9d35eded1c95d3be]::run_test::{closure#1}, ()>::{closure#1} as core[df12db4294e9bfd3]::ops::function::FnOnce<()>>::call_once::{shim:vtable#0}
[INFO] [stdout]   23:     0x5997ceac3b49 - <std[70759c8f55707aa4]::sys::thread::unix::Thread>::new::thread_start
[INFO] [stdout]   24:     0x70a21606cdfa - <unknown>
[INFO] [stdout]   25:     0x70a2161003d4 - clone
[INFO] [stdout]   26:                0x0 - <unknown>
[INFO] [stdout] 
[INFO] [stdout] ---- generated::protocol_tests::test_parse_valid_redshift_describe_cluster_security_groups stdout ----
[INFO] [stdout] 
[INFO] [stdout] thread 'generated::protocol_tests::test_parse_valid_redshift_describe_cluster_security_groups' (2623) panicked at /opt/rustwide/cargo-home/registry/src/index.crates.io-1949cf8c6b5b557f/mz_rusoto_mock-0.46.0/src/lib.rs:175:53:
[INFO] [stdout] couldn't find file: Os { code: 2, kind: NotFound, message: "No such file or directory" }
[INFO] [stdout] stack backtrace:
[INFO] [stdout]    0:     0x5997ceac4271 - <<std[70759c8f55707aa4]::sys::backtrace::BacktraceLock>::print::DisplayBacktrace as core[df12db4294e9bfd3]::fmt::Display>::fmt
[INFO] [stdout]    1:     0x5997cead999a - core[df12db4294e9bfd3]::fmt::write
[INFO] [stdout]    2:     0x5997ceac884c - <alloc[2182bb758b4b3781]::vec::Vec<u8> as core[df12db4294e9bfd3]::io::write::Write>::write_fmt
[INFO] [stdout]    3:     0x5997ceaa04f6 - std[70759c8f55707aa4]::panicking::default_hook::{closure#0}
[INFO] [stdout]    4:     0x5997ceabc929 - std[70759c8f55707aa4]::panicking::default_hook
[INFO] [stdout]    5:     0x5997cea20aa0 - test[9d35eded1c95d3be]::test_main_inner::<test[9d35eded1c95d3be]::test_main_static::{closure#0}>::{closure#0}
[INFO] [stdout]    6:     0x5997ceabcae2 - std[70759c8f55707aa4]::panicking::panic_with_hook
[INFO] [stdout]    7:     0x5997ceaa05a2 - std[70759c8f55707aa4]::panicking::panic_handler::{closure#0}
[INFO] [stdout]    8:     0x5997cea992f9 - std[70759c8f55707aa4]::sys::backtrace::__rust_end_short_backtrace::<std[70759c8f55707aa4]::panicking::panic_handler::{closure#0}, !>
[INFO] [stdout]    9:     0x5997ceaa119d - __rustc[8fa7c3cbc660c2b3]::rust_begin_unwind
[INFO] [stdout]   10:     0x5997ceada0fc - core[df12db4294e9bfd3]::panicking::panic_fmt
[INFO] [stdout]   11:     0x5997cead9ed2 - core[df12db4294e9bfd3]::result::unwrap_failed
[INFO] [stdout]   12:     0x5997cea565ac - <rusoto_mock[1a9d6f9a77d5744d]::MockResponseReader as rusoto_mock[1a9d6f9a77d5744d]::ReadMockResponse>::read_response
[INFO] [stdout]   13:     0x5997ce9e7e3d - rusoto_redshift[9dbd053a7159cd56]::generated::protocol_tests::test_parse_valid_redshift_describe_cluster_security_groups::{closure#0}
[INFO] [stdout]   14:     0x5997ce9f1a6d - <tokio[abcbcc4d3da30ef7]::macros::scoped_tls::ScopedKey<tokio[abcbcc4d3da30ef7]::runtime::basic_scheduler::Context>>::set::<tokio[abcbcc4d3da30ef7]::runtime::basic_scheduler::enter<<tokio[abcbcc4d3da30ef7]::runtime::basic_scheduler::BasicScheduler<tokio[abcbcc4d3da30ef7]::park::either::Either<tokio[abcbcc4d3da30ef7]::time::driver::Driver<tokio[abcbcc4d3da30ef7]::park::either::Either<tokio[abcbcc4d3da30ef7]::io::driver::Driver, tokio[abcbcc4d3da30ef7]::park::thread::ParkThread>>, tokio[abcbcc4d3da30ef7]::park::either::Either<tokio[abcbcc4d3da30ef7]::io::driver::Driver, tokio[abcbcc4d3da30ef7]::park::thread::ParkThread>>>>::block_on<rusoto_redshift[9dbd053a7159cd56]::generated::protocol_tests::test_parse_valid_redshift_describe_cluster_security_groups::{closure#0}>::{closure#0}, (), tokio[abcbcc4d3da30ef7]::park::either::Either<tokio[abcbcc4d3da30ef7]::time::driver::Driver<tokio[abcbcc4d3da30ef7]::park::either::Either<tokio[abcbcc4d3da30ef7]::io::driver::Driver, tokio[abcbcc4d3da30ef7]::park::thread::ParkThread>>, tokio[abcbcc4d3da30ef7]::park::either::Either<tokio[abcbcc4d3da30ef7]::io::driver::Driver, tokio[abcbcc4d3da30ef7]::park::thread::ParkThread>>>::{closure#0}, ()>
[INFO] [stdout]   15:     0x5997cea04176 - tokio[abcbcc4d3da30ef7]::runtime::basic_scheduler::enter::<<tokio[abcbcc4d3da30ef7]::runtime::basic_scheduler::BasicScheduler<tokio[abcbcc4d3da30ef7]::park::either::Either<tokio[abcbcc4d3da30ef7]::time::driver::Driver<tokio[abcbcc4d3da30ef7]::park::either::Either<tokio[abcbcc4d3da30ef7]::io::driver::Driver, tokio[abcbcc4d3da30ef7]::park::thread::ParkThread>>, tokio[abcbcc4d3da30ef7]::park::either::Either<tokio[abcbcc4d3da30ef7]::io::driver::Driver, tokio[abcbcc4d3da30ef7]::park::thread::ParkThread>>>>::block_on<rusoto_redshift[9dbd053a7159cd56]::generated::protocol_tests::test_parse_valid_redshift_describe_cluster_security_groups::{closure#0}>::{closure#0}, (), tokio[abcbcc4d3da30ef7]::park::either::Either<tokio[abcbcc4d3da30ef7]::time::driver::Driver<tokio[abcbcc4d3da30ef7]::park::either::Either<tokio[abcbcc4d3da30ef7]::io::driver::Driver, tokio[abcbcc4d3da30ef7]::park::thread::ParkThread>>, tokio[abcbcc4d3da30ef7]::park::either::Either<tokio[abcbcc4d3da30ef7]::io::driver::Driver, tokio[abcbcc4d3da30ef7]::park::thread::ParkThread>>>
[INFO] [stdout]   16:     0x5997cea066f1 - tokio[abcbcc4d3da30ef7]::runtime::context::enter::<<tokio[abcbcc4d3da30ef7]::runtime::Runtime>::block_on<rusoto_redshift[9dbd053a7159cd56]::generated::protocol_tests::test_parse_valid_redshift_describe_cluster_security_groups::{closure#0}>::{closure#0}, ()>
[INFO] [stdout]   17:     0x5997cea0fd82 - rusoto_redshift[9dbd053a7159cd56]::generated::protocol_tests::test_parse_valid_redshift_describe_cluster_security_groups
[INFO] [stdout]   18:     0x5997cea0c639 - <rusoto_redshift[9dbd053a7159cd56]::generated::protocol_tests::test_parse_valid_redshift_describe_cluster_security_groups::{closure#0} as core[df12db4294e9bfd3]::ops::function::FnOnce<()>>::call_once
[INFO] [stdout]   19:     0x5997cea13d8b - test[9d35eded1c95d3be]::__rust_begin_short_backtrace::<core[df12db4294e9bfd3]::result::Result<(), alloc[2182bb758b4b3781]::string::String>, fn() -> core[df12db4294e9bfd3]::result::Result<(), alloc[2182bb758b4b3781]::string::String>>
[INFO] [stdout]   20:     0x5997cea213f5 - test[9d35eded1c95d3be]::run_test::{closure#0}
[INFO] [stdout]   21:     0x5997cea1acb4 - std[70759c8f55707aa4]::sys::backtrace::__rust_begin_short_backtrace::<test[9d35eded1c95d3be]::run_test::{closure#1}, ()>
[INFO] [stdout]   22:     0x5997cea24552 - <std[70759c8f55707aa4]::thread::lifecycle::spawn_unchecked<test[9d35eded1c95d3be]::run_test::{closure#1}, ()>::{closure#1} as core[df12db4294e9bfd3]::ops::function::FnOnce<()>>::call_once::{shim:vtable#0}
[INFO] [stderr] error: test failed, to rerun pass `--lib`
[INFO] [stdout]   23:     0x5997ceac3b49 - <std[70759c8f55707aa4]::sys::thread::unix::Thread>::new::thread_start
[INFO] [stdout]   24:     0x70a21606cdfa - <unknown>
[INFO] [stdout]   25:     0x70a2161003d4 - clone
[INFO] [stdout]   26:                0x0 - <unknown>
[INFO] [stdout] 
[INFO] [stdout] ---- generated::protocol_tests::test_parse_valid_redshift_describe_clusters stdout ----
[INFO] [stdout] 
[INFO] [stdout] thread 'generated::protocol_tests::test_parse_valid_redshift_describe_clusters' (2627) panicked at /opt/rustwide/cargo-home/registry/src/index.crates.io-1949cf8c6b5b557f/mz_rusoto_mock-0.46.0/src/lib.rs:175:53:
[INFO] [stdout] couldn't find file: Os { code: 2, kind: NotFound, message: "No such file or directory" }
[INFO] [stdout] stack backtrace:
[INFO] [stdout]    0:     0x5997ceac4271 - <<std[70759c8f55707aa4]::sys::backtrace::BacktraceLock>::print::DisplayBacktrace as core[df12db4294e9bfd3]::fmt::Display>::fmt
[INFO] [stdout]    1:     0x5997cead999a - core[df12db4294e9bfd3]::fmt::write
[INFO] [stdout]    2:     0x5997ceac884c - <alloc[2182bb758b4b3781]::vec::Vec<u8> as core[df12db4294e9bfd3]::io::write::Write>::write_fmt
[INFO] [stdout]    3:     0x5997ceaa04f6 - std[70759c8f55707aa4]::panicking::default_hook::{closure#0}
[INFO] [stdout]    4:     0x5997ceabc929 - std[70759c8f55707aa4]::panicking::default_hook
[INFO] [stdout]    5:     0x5997cea20aa0 - test[9d35eded1c95d3be]::test_main_inner::<test[9d35eded1c95d3be]::test_main_static::{closure#0}>::{closure#0}
[INFO] [stdout]    6:     0x5997ceabcae2 - std[70759c8f55707aa4]::panicking::panic_with_hook
[INFO] [stdout]    7:     0x5997ceaa05a2 - std[70759c8f55707aa4]::panicking::panic_handler::{closure#0}
[INFO] [stdout]    8:     0x5997cea992f9 - std[70759c8f55707aa4]::sys::backtrace::__rust_end_short_backtrace::<std[70759c8f55707aa4]::panicking::panic_handler::{closure#0}, !>
[INFO] [stdout]    9:     0x5997ceaa119d - __rustc[8fa7c3cbc660c2b3]::rust_begin_unwind
[INFO] [stdout]   10:     0x5997ceada0fc - core[df12db4294e9bfd3]::panicking::panic_fmt
[INFO] [stdout]   11:     0x5997cead9ed2 - core[df12db4294e9bfd3]::result::unwrap_failed
[INFO] [stdout]   12:     0x5997cea565ac - <rusoto_mock[1a9d6f9a77d5744d]::MockResponseReader as rusoto_mock[1a9d6f9a77d5744d]::ReadMockResponse>::read_response
[INFO] [stdout]   13:     0x5997ce9e3f7d - rusoto_redshift[9dbd053a7159cd56]::generated::protocol_tests::test_parse_valid_redshift_describe_clusters::{closure#0}
[INFO] [stdout]   14:     0x5997ce9ebbdd - <tokio[abcbcc4d3da30ef7]::macros::scoped_tls::ScopedKey<tokio[abcbcc4d3da30ef7]::runtime::basic_scheduler::Context>>::set::<tokio[abcbcc4d3da30ef7]::runtime::basic_scheduler::enter<<tokio[abcbcc4d3da30ef7]::runtime::basic_scheduler::BasicScheduler<tokio[abcbcc4d3da30ef7]::park::either::Either<tokio[abcbcc4d3da30ef7]::time::driver::Driver<tokio[abcbcc4d3da30ef7]::park::either::Either<tokio[abcbcc4d3da30ef7]::io::driver::Driver, tokio[abcbcc4d3da30ef7]::park::thread::ParkThread>>, tokio[abcbcc4d3da30ef7]::park::either::Either<tokio[abcbcc4d3da30ef7]::io::driver::Driver, tokio[abcbcc4d3da30ef7]::park::thread::ParkThread>>>>::block_on<rusoto_redshift[9dbd053a7159cd56]::generated::protocol_tests::test_parse_valid_redshift_describe_clusters::{closure#0}>::{closure#0}, (), tokio[abcbcc4d3da30ef7]::park::either::Either<tokio[abcbcc4d3da30ef7]::time::driver::Driver<tokio[abcbcc4d3da30ef7]::park::either::Either<tokio[abcbcc4d3da30ef7]::io::driver::Driver, tokio[abcbcc4d3da30ef7]::park::thread::ParkThread>>, tokio[abcbcc4d3da30ef7]::park::either::Either<tokio[abcbcc4d3da30ef7]::io::driver::Driver, tokio[abcbcc4d3da30ef7]::park::thread::ParkThread>>>::{closure#0}, ()>
[INFO] [stdout]   15:     0x5997cea02c36 - tokio[abcbcc4d3da30ef7]::runtime::basic_scheduler::enter::<<tokio[abcbcc4d3da30ef7]::runtime::basic_scheduler::BasicScheduler<tokio[abcbcc4d3da30ef7]::park::either::Either<tokio[abcbcc4d3da30ef7]::time::driver::Driver<tokio[abcbcc4d3da30ef7]::park::either::Either<tokio[abcbcc4d3da30ef7]::io::driver::Driver, tokio[abcbcc4d3da30ef7]::park::thread::ParkThread>>, tokio[abcbcc4d3da30ef7]::park::either::Either<tokio[abcbcc4d3da30ef7]::io::driver::Driver, tokio[abcbcc4d3da30ef7]::park::thread::ParkThread>>>>::block_on<rusoto_redshift[9dbd053a7159cd56]::generated::protocol_tests::test_parse_valid_redshift_describe_clusters::{closure#0}>::{closure#0}, (), tokio[abcbcc4d3da30ef7]::park::either::Either<tokio[abcbcc4d3da30ef7]::time::driver::Driver<tokio[abcbcc4d3da30ef7]::park::either::Either<tokio[abcbcc4d3da30ef7]::io::driver::Driver, tokio[abcbcc4d3da30ef7]::park::thread::ParkThread>>, tokio[abcbcc4d3da30ef7]::park::either::Either<tokio[abcbcc4d3da30ef7]::io::driver::Driver, tokio[abcbcc4d3da30ef7]::park::thread::ParkThread>>>
[INFO] [stdout]   16:     0x5997cea052c1 - tokio[abcbcc4d3da30ef7]::runtime::context::enter::<<tokio[abcbcc4d3da30ef7]::runtime::Runtime>::block_on<rusoto_redshift[9dbd053a7159cd56]::generated::protocol_tests::test_parse_valid_redshift_describe_clusters::{closure#0}>::{closure#0}, ()>
[INFO] [stdout]   17:     0x5997cea0dfc2 - rusoto_redshift[9dbd053a7159cd56]::generated::protocol_tests::test_parse_valid_redshift_describe_clusters
[INFO] [stdout]   18:     0x5997cea0c419 - <rusoto_redshift[9dbd053a7159cd56]::generated::protocol_tests::test_parse_valid_redshift_describe_clusters::{closure#0} as core[df12db4294e9bfd3]::ops::function::FnOnce<()>>::call_once
[INFO] [stdout]   19:     0x5997cea13d8b - test[9d35eded1c95d3be]::__rust_begin_short_backtrace::<core[df12db4294e9bfd3]::result::Result<(), alloc[2182bb758b4b3781]::string::String>, fn() -> core[df12db4294e9bfd3]::result::Result<(), alloc[2182bb758b4b3781]::string::String>>
[INFO] [stdout]   20:     0x5997cea213f5 - test[9d35eded1c95d3be]::run_test::{closure#0}
[INFO] [stdout]   21:     0x5997cea1acb4 - std[70759c8f55707aa4]::sys::backtrace::__rust_begin_short_backtrace::<test[9d35eded1c95d3be]::run_test::{closure#1}, ()>
[INFO] [stdout]   22:     0x5997cea24552 - <std[70759c8f55707aa4]::thread::lifecycle::spawn_unchecked<test[9d35eded1c95d3be]::run_test::{closure#1}, ()>::{closure#1} as core[df12db4294e9bfd3]::ops::function::FnOnce<()>>::call_once::{shim:vtable#0}
[INFO] [stdout]   23:     0x5997ceac3b49 - <std[70759c8f55707aa4]::sys::thread::unix::Thread>::new::thread_start
[INFO] [stdout]   24:     0x70a21606cdfa - <unknown>
[INFO] [stdout]   25:     0x70a2161003d4 - clone
[INFO] [stdout]   26:                0x0 - <unknown>
[INFO] [stdout] 
[INFO] [stdout] ---- generated::protocol_tests::test_parse_valid_redshift_describe_events stdout ----
[INFO] [stdout] 
[INFO] [stdout] thread 'generated::protocol_tests::test_parse_valid_redshift_describe_events' (2628) panicked at /opt/rustwide/cargo-home/registry/src/index.crates.io-1949cf8c6b5b557f/mz_rusoto_mock-0.46.0/src/lib.rs:175:53:
[INFO] [stdout] couldn't find file: Os { code: 2, kind: NotFound, message: "No such file or directory" }
[INFO] [stdout] stack backtrace:
[INFO] [stdout]    0:     0x5997ceac4271 - <<std[70759c8f55707aa4]::sys::backtrace::BacktraceLock>::print::DisplayBacktrace as core[df12db4294e9bfd3]::fmt::Display>::fmt
[INFO] [stdout]    1:     0x5997cead999a - core[df12db4294e9bfd3]::fmt::write
[INFO] [stdout]    2:     0x5997ceac884c - <alloc[2182bb758b4b3781]::vec::Vec<u8> as core[df12db4294e9bfd3]::io::write::Write>::write_fmt
[INFO] [stdout]    3:     0x5997ceaa04f6 - std[70759c8f55707aa4]::panicking::default_hook::{closure#0}
[INFO] [stdout]    4:     0x5997ceabc929 - std[70759c8f55707aa4]::panicking::default_hook
[INFO] [stdout]    5:     0x5997cea20aa0 - test[9d35eded1c95d3be]::test_main_inner::<test[9d35eded1c95d3be]::test_main_static::{closure#0}>::{closure#0}
[INFO] [stdout]    6:     0x5997ceabcae2 - std[70759c8f55707aa4]::panicking::panic_with_hook
[INFO] [stdout]    7:     0x5997ceaa05a2 - std[70759c8f55707aa4]::panicking::panic_handler::{closure#0}
[INFO] [stdout]    8:     0x5997cea992f9 - std[70759c8f55707aa4]::sys::backtrace::__rust_end_short_backtrace::<std[70759c8f55707aa4]::panicking::panic_handler::{closure#0}, !>
[INFO] [stdout]    9:     0x5997ceaa119d - __rustc[8fa7c3cbc660c2b3]::rust_begin_unwind
[INFO] [stdout]   10:     0x5997ceada0fc - core[df12db4294e9bfd3]::panicking::panic_fmt
[INFO] [stdout]   11:     0x5997cead9ed2 - core[df12db4294e9bfd3]::result::unwrap_failed
[INFO] [stdout]   12:     0x5997cea565ac - <rusoto_mock[1a9d6f9a77d5744d]::MockResponseReader as rusoto_mock[1a9d6f9a77d5744d]::ReadMockResponse>::read_response
[INFO] [stdout]   13:     0x5997ce9e385d - rusoto_redshift[9dbd053a7159cd56]::generated::protocol_tests::test_parse_valid_redshift_describe_events::{closure#0}
[INFO] [stdout]   14:     0x5997ce9eb0bd - <tokio[abcbcc4d3da30ef7]::macros::scoped_tls::ScopedKey<tokio[abcbcc4d3da30ef7]::runtime::basic_scheduler::Context>>::set::<tokio[abcbcc4d3da30ef7]::runtime::basic_scheduler::enter<<tokio[abcbcc4d3da30ef7]::runtime::basic_scheduler::BasicScheduler<tokio[abcbcc4d3da30ef7]::park::either::Either<tokio[abcbcc4d3da30ef7]::time::driver::Driver<tokio[abcbcc4d3da30ef7]::park::either::Either<tokio[abcbcc4d3da30ef7]::io::driver::Driver, tokio[abcbcc4d3da30ef7]::park::thread::ParkThread>>, tokio[abcbcc4d3da30ef7]::park::either::Either<tokio[abcbcc4d3da30ef7]::io::driver::Driver, tokio[abcbcc4d3da30ef7]::park::thread::ParkThread>>>>::block_on<rusoto_redshift[9dbd053a7159cd56]::generated::protocol_tests::test_parse_valid_redshift_describe_events::{closure#0}>::{closure#0}, (), tokio[abcbcc4d3da30ef7]::park::either::Either<tokio[abcbcc4d3da30ef7]::time::driver::Driver<tokio[abcbcc4d3da30ef7]::park::either::Either<tokio[abcbcc4d3da30ef7]::io::driver::Driver, tokio[abcbcc4d3da30ef7]::park::thread::ParkThread>>, tokio[abcbcc4d3da30ef7]::park::either::Either<tokio[abcbcc4d3da30ef7]::io::driver::Driver, tokio[abcbcc4d3da30ef7]::park::thread::ParkThread>>>::{closure#0}, ()>
[INFO] [stdout]   15:     0x5997cea029b6 - tokio[abcbcc4d3da30ef7]::runtime::basic_scheduler::enter::<<tokio[abcbcc4d3da30ef7]::runtime::basic_scheduler::BasicScheduler<tokio[abcbcc4d3da30ef7]::park::either::Either<tokio[abcbcc4d3da30ef7]::time::driver::Driver<tokio[abcbcc4d3da30ef7]::park::either::Either<tokio[abcbcc4d3da30ef7]::io::driver::Driver, tokio[abcbcc4d3da30ef7]::park::thread::ParkThread>>, tokio[abcbcc4d3da30ef7]::park::either::Either<tokio[abcbcc4d3da30ef7]::io::driver::Driver, tokio[abcbcc4d3da30ef7]::park::thread::ParkThread>>>>::block_on<rusoto_redshift[9dbd053a7159cd56]::generated::protocol_tests::test_parse_valid_redshift_describe_events::{closure#0}>::{closure#0}, (), tokio[abcbcc4d3da30ef7]::park::either::Either<tokio[abcbcc4d3da30ef7]::time::driver::Driver<tokio[abcbcc4d3da30ef7]::park::either::Either<tokio[abcbcc4d3da30ef7]::io::driver::Driver, tokio[abcbcc4d3da30ef7]::park::thread::ParkThread>>, tokio[abcbcc4d3da30ef7]::park::either::Either<tokio[abcbcc4d3da30ef7]::io::driver::Driver, tokio[abcbcc4d3da30ef7]::park::thread::ParkThread>>>
[INFO] [stdout]   16:     0x5997cea05061 - tokio[abcbcc4d3da30ef7]::runtime::context::enter::<<tokio[abcbcc4d3da30ef7]::runtime::Runtime>::block_on<rusoto_redshift[9dbd053a7159cd56]::generated::protocol_tests::test_parse_valid_redshift_describe_events::{closure#0}>::{closure#0}, ()>
[INFO] [stdout]   17:     0x5997cea0dc42 - rusoto_redshift[9dbd053a7159cd56]::generated::protocol_tests::test_parse_valid_redshift_describe_events
[INFO] [stdout]   18:     0x5997cea0c3d9 - <rusoto_redshift[9dbd053a7159cd56]::generated::protocol_tests::test_parse_valid_redshift_describe_events::{closure#0} as core[df12db4294e9bfd3]::ops::function::FnOnce<()>>::call_once
[INFO] [stdout]   19:     0x5997cea13d8b - test[9d35eded1c95d3be]::__rust_begin_short_backtrace::<core[df12db4294e9bfd3]::result::Result<(), alloc[2182bb758b4b3781]::string::String>, fn() -> core[df12db4294e9bfd3]::result::Result<(), alloc[2182bb758b4b3781]::string::String>>
[INFO] [stdout]   20:     0x5997cea213f5 - test[9d35eded1c95d3be]::run_test::{closure#0}
[INFO] [stdout]   21:     0x5997cea1acb4 - std[70759c8f55707aa4]::sys::backtrace::__rust_begin_short_backtrace::<test[9d35eded1c95d3be]::run_test::{closure#1}, ()>
[INFO] [stdout]   22:     0x5997cea24552 - <std[70759c8f55707aa4]::thread::lifecycle::spawn_unchecked<test[9d35eded1c95d3be]::run_test::{closure#1}, ()>::{closure#1} as core[df12db4294e9bfd3]::ops::function::FnOnce<()>>::call_once::{shim:vtable#0}
[INFO] [stdout]   23:     0x5997ceac3b49 - <std[70759c8f55707aa4]::sys::thread::unix::Thread>::new::thread_start
[INFO] [stdout]   24:     0x70a21606cdfa - <unknown>
[INFO] [stdout]   25:     0x70a2161003d4 - clone
[INFO] [stdout]   26:                0x0 - <unknown>
[INFO] [stdout] 
[INFO] [stdout] ---- generated::protocol_tests::test_parse_valid_redshift_describe_orderable_cluster_options stdout ----
[INFO] [stdout] 
[INFO] [stdout] thread 'generated::protocol_tests::test_parse_valid_redshift_describe_orderable_cluster_options' (2629) panicked at /opt/rustwide/cargo-home/registry/src/index.crates.io-1949cf8c6b5b557f/mz_rusoto_mock-0.46.0/src/lib.rs:175:53:
[INFO] [stdout] couldn't find file: Os { code: 2, kind: NotFound, message: "No such file or directory" }
[INFO] [stdout] stack backtrace:
[INFO] [stdout]    0:     0x5997ceac4271 - <<std[70759c8f55707aa4]::sys::backtrace::BacktraceLock>::print::DisplayBacktrace as core[df12db4294e9bfd3]::fmt::Display>::fmt
[INFO] [stdout]    1:     0x5997cead999a - core[df12db4294e9bfd3]::fmt::write
[INFO] [stdout]    2:     0x5997ceac884c - <alloc[2182bb758b4b3781]::vec::Vec<u8> as core[df12db4294e9bfd3]::io::write::Write>::write_fmt
[INFO] [stdout]    3:     0x5997ceaa04f6 - std[70759c8f55707aa4]::panicking::default_hook::{closure#0}
[INFO] [stdout]    4:     0x5997ceabc929 - std[70759c8f55707aa4]::panicking::default_hook
[INFO] [stdout]    5:     0x5997cea20aa0 - test[9d35eded1c95d3be]::test_main_inner::<test[9d35eded1c95d3be]::test_main_static::{closure#0}>::{closure#0}
[INFO] [stdout]    6:     0x5997ceabcae2 - std[70759c8f55707aa4]::panicking::panic_with_hook
[INFO] [stdout]    7:     0x5997ceaa05a2 - std[70759c8f55707aa4]::panicking::panic_handler::{closure#0}
[INFO] [stdout]    8:     0x5997cea992f9 - std[70759c8f55707aa4]::sys::backtrace::__rust_end_short_backtrace::<std[70759c8f55707aa4]::panicking::panic_handler::{closure#0}, !>
[INFO] [stdout]    9:     0x5997ceaa119d - __rustc[8fa7c3cbc660c2b3]::rust_begin_unwind
[INFO] [stdout]   10:     0x5997ceada0fc - core[df12db4294e9bfd3]::panicking::panic_fmt
[INFO] [stdout]   11:     0x5997cead9ed2 - core[df12db4294e9bfd3]::result::unwrap_failed
[INFO] [stdout]   12:     0x5997cea565ac - <rusoto_mock[1a9d6f9a77d5744d]::MockResponseReader as rusoto_mock[1a9d6f9a77d5744d]::ReadMockResponse>::read_response
[INFO] [stdout]   13:     0x5997ce9e892d - rusoto_redshift[9dbd053a7159cd56]::generated::protocol_tests::test_parse_valid_redshift_describe_orderable_cluster_options::{closure#0}
[INFO] [stdout]   14:     0x5997ce9f2b1d - <tokio[abcbcc4d3da30ef7]::macros::scoped_tls::ScopedKey<tokio[abcbcc4d3da30ef7]::runtime::basic_scheduler::Context>>::set::<tokio[abcbcc4d3da30ef7]::runtime::basic_scheduler::enter<<tokio[abcbcc4d3da30ef7]::runtime::basic_scheduler::BasicScheduler<tokio[abcbcc4d3da30ef7]::park::either::Either<tokio[abcbcc4d3da30ef7]::time::driver::Driver<tokio[abcbcc4d3da30ef7]::park::either::Either<tokio[abcbcc4d3da30ef7]::io::driver::Driver, tokio[abcbcc4d3da30ef7]::park::thread::ParkThread>>, tokio[abcbcc4d3da30ef7]::park::either::Either<tokio[abcbcc4d3da30ef7]::io::driver::Driver, tokio[abcbcc4d3da30ef7]::park::thread::ParkThread>>>>::block_on<rusoto_redshift[9dbd053a7159cd56]::generated::protocol_tests::test_parse_valid_redshift_describe_orderable_cluster_options::{closure#0}>::{closure#0}, (), tokio[abcbcc4d3da30ef7]::park::either::Either<tokio[abcbcc4d3da30ef7]::time::driver::Driver<tokio[abcbcc4d3da30ef7]::park::either::Either<tokio[abcbcc4d3da30ef7]::io::driver::Driver, tokio[abcbcc4d3da30ef7]::park::thread::ParkThread>>, tokio[abcbcc4d3da30ef7]::park::either::Either<tokio[abcbcc4d3da30ef7]::io::driver::Driver, tokio[abcbcc4d3da30ef7]::park::thread::ParkThread>>>::{closure#0}, ()>
[INFO] [stdout]   15:     0x5997cea04536 - tokio[abcbcc4d3da30ef7]::runtime::basic_scheduler::enter::<<tokio[abcbcc4d3da30ef7]::runtime::basic_scheduler::BasicScheduler<tokio[abcbcc4d3da30ef7]::park::either::Either<tokio[abcbcc4d3da30ef7]::time::driver::Driver<tokio[abcbcc4d3da30ef7]::park::either::Either<tokio[abcbcc4d3da30ef7]::io::driver::Driver, tokio[abcbcc4d3da30ef7]::park::thread::ParkThread>>, tokio[abcbcc4d3da30ef7]::park::either::Either<tokio[abcbcc4d3da30ef7]::io::driver::Driver, tokio[abcbcc4d3da30ef7]::park::thread::ParkThread>>>>::block_on<rusoto_redshift[9dbd053a7159cd56]::generated::protocol_tests::test_parse_valid_redshift_describe_orderable_cluster_options::{closure#0}>::{closure#0}, (), tokio[abcbcc4d3da30ef7]::park::either::Either<tokio[abcbcc4d3da30ef7]::time::driver::Driver<tokio[abcbcc4d3da30ef7]::park::either::Either<tokio[abcbcc4d3da30ef7]::io::driver::Driver, tokio[abcbcc4d3da30ef7]::park::thread::ParkThread>>, tokio[abcbcc4d3da30ef7]::park::either::Either<tokio[abcbcc4d3da30ef7]::io::driver::Driver, tokio[abcbcc4d3da30ef7]::park::thread::ParkThread>>>
[INFO] [stdout]   16:     0x5997cea06a81 - tokio[abcbcc4d3da30ef7]::runtime::context::enter::<<tokio[abcbcc4d3da30ef7]::runtime::Runtime>::block_on<rusoto_redshift[9dbd053a7159cd56]::generated::protocol_tests::test_parse_valid_redshift_describe_orderable_cluster_options::{closure#0}>::{closure#0}, ()>
[INFO] [stdout]   17:     0x5997cea102c2 - rusoto_redshift[9dbd053a7159cd56]::generated::protocol_tests::test_parse_valid_redshift_describe_orderable_cluster_options
[INFO] [stdout]   18:     0x5997cea0c699 - <rusoto_redshift[9dbd053a7159cd56]::generated::protocol_tests::test_parse_valid_redshift_describe_orderable_cluster_options::{closure#0} as core[df12db4294e9bfd3]::ops::function::FnOnce<()>>::call_once
[INFO] [stdout]   19:     0x5997cea13d8b - test[9d35eded1c95d3be]::__rust_begin_short_backtrace::<core[df12db4294e9bfd3]::result::Result<(), alloc[2182bb758b4b3781]::string::String>, fn() -> core[df12db4294e9bfd3]::result::Result<(), alloc[2182bb758b4b3781]::string::String>>
[INFO] [stdout]   20:     0x5997cea213f5 - test[9d35eded1c95d3be]::run_test::{closure#0}
[INFO] [stdout]   21:     0x5997cea1acb4 - std[70759c8f55707aa4]::sys::backtrace::__rust_begin_short_backtrace::<test[9d35eded1c95d3be]::run_test::{closure#1}, ()>
[INFO] [stdout]   22:     0x5997cea24552 - <std[70759c8f55707aa4]::thread::lifecycle::spawn_unchecked<test[9d35eded1c95d3be]::run_test::{closure#1}, ()>::{closure#1} as core[df12db4294e9bfd3]::ops::function::FnOnce<()>>::call_once::{shim:vtable#0}
[INFO] [stdout]   23:     0x5997ceac3b49 - <std[70759c8f55707aa4]::sys::thread::unix::Thread>::new::thread_start
[INFO] [stdout]   24:     0x70a21606cdfa - <unknown>
[INFO] [stdout]   25:     0x70a2161003d4 - clone
[INFO] [stdout]   26:                0x0 - <unknown>
[INFO] [stdout] 
[INFO] [stdout] ---- generated::protocol_tests::test_parse_valid_redshift_describe_reserved_node_offerings stdout ----
[INFO] [stdout] 
[INFO] [stdout] thread 'generated::protocol_tests::test_parse_valid_redshift_describe_reserved_node_offerings' (2630) panicked at /opt/rustwide/cargo-home/registry/src/index.crates.io-1949cf8c6b5b557f/mz_rusoto_mock-0.46.0/src/lib.rs:175:53:
[INFO] [stdout] couldn't find file: Os { code: 2, kind: NotFound, message: "No such file or directory" }
[INFO] [stdout] stack backtrace:
[INFO] [stdout]    0:     0x5997ceac4271 - <<std[70759c8f55707aa4]::sys::backtrace::BacktraceLock>::print::DisplayBacktrace as core[df12db4294e9bfd3]::fmt::Display>::fmt
[INFO] [stdout]    1:     0x5997cead999a - core[df12db4294e9bfd3]::fmt::write
[INFO] [stdout]    2:     0x5997ceac884c - <alloc[2182bb758b4b3781]::vec::Vec<u8> as core[df12db4294e9bfd3]::io::write::Write>::write_fmt
[INFO] [stdout]    3:     0x5997ceaa04f6 - std[70759c8f55707aa4]::panicking::default_hook::{closure#0}
[INFO] [stdout]    4:     0x5997ceabc929 - std[70759c8f55707aa4]::panicking::default_hook
[INFO] [stdout]    5:     0x5997cea20aa0 - test[9d35eded1c95d3be]::test_main_inner::<test[9d35eded1c95d3be]::test_main_static::{closure#0}>::{closure#0}
[INFO] [stdout]    6:     0x5997ceabcae2 - std[70759c8f55707aa4]::panicking::panic_with_hook
[INFO] [stdout]    7:     0x5997ceaa05a2 - std[70759c8f55707aa4]::panicking::panic_handler::{closure#0}
[INFO] [stdout]    8:     0x5997cea992f9 - std[70759c8f55707aa4]::sys::backtrace::__rust_end_short_backtrace::<std[70759c8f55707aa4]::panicking::panic_handler::{closure#0}, !>
[INFO] [stdout]    9:     0x5997ceaa119d - __rustc[8fa7c3cbc660c2b3]::rust_begin_unwind
[INFO] [stdout]   10:     0x5997ceada0fc - core[df12db4294e9bfd3]::panicking::panic_fmt
[INFO] [stdout]   11:     0x5997cead9ed2 - core[df12db4294e9bfd3]::result::unwrap_failed
[INFO] [stdout]   12:     0x5997cea565ac - <rusoto_mock[1a9d6f9a77d5744d]::MockResponseReader as rusoto_mock[1a9d6f9a77d5744d]::ReadMockResponse>::read_response
[INFO] [stdout]   13:     0x5997ce9e81ed - rusoto_redshift[9dbd053a7159cd56]::generated::protocol_tests::test_parse_valid_redshift_describe_reserved_node_offerings::{closure#0}
[INFO] [stdout]   14:     0x5997ce9f1ffd - <tokio[abcbcc4d3da30ef7]::macros::scoped_tls::ScopedKey<tokio[abcbcc4d3da30ef7]::runtime::basic_scheduler::Context>>::set::<tokio[abcbcc4d3da30ef7]::runtime::basic_scheduler::enter<<tokio[abcbcc4d3da30ef7]::runtime::basic_scheduler::BasicScheduler<tokio[abcbcc4d3da30ef7]::park::either::Either<tokio[abcbcc4d3da30ef7]::time::driver::Driver<tokio[abcbcc4d3da30ef7]::park::either::Either<tokio[abcbcc4d3da30ef7]::io::driver::Driver, tokio[abcbcc4d3da30ef7]::park::thread::ParkThread>>, tokio[abcbcc4d3da30ef7]::park::either::Either<tokio[abcbcc4d3da30ef7]::io::driver::Driver, tokio[abcbcc4d3da30ef7]::park::thread::ParkThread>>>>::block_on<rusoto_redshift[9dbd053a7159cd56]::generated::protocol_tests::test_parse_valid_redshift_describe_reserved_node_offerings::{closure#0}>::{closure#0}, (), tokio[abcbcc4d3da30ef7]::park::either::Either<tokio[abcbcc4d3da30ef7]::time::driver::Driver<tokio[abcbcc4d3da30ef7]::park::either::Either<tokio[abcbcc4d3da30ef7]::io::driver::Driver, tokio[abcbcc4d3da30ef7]::park::thread::ParkThread>>, tokio[abcbcc4d3da30ef7]::park::either::Either<tokio[abcbcc4d3da30ef7]::io::driver::Driver, tokio[abcbcc4d3da30ef7]::park::thread::ParkThread>>>::{closure#0}, ()>
[INFO] [stdout]   15:     0x5997cea042b6 - tokio[abcbcc4d3da30ef7]::runtime::basic_scheduler::enter::<<tokio[abcbcc4d3da30ef7]::runtime::basic_scheduler::BasicScheduler<tokio[abcbcc4d3da30ef7]::park::either::Either<tokio[abcbcc4d3da30ef7]::time::driver::Driver<tokio[abcbcc4d3da30ef7]::park::either::Either<tokio[abcbcc4d3da30ef7]::io::driver::Driver, tokio[abcbcc4d3da30ef7]::park::thread::ParkThread>>, tokio[abcbcc4d3da30ef7]::park::either::Either<tokio[abcbcc4d3da30ef7]::io::driver::Driver, tokio[abcbcc4d3da30ef7]::park::thread::ParkThread>>>>::block_on<rusoto_redshift[9dbd053a7159cd56]::generated::protocol_tests::test_parse_valid_redshift_describe_reserved_node_offerings::{closure#0}>::{closure#0}, (), tokio[abcbcc4d3da30ef7]::park::either::Either<tokio[abcbcc4d3da30ef7]::time::driver::Driver<tokio[abcbcc4d3da30ef7]::park::either::Either<tokio[abcbcc4d3da30ef7]::io::driver::Driver, tokio[abcbcc4d3da30ef7]::park::thread::ParkThread>>, tokio[abcbcc4d3da30ef7]::park::either::Either<tokio[abcbcc4d3da30ef7]::io::driver::Driver, tokio[abcbcc4d3da30ef7]::park::thread::ParkThread>>>
[INFO] [stdout]   16:     0x5997cea06821 - tokio[abcbcc4d3da30ef7]::runtime::context::enter::<<tokio[abcbcc4d3da30ef7]::runtime::Runtime>::block_on<rusoto_redshift[9dbd053a7159cd56]::generated::protocol_tests::test_parse_valid_redshift_describe_reserved_node_offerings::{closure#0}>::{closure#0}, ()>
[INFO] [stdout]   17:     0x5997cea0ff42 - rusoto_redshift[9dbd053a7159cd56]::generated::protocol_tests::test_parse_valid_redshift_describe_reserved_node_offerings
[INFO] [stdout]   18:     0x5997cea0c659 - <rusoto_redshift[9dbd053a7159cd56]::generated::protocol_tests::test_parse_valid_redshift_describe_reserved_node_offerings::{closure#0} as core[df12db4294e9bfd3]::ops::function::FnOnce<()>>::call_once
[INFO] [stdout]   19:     0x5997cea13d8b - test[9d35eded1c95d3be]::__rust_begin_short_backtrace::<core[df12db4294e9bfd3]::result::Result<(), alloc[2182bb758b4b3781]::string::String>, fn() -> core[df12db4294e9bfd3]::result::Result<(), alloc[2182bb758b4b3781]::string::String>>
[INFO] [stdout]   20:     0x5997cea213f5 - test[9d35eded1c95d3be]::run_test::{closure#0}
[INFO] [stdout]   21:     0x5997cea1acb4 - std[70759c8f55707aa4]::sys::backtrace::__rust_begin_short_backtrace::<test[9d35eded1c95d3be]::run_test::{closure#1}, ()>
[INFO] [stdout]   22:     0x5997cea24552 - <std[70759c8f55707aa4]::thread::lifecycle::spawn_unchecked<test[9d35eded1c95d3be]::run_test::{closure#1}, ()>::{closure#1} as core[df12db4294e9bfd3]::ops::function::FnOnce<()>>::call_once::{shim:vtable#0}
[INFO] [stdout]   23:     0x5997ceac3b49 - <std[70759c8f55707aa4]::sys::thread::unix::Thread>::new::thread_start
[INFO] [stdout]   24:     0x70a21606cdfa - <unknown>
[INFO] [stdout]   25:     0x70a2161003d4 - clone
[INFO] [stdout]   26:                0x0 - <unknown>
[INFO] [stdout] 
[INFO] [stdout] ---- generated::protocol_tests::test_parse_valid_redshift_describe_reserved_nodes stdout ----
[INFO] [stdout] 
[INFO] [stdout] thread 'generated::protocol_tests::test_parse_valid_redshift_describe_reserved_nodes' (2631) panicked at /opt/rustwide/cargo-home/registry/src/index.crates.io-1949cf8c6b5b557f/mz_rusoto_mock-0.46.0/src/lib.rs:175:53:
[INFO] [stdout] couldn't find file: Os { code: 2, kind: NotFound, message: "No such file or directory" }
[INFO] [stdout] stack backtrace:
[INFO] [stdout]    0:     0x5997ceac4271 - <<std[70759c8f55707aa4]::sys::backtrace::BacktraceLock>::print::DisplayBacktrace as core[df12db4294e9bfd3]::fmt::Display>::fmt
[INFO] [stdout]    1:     0x5997cead999a - core[df12db4294e9bfd3]::fmt::write
[INFO] [stdout]    2:     0x5997ceac884c - <alloc[2182bb758b4b3781]::vec::Vec<u8> as core[df12db4294e9bfd3]::io::write::Write>::write_fmt
[INFO] [stdout]    3:     0x5997ceaa04f6 - std[70759c8f55707aa4]::panicking::default_hook::{closure#0}
[INFO] [stdout]    4:     0x5997ceabc929 - std[70759c8f55707aa4]::panicking::default_hook
[INFO] [stdout]    5:     0x5997cea20aa0 - test[9d35eded1c95d3be]::test_main_inner::<test[9d35eded1c95d3be]::test_main_static::{closure#0}>::{closure#0}
[INFO] [stdout]    6:     0x5997ceabcae2 - std[70759c8f55707aa4]::panicking::panic_with_hook
[INFO] [stdout]    7:     0x5997ceaa05a2 - std[70759c8f55707aa4]::panicking::panic_handler::{closure#0}
[INFO] [stdout]    8:     0x5997cea992f9 - std[70759c8f55707aa4]::sys::backtrace::__rust_end_short_backtrace::<std[70759c8f55707aa4]::panicking::panic_handler::{closure#0}, !>
[INFO] [stdout]    9:     0x5997ceaa119d - __rustc[8fa7c3cbc660c2b3]::rust_begin_unwind
[INFO] [stdout]   10:     0x5997ceada0fc - core[df12db4294e9bfd3]::panicking::panic_fmt
[INFO] [stdout]   11:     0x5997cead9ed2 - core[df12db4294e9bfd3]::result::unwrap_failed
[INFO] [stdout]   12:     0x5997cea565ac - <rusoto_mock[1a9d6f9a77d5744d]::MockResponseReader as rusoto_mock[1a9d6f9a77d5744d]::ReadMockResponse>::read_response
[INFO] [stdout]   13:     0x5997ce9e4dbd - rusoto_redshift[9dbd053a7159cd56]::generated::protocol_tests::test_parse_valid_redshift_describe_reserved_nodes::{closure#0}
[INFO] [stdout]   14:     0x5997ce9ed21d - <tokio[abcbcc4d3da30ef7]::macros::scoped_tls::ScopedKey<tokio[abcbcc4d3da30ef7]::runtime::basic_scheduler::Context>>::set::<tokio[abcbcc4d3da30ef7]::runtime::basic_scheduler::enter<<tokio[abcbcc4d3da30ef7]::runtime::basic_scheduler::BasicScheduler<tokio[abcbcc4d3da30ef7]::park::either::Either<tokio[abcbcc4d3da30ef7]::time::driver::Driver<tokio[abcbcc4d3da30ef7]::park::either::Either<tokio[abcbcc4d3da30ef7]::io::driver::Driver, tokio[abcbcc4d3da30ef7]::park::thread::ParkThread>>, tokio[abcbcc4d3da30ef7]::park::either::Either<tokio[abcbcc4d3da30ef7]::io::driver::Driver, tokio[abcbcc4d3da30ef7]::park::thread::ParkThread>>>>::block_on<rusoto_redshift[9dbd053a7159cd56]::generated::protocol_tests::test_parse_valid_redshift_describe_reserved_nodes::{closure#0}>::{closure#0}, (), tokio[abcbcc4d3da30ef7]::park::either::Either<tokio[abcbcc4d3da30ef7]::time::driver::Driver<tokio[abcbcc4d3da30ef7]::park::either::Either<tokio[abcbcc4d3da30ef7]::io::driver::Driver, tokio[abcbcc4d3da30ef7]::park::thread::ParkThread>>, tokio[abcbcc4d3da30ef7]::park::either::Either<tokio[abcbcc4d3da30ef7]::io::driver::Driver, tokio[abcbcc4d3da30ef7]::park::thread::ParkThread>>>::{closure#0}, ()>
[INFO] [stdout]   15:     0x5997cea03136 - tokio[abcbcc4d3da30ef7]::runtime::basic_scheduler::enter::<<tokio[abcbcc4d3da30ef7]::runtime::basic_scheduler::BasicScheduler<tokio[abcbcc4d3da30ef7]::park::either::Either<tokio[abcbcc4d3da30ef7]::time::driver::Driver<tokio[abcbcc4d3da30ef7]::park::either::Either<tokio[abcbcc4d3da30ef7]::io::driver::Driver, tokio[abcbcc4d3da30ef7]::park::thread::ParkThread>>, tokio[abcbcc4d3da30ef7]::park::either::Either<tokio[abcbcc4d3da30ef7]::io::driver::Driver, tokio[abcbcc4d3da30ef7]::park::thread::ParkThread>>>>::block_on<rusoto_redshift[9dbd053a7159cd56]::generated::protocol_tests::test_parse_valid_redshift_describe_reserved_nodes::{closure#0}>::{closure#0}, (), tokio[abcbcc4d3da30ef7]::park::either::Either<tokio[abcbcc4d3da30ef7]::time::driver::Driver<tokio[abcbcc4d3da30ef7]::park::either::Either<tokio[abcbcc4d3da30ef7]::io::driver::Driver, tokio[abcbcc4d3da30ef7]::park::thread::ParkThread>>, tokio[abcbcc4d3da30ef7]::park::either::Either<tokio[abcbcc4d3da30ef7]::io::driver::Driver, tokio[abcbcc4d3da30ef7]::park::thread::ParkThread>>>
[INFO] [stdout]   16:     0x5997cea05781 - tokio[abcbcc4d3da30ef7]::runtime::context::enter::<<tokio[abcbcc4d3da30ef7]::runtime::Runtime>::block_on<rusoto_redshift[9dbd053a7159cd56]::generated::protocol_tests::test_parse_valid_redshift_describe_reserved_nodes::{closure#0}>::{closure#0}, ()>
[INFO] [stdout]   17:     0x5997cea0e6c2 - rusoto_redshift[9dbd053a7159cd56]::generated::protocol_tests::test_parse_valid_redshift_describe_reserved_nodes
[INFO] [stdout]   18:     0x5997cea0c499 - <rusoto_redshift[9dbd053a7159cd56]::generated::protocol_tests::test_parse_valid_redshift_describe_reserved_nodes::{closure#0} as core[df12db4294e9bfd3]::ops::function::FnOnce<()>>::call_once
[INFO] [stdout]   19:     0x5997cea13d8b - test[9d35eded1c95d3be]::__rust_begin_short_backtrace::<core[df12db4294e9bfd3]::result::Result<(), alloc[2182bb758b4b3781]::string::String>, fn() -> core[df12db4294e9bfd3]::result::Result<(), alloc[2182bb758b4b3781]::string::String>>
[INFO] [stdout]   20:     0x5997cea213f5 - test[9d35eded1c95d3be]::run_test::{closure#0}
[INFO] [stdout]   21:     0x5997cea1acb4 - std[70759c8f55707aa4]::sys::backtrace::__rust_begin_short_backtrace::<test[9d35eded1c95d3be]::run_test::{closure#1}, ()>
[INFO] [stdout]   22:     0x5997cea24552 - <std[70759c8f55707aa4]::thread::lifecycle::spawn_unchecked<test[9d35eded1c95d3be]::run_test::{closure#1}, ()>::{closure#1} as core[df12db4294e9bfd3]::ops::function::FnOnce<()>>::call_once::{shim:vtable#0}
[INFO] [stdout]   23:     0x5997ceac3b49 - <std[70759c8f55707aa4]::sys::thread::unix::Thread>::new::thread_start
[INFO] [stdout]   24:     0x70a21606cdfa - <unknown>
[INFO] [stdout]   25:     0x70a2161003d4 - clone
[INFO] [stdout]   26:                0x0 - <unknown>
[INFO] [stdout] 
[INFO] [stdout] ---- generated::protocol_tests::test_parse_valid_redshift_describe_resize stdout ----
[INFO] [stdout] 
[INFO] [stdout] thread 'generated::protocol_tests::test_parse_valid_redshift_describe_resize' (2632) panicked at /opt/rustwide/cargo-home/registry/src/index.crates.io-1949cf8c6b5b557f/mz_rusoto_mock-0.46.0/src/lib.rs:175:53:
[INFO] [stdout] couldn't find file: Os { code: 2, kind: NotFound, message: "No such file or directory" }
[INFO] [stdout] stack backtrace:
[INFO] [stdout]    0:     0x5997ceac4271 - <<std[70759c8f55707aa4]::sys::backtrace::BacktraceLock>::print::DisplayBacktrace as core[df12db4294e9bfd3]::fmt::Display>::fmt
[INFO] [stdout]    1:     0x5997cead999a - core[df12db4294e9bfd3]::fmt::write
[INFO] [stdout]    2:     0x5997ceac884c - <alloc[2182bb758b4b3781]::vec::Vec<u8> as core[df12db4294e9bfd3]::io::write::Write>::write_fmt
[INFO] [stdout]    3:     0x5997ceaa04f6 - std[70759c8f55707aa4]::panicking::default_hook::{closure#0}
[INFO] [stdout]    4:     0x5997ceabc929 - std[70759c8f55707aa4]::panicking::default_hook
[INFO] [stdout]    5:     0x5997cea20aa0 - test[9d35eded1c95d3be]::test_main_inner::<test[9d35eded1c95d3be]::test_main_static::{closure#0}>::{closure#0}
[INFO] [stdout]    6:     0x5997ceabcae2 - std[70759c8f55707aa4]::panicking::panic_with_hook
[INFO] [stdout]    7:     0x5997ceaa05a2 - std[70759c8f55707aa4]::panicking::panic_handler::{closure#0}
[INFO] [stdout]    8:     0x5997cea992f9 - std[70759c8f55707aa4]::sys::backtrace::__rust_end_short_backtrace::<std[70759c8f55707aa4]::panicking::panic_handler::{closure#0}, !>
[INFO] [stdout]    9:     0x5997ceaa119d - __rustc[8fa7c3cbc660c2b3]::rust_begin_unwind
[INFO] [stdout]   10:     0x5997ceada0fc - core[df12db4294e9bfd3]::panicking::panic_fmt
[INFO] [stdout]   11:     0x5997cead9ed2 - core[df12db4294e9bfd3]::result::unwrap_failed
[INFO] [stdout]   12:     0x5997cea565ac - <rusoto_mock[1a9d6f9a77d5744d]::MockResponseReader as rusoto_mock[1a9d6f9a77d5744d]::ReadMockResponse>::read_response
[INFO] [stdout]   13:     0x5997ce9e3c27 - rusoto_redshift[9dbd053a7159cd56]::generated::protocol_tests::test_parse_valid_redshift_describe_resize::{closure#0}
[INFO] [stdout]   14:     0x5997ce9eb64d - <tokio[abcbcc4d3da30ef7]::macros::scoped_tls::ScopedKey<tokio[abcbcc4d3da30ef7]::runtime::basic_scheduler::Context>>::set::<tokio[abcbcc4d3da30ef7]::runtime::basic_scheduler::enter<<tokio[abcbcc4d3da30ef7]::runtime::basic_scheduler::BasicScheduler<tokio[abcbcc4d3da30ef7]::park::either::Either<tokio[abcbcc4d3da30ef7]::time::driver::Driver<tokio[abcbcc4d3da30ef7]::park::either::Either<tokio[abcbcc4d3da30ef7]::io::driver::Driver, tokio[abcbcc4d3da30ef7]::park::thread::ParkThread>>, tokio[abcbcc4d3da30ef7]::park::either::Either<tokio[abcbcc4d3da30ef7]::io::driver::Driver, tokio[abcbcc4d3da30ef7]::park::thread::ParkThread>>>>::block_on<rusoto_redshift[9dbd053a7159cd56]::generated::protocol_tests::test_parse_valid_redshift_describe_resize::{closure#0}>::{closure#0}, (), tokio[abcbcc4d3da30ef7]::park::either::Either<tokio[abcbcc4d3da30ef7]::time::driver::Driver<tokio[abcbcc4d3da30ef7]::park::either::Either<tokio[abcbcc4d3da30ef7]::io::driver::Driver, tokio[abcbcc4d3da30ef7]::park::thread::ParkThread>>, tokio[abcbcc4d3da30ef7]::park::either::Either<tokio[abcbcc4d3da30ef7]::io::driver::Driver, tokio[abcbcc4d3da30ef7]::park::thread::ParkThread>>>::{closure#0}, ()>
[INFO] [stdout]   15:     0x5997cea02af6 - tokio[abcbcc4d3da30ef7]::runtime::basic_scheduler::enter::<<tokio[abcbcc4d3da30ef7]::runtime::basic_scheduler::BasicScheduler<tokio[abcbcc4d3da30ef7]::park::either::Either<tokio[abcbcc4d3da30ef7]::time::driver::Driver<tokio[abcbcc4d3da30ef7]::park::either::Either<tokio[abcbcc4d3da30ef7]::io::driver::Driver, tokio[abcbcc4d3da30ef7]::park::thread::ParkThread>>, tokio[abcbcc4d3da30ef7]::park::either::Either<tokio[abcbcc4d3da30ef7]::io::driver::Driver, tokio[abcbcc4d3da30ef7]::park::thread::ParkThread>>>>::block_on<rusoto_redshift[9dbd053a7159cd56]::generated::protocol_tests::test_parse_valid_redshift_describe_resize::{closure#0}>::{closure#0}, (), tokio[abcbcc4d3da30ef7]::park::either::Either<tokio[abcbcc4d3da30ef7]::time::driver::Driver<tokio[abcbcc4d3da30ef7]::park::either::Either<tokio[abcbcc4d3da30ef7]::io::driver::Driver, tokio[abcbcc4d3da30ef7]::park::thread::ParkThread>>, tokio[abcbcc4d3da30ef7]::park::either::Either<tokio[abcbcc4d3da30ef7]::io::driver::Driver, tokio[abcbcc4d3da30ef7]::park::thread::ParkThread>>>
[INFO] [stdout]   16:     0x5997cea05191 - tokio[abcbcc4d3da30ef7]::runtime::context::enter::<<tokio[abcbcc4d3da30ef7]::runtime::Runtime>::block_on<rusoto_redshift[9dbd053a7159cd56]::generated::protocol_tests::test_parse_valid_redshift_describe_resize::{closure#0}>::{closure#0}, ()>
[INFO] [stdout]   17:     0x5997cea0de02 - rusoto_redshift[9dbd053a7159cd56]::generated::protocol_tests::test_parse_valid_redshift_describe_resize
[INFO] [stdout]   18:     0x5997cea0c3f9 - <rusoto_redshift[9dbd053a7159cd56]::generated::protocol_tests::test_parse_valid_redshift_describe_resize::{closure#0} as core[df12db4294e9bfd3]::ops::function::FnOnce<()>>::call_once
[INFO] [stdout]   19:     0x5997cea13d8b - test[9d35eded1c95d3be]::__rust_begin_short_backtrace::<core[df12db4294e9bfd3]::result::Result<(), alloc[2182bb758b4b3781]::string::String>, fn() -> core[df12db4294e9bfd3]::result::Result<(), alloc[2182bb758b4b3781]::string::String>>
[INFO] [stdout]   20:     0x5997cea213f5 - test[9d35eded1c95d3be]::run_test::{closure#0}
[INFO] [stdout]   21:     0x5997cea1acb4 - std[70759c8f55707aa4]::sys::backtrace::__rust_begin_short_backtrace::<test[9d35eded1c95d3be]::run_test::{closure#1}, ()>
[INFO] [stdout]   22:     0x5997cea24552 - <std[70759c8f55707aa4]::thread::lifecycle::spawn_unchecked<test[9d35eded1c95d3be]::run_test::{closure#1}, ()>::{closure#1} as core[df12db4294e9bfd3]::ops::function::FnOnce<()>>::call_once::{shim:vtable#0}
[INFO] [stdout]   23:     0x5997ceac3b49 - <std[70759c8f55707aa4]::sys::thread::unix::Thread>::new::thread_start
[INFO] [stdout]   24:     0x70a21606cdfa - <unknown>
[INFO] [stdout]   25:     0x70a2161003d4 - clone
[INFO] [stdout]   26:                0x0 - <unknown>
[INFO] [stdout] 
[INFO] [stdout] ---- generated::protocol_tests::test_parse_valid_redshift_modify_cluster_parameter_group stdout ----
[INFO] [stdout] 
[INFO] [stdout] thread 'generated::protocol_tests::test_parse_valid_redshift_modify_cluster_parameter_group' (2633) panicked at /opt/rustwide/cargo-home/registry/src/index.crates.io-1949cf8c6b5b557f/mz_rusoto_mock-0.46.0/src/lib.rs:175:53:
[INFO] [stdout] couldn't find file: Os { code: 2, kind: NotFound, message: "No such file or directory" }
[INFO] [stdout] stack backtrace:
[INFO] [stdout]    0:     0x5997ceac4271 - <<std[70759c8f55707aa4]::sys::backtrace::BacktraceLock>::print::DisplayBacktrace as core[df12db4294e9bfd3]::fmt::Display>::fmt
[INFO] [stdout]    1:     0x5997cead999a - core[df12db4294e9bfd3]::fmt::write
[INFO] [stdout]    2:     0x5997ceac884c - <alloc[2182bb758b4b3781]::vec::Vec<u8> as core[df12db4294e9bfd3]::io::write::Write>::write_fmt
[INFO] [stdout]    3:     0x5997ceaa04f6 - std[70759c8f55707aa4]::panicking::default_hook::{closure#0}
[INFO] [stdout]    4:     0x5997ceabc929 - std[70759c8f55707aa4]::panicking::default_hook
[INFO] [stdout]    5:     0x5997cea20aa0 - test[9d35eded1c95d3be]::test_main_inner::<test[9d35eded1c95d3be]::test_main_static::{closure#0}>::{closure#0}
[INFO] [stdout]    6:     0x5997ceabcae2 - std[70759c8f55707aa4]::panicking::panic_with_hook
[INFO] [stdout]    7:     0x5997ceaa05a2 - std[70759c8f55707aa4]::panicking::panic_handler::{closure#0}
[INFO] [stdout]    8:     0x5997cea992f9 - std[70759c8f55707aa4]::sys::backtrace::__rust_end_short_backtrace::<std[70759c8f55707aa4]::panicking::panic_handler::{closure#0}, !>
[INFO] [stdout]    9:     0x5997ceaa119d - __rustc[8fa7c3cbc660c2b3]::rust_begin_unwind
[INFO] [stdout]   10:     0x5997ceada0fc - core[df12db4294e9bfd3]::panicking::panic_fmt
[INFO] [stdout]   11:     0x5997cead9ed2 - core[df12db4294e9bfd3]::result::unwrap_failed
[INFO] [stdout]   12:     0x5997cea565ac - <rusoto_mock[1a9d6f9a77d5744d]::MockResponseReader as rusoto_mock[1a9d6f9a77d5744d]::ReadMockResponse>::read_response
[INFO] [stdout]   13:     0x5997ce9e771d - rusoto_redshift[9dbd053a7159cd56]::generated::protocol_tests::test_parse_valid_redshift_modify_cluster_parameter_group::{closure#0}
[INFO] [stdout]   14:     0x5997ce9f0f4d - <tokio[abcbcc4d3da30ef7]::macros::scoped_tls::ScopedKey<tokio[abcbcc4d3da30ef7]::runtime::basic_scheduler::Context>>::set::<tokio[abcbcc4d3da30ef7]::runtime::basic_scheduler::enter<<tokio[abcbcc4d3da30ef7]::runtime::basic_scheduler::BasicScheduler<tokio[abcbcc4d3da30ef7]::park::either::Either<tokio[abcbcc4d3da30ef7]::time::driver::Driver<tokio[abcbcc4d3da30ef7]::park::either::Either<tokio[abcbcc4d3da30ef7]::io::driver::Driver, tokio[abcbcc4d3da30ef7]::park::thread::ParkThread>>, tokio[abcbcc4d3da30ef7]::park::either::Either<tokio[abcbcc4d3da30ef7]::io::driver::Driver, tokio[abcbcc4d3da30ef7]::park::thread::ParkThread>>>>::block_on<rusoto_redshift[9dbd053a7159cd56]::generated::protocol_tests::test_parse_valid_redshift_modify_cluster_parameter_group::{closure#0}>::{closure#0}, (), tokio[abcbcc4d3da30ef7]::park::either::Either<tokio[abcbcc4d3da30ef7]::time::driver::Driver<tokio[abcbcc4d3da30ef7]::park::either::Either<tokio[abcbcc4d3da30ef7]::io::driver::Driver, tokio[abcbcc4d3da30ef7]::park::thread::ParkThread>>, tokio[abcbcc4d3da30ef7]::park::either::Either<tokio[abcbcc4d3da30ef7]::io::driver::Driver, tokio[abcbcc4d3da30ef7]::park::thread::ParkThread>>>::{closure#0}, ()>
[INFO] [stdout]   15:     0x5997cea03ef6 - tokio[abcbcc4d3da30ef7]::runtime::basic_scheduler::enter::<<tokio[abcbcc4d3da30ef7]::runtime::basic_scheduler::BasicScheduler<tokio[abcbcc4d3da30ef7]::park::either::Either<tokio[abcbcc4d3da30ef7]::time::driver::Driver<tokio[abcbcc4d3da30ef7]::park::either::Either<tokio[abcbcc4d3da30ef7]::io::driver::Driver, tokio[abcbcc4d3da30ef7]::park::thread::ParkThread>>, tokio[abcbcc4d3da30ef7]::park::either::Either<tokio[abcbcc4d3da30ef7]::io::driver::Driver, tokio[abcbcc4d3da30ef7]::park::thread::ParkThread>>>>::block_on<rusoto_redshift[9dbd053a7159cd56]::generated::protocol_tests::test_parse_valid_redshift_modify_cluster_parameter_group::{closure#0}>::{closure#0}, (), tokio[abcbcc4d3da30ef7]::park::either::Either<tokio[abcbcc4d3da30ef7]::time::driver::Driver<tokio[abcbcc4d3da30ef7]::park::either::Either<tokio[abcbcc4d3da30ef7]::io::driver::Driver, tokio[abcbcc4d3da30ef7]::park::thread::ParkThread>>, tokio[abcbcc4d3da30ef7]::park::either::Either<tokio[abcbcc4d3da30ef7]::io::driver::Driver, tokio[abcbcc4d3da30ef7]::park::thread::ParkThread>>>
[INFO] [stdout]   16:     0x5997cea06491 - tokio[abcbcc4d3da30ef7]::runtime::context::enter::<<tokio[abcbcc4d3da30ef7]::runtime::Runtime>::block_on<rusoto_redshift[9dbd053a7159cd56]::generated::protocol_tests::test_parse_valid_redshift_modify_cluster_parameter_group::{closure#0}>::{closure#0}, ()>
[INFO] [stdout]   17:     0x5997cea0fa02 - rusoto_redshift[9dbd053a7159cd56]::generated::protocol_tests::test_parse_valid_redshift_modify_cluster_parameter_group
[INFO] [stdout]   18:     0x5997cea0c5f9 - <rusoto_redshift[9dbd053a7159cd56]::generated::protocol_tests::test_parse_valid_redshift_modify_cluster_parameter_group::{closure#0} as core[df12db4294e9bfd3]::ops::function::FnOnce<()>>::call_once
[INFO] [stdout]   19:     0x5997cea13d8b - test[9d35eded1c95d3be]::__rust_begin_short_backtrace::<core[df12db4294e9bfd3]::result::Result<(), alloc[2182bb758b4b3781]::string::String>, fn() -> core[df12db4294e9bfd3]::result::Result<(), alloc[2182bb758b4b3781]::string::String>>
[INFO] [stdout]   20:     0x5997cea213f5 - test[9d35eded1c95d3be]::run_test::{closure#0}
[INFO] [stdout]   21:     0x5997cea1acb4 - std[70759c8f55707aa4]::sys::backtrace::__rust_begin_short_backtrace::<test[9d35eded1c95d3be]::run_test::{closure#1}, ()>
[INFO] [stdout]   22:     0x5997cea24552 - <std[70759c8f55707aa4]::thread::lifecycle::spawn_unchecked<test[9d35eded1c95d3be]::run_test::{closure#1}, ()>::{closure#1} as core[df12db4294e9bfd3]::ops::function::FnOnce<()>>::call_once::{shim:vtable#0}
[INFO] [stdout]   23:     0x5997ceac3b49 - <std[70759c8f55707aa4]::sys::thread::unix::Thread>::new::thread_start
[INFO] [stdout]   24:     0x70a21606cdfa - <unknown>
[INFO] [stdout]   25:     0x70a2161003d4 - clone
[INFO] [stdout]   26:                0x0 - <unknown>
[INFO] [stdout] 
[INFO] [stdout] ---- generated::protocol_tests::test_parse_valid_redshift_purchase_reserved_node_offering stdout ----
[INFO] [stdout] 
[INFO] [stdout] thread 'generated::protocol_tests::test_parse_valid_redshift_purchase_reserved_node_offering' (2634) panicked at /opt/rustwide/cargo-home/registry/src/index.crates.io-1949cf8c6b5b557f/mz_rusoto_mock-0.46.0/src/lib.rs:175:53:
[INFO] [stdout] couldn't find file: Os { code: 2, kind: NotFound, message: "No such file or directory" }
[INFO] [stdout] stack backtrace:
[INFO] [stdout]    0:     0x5997ceac4271 - <<std[70759c8f55707aa4]::sys::backtrace::BacktraceLock>::print::DisplayBacktrace as core[df12db4294e9bfd3]::fmt::Display>::fmt
[INFO] [stdout]    1:     0x5997cead999a - core[df12db4294e9bfd3]::fmt::write
[INFO] [stdout]    2:     0x5997ceac884c - <alloc[2182bb758b4b3781]::vec::Vec<u8> as core[df12db4294e9bfd3]::io::write::Write>::write_fmt
[INFO] [stdout]    3:     0x5997ceaa04f6 - std[70759c8f55707aa4]::panicking::default_hook::{closure#0}
[INFO] [stdout]    4:     0x5997ceabc929 - std[70759c8f55707aa4]::panicking::default_hook
[INFO] [stdout]    5:     0x5997cea20aa0 - test[9d35eded1c95d3be]::test_main_inner::<test[9d35eded1c95d3be]::test_main_static::{closure#0}>::{closure#0}
[INFO] [stdout]    6:     0x5997ceabcae2 - std[70759c8f55707aa4]::panicking::panic_with_hook
[INFO] [stdout]    7:     0x5997ceaa05a2 - std[70759c8f55707aa4]::panicking::panic_handler::{closure#0}
[INFO] [stdout]    8:     0x5997cea992f9 - std[70759c8f55707aa4]::sys::backtrace::__rust_end_short_backtrace::<std[70759c8f55707aa4]::panicking::panic_handler::{closure#0}, !>
[INFO] [stdout]    9:     0x5997ceaa119d - __rustc[8fa7c3cbc660c2b3]::rust_begin_unwind
[INFO] [stdout]   10:     0x5997ceada0fc - core[df12db4294e9bfd3]::panicking::panic_fmt
[INFO] [stdout]   11:     0x5997cead9ed2 - core[df12db4294e9bfd3]::result::unwrap_failed
[INFO] [stdout]   12:     0x5997cea565ac - <rusoto_mock[1a9d6f9a77d5744d]::MockResponseReader as rusoto_mock[1a9d6f9a77d5744d]::ReadMockResponse>::read_response
[INFO] [stdout]   13:     0x5997ce9e7acd - rusoto_redshift[9dbd053a7159cd56]::generated::protocol_tests::test_parse_valid_redshift_purchase_reserved_node_offering::{closure#0}
[INFO] [stdout]   14:     0x5997ce9f14dd - <tokio[abcbcc4d3da30ef7]::macros::scoped_tls::ScopedKey<tokio[abcbcc4d3da30ef7]::runtime::basic_scheduler::Context>>::set::<tokio[abcbcc4d3da30ef7]::runtime::basic_scheduler::enter<<tokio[abcbcc4d3da30ef7]::runtime::basic_scheduler::BasicScheduler<tokio[abcbcc4d3da30ef7]::park::either::Either<tokio[abcbcc4d3da30ef7]::time::driver::Driver<tokio[abcbcc4d3da30ef7]::park::either::Either<tokio[abcbcc4d3da30ef7]::io::driver::Driver, tokio[abcbcc4d3da30ef7]::park::thread::ParkThread>>, tokio[abcbcc4d3da30ef7]::park::either::Either<tokio[abcbcc4d3da30ef7]::io::driver::Driver, tokio[abcbcc4d3da30ef7]::park::thread::ParkThread>>>>::block_on<rusoto_redshift[9dbd053a7159cd56]::generated::protocol_tests::test_parse_valid_redshift_purchase_reserved_node_offering::{closure#0}>::{closure#0}, (), tokio[abcbcc4d3da30ef7]::park::either::Either<tokio[abcbcc4d3da30ef7]::time::driver::Driver<tokio[abcbcc4d3da30ef7]::park::either::Either<tokio[abcbcc4d3da30ef7]::io::driver::Driver, tokio[abcbcc4d3da30ef7]::park::thread::ParkThread>>, tokio[abcbcc4d3da30ef7]::park::either::Either<tokio[abcbcc4d3da30ef7]::io::driver::Driver, tokio[abcbcc4d3da30ef7]::park::thread::ParkThread>>>::{closure#0}, ()>
[INFO] [stdout]   15:     0x5997cea04036 - tokio[abcbcc4d3da30ef7]::runtime::basic_scheduler::enter::<<tokio[abcbcc4d3da30ef7]::runtime::basic_scheduler::BasicScheduler<tokio[abcbcc4d3da30ef7]::park::either::Either<tokio[abcbcc4d3da30ef7]::time::driver::Driver<tokio[abcbcc4d3da30ef7]::park::either::Either<tokio[abcbcc4d3da30ef7]::io::driver::Driver, tokio[abcbcc4d3da30ef7]::park::thread::ParkThread>>, tokio[abcbcc4d3da30ef7]::park::either::Either<tokio[abcbcc4d3da30ef7]::io::driver::Driver, tokio[abcbcc4d3da30ef7]::park::thread::ParkThread>>>>::block_on<rusoto_redshift[9dbd053a7159cd56]::generated::protocol_tests::test_parse_valid_redshift_purchase_reserved_node_offering::{closure#0}>::{closure#0}, (), tokio[abcbcc4d3da30ef7]::park::either::Either<tokio[abcbcc4d3da30ef7]::time::driver::Driver<tokio[abcbcc4d3da30ef7]::park::either::Either<tokio[abcbcc4d3da30ef7]::io::driver::Driver, tokio[abcbcc4d3da30ef7]::park::thread::ParkThread>>, tokio[abcbcc4d3da30ef7]::park::either::Either<tokio[abcbcc4d3da30ef7]::io::driver::Driver, tokio[abcbcc4d3da30ef7]::park::thread::ParkThread>>>
[INFO] [stdout]   16:     0x5997cea065c1 - tokio[abcbcc4d3da30ef7]::runtime::context::enter::<<tokio[abcbcc4d3da30ef7]::runtime::Runtime>::block_on<rusoto_redshift[9dbd053a7159cd56]::generated::protocol_tests::test_parse_valid_redshift_purchase_reserved_node_offering::{closure#0}>::{closure#0}, ()>
[INFO] [stdout]   17:     0x5997cea0fbc2 - rusoto_redshift[9dbd053a7159cd56]::generated::protocol_tests::test_parse_valid_redshift_purchase_reserved_node_offering
[INFO] [stdout]   18:     0x5997cea0c619 - <rusoto_redshift[9dbd053a7159cd56]::generated::protocol_tests::test_parse_valid_redshift_purchase_reserved_node_offering::{closure#0} as core[df12db4294e9bfd3]::ops::function::FnOnce<()>>::call_once
[INFO] [stdout]   19:     0x5997cea13d8b - test[9d35eded1c95d3be]::__rust_begin_short_backtrace::<core[df12db4294e9bfd3]::result::Result<(), alloc[2182bb758b4b3781]::string::String>, fn() -> core[df12db4294e9bfd3]::result::Result<(), alloc[2182bb758b4b3781]::string::String>>
[INFO] [stdout]   20:     0x5997cea213f5 - test[9d35eded1c95d3be]::run_test::{closure#0}
[INFO] [stdout]   21:     0x5997cea1acb4 - std[70759c8f55707aa4]::sys::backtrace::__rust_begin_short_backtrace::<test[9d35eded1c95d3be]::run_test::{closure#1}, ()>
[INFO] [stdout]   22:     0x5997cea24552 - <std[70759c8f55707aa4]::thread::lifecycle::spawn_unchecked<test[9d35eded1c95d3be]::run_test::{closure#1}, ()>::{closure#1} as core[df12db4294e9bfd3]::ops::function::FnOnce<()>>::call_once::{shim:vtable#0}
[INFO] [stdout]   23:     0x5997ceac3b49 - <std[70759c8f55707aa4]::sys::thread::unix::Thread>::new::thread_start
[INFO] [stdout]   24:     0x70a21606cdfa - <unknown>
[INFO] [stdout]   25:     0x70a2161003d4 - clone
[INFO] [stdout]   26:                0x0 - <unknown>
[INFO] [stdout] 
[INFO] [stdout] ---- generated::protocol_tests::test_parse_valid_redshift_reboot_cluster stdout ----
[INFO] [stdout] 
[INFO] [stdout] thread 'generated::protocol_tests::test_parse_valid_redshift_reboot_cluster' (2635) panicked at /opt/rustwide/cargo-home/registry/src/index.crates.io-1949cf8c6b5b557f/mz_rusoto_mock-0.46.0/src/lib.rs:175:53:
[INFO] [stdout] couldn't find file: Os { code: 2, kind: NotFound, message: "No such file or directory" }
[INFO] [stdout] stack backtrace:
[INFO] [stdout]    0:     0x5997ceac4271 - <<std[70759c8f55707aa4]::sys::backtrace::BacktraceLock>::print::DisplayBacktrace as core[df12db4294e9bfd3]::fmt::Display>::fmt
[INFO] [stdout]    1:     0x5997cead999a - core[df12db4294e9bfd3]::fmt::write
[INFO] [stdout]    2:     0x5997ceac884c - <alloc[2182bb758b4b3781]::vec::Vec<u8> as core[df12db4294e9bfd3]::io::write::Write>::write_fmt
[INFO] [stdout]    3:     0x5997ceaa04f6 - std[70759c8f55707aa4]::panicking::default_hook::{closure#0}
[INFO] [stdout]    4:     0x5997ceabc929 - std[70759c8f55707aa4]::panicking::default_hook
[INFO] [stdout]    5:     0x5997cea20aa0 - test[9d35eded1c95d3be]::test_main_inner::<test[9d35eded1c95d3be]::test_main_static::{closure#0}>::{closure#0}
[INFO] [stdout]    6:     0x5997ceabcae2 - std[70759c8f55707aa4]::panicking::panic_with_hook
[INFO] [stdout]    7:     0x5997ceaa05a2 - std[70759c8f55707aa4]::panicking::panic_handler::{closure#0}
[INFO] [stdout]    8:     0x5997cea992f9 - std[70759c8f55707aa4]::sys::backtrace::__rust_end_short_backtrace::<std[70759c8f55707aa4]::panicking::panic_handler::{closure#0}, !>
[INFO] [stdout]    9:     0x5997ceaa119d - __rustc[8fa7c3cbc660c2b3]::rust_begin_unwind
[INFO] [stdout]   10:     0x5997ceada0fc - core[df12db4294e9bfd3]::panicking::panic_fmt
[INFO] [stdout]   11:     0x5997cead9ed2 - core[df12db4294e9bfd3]::result::unwrap_failed
[INFO] [stdout]   12:     0x5997cea565ac - <rusoto_mock[1a9d6f9a77d5744d]::MockResponseReader as rusoto_mock[1a9d6f9a77d5744d]::ReadMockResponse>::read_response
[INFO] [stdout]   13:     0x5997ce9e34fd - rusoto_redshift[9dbd053a7159cd56]::generated::protocol_tests::test_parse_valid_redshift_reboot_cluster::{closure#0}
[INFO] [stdout]   14:     0x5997ce9eab2d - <tokio[abcbcc4d3da30ef7]::macros::scoped_tls::ScopedKey<tokio[abcbcc4d3da30ef7]::runtime::basic_scheduler::Context>>::set::<tokio[abcbcc4d3da30ef7]::runtime::basic_scheduler::enter<<tokio[abcbcc4d3da30ef7]::runtime::basic_scheduler::BasicScheduler<tokio[abcbcc4d3da30ef7]::park::either::Either<tokio[abcbcc4d3da30ef7]::time::driver::Driver<tokio[abcbcc4d3da30ef7]::park::either::Either<tokio[abcbcc4d3da30ef7]::io::driver::Driver, tokio[abcbcc4d3da30ef7]::park::thread::ParkThread>>, tokio[abcbcc4d3da30ef7]::park::either::Either<tokio[abcbcc4d3da30ef7]::io::driver::Driver, tokio[abcbcc4d3da30ef7]::park::thread::ParkThread>>>>::block_on<rusoto_redshift[9dbd053a7159cd56]::generated::protocol_tests::test_parse_valid_redshift_reboot_cluster::{closure#0}>::{closure#0}, (), tokio[abcbcc4d3da30ef7]::park::either::Either<tokio[abcbcc4d3da30ef7]::time::driver::Driver<tokio[abcbcc4d3da30ef7]::park::either::Either<tokio[abcbcc4d3da30ef7]::io::driver::Driver, tokio[abcbcc4d3da30ef7]::park::thread::ParkThread>>, tokio[abcbcc4d3da30ef7]::park::either::Either<tokio[abcbcc4d3da30ef7]::io::driver::Driver, tokio[abcbcc4d3da30ef7]::park::thread::ParkThread>>>::{closure#0}, ()>
[INFO] [stdout]   15:     0x5997cea02876 - tokio[abcbcc4d3da30ef7]::runtime::basic_scheduler::enter::<<tokio[abcbcc4d3da30ef7]::runtime::basic_scheduler::BasicScheduler<tokio[abcbcc4d3da30ef7]::park::either::Either<tokio[abcbcc4d3da30ef7]::time::driver::Driver<tokio[abcbcc4d3da30ef7]::park::either::Either<tokio[abcbcc4d3da30ef7]::io::driver::Driver, tokio[abcbcc4d3da30ef7]::park::thread::ParkThread>>, tokio[abcbcc4d3da30ef7]::park::either::Either<tokio[abcbcc4d3da30ef7]::io::driver::Driver, tokio[abcbcc4d3da30ef7]::park::thread::ParkThread>>>>::block_on<rusoto_redshift[9dbd053a7159cd56]::generated::protocol_tests::test_parse_valid_redshift_reboot_cluster::{closure#0}>::{closure#0}, (), tokio[abcbcc4d3da30ef7]::park::either::Either<tokio[abcbcc4d3da30ef7]::time::driver::Driver<tokio[abcbcc4d3da30ef7]::park::either::Either<tokio[abcbcc4d3da30ef7]::io::driver::Driver, tokio[abcbcc4d3da30ef7]::park::thread::ParkThread>>, tokio[abcbcc4d3da30ef7]::park::either::Either<tokio[abcbcc4d3da30ef7]::io::driver::Driver, tokio[abcbcc4d3da30ef7]::park::thread::ParkThread>>>
[INFO] [stdout]   16:     0x5997cea04f31 - tokio[abcbcc4d3da30ef7]::runtime::context::enter::<<tokio[abcbcc4d3da30ef7]::runtime::Runtime>::block_on<rusoto_redshift[9dbd053a7159cd56]::generated::protocol_tests::test_parse_valid_redshift_reboot_cluster::{closure#0}>::{closure#0}, ()>
[INFO] [stdout]   17:     0x5997cea0da82 - rusoto_redshift[9dbd053a7159cd56]::generated::protocol_tests::test_parse_valid_redshift_reboot_cluster
[INFO] [stdout]   18:     0x5997cea0c3b9 - <rusoto_redshift[9dbd053a7159cd56]::generated::protocol_tests::test_parse_valid_redshift_reboot_cluster::{closure#0} as core[df12db4294e9bfd3]::ops::function::FnOnce<()>>::call_once
[INFO] [stdout]   19:     0x5997cea13d8b - test[9d35eded1c95d3be]::__rust_begin_short_backtrace::<core[df12db4294e9bfd3]::result::Result<(), alloc[2182bb758b4b3781]::string::String>, fn() -> core[df12db4294e9bfd3]::result::Result<(), alloc[2182bb758b4b3781]::string::String>>
[INFO] [stdout]   20:     0x5997cea213f5 - test[9d35eded1c95d3be]::run_test::{closure#0}
[INFO] [stdout]   21:     0x5997cea1acb4 - std[70759c8f55707aa4]::sys::backtrace::__rust_begin_short_backtrace::<test[9d35eded1c95d3be]::run_test::{closure#1}, ()>
[INFO] [stdout]   22:     0x5997cea24552 - <std[70759c8f55707aa4]::thread::lifecycle::spawn_unchecked<test[9d35eded1c95d3be]::run_test::{closure#1}, ()>::{closure#1} as core[df12db4294e9bfd3]::ops::function::FnOnce<()>>::call_once::{shim:vtable#0}
[INFO] [stdout]   23:     0x5997ceac3b49 - <std[70759c8f55707aa4]::sys::thread::unix::Thread>::new::thread_start
[INFO] [stdout]   24:     0x70a21606cdfa - <unknown>
[INFO] [stdout]   25:     0x70a2161003d4 - clone
[INFO] [stdout]   26:                0x0 - <unknown>
[INFO] [stdout] 
[INFO] [stdout] ---- generated::protocol_tests::test_parse_valid_redshift_reset_cluster_parameter_group stdout ----
[INFO] [stdout] 
[INFO] [stdout] thread 'generated::protocol_tests::test_parse_valid_redshift_reset_cluster_parameter_group' (2636) panicked at /opt/rustwide/cargo-home/registry/src/index.crates.io-1949cf8c6b5b557f/mz_rusoto_mock-0.46.0/src/lib.rs:175:53:
[INFO] [stdout] couldn't find file: Os { code: 2, kind: NotFound, message: "No such file or directory" }
[INFO] [stdout] stack backtrace:
[INFO] [stdout]    0:     0x5997ceac4271 - <<std[70759c8f55707aa4]::sys::backtrace::BacktraceLock>::print::DisplayBacktrace as core[df12db4294e9bfd3]::fmt::Display>::fmt
[INFO] [stdout]    1:     0x5997cead999a - core[df12db4294e9bfd3]::fmt::write
[INFO] [stdout]    2:     0x5997ceac884c - <alloc[2182bb758b4b3781]::vec::Vec<u8> as core[df12db4294e9bfd3]::io::write::Write>::write_fmt
[INFO] [stdout]    3:     0x5997ceaa04f6 - std[70759c8f55707aa4]::panicking::default_hook::{closure#0}
[INFO] [stdout]    4:     0x5997ceabc929 - std[70759c8f55707aa4]::panicking::default_hook
[INFO] [stdout]    5:     0x5997cea20aa0 - test[9d35eded1c95d3be]::test_main_inner::<test[9d35eded1c95d3be]::test_main_static::{closure#0}>::{closure#0}
[INFO] [stdout]    6:     0x5997ceabcae2 - std[70759c8f55707aa4]::panicking::panic_with_hook
[INFO] [stdout]    7:     0x5997ceaa05a2 - std[70759c8f55707aa4]::panicking::panic_handler::{closure#0}
[INFO] [stdout]    8:     0x5997cea992f9 - std[70759c8f55707aa4]::sys::backtrace::__rust_end_short_backtrace::<std[70759c8f55707aa4]::panicking::panic_handler::{closure#0}, !>
[INFO] [stdout]    9:     0x5997ceaa119d - __rustc[8fa7c3cbc660c2b3]::rust_begin_unwind
[INFO] [stdout]   10:     0x5997ceada0fc - core[df12db4294e9bfd3]::panicking::panic_fmt
[INFO] [stdout]   11:     0x5997cead9ed2 - core[df12db4294e9bfd3]::result::unwrap_failed
[INFO] [stdout]   12:     0x5997cea565ac - <rusoto_mock[1a9d6f9a77d5744d]::MockResponseReader as rusoto_mock[1a9d6f9a77d5744d]::ReadMockResponse>::read_response
[INFO] [stdout]   13:     0x5997ce9e640d - rusoto_redshift[9dbd053a7159cd56]::generated::protocol_tests::test_parse_valid_redshift_reset_cluster_parameter_group::{closure#0}
[INFO] [stdout]   14:     0x5997ce9ef37d - <tokio[abcbcc4d3da30ef7]::macros::scoped_tls::ScopedKey<tokio[abcbcc4d3da30ef7]::runtime::basic_scheduler::Context>>::set::<tokio[abcbcc4d3da30ef7]::runtime::basic_scheduler::enter<<tokio[abcbcc4d3da30ef7]::runtime::basic_scheduler::BasicScheduler<tokio[abcbcc4d3da30ef7]::park::either::Either<tokio[abcbcc4d3da30ef7]::time::driver::Driver<tokio[abcbcc4d3da30ef7]::park::either::Either<tokio[abcbcc4d3da30ef7]::io::driver::Driver, tokio[abcbcc4d3da30ef7]::park::thread::ParkThread>>, tokio[abcbcc4d3da30ef7]::park::either::Either<tokio[abcbcc4d3da30ef7]::io::driver::Driver, tokio[abcbcc4d3da30ef7]::park::thread::ParkThread>>>>::block_on<rusoto_redshift[9dbd053a7159cd56]::generated::protocol_tests::test_parse_valid_redshift_reset_cluster_parameter_group::{closure#0}>::{closure#0}, (), tokio[abcbcc4d3da30ef7]::park::either::Either<tokio[abcbcc4d3da30ef7]::time::driver::Driver<tokio[abcbcc4d3da30ef7]::park::either::Either<tokio[abcbcc4d3da30ef7]::io::driver::Driver, tokio[abcbcc4d3da30ef7]::park::thread::ParkThread>>, tokio[abcbcc4d3da30ef7]::park::either::Either<tokio[abcbcc4d3da30ef7]::io::driver::Driver, tokio[abcbcc4d3da30ef7]::park::thread::ParkThread>>>::{closure#0}, ()>
[INFO] [stdout]   15:     0x5997cea038b6 - tokio[abcbcc4d3da30ef7]::runtime::basic_scheduler::enter::<<tokio[abcbcc4d3da30ef7]::runtime::basic_scheduler::BasicScheduler<tokio[abcbcc4d3da30ef7]::park::either::Either<tokio[abcbcc4d3da30ef7]::time::driver::Driver<tokio[abcbcc4d3da30ef7]::park::either::Either<tokio[abcbcc4d3da30ef7]::io::driver::Driver, tokio[abcbcc4d3da30ef7]::park::thread::ParkThread>>, tokio[abcbcc4d3da30ef7]::park::either::Either<tokio[abcbcc4d3da30ef7]::io::driver::Driver, tokio[abcbcc4d3da30ef7]::park::thread::ParkThread>>>>::block_on<rusoto_redshift[9dbd053a7159cd56]::generated::protocol_tests::test_parse_valid_redshift_reset_cluster_parameter_group::{closure#0}>::{closure#0}, (), tokio[abcbcc4d3da30ef7]::park::either::Either<tokio[abcbcc4d3da30ef7]::time::driver::Driver<tokio[abcbcc4d3da30ef7]::park::either::Either<tokio[abcbcc4d3da30ef7]::io::driver::Driver, tokio[abcbcc4d3da30ef7]::park::thread::ParkThread>>, tokio[abcbcc4d3da30ef7]::park::either::Either<tokio[abcbcc4d3da30ef7]::io::driver::Driver, tokio[abcbcc4d3da30ef7]::park::thread::ParkThread>>>
[INFO] [stdout]   16:     0x5997cea05ea1 - tokio[abcbcc4d3da30ef7]::runtime::context::enter::<<tokio[abcbcc4d3da30ef7]::runtime::Runtime>::block_on<rusoto_redshift[9dbd053a7159cd56]::generated::protocol_tests::test_parse_valid_redshift_reset_cluster_parameter_group::{closure#0}>::{closure#0}, ()>
[INFO] [stdout]   17:     0x5997cea0f142 - rusoto_redshift[9dbd053a7159cd56]::generated::protocol_tests::test_parse_valid_redshift_reset_cluster_parameter_group
[INFO] [stdout]   18:     0x5997cea0c559 - <rusoto_redshift[9dbd053a7159cd56]::generated::protocol_tests::test_parse_valid_redshift_reset_cluster_parameter_group::{closure#0} as core[df12db4294e9bfd3]::ops::function::FnOnce<()>>::call_once
[INFO] [stdout]   19:     0x5997cea13d8b - test[9d35eded1c95d3be]::__rust_begin_short_backtrace::<core[df12db4294e9bfd3]::result::Result<(), alloc[2182bb758b4b3781]::string::String>, fn() -> core[df12db4294e9bfd3]::result::Result<(), alloc[2182bb758b4b3781]::string::String>>
[INFO] [stdout]   20:     0x5997cea213f5 - test[9d35eded1c95d3be]::run_test::{closure#0}
[INFO] [stdout]   21:     0x5997cea1acb4 - std[70759c8f55707aa4]::sys::backtrace::__rust_begin_short_backtrace::<test[9d35eded1c95d3be]::run_test::{closure#1}, ()>
[INFO] [stdout]   22:     0x5997cea24552 - <std[70759c8f55707aa4]::thread::lifecycle::spawn_unchecked<test[9d35eded1c95d3be]::run_test::{closure#1}, ()>::{closure#1} as core[df12db4294e9bfd3]::ops::function::FnOnce<()>>::call_once::{shim:vtable#0}
[INFO] [stdout]   23:     0x5997ceac3b49 - <std[70759c8f55707aa4]::sys::thread::unix::Thread>::new::thread_start
[INFO] [stdout]   24:     0x70a21606cdfa - <unknown>
[INFO] [stdout]   25:     0x70a2161003d4 - clone
[INFO] [stdout]   26:                0x0 - <unknown>
[INFO] [stdout] 
[INFO] [stdout] ---- generated::protocol_tests::test_parse_valid_redshift_restore_from_cluster_snapshot stdout ----
[INFO] [stdout] 
[INFO] [stdout] thread 'generated::protocol_tests::test_parse_valid_redshift_restore_from_cluster_snapshot' (2637) panicked at /opt/rustwide/cargo-home/registry/src/index.crates.io-1949cf8c6b5b557f/mz_rusoto_mock-0.46.0/src/lib.rs:175:53:
[INFO] [stdout] couldn't find file: Os { code: 2, kind: NotFound, message: "No such file or directory" }
[INFO] [stdout] stack backtrace:
[INFO] [stdout]    0:     0x5997ceac4271 - <<std[70759c8f55707aa4]::sys::backtrace::BacktraceLock>::print::DisplayBacktrace as core[df12db4294e9bfd3]::fmt::Display>::fmt
[INFO] [stdout]    1:     0x5997cead999a - core[df12db4294e9bfd3]::fmt::write
[INFO] [stdout]    2:     0x5997ceac884c - <alloc[2182bb758b4b3781]::vec::Vec<u8> as core[df12db4294e9bfd3]::io::write::Write>::write_fmt
[INFO] [stdout]    3:     0x5997ceaa04f6 - std[70759c8f55707aa4]::panicking::default_hook::{closure#0}
[INFO] [stdout]    4:     0x5997ceabc929 - std[70759c8f55707aa4]::panicking::default_hook
[INFO] [stdout]    5:     0x5997cea20aa0 - test[9d35eded1c95d3be]::test_main_inner::<test[9d35eded1c95d3be]::test_main_static::{closure#0}>::{closure#0}
[INFO] [stdout]    6:     0x5997ceabcae2 - std[70759c8f55707aa4]::panicking::panic_with_hook
[INFO] [stdout]    7:     0x5997ceaa05a2 - std[70759c8f55707aa4]::panicking::panic_handler::{closure#0}
[INFO] [stdout]    8:     0x5997cea992f9 - std[70759c8f55707aa4]::sys::backtrace::__rust_end_short_backtrace::<std[70759c8f55707aa4]::panicking::panic_handler::{closure#0}, !>
[INFO] [stdout]    9:     0x5997ceaa119d - __rustc[8fa7c3cbc660c2b3]::rust_begin_unwind
[INFO] [stdout]   10:     0x5997ceada0fc - core[df12db4294e9bfd3]::panicking::panic_fmt
[INFO] [stdout]   11:     0x5997cead9ed2 - core[df12db4294e9bfd3]::result::unwrap_failed
[INFO] [stdout]   12:     0x5997cea565ac - <rusoto_mock[1a9d6f9a77d5744d]::MockResponseReader as rusoto_mock[1a9d6f9a77d5744d]::ReadMockResponse>::read_response
[INFO] [stdout]   13:     0x5997ce9e67ad - rusoto_redshift[9dbd053a7159cd56]::generated::protocol_tests::test_parse_valid_redshift_restore_from_cluster_snapshot::{closure#0}
[INFO] [stdout]   14:     0x5997ce9ef90d - <tokio[abcbcc4d3da30ef7]::macros::scoped_tls::ScopedKey<tokio[abcbcc4d3da30ef7]::runtime::basic_scheduler::Context>>::set::<tokio[abcbcc4d3da30ef7]::runtime::basic_scheduler::enter<<tokio[abcbcc4d3da30ef7]::runtime::basic_scheduler::BasicScheduler<tokio[abcbcc4d3da30ef7]::park::either::Either<tokio[abcbcc4d3da30ef7]::time::driver::Driver<tokio[abcbcc4d3da30ef7]::park::either::Either<tokio[abcbcc4d3da30ef7]::io::driver::Driver, tokio[abcbcc4d3da30ef7]::park::thread::ParkThread>>, tokio[abcbcc4d3da30ef7]::park::either::Either<tokio[abcbcc4d3da30ef7]::io::driver::Driver, tokio[abcbcc4d3da30ef7]::park::thread::ParkThread>>>>::block_on<rusoto_redshift[9dbd053a7159cd56]::generated::protocol_tests::test_parse_valid_redshift_restore_from_cluster_snapshot::{closure#0}>::{closure#0}, (), tokio[abcbcc4d3da30ef7]::park::either::Either<tokio[abcbcc4d3da30ef7]::time::driver::Driver<tokio[abcbcc4d3da30ef7]::park::either::Either<tokio[abcbcc4d3da30ef7]::io::driver::Driver, tokio[abcbcc4d3da30ef7]::park::thread::ParkThread>>, tokio[abcbcc4d3da30ef7]::park::either::Either<tokio[abcbcc4d3da30ef7]::io::driver::Driver, tokio[abcbcc4d3da30ef7]::park::thread::ParkThread>>>::{closure#0}, ()>
[INFO] [stdout]   15:     0x5997cea039f6 - tokio[abcbcc4d3da30ef7]::runtime::basic_scheduler::enter::<<tokio[abcbcc4d3da30ef7]::runtime::basic_scheduler::BasicScheduler<tokio[abcbcc4d3da30ef7]::park::either::Either<tokio[abcbcc4d3da30ef7]::time::driver::Driver<tokio[abcbcc4d3da30ef7]::park::either::Either<tokio[abcbcc4d3da30ef7]::io::driver::Driver, tokio[abcbcc4d3da30ef7]::park::thread::ParkThread>>, tokio[abcbcc4d3da30ef7]::park::either::Either<tokio[abcbcc4d3da30ef7]::io::driver::Driver, tokio[abcbcc4d3da30ef7]::park::thread::ParkThread>>>>::block_on<rusoto_redshift[9dbd053a7159cd56]::generated::protocol_tests::test_parse_valid_redshift_restore_from_cluster_snapshot::{closure#0}>::{closure#0}, (), tokio[abcbcc4d3da30ef7]::park::either::Either<tokio[abcbcc4d3da30ef7]::time::driver::Driver<tokio[abcbcc4d3da30ef7]::park::either::Either<tokio[abcbcc4d3da30ef7]::io::driver::Driver, tokio[abcbcc4d3da30ef7]::park::thread::ParkThread>>, tokio[abcbcc4d3da30ef7]::park::either::Either<tokio[abcbcc4d3da30ef7]::io::driver::Driver, tokio[abcbcc4d3da30ef7]::park::thread::ParkThread>>>
[INFO] [stdout]   16:     0x5997cea05fd1 - tokio[abcbcc4d3da30ef7]::runtime::context::enter::<<tokio[abcbcc4d3da30ef7]::runtime::Runtime>::block_on<rusoto_redshift[9dbd053a7159cd56]::generated::protocol_tests::test_parse_valid_redshift_restore_from_cluster_snapshot::{closure#0}>::{closure#0}, ()>
[INFO] [stdout]   17:     0x5997cea0f302 - rusoto_redshift[9dbd053a7159cd56]::generated::protocol_tests::test_parse_valid_redshift_restore_from_cluster_snapshot
[INFO] [stdout]   18:     0x5997cea0c579 - <rusoto_redshift[9dbd053a7159cd56]::generated::protocol_tests::test_parse_valid_redshift_restore_from_cluster_snapshot::{closure#0} as core[df12db4294e9bfd3]::ops::function::FnOnce<()>>::call_once
[INFO] [stdout]   19:     0x5997cea13d8b - test[9d35eded1c95d3be]::__rust_begin_short_backtrace::<core[df12db4294e9bfd3]::result::Result<(), alloc[2182bb758b4b3781]::string::String>, fn() -> core[df12db4294e9bfd3]::result::Result<(), alloc[2182bb758b4b3781]::string::String>>
[INFO] [stdout]   20:     0x5997cea213f5 - test[9d35eded1c95d3be]::run_test::{closure#0}
[INFO] [stdout]   21:     0x5997cea1acb4 - std[70759c8f55707aa4]::sys::backtrace::__rust_begin_short_backtrace::<test[9d35eded1c95d3be]::run_test::{closure#1}, ()>
[INFO] [stdout]   22:     0x5997cea24552 - <std[70759c8f55707aa4]::thread::lifecycle::spawn_unchecked<test[9d35eded1c95d3be]::run_test::{closure#1}, ()>::{closure#1} as core[df12db4294e9bfd3]::ops::function::FnOnce<()>>::call_once::{shim:vtable#0}
[INFO] [stdout]   23:     0x5997ceac3b49 - <std[70759c8f55707aa4]::sys::thread::unix::Thread>::new::thread_start
[INFO] [stdout]   24:     0x70a21606cdfa - <unknown>
[INFO] [stdout]   25:     0x70a2161003d4 - clone
[INFO] [stdout]   26:                0x0 - <unknown>
[INFO] [stdout] 
[INFO] [stdout] ---- generated::protocol_tests::test_parse_valid_redshift_revoke_cluster_security_group_ingress stdout ----
[INFO] [stdout] 
[INFO] [stdout] thread 'generated::protocol_tests::test_parse_valid_redshift_revoke_cluster_security_group_ingress' (2638) panicked at /opt/rustwide/cargo-home/registry/src/index.crates.io-1949cf8c6b5b557f/mz_rusoto_mock-0.46.0/src/lib.rs:175:53:
[INFO] [stdout] couldn't find file: Os { code: 2, kind: NotFound, message: "No such file or directory" }
[INFO] [stdout] stack backtrace:
[INFO] [stdout]    0:     0x5997ceac4271 - <<std[70759c8f55707aa4]::sys::backtrace::BacktraceLock>::print::DisplayBacktrace as core[df12db4294e9bfd3]::fmt::Display>::fmt
[INFO] [stdout]    1:     0x5997cead999a - core[df12db4294e9bfd3]::fmt::write
[INFO] [stdout]    2:     0x5997ceac884c - <alloc[2182bb758b4b3781]::vec::Vec<u8> as core[df12db4294e9bfd3]::io::write::Write>::write_fmt
[INFO] [stdout]    3:     0x5997ceaa04f6 - std[70759c8f55707aa4]::panicking::default_hook::{closure#0}
[INFO] [stdout]    4:     0x5997ceabc929 - std[70759c8f55707aa4]::panicking::default_hook
[INFO] [stdout]    5:     0x5997cea20aa0 - test[9d35eded1c95d3be]::test_main_inner::<test[9d35eded1c95d3be]::test_main_static::{closure#0}>::{closure#0}
[INFO] [stdout]    6:     0x5997ceabcae2 - std[70759c8f55707aa4]::panicking::panic_with_hook
[INFO] [stdout]    7:     0x5997ceaa05a2 - std[70759c8f55707aa4]::panicking::panic_handler::{closure#0}
[INFO] [stdout]    8:     0x5997cea992f9 - std[70759c8f55707aa4]::sys::backtrace::__rust_end_short_backtrace::<std[70759c8f55707aa4]::panicking::panic_handler::{closure#0}, !>
[INFO] [stdout]    9:     0x5997ceaa119d - __rustc[8fa7c3cbc660c2b3]::rust_begin_unwind
[INFO] [stdout]   10:     0x5997ceada0fc - core[df12db4294e9bfd3]::panicking::panic_fmt
[INFO] [stdout]   11:     0x5997cead9ed2 - core[df12db4294e9bfd3]::result::unwrap_failed
[INFO] [stdout]   12:     0x5997cea565ac - <rusoto_mock[1a9d6f9a77d5744d]::MockResponseReader as rusoto_mock[1a9d6f9a77d5744d]::ReadMockResponse>::read_response
[INFO] [stdout]   13:     0x5997ce9e8ccd - rusoto_redshift[9dbd053a7159cd56]::generated::protocol_tests::test_parse_valid_redshift_revoke_cluster_security_group_ingress::{closure#0}
[INFO] [stdout]   14:     0x5997ce9f30ad - <tokio[abcbcc4d3da30ef7]::macros::scoped_tls::ScopedKey<tokio[abcbcc4d3da30ef7]::runtime::basic_scheduler::Context>>::set::<tokio[abcbcc4d3da30ef7]::runtime::basic_scheduler::enter<<tokio[abcbcc4d3da30ef7]::runtime::basic_scheduler::BasicScheduler<tokio[abcbcc4d3da30ef7]::park::either::Either<tokio[abcbcc4d3da30ef7]::time::driver::Driver<tokio[abcbcc4d3da30ef7]::park::either::Either<tokio[abcbcc4d3da30ef7]::io::driver::Driver, tokio[abcbcc4d3da30ef7]::park::thread::ParkThread>>, tokio[abcbcc4d3da30ef7]::park::either::Either<tokio[abcbcc4d3da30ef7]::io::driver::Driver, tokio[abcbcc4d3da30ef7]::park::thread::ParkThread>>>>::block_on<rusoto_redshift[9dbd053a7159cd56]::generated::protocol_tests::test_parse_valid_redshift_revoke_cluster_security_group_ingress::{closure#0}>::{closure#0}, (), tokio[abcbcc4d3da30ef7]::park::either::Either<tokio[abcbcc4d3da30ef7]::time::driver::Driver<tokio[abcbcc4d3da30ef7]::park::either::Either<tokio[abcbcc4d3da30ef7]::io::driver::Driver, tokio[abcbcc4d3da30ef7]::park::thread::ParkThread>>, tokio[abcbcc4d3da30ef7]::park::either::Either<tokio[abcbcc4d3da30ef7]::io::driver::Driver, tokio[abcbcc4d3da30ef7]::park::thread::ParkThread>>>::{closure#0}, ()>
[INFO] [stdout]   15:     0x5997cea04676 - tokio[abcbcc4d3da30ef7]::runtime::basic_scheduler::enter::<<tokio[abcbcc4d3da30ef7]::runtime::basic_scheduler::BasicScheduler<tokio[abcbcc4d3da30ef7]::park::either::Either<tokio[abcbcc4d3da30ef7]::time::driver::Driver<tokio[abcbcc4d3da30ef7]::park::either::Either<tokio[abcbcc4d3da30ef7]::io::driver::Driver, tokio[abcbcc4d3da30ef7]::park::thread::ParkThread>>, tokio[abcbcc4d3da30ef7]::park::either::Either<tokio[abcbcc4d3da30ef7]::io::driver::Driver, tokio[abcbcc4d3da30ef7]::park::thread::ParkThread>>>>::block_on<rusoto_redshift[9dbd053a7159cd56]::generated::protocol_tests::test_parse_valid_redshift_revoke_cluster_security_group_ingress::{closure#0}>::{closure#0}, (), tokio[abcbcc4d3da30ef7]::park::either::Either<tokio[abcbcc4d3da30ef7]::time::driver::Driver<tokio[abcbcc4d3da30ef7]::park::either::Either<tokio[abcbcc4d3da30ef7]::io::driver::Driver, tokio[abcbcc4d3da30ef7]::park::thread::ParkThread>>, tokio[abcbcc4d3da30ef7]::park::either::Either<tokio[abcbcc4d3da30ef7]::io::driver::Driver, tokio[abcbcc4d3da30ef7]::park::thread::ParkThread>>>
[INFO] [stdout]   16:     0x5997cea06bb1 - tokio[abcbcc4d3da30ef7]::runtime::context::enter::<<tokio[abcbcc4d3da30ef7]::runtime::Runtime>::block_on<rusoto_redshift[9dbd053a7159cd56]::generated::protocol_tests::test_parse_valid_redshift_revoke_cluster_security_group_ingress::{closure#0}>::{closure#0}, ()>
[INFO] [stdout]   17:     0x5997cea10482 - rusoto_redshift[9dbd053a7159cd56]::generated::protocol_tests::test_parse_valid_redshift_revoke_cluster_security_group_ingress
[INFO] [stdout]   18:     0x5997cea0c6b9 - <rusoto_redshift[9dbd053a7159cd56]::generated::protocol_tests::test_parse_valid_redshift_revoke_cluster_security_group_ingress::{closure#0} as core[df12db4294e9bfd3]::ops::function::FnOnce<()>>::call_once
[INFO] [stdout]   19:     0x5997cea13d8b - test[9d35eded1c95d3be]::__rust_begin_short_backtrace::<core[df12db4294e9bfd3]::result::Result<(), alloc[2182bb758b4b3781]::string::String>, fn() -> core[df12db4294e9bfd3]::result::Result<(), alloc[2182bb758b4b3781]::string::String>>
[INFO] [stdout]   20:     0x5997cea213f5 - test[9d35eded1c95d3be]::run_test::{closure#0}
[INFO] [stdout]   21:     0x5997cea1acb4 - std[70759c8f55707aa4]::sys::backtrace::__rust_begin_short_backtrace::<test[9d35eded1c95d3be]::run_test::{closure#1}, ()>
[INFO] [stdout]   22:     0x5997cea24552 - <std[70759c8f55707aa4]::thread::lifecycle::spawn_unchecked<test[9d35eded1c95d3be]::run_test::{closure#1}, ()>::{closure#1} as core[df12db4294e9bfd3]::ops::function::FnOnce<()>>::call_once::{shim:vtable#0}
[INFO] [stdout]   23:     0x5997ceac3b49 - <std[70759c8f55707aa4]::sys::thread::unix::Thread>::new::thread_start
[INFO] [stdout]   24:     0x70a21606cdfa - <unknown>
[INFO] [stdout]   25:     0x70a2161003d4 - clone
[INFO] [stdout]   26:                0x0 - <unknown>
[INFO] [stdout] 
[INFO] [stdout] 
[INFO] [stdout] failures:
[INFO] [stdout]     generated::protocol_tests::test_parse_valid_redshift_authorize_cluster_security_group_ingress
[INFO] [stdout]     generated::protocol_tests::test_parse_valid_redshift_copy_cluster_snapshot
[INFO] [stdout]     generated::protocol_tests::test_parse_valid_redshift_create_cluster
[INFO] [stdout]     generated::protocol_tests::test_parse_valid_redshift_create_cluster_parameter_group
[INFO] [stdout]     generated::protocol_tests::test_parse_valid_redshift_create_cluster_security_group
[INFO] [stdout]     generated::protocol_tests::test_parse_valid_redshift_create_cluster_snapshot
[INFO] [stdout]     generated::protocol_tests::test_parse_valid_redshift_create_cluster_subnet_group
[INFO] [stdout]     generated::protocol_tests::test_parse_valid_redshift_delete_cluster
[INFO] [stdout]     generated::protocol_tests::test_parse_valid_redshift_delete_cluster_parameter_group
[INFO] [stdout]     generated::protocol_tests::test_parse_valid_redshift_delete_cluster_snapshot
[INFO] [stdout]     generated::protocol_tests::test_parse_valid_redshift_describe_cluster_parameter_groups
[INFO] [stdout]     generated::protocol_tests::test_parse_valid_redshift_describe_cluster_parameters
[INFO] [stdout]     generated::protocol_tests::test_parse_valid_redshift_describe_cluster_security_groups
[INFO] [stdout]     generated::protocol_tests::test_parse_valid_redshift_describe_cluster_snapshots
[INFO] [stdout]     generated::protocol_tests::test_parse_valid_redshift_describe_cluster_subnet_groups
[INFO] [stdout]     generated::protocol_tests::test_parse_valid_redshift_describe_cluster_versions
[INFO] [stdout]     generated::protocol_tests::test_parse_valid_redshift_describe_clusters
[INFO] [stdout]     generated::protocol_tests::test_parse_valid_redshift_describe_events
[INFO] [stdout]     generated::protocol_tests::test_parse_valid_redshift_describe_orderable_cluster_options
[INFO] [stdout]     generated::protocol_tests::test_parse_valid_redshift_describe_reserved_node_offerings
[INFO] [stdout]     generated::protocol_tests::test_parse_valid_redshift_describe_reserved_nodes
[INFO] [stdout]     generated::protocol_tests::test_parse_valid_redshift_describe_resize
[INFO] [stdout]     generated::protocol_tests::test_parse_valid_redshift_modify_cluster_parameter_group
[INFO] [stdout]     generated::protocol_tests::test_parse_valid_redshift_purchase_reserved_node_offering
[INFO] [stdout]     generated::protocol_tests::test_parse_valid_redshift_reboot_cluster
[INFO] [stdout]     generated::protocol_tests::test_parse_valid_redshift_reset_cluster_parameter_group
[INFO] [stdout]     generated::protocol_tests::test_parse_valid_redshift_restore_from_cluster_snapshot
[INFO] [stdout]     generated::protocol_tests::test_parse_valid_redshift_revoke_cluster_security_group_ingress
[INFO] [stdout] 
[INFO] [stdout] test result: FAILED. 0 passed; 28 failed; 0 ignored; 0 measured; 0 filtered out; finished in 0.01s
[INFO] [stdout] 
[INFO] running `Command { std: "docker" "inspect" "3a9e52327532cc3518f06673e9f4fb836744baafb09eed91961e977b67fd4756", kill_on_drop: false }`
[INFO] running `Command { std: "docker" "rm" "-f" "3a9e52327532cc3518f06673e9f4fb836744baafb09eed91961e977b67fd4756", kill_on_drop: false }`
[INFO] [stdout] 3a9e52327532cc3518f06673e9f4fb836744baafb09eed91961e977b67fd4756
