[INFO] fetching crate mz_rusoto_importexport 0.46.0...
[INFO] testing mz_rusoto_importexport-0.46.0 against 1.100.0-beta.1+cargoflags=--release for beta-release-1.100-2
[INFO] extracting crate mz_rusoto_importexport 0.46.0 into /workspace/builds/worker-0-tc2/source
[INFO] started tweaking crates.io crate mz_rusoto_importexport 0.46.0
[INFO] finished tweaking crates.io crate mz_rusoto_importexport 0.46.0
[INFO] tweaked toml for crates.io crate mz_rusoto_importexport 0.46.0 written to /workspace/builds/worker-0-tc2/source/Cargo.toml
[INFO] validating manifest of crates.io crate mz_rusoto_importexport 0.46.0 on toolchain 1.100.0-beta.1
[INFO] running `Command { std: CARGO_HOME="/workspace/cargo-home" RUSTUP_HOME="/workspace/rustup-home" "/workspace/cargo-home/bin/cargo" "+1.100.0-beta.1" "metadata" "--manifest-path" "Cargo.toml" "--no-deps", kill_on_drop: false }`
[INFO] running `Command { std: CARGO_HOME="/workspace/cargo-home" RUSTUP_HOME="/workspace/rustup-home" "/workspace/cargo-home/bin/cargo" "+1.100.0-beta.1" "generate-lockfile" "--manifest-path" "Cargo.toml", kill_on_drop: false }`
[INFO] [stderr]     Updating crates.io index
[INFO] [stderr]      Locking 226 packages to highest compatible versions
[INFO] [stderr]       Adding bytes v0.5.6 (available: v1.12.1)
[INFO] [stderr]       Adding psm v0.1.24 (available: v0.1.32)
[INFO] [stderr]       Adding serde_urlencoded v0.6.1 (available: v0.7.1)
[INFO] [stderr]       Adding subtle v2.4.1 (available: v2.6.1)
[INFO] [stderr]       Adding tokio v0.2.25 (available: v1.53.3)
[INFO] [stderr]       Adding xml-rs v0.8.29 (available: v1.0.0)
[INFO] running `Command { std: CARGO_HOME="/workspace/cargo-home" RUSTUP_HOME="/workspace/rustup-home" "/workspace/cargo-home/bin/cargo" "+1.100.0-beta.1" "fetch" "--manifest-path" "Cargo.toml", kill_on_drop: false }`
[INFO] running `Command { std: "docker" "create" "-v" "/var/lib/crater-agent-workspace/builds/worker-0-tc2/source:/opt/rustwide/workdir:ro,Z" "-v" "/var/lib/crater-agent-workspace/builds/worker-0-tc2/target:/opt/rustwide/target:rw,Z" "-v" "/var/lib/crater-agent-workspace/cargo-home:/opt/rustwide/cargo-home:ro,Z" "-v" "/var/lib/crater-agent-workspace/rustup-home:/opt/rustwide/rustup-home:ro,Z" "-m" "1610612736" "--network" "none" "ghcr.io/rust-lang/crates-build-env/linux@sha256:77db811e55d90add9212f6832c23229e3de5f1c1f9905e8cb07319ea15df73ac" "sleep" "infinity", kill_on_drop: false }`
[INFO] [stdout] 5c34762d798a69a16c0686b61eef282dc1bcdfccca380b922495a4ebcf79acac
[INFO] running `Command { std: "docker" "start" "5c34762d798a69a16c0686b61eef282dc1bcdfccca380b922495a4ebcf79acac", kill_on_drop: false }`
[INFO] running `Command { std: "docker" "inspect" "5c34762d798a69a16c0686b61eef282dc1bcdfccca380b922495a4ebcf79acac", kill_on_drop: false }`
[INFO] running `Command { std: "docker" "exec" "-e" "SOURCE_DIR=/opt/rustwide/workdir" "-e" "CARGO_HOME=/opt/rustwide/cargo-home" "-e" "RUSTUP_HOME=/opt/rustwide/rustup-home" "-e" "CARGO_TARGET_DIR=/opt/rustwide/target" "-w" "/opt/rustwide/workdir" "--user" "0:0" "5c34762d798a69a16c0686b61eef282dc1bcdfccca380b922495a4ebcf79acac" "/opt/rustwide/cargo-home/bin/cargo" "+1.100.0-beta.1" "metadata" "--no-deps" "--format-version=1", kill_on_drop: false }`
[INFO] running `Command { std: "docker" "inspect" "5c34762d798a69a16c0686b61eef282dc1bcdfccca380b922495a4ebcf79acac", kill_on_drop: false }`
[INFO] running `Command { std: "docker" "exec" "-e" "SOURCE_DIR=/opt/rustwide/workdir" "-e" "CARGO_HOME=/opt/rustwide/cargo-home" "-e" "RUSTUP_HOME=/opt/rustwide/rustup-home" "-e" "CARGO_TARGET_DIR=/opt/rustwide/target" "-e" "CARGO_INCREMENTAL=0" "-e" "RUST_BACKTRACE=full" "-e" "RUSTFLAGS=--cap-lints=warn" "-e" "RUSTDOCFLAGS=--cap-lints=warn" "-w" "/opt/rustwide/workdir" "--user" "0:0" "5c34762d798a69a16c0686b61eef282dc1bcdfccca380b922495a4ebcf79acac" "/opt/rustwide/cargo-home/bin/cargo" "+1.100.0-beta.1" "build" "--frozen" "--message-format=json" "--release", kill_on_drop: false }`
[INFO] [stderr]    Compiling libc v0.2.191
[INFO] [stderr]    Compiling syn v2.0.119
[INFO] [stderr]    Compiling cfg-if v0.1.10
[INFO] [stderr]    Compiling displaydoc v0.2.7
[INFO] [stderr]    Compiling bytes v0.5.6
[INFO] [stderr]    Compiling standback v0.2.17
[INFO] [stderr]    Compiling generic-array v0.14.9
[INFO] [stderr]    Compiling openssl-sys v0.9.117
[INFO] [stderr]    Compiling pin-project-lite v0.1.12
[INFO] [stderr]    Compiling tokio-macros v0.2.6
[INFO] [stderr]    Compiling futures-util v0.3.34
[INFO] [stderr]    Compiling tracing v0.1.44
[INFO] [stderr]    Compiling proc-macro-hack v0.5.20+deprecated
[INFO] [stderr]    Compiling httpdate v0.3.2
[INFO] [stderr]    Compiling const_fn v0.4.12
[INFO] [stderr]    Compiling time v0.2.27
[INFO] [stderr]    Compiling subtle v2.4.1
[INFO] [stderr]    Compiling chrono v0.4.45
[INFO] [stderr]    Compiling zeroize v1.9.1
[INFO] [stderr]    Compiling shlex v0.1.1
[INFO] [stderr]    Compiling md5 v0.7.0
[INFO] [stderr]    Compiling dtoa v0.4.8
[INFO] [stderr]    Compiling openssl v0.10.81
[INFO] [stderr]    Compiling http-body v0.3.1
[INFO] [stderr]    Compiling native-tls v0.2.18
[INFO] [stderr]    Compiling xml-rs v0.8.29
[INFO] [stderr]    Compiling tinystr v0.8.4
[INFO] [stderr]    Compiling zerotrie v0.2.5
[INFO] [stderr]    Compiling icu_collections v2.3.0
[INFO] [stderr]    Compiling icu_locale_core v2.3.0
[INFO] [stderr]    Compiling digest v0.9.0
[INFO] [stderr]    Compiling crypto-mac v0.10.1
[INFO] [stderr]    Compiling block-buffer v0.9.0
[INFO] [stderr]    Compiling hmac v0.10.1
[INFO] [stderr]    Compiling time-macros-impl v0.1.2
[INFO] [stderr]    Compiling sha2 v0.9.9
[INFO] [stderr]    Compiling time-macros v0.1.1
[INFO] [stderr]    Compiling icu_provider v2.3.1
[INFO] [stderr]    Compiling icu_properties v2.3.0
[INFO] [stderr]    Compiling icu_normalizer v2.3.0
[INFO] [stderr]    Compiling iovec v0.1.4
[INFO] [stderr]    Compiling net2 v0.2.39
[INFO] [stderr]    Compiling errno v0.3.14
[INFO] [stderr]    Compiling stacker v0.1.25
[INFO] [stderr]    Compiling signal-hook-registry v1.4.8
[INFO] [stderr]    Compiling socket2 v0.3.19
[INFO] [stderr]    Compiling dirs-sys-next v0.1.2
[INFO] [stderr]    Compiling pest v2.9.4
[INFO] [stderr]    Compiling mio v0.6.23
[INFO] [stderr]    Compiling dirs-next v2.0.0
[INFO] [stderr]    Compiling idna_adapter v1.2.2
[INFO] [stderr]    Compiling idna v1.1.0
[INFO] [stderr]    Compiling mio-uds v0.6.8
[INFO] [stderr]    Compiling pin-project-internal v1.1.13
[INFO] [stderr]    Compiling openssl-macros v0.1.1
[INFO] [stderr]    Compiling url v2.5.8
[INFO] [stderr]    Compiling tokio v0.2.25
[INFO] [stderr]    Compiling serde_urlencoded v0.6.1
[INFO] [stderr]    Compiling pin-project v1.1.13
[INFO] [stderr]    Compiling semver-parser v0.10.3
[INFO] [stderr]    Compiling tracing-futures v0.2.5
[INFO] [stderr]    Compiling semver v0.11.0
[INFO] [stderr]    Compiling futures-executor v0.3.34
[INFO] [stderr]    Compiling rustc_version v0.3.3
[INFO] [stderr]    Compiling futures v0.3.34
[INFO] [stderr]    Compiling mz_rusoto_core v0.46.0
[INFO] [stderr]    Compiling tokio-util v0.3.1
[INFO] [stderr]    Compiling h2 v0.2.7
[INFO] [stderr]    Compiling tokio-tls v0.3.1
[INFO] [stderr]    Compiling hyper v0.13.10
[INFO] [stderr]    Compiling mz_rusoto_credential v0.46.0
[INFO] [stderr]    Compiling hyper-tls v0.4.3
[INFO] [stderr]    Compiling mz_rusoto_signature v0.46.0
[INFO] [stderr]    Compiling mz_rusoto_importexport v0.46.0 (/opt/rustwide/workdir)
[INFO] [stdout] warning: unused import: `custom::*`
[INFO] [stdout]   --> src/lib.rs:21:9
[INFO] [stdout]    |
[INFO] [stdout] 21 | pub use custom::*;
[INFO] [stdout]    |         ^^^^^^^^^
[INFO] [stdout]    |
[INFO] [stdout]    = note: `#[warn(unused_imports)]` (part of `#[warn(unused)]`) on by default
[INFO] [stdout] 
[INFO] [stdout] 
[INFO] [stderr]     Finished `release` profile [optimized] target(s) in 1m 05s
[INFO] running `Command { std: "docker" "inspect" "5c34762d798a69a16c0686b61eef282dc1bcdfccca380b922495a4ebcf79acac", kill_on_drop: false }`
[INFO] running `Command { std: "docker" "exec" "-e" "SOURCE_DIR=/opt/rustwide/workdir" "-e" "CARGO_HOME=/opt/rustwide/cargo-home" "-e" "RUSTUP_HOME=/opt/rustwide/rustup-home" "-e" "CARGO_TARGET_DIR=/opt/rustwide/target" "-e" "CARGO_INCREMENTAL=0" "-e" "RUST_BACKTRACE=full" "-e" "RUSTFLAGS=--cap-lints=warn" "-e" "RUSTDOCFLAGS=--cap-lints=warn" "-w" "/opt/rustwide/workdir" "--user" "0:0" "5c34762d798a69a16c0686b61eef282dc1bcdfccca380b922495a4ebcf79acac" "/opt/rustwide/cargo-home/bin/cargo" "+1.100.0-beta.1" "test" "--frozen" "--no-run" "--message-format=json" "--release", kill_on_drop: false }`
[INFO] [stderr]    Compiling mz_rusoto_mock v0.46.0
[INFO] [stdout] warning: unused import: `custom::*`
[INFO] [stdout]   --> src/lib.rs:21:9
[INFO] [stdout]    |
[INFO] [stdout] 21 | pub use custom::*;
[INFO] [stdout]    |         ^^^^^^^^^
[INFO] [stdout]    |
[INFO] [stdout]    = note: `#[warn(unused_imports)]` (part of `#[warn(unused)]`) on by default
[INFO] [stdout] 
[INFO] [stdout] 
[INFO] [stderr]    Compiling mz_rusoto_importexport v0.46.0 (/opt/rustwide/workdir)
[INFO] [stdout] warning: unused import: `custom::*`
[INFO] [stdout]   --> src/lib.rs:21:9
[INFO] [stdout]    |
[INFO] [stdout] 21 | pub use custom::*;
[INFO] [stdout]    |         ^^^^^^^^^
[INFO] [stdout]    |
[INFO] [stdout]    = note: `#[warn(unused_imports)]` (part of `#[warn(unused)]`) on by default
[INFO] [stdout] 
[INFO] [stdout] 
[INFO] [stderr]     Finished `release` profile [optimized] target(s) in 3.64s
[INFO] running `Command { std: "docker" "inspect" "5c34762d798a69a16c0686b61eef282dc1bcdfccca380b922495a4ebcf79acac", kill_on_drop: false }`
[INFO] running `Command { std: "docker" "exec" "-e" "SOURCE_DIR=/opt/rustwide/workdir" "-e" "CARGO_HOME=/opt/rustwide/cargo-home" "-e" "RUSTUP_HOME=/opt/rustwide/rustup-home" "-e" "CARGO_TARGET_DIR=/opt/rustwide/target" "-e" "CARGO_INCREMENTAL=0" "-e" "RUST_BACKTRACE=full" "-e" "RUSTFLAGS=--cap-lints=warn" "-e" "RUSTDOCFLAGS=--cap-lints=warn" "-w" "/opt/rustwide/workdir" "--user" "0:0" "5c34762d798a69a16c0686b61eef282dc1bcdfccca380b922495a4ebcf79acac" "/opt/rustwide/cargo-home/bin/cargo" "+1.100.0-beta.1" "test" "--frozen" "--release", kill_on_drop: false }`
[INFO] [stderr] warning: unused import: `custom::*`
[INFO] [stderr]   --> src/lib.rs:21:9
[INFO] [stderr]    |
[INFO] [stderr] 21 | pub use custom::*;
[INFO] [stderr]    |         ^^^^^^^^^
[INFO] [stderr]    |
[INFO] [stderr]    = note: `#[warn(unused_imports)]` (part of `#[warn(unused)]`) on by default
[INFO] [stderr] 
[INFO] [stderr] warning: `mz_rusoto_importexport` (lib) generated 1 warning (run `cargo fix --lib -p mz_rusoto_importexport` to apply 1 suggestion)
[INFO] [stderr] warning: `mz_rusoto_importexport` (lib test) generated 1 warning (1 duplicate)
[INFO] [stderr]     Finished `release` profile [optimized] target(s) in 0.21s
[INFO] [stderr]      Running unittests src/lib.rs (/opt/rustwide/target/release/build/mz_rusoto_importexport/fe403e66050bd5cc/out/rusoto_importexport-fe403e66050bd5cc)
[INFO] [stdout] 
[INFO] [stdout] running 2 tests
[INFO] [stdout] test generated::protocol_tests::test_parse_error_importexport_get_status ... FAILED
[INFO] [stdout] test generated::protocol_tests::test_parse_valid_importexport_list_jobs ... FAILED
[INFO] [stdout] 
[INFO] [stdout] failures:
[INFO] [stdout] 
[INFO] [stdout] ---- generated::protocol_tests::test_parse_error_importexport_get_status stdout ----
[INFO] [stdout] 
[INFO] [stdout] thread 'generated::protocol_tests::test_parse_error_importexport_get_status' (1568) panicked at /opt/rustwide/cargo-home/registry/src/index.crates.io-1949cf8c6b5b557f/mz_rusoto_mock-0.46.0/src/lib.rs:175:53:
[INFO] [stdout] couldn't find file: Os { code: 2, kind: NotFound, message: "No such file or directory" }
[INFO] [stdout] stack backtrace:
[INFO] [stdout]    0:     0x55f51a82aaa1 - <<std[617be2ca0a6fd877]::sys::backtrace::BacktraceLock>::print::DisplayBacktrace as core[a373ad73a504971]::fmt::Display>::fmt
[INFO] [stdout]    1:     0x55f51a83f23a - core[a373ad73a504971]::fmt::write
[INFO] [stdout]    2:     0x55f51a82edfc - <alloc[2e1b2a31b91974c5]::vec::Vec<u8> as core[a373ad73a504971]::io::write::Write>::write_fmt
[INFO] [stdout]    3:     0x55f51a806c46 - std[617be2ca0a6fd877]::panicking::default_hook::{closure#0}
[INFO] [stdout]    4:     0x55f51a823139 - std[617be2ca0a6fd877]::panicking::default_hook
[INFO] [stdout]    5:     0x55f51a788250 - test[aada8e7e76ba119b]::test_main_inner::{closure#0}
[INFO] [stdout]    6:     0x55f51a8232f2 - std[617be2ca0a6fd877]::panicking::panic_with_hook
[INFO] [stdout]    7:     0x55f51a806cf2 - std[617be2ca0a6fd877]::panicking::panic_handler::{closure#0}
[INFO] [stdout]    8:     0x55f51a7ff9d9 - std[617be2ca0a6fd877]::sys::backtrace::__rust_end_short_backtrace::<std[617be2ca0a6fd877]::panicking::panic_handler::{closure#0}, !>
[INFO] [stdout]    9:     0x55f51a8078fd - __rustc[ea4f61d10b84890b]::rust_begin_unwind
[INFO] [stdout]   10:     0x55f51a83f99c - core[a373ad73a504971]::panicking::panic_fmt
[INFO] [stdout]   11:     0x55f51a83f772 - core[a373ad73a504971]::result::unwrap_failed
[INFO] [stdout]   12:     0x55f51a7bd1bc - <rusoto_mock[494343f50ae4f61f]::MockResponseReader as rusoto_mock[494343f50ae4f61f]::ReadMockResponse>::read_response
[INFO] [stdout]   13:     0x55f51a772727 - rusoto_importexport[724d0dd1993073f9]::generated::protocol_tests::test_parse_error_importexport_get_status::{closure#0}
[INFO] [stdout]   14:     0x55f51a7753ed - <tokio[a5aead05e7fe6652]::macros::scoped_tls::ScopedKey<tokio[a5aead05e7fe6652]::runtime::basic_scheduler::Context>>::set::<tokio[a5aead05e7fe6652]::runtime::basic_scheduler::enter<<tokio[a5aead05e7fe6652]::runtime::basic_scheduler::BasicScheduler<tokio[a5aead05e7fe6652]::park::either::Either<tokio[a5aead05e7fe6652]::time::driver::Driver<tokio[a5aead05e7fe6652]::park::either::Either<tokio[a5aead05e7fe6652]::io::driver::Driver, tokio[a5aead05e7fe6652]::park::thread::ParkThread>>, tokio[a5aead05e7fe6652]::park::either::Either<tokio[a5aead05e7fe6652]::io::driver::Driver, tokio[a5aead05e7fe6652]::park::thread::ParkThread>>>>::block_on<rusoto_importexport[724d0dd1993073f9]::generated::protocol_tests::test_parse_error_importexport_get_status::{closure#0}>::{closure#0}, (), tokio[a5aead05e7fe6652]::park::either::Either<tokio[a5aead05e7fe6652]::time::driver::Driver<tokio[a5aead05e7fe6652]::park::either::Either<tokio[a5aead05e7fe6652]::io::driver::Driver, tokio[a5aead05e7fe6652]::park::thread::ParkThread>>, tokio[a5aead05e7fe6652]::park::either::Either<tokio[a5aead05e7fe6652]::io::driver::Driver, tokio[a5aead05e7fe6652]::park::thread::ParkThread>>>::{closure#0}, ()>
[INFO] [stdout]   15:     0x55f51a7722d6 - tokio[a5aead05e7fe6652]::runtime::basic_scheduler::enter::<<tokio[a5aead05e7fe6652]::runtime::basic_scheduler::BasicScheduler<tokio[a5aead05e7fe6652]::park::either::Either<tokio[a5aead05e7fe6652]::time::driver::Driver<tokio[a5aead05e7fe6652]::park::either::Either<tokio[a5aead05e7fe6652]::io::driver::Driver, tokio[a5aead05e7fe6652]::park::thread::ParkThread>>, tokio[a5aead05e7fe6652]::park::either::Either<tokio[a5aead05e7fe6652]::io::driver::Driver, tokio[a5aead05e7fe6652]::park::thread::ParkThread>>>>::block_on<rusoto_importexport[724d0dd1993073f9]::generated::protocol_tests::test_parse_error_importexport_get_status::{closure#0}>::{closure#0}, (), tokio[a5aead05e7fe6652]::park::either::Either<tokio[a5aead05e7fe6652]::time::driver::Driver<tokio[a5aead05e7fe6652]::park::either::Either<tokio[a5aead05e7fe6652]::io::driver::Driver, tokio[a5aead05e7fe6652]::park::thread::ParkThread>>, tokio[a5aead05e7fe6652]::park::either::Either<tokio[a5aead05e7fe6652]::io::driver::Driver, tokio[a5aead05e7fe6652]::park::thread::ParkThread>>>
[INFO] [stdout]   16:     0x55f51a77ae61 - tokio[a5aead05e7fe6652]::runtime::context::enter::<<tokio[a5aead05e7fe6652]::runtime::Runtime>::block_on<rusoto_importexport[724d0dd1993073f9]::generated::protocol_tests::test_parse_error_importexport_get_status::{closure#0}>::{closure#0}, ()>
[INFO] [stdout]   17:     0x55f51a772e4a - <rusoto_importexport[724d0dd1993073f9]::generated::protocol_tests::test_parse_error_importexport_get_status::{closure#0} as core[a373ad73a504971]::ops::function::FnOnce<()>>::call_once
[INFO] [stdout]   18:     0x55f51a77b69b - test[aada8e7e76ba119b]::__rust_begin_short_backtrace::<core[a373ad73a504971]::result::Result<(), alloc[2e1b2a31b91974c5]::string::String>, fn() -> core[a373ad73a504971]::result::Result<(), alloc[2e1b2a31b91974c5]::string::String>>
[INFO] [stdout]   19:     0x55f51a788875 - test[aada8e7e76ba119b]::run_test::{closure#0}
[INFO] [stdout]   20:     0x55f51a782164 - std[617be2ca0a6fd877]::sys::backtrace::__rust_begin_short_backtrace::<test[aada8e7e76ba119b]::run_test::{closure#1}, ()>
[INFO] [stdout]   21:     0x55f51a78b902 - <std[617be2ca0a6fd877]::thread::lifecycle::spawn_unchecked<test[aada8e7e76ba119b]::run_test::{closure#1}, ()>::{closure#1} as core[a373ad73a504971]::ops::function::FnOnce<()>>::call_once::{shim:vtable#0}
[INFO] [stdout]   22:     0x55f51a82a2ff - <std[617be2ca0a6fd877]::sys::thread::unix::Thread>::new::thread_start
[INFO] [stdout]   23:     0x7cc7099cadfa - <unknown>
[INFO] [stdout]   24:     0x7cc709a5e3d4 - clone
[INFO] [stdout]   25:                0x0 - <unknown>
[INFO] [stdout] 
[INFO] [stdout] ---- generated::protocol_tests::test_parse_valid_importexport_list_jobs stdout ----
[INFO] [stdout] 
[INFO] [stdout] thread 'generated::protocol_tests::test_parse_valid_importexport_list_jobs' (1569) panicked at /opt/rustwide/cargo-home/registry/src/index.crates.io-1949cf8c6b5b557f/mz_rusoto_mock-0.46.0/src/lib.rs:175:53:
[INFO] [stdout] couldn't find file: Os { code: 2, kind: NotFound, message: "No such file or directory" }
[INFO] [stdout] stack backtrace:
[INFO] [stdout]    0:     0x55f51a82aaa1 - <<std[617be2ca0a6fd877]::sys::backtrace::BacktraceLock>::print::DisplayBacktrace as core[a373ad73a504971]::fmt::Display>::fmt
[INFO] [stdout]    1:     0x55f51a83f23a - core[a373ad73a504971]::fmt::write
[INFO] [stdout]    2:     0x55f51a82edfc - <alloc[2e1b2a31b91974c5]::vec::Vec<u8> as core[a373ad73a504971]::io::write::Write>::write_fmt
[INFO] [stdout]    3:     0x55f51a806c46 - std[617be2ca0a6fd877]::panicking::default_hook::{closure#0}
[INFO] [stdout]    4:     0x55f51a823139 - std[617be2ca0a6fd877]::panicking::default_hook
[INFO] [stdout]    5:     0x55f51a788250 - test[aada8e7e76ba119b]::test_main_inner::{closure#0}
[INFO] [stdout]    6:     0x55f51a8232f2 - std[617be2ca0a6fd877]::panicking::panic_with_hook
[INFO] [stdout]    7:     0x55f51a806cf2 - std[617be2ca0a6fd877]::panicking::panic_handler::{closure#0}
[INFO] [stdout]    8:     0x55f51a7ff9d9 - std[617be2ca0a6fd877]::sys::backtrace::__rust_end_short_backtrace::<std[617be2ca0a6fd877]::panicking::panic_handler::{closure#0}, !>
[INFO] [stdout]    9:     0x55f51a8078fd - __rustc[ea4f61d10b84890b]::rust_begin_unwind
[INFO] [stdout]   10:     0x55f51a83f99c - core[a373ad73a504971]::panicking::panic_fmt
[INFO] [stdout]   11:     0x55f51a83f772 - core[a373ad73a504971]::result::unwrap_failed
[INFO] [stdout]   12:     0x55f51a7bd1bc - <rusoto_mock[494343f50ae4f61f]::MockResponseReader as rusoto_mock[494343f50ae4f61f]::ReadMockResponse>::read_response
[INFO] [stdout]   13:     0x55f51a77238d - rusoto_importexport[724d0dd1993073f9]::generated::protocol_tests::test_parse_valid_importexport_list_jobs::{closure#0}
[INFO] [stdout]   14:     0x55f51a774f8d - <tokio[a5aead05e7fe6652]::macros::scoped_tls::ScopedKey<tokio[a5aead05e7fe6652]::runtime::basic_scheduler::Context>>::set::<tokio[a5aead05e7fe6652]::runtime::basic_scheduler::enter<<tokio[a5aead05e7fe6652]::runtime::basic_scheduler::BasicScheduler<tokio[a5aead05e7fe6652]::park::either::Either<tokio[a5aead05e7fe6652]::time::driver::Driver<tokio[a5aead05e7fe6652]::park::either::Either<tokio[a5aead05e7fe6652]::io::driver::Driver, tokio[a5aead05e7fe6652]::park::thread::ParkThread>>, tokio[a5aead05e7fe6652]::park::either::Either<tokio[a5aead05e7fe6652]::io::driver::Driver, tokio[a5aead05e7fe6652]::park::thread::ParkThread>>>>::block_on<rusoto_importexport[724d0dd1993073f9]::generated::protocol_tests::test_parse_valid_importexport_list_jobs::{closure#0}>::{closure#0}, (), tokio[a5aead05e7fe6652]::park::either::Either<tokio[a5aead05e7fe6652]::time::driver::Driver<tokio[a5aead05e7fe6652]::park::either::Either<tokio[a5aead05e7fe6652]::io::driver::Driver, tokio[a5aead05e7fe6652]::park::thread::ParkThread>>, tokio[a5aead05e7fe6652]::park::either::Either<tokio[a5aead05e7fe6652]::io::driver::Driver, tokio[a5aead05e7fe6652]::park::thread::ParkThread>>>::{closure#0}, ()>
[INFO] [stdout]   15:     0x55f51a772196 - tokio[a5aead05e7fe6652]::runtime::basic_scheduler::enter::<<tokio[a5aead05e7fe6652]::runtime::basic_scheduler::BasicScheduler<tokio[a5aead05e7fe6652]::park::either::Either<tokio[a5aead05e7fe6652]::time::driver::Driver<tokio[a5aead05e7fe6652]::park::either::Either<tokio[a5aead05e7fe6652]::io::driver::Driver, tokio[a5aead05e7fe6652]::park::thread::ParkThread>>, tokio[a5aead05e7fe6652]::park::either::Either<tokio[a5aead05e7fe6652]::io::driver::Driver, tokio[a5aead05e7fe6652]::park::thread::ParkThread>>>>::block_on<rusoto_importexport[724d0dd1993073f9]::generated::protocol_tests::test_parse_valid_importexport_list_jobs::{closure#0}>::{closure#0}, (), tokio[a5aead05e7fe6652]::park::either::Either<tokio[a5aead05e7fe6652]::time::driver::Driver<tokio[a5aead05e7fe6652]::park::either::Either<tokio[a5aead05e7fe6652]::io::driver::Driver, tokio[a5aead05e7fe6652]::park::thread::ParkThread>>, tokio[a5aead05e7fe6652]::park::either::Either<tokio[a5aead05e7fe6652]::io::driver::Driver, tokio[a5aead05e7fe6652]::park::thread::ParkThread>>>
[INFO] [stdout]   16:     0x55f51a77ad31 - tokio[a5aead05e7fe6652]::runtime::context::enter::<<tokio[a5aead05e7fe6652]::runtime::Runtime>::block_on<rusoto_importexport[724d0dd1993073f9]::generated::protocol_tests::test_parse_valid_importexport_list_jobs::{closure#0}>::{closure#0}, ()>
[INFO] [stdout]   17:     0x55f51a772c7a - <rusoto_importexport[724d0dd1993073f9]::generated::protocol_tests::test_parse_valid_importexport_list_jobs::{closure#0} as core[a373ad73a504971]::ops::function::FnOnce<()>>::call_once
[INFO] [stdout]   18:     0x55f51a77b69b - test[aada8e7e76ba119b]::__rust_begin_short_backtrace::<core[a373ad73a504971]::result::Result<(), alloc[2e1b2a31b91974c5]::string::String>, fn() -> core[a373ad73a504971]::result::Result<(), alloc[2e1b2a31b91974c5]::string::String>>
[INFO] [stdout]   19:     0x55f51a788875 - test[aada8e7e76ba119b]::run_test::{closure#0}
[INFO] [stdout]   20:     0x55f51a782164 - std[617be2ca0a6fd877]::sys::backtrace::__rust_begin_short_backtrace::<test[aada8e7e76ba119b]::run_test::{closure#1}, ()>
[INFO] [stdout]   21:     0x55f51a78b902 - <std[617be2ca0a6fd877]::thread::lifecycle::spawn_unchecked<test[aada8e7e76ba119b]::run_test::{closure#1}, ()>::{closure#1} as core[a373ad73a504971]::ops::function::FnOnce<()>>::call_once::{shim:vtable#0}
[INFO] [stdout]   22:     0x55f51a82a2ff - <std[617be2ca0a6fd877]::sys::thread::unix::Thread>::new::thread_start
[INFO] [stdout]   23:     0x7cc7099cadfa - <unknown>
[INFO] [stdout]   24:     0x7cc709a5e3d4 - clone
[INFO] [stdout]   25:                0x0 - <unknown>
[INFO] [stdout] 
[INFO] [stdout] 
[INFO] [stdout] failures:
[INFO] [stdout]     generated::protocol_tests::test_parse_error_importexport_get_status
[INFO] [stdout]     generated::protocol_tests::test_parse_valid_importexport_list_jobs
[INFO] [stdout] 
[INFO] [stdout] test result: FAILED. 0 passed; 2 failed; 0 ignored; 0 measured; 0 filtered out; finished in 0.00s
[INFO] [stdout] 
[INFO] [stderr] error: test failed, to rerun pass `--lib`
[INFO] running `Command { std: "docker" "inspect" "5c34762d798a69a16c0686b61eef282dc1bcdfccca380b922495a4ebcf79acac", kill_on_drop: false }`
[INFO] running `Command { std: "docker" "rm" "-f" "5c34762d798a69a16c0686b61eef282dc1bcdfccca380b922495a4ebcf79acac", kill_on_drop: false }`
[INFO] [stdout] 5c34762d798a69a16c0686b61eef282dc1bcdfccca380b922495a4ebcf79acac
