[INFO] fetching crate mz_rusoto_elasticbeanstalk 0.46.0...
[INFO] testing mz_rusoto_elasticbeanstalk-0.46.0 against 1.100.0-beta.1+cargoflags=--release for beta-release-1.100-2
[INFO] extracting crate mz_rusoto_elasticbeanstalk 0.46.0 into /workspace/builds/worker-6-tc2/source
[INFO] started tweaking crates.io crate mz_rusoto_elasticbeanstalk 0.46.0
[INFO] finished tweaking crates.io crate mz_rusoto_elasticbeanstalk 0.46.0
[INFO] tweaked toml for crates.io crate mz_rusoto_elasticbeanstalk 0.46.0 written to /workspace/builds/worker-6-tc2/source/Cargo.toml
[INFO] validating manifest of crates.io crate mz_rusoto_elasticbeanstalk 0.46.0 on toolchain 1.100.0-beta.1
[INFO] running `Command { std: CARGO_HOME="/workspace/cargo-home" RUSTUP_HOME="/workspace/rustup-home" "/workspace/cargo-home/bin/cargo" "+1.100.0-beta.1" "metadata" "--manifest-path" "Cargo.toml" "--no-deps", kill_on_drop: false }`
[INFO] running `Command { std: CARGO_HOME="/workspace/cargo-home" RUSTUP_HOME="/workspace/rustup-home" "/workspace/cargo-home/bin/cargo" "+1.100.0-beta.1" "generate-lockfile" "--manifest-path" "Cargo.toml", kill_on_drop: false }`
[INFO] [stderr]     Updating crates.io index
[INFO] [stderr]      Locking 226 packages to highest compatible versions
[INFO] [stderr]       Adding bytes v0.5.6 (available: v1.12.1)
[INFO] [stderr]       Adding psm v0.1.24 (available: v0.1.32)
[INFO] [stderr]       Adding serde_urlencoded v0.6.1 (available: v0.7.1)
[INFO] [stderr]       Adding subtle v2.4.1 (available: v2.6.1)
[INFO] [stderr]       Adding tokio v0.2.25 (available: v1.53.3)
[INFO] [stderr]       Adding xml-rs v0.8.29 (available: v1.0.0)
[INFO] running `Command { std: CARGO_HOME="/workspace/cargo-home" RUSTUP_HOME="/workspace/rustup-home" "/workspace/cargo-home/bin/cargo" "+1.100.0-beta.1" "fetch" "--manifest-path" "Cargo.toml", kill_on_drop: false }`
[INFO] running `Command { std: "docker" "create" "-v" "/var/lib/crater-agent-workspace/builds/worker-6-tc2/source:/opt/rustwide/workdir:ro,Z" "-v" "/var/lib/crater-agent-workspace/builds/worker-6-tc2/target:/opt/rustwide/target:rw,Z" "-v" "/var/lib/crater-agent-workspace/cargo-home:/opt/rustwide/cargo-home:ro,Z" "-v" "/var/lib/crater-agent-workspace/rustup-home:/opt/rustwide/rustup-home:ro,Z" "-m" "1610612736" "--network" "none" "ghcr.io/rust-lang/crates-build-env/linux@sha256:77db811e55d90add9212f6832c23229e3de5f1c1f9905e8cb07319ea15df73ac" "sleep" "infinity", kill_on_drop: false }`
[INFO] [stdout] 9d1eb10c183f64273041d6416fa904e021f1a59664b05db081255e14f6c92fdb
[INFO] running `Command { std: "docker" "start" "9d1eb10c183f64273041d6416fa904e021f1a59664b05db081255e14f6c92fdb", kill_on_drop: false }`
[INFO] running `Command { std: "docker" "inspect" "9d1eb10c183f64273041d6416fa904e021f1a59664b05db081255e14f6c92fdb", kill_on_drop: false }`
[INFO] running `Command { std: "docker" "exec" "-e" "SOURCE_DIR=/opt/rustwide/workdir" "-e" "CARGO_HOME=/opt/rustwide/cargo-home" "-e" "RUSTUP_HOME=/opt/rustwide/rustup-home" "-e" "CARGO_TARGET_DIR=/opt/rustwide/target" "-w" "/opt/rustwide/workdir" "--user" "0:0" "9d1eb10c183f64273041d6416fa904e021f1a59664b05db081255e14f6c92fdb" "/opt/rustwide/cargo-home/bin/cargo" "+1.100.0-beta.1" "metadata" "--no-deps" "--format-version=1", kill_on_drop: false }`
[INFO] running `Command { std: "docker" "inspect" "9d1eb10c183f64273041d6416fa904e021f1a59664b05db081255e14f6c92fdb", kill_on_drop: false }`
[INFO] running `Command { std: "docker" "exec" "-e" "SOURCE_DIR=/opt/rustwide/workdir" "-e" "CARGO_HOME=/opt/rustwide/cargo-home" "-e" "RUSTUP_HOME=/opt/rustwide/rustup-home" "-e" "CARGO_TARGET_DIR=/opt/rustwide/target" "-e" "CARGO_INCREMENTAL=0" "-e" "RUST_BACKTRACE=full" "-e" "RUSTFLAGS=--cap-lints=warn" "-e" "RUSTDOCFLAGS=--cap-lints=warn" "-w" "/opt/rustwide/workdir" "--user" "0:0" "9d1eb10c183f64273041d6416fa904e021f1a59664b05db081255e14f6c92fdb" "/opt/rustwide/cargo-home/bin/cargo" "+1.100.0-beta.1" "build" "--frozen" "--message-format=json" "--release", kill_on_drop: false }`
[INFO] [stderr]    Compiling libc v0.2.191
[INFO] [stderr]    Compiling standback v0.2.17
[INFO] [stderr]    Compiling psm v0.1.24
[INFO] [stderr]    Compiling stacker v0.1.25
[INFO] [stderr]    Compiling pin-project-lite v0.1.12
[INFO] [stderr]    Compiling generic-array v0.14.9
[INFO] [stderr]    Compiling tokio-macros v0.2.6
[INFO] [stderr]    Compiling futures-macro v0.3.34
[INFO] [stderr]    Compiling tracing v0.1.44
[INFO] [stderr]    Compiling openssl-macros v0.1.1
[INFO] [stderr]    Compiling http-body v0.3.1
[INFO] [stderr]    Compiling const_fn v0.4.12
[INFO] [stderr]    Compiling bitflags v2.13.2
[INFO] [stderr]    Compiling httpdate v0.3.2
[INFO] [stderr]    Compiling regex-automata v0.4.18
[INFO] [stderr]    Compiling time v0.2.27
[INFO] [stderr]    Compiling subtle v2.4.1
[INFO] [stderr]    Compiling time-macros-impl v0.1.2
[INFO] [stderr]    Compiling zeroize v1.9.1
[INFO] [stderr]    Compiling shlex v0.1.1
[INFO] [stderr]    Compiling md5 v0.7.0
[INFO] [stderr]    Compiling url v2.5.8
[INFO] [stderr]    Compiling dtoa v0.4.8
[INFO] [stderr]    Compiling tracing-futures v0.2.5
[INFO] [stderr]    Compiling xml-rs v0.8.29
[INFO] [stderr]    Compiling digest v0.9.0
[INFO] [stderr]    Compiling block-buffer v0.9.0
[INFO] [stderr]    Compiling crypto-mac v0.10.1
[INFO] [stderr]    Compiling sha2 v0.9.9
[INFO] [stderr]    Compiling hmac v0.10.1
[INFO] [stderr]    Compiling time-macros v0.1.1
[INFO] [stderr]    Compiling futures-util v0.3.34
[INFO] [stderr]    Compiling serde_urlencoded v0.6.1
[INFO] [stderr]    Compiling iovec v0.1.4
[INFO] [stderr]    Compiling net2 v0.2.39
[INFO] [stderr]    Compiling errno v0.3.14
[INFO] [stderr]    Compiling openssl-sys v0.9.117
[INFO] [stderr]    Compiling socket2 v0.3.19
[INFO] [stderr]    Compiling dirs-sys-next v0.1.2
[INFO] [stderr]    Compiling signal-hook-registry v1.4.8
[INFO] [stderr]    Compiling pest v2.9.4
[INFO] [stderr]    Compiling dirs-next v2.0.0
[INFO] [stderr]    Compiling mio v0.6.23
[INFO] [stderr]    Compiling openssl v0.10.81
[INFO] [stderr]    Compiling mio-uds v0.6.8
[INFO] [stderr]    Compiling tokio v0.2.25
[INFO] [stderr]    Compiling regex v1.13.1
[INFO] [stderr]    Compiling semver-parser v0.10.3
[INFO] [stderr]    Compiling semver v0.11.0
[INFO] [stderr]    Compiling rustc_version v0.3.3
[INFO] [stderr]    Compiling mz_rusoto_core v0.46.0
[INFO] [stderr]    Compiling futures-executor v0.3.34
[INFO] [stderr]    Compiling futures v0.3.34
[INFO] [stderr]    Compiling tokio-util v0.3.1
[INFO] [stderr]    Compiling h2 v0.2.7
[INFO] [stderr]    Compiling native-tls v0.2.18
[INFO] [stderr]    Compiling tokio-tls v0.3.1
[INFO] [stderr]    Compiling hyper v0.13.10
[INFO] [stderr]    Compiling mz_rusoto_credential v0.46.0
[INFO] [stderr]    Compiling hyper-tls v0.4.3
[INFO] [stderr]    Compiling mz_rusoto_signature v0.46.0
[INFO] [stderr]    Compiling mz_rusoto_elasticbeanstalk v0.46.0 (/opt/rustwide/workdir)
[INFO] [stdout] warning: unused import: `custom::*`
[INFO] [stdout]   --> src/lib.rs:21:9
[INFO] [stdout]    |
[INFO] [stdout] 21 | pub use custom::*;
[INFO] [stdout]    |         ^^^^^^^^^
[INFO] [stdout]    |
[INFO] [stdout]    = note: `#[warn(unused_imports)]` (part of `#[warn(unused)]`) on by default
[INFO] [stdout] 
[INFO] [stdout] 
[INFO] [stderr]     Finished `release` profile [optimized] target(s) in 1m 17s
[INFO] running `Command { std: "docker" "inspect" "9d1eb10c183f64273041d6416fa904e021f1a59664b05db081255e14f6c92fdb", kill_on_drop: false }`
[INFO] running `Command { std: "docker" "exec" "-e" "SOURCE_DIR=/opt/rustwide/workdir" "-e" "CARGO_HOME=/opt/rustwide/cargo-home" "-e" "RUSTUP_HOME=/opt/rustwide/rustup-home" "-e" "CARGO_TARGET_DIR=/opt/rustwide/target" "-e" "CARGO_INCREMENTAL=0" "-e" "RUST_BACKTRACE=full" "-e" "RUSTFLAGS=--cap-lints=warn" "-e" "RUSTDOCFLAGS=--cap-lints=warn" "-w" "/opt/rustwide/workdir" "--user" "0:0" "9d1eb10c183f64273041d6416fa904e021f1a59664b05db081255e14f6c92fdb" "/opt/rustwide/cargo-home/bin/cargo" "+1.100.0-beta.1" "test" "--frozen" "--no-run" "--message-format=json" "--release", kill_on_drop: false }`
[INFO] [stderr]    Compiling mz_rusoto_mock v0.46.0
[INFO] [stdout] warning: unused import: `custom::*`
[INFO] [stdout]   --> src/lib.rs:21:9
[INFO] [stdout]    |
[INFO] [stdout] 21 | pub use custom::*;
[INFO] [stdout]    |         ^^^^^^^^^
[INFO] [stdout]    |
[INFO] [stdout]    = note: `#[warn(unused_imports)]` (part of `#[warn(unused)]`) on by default
[INFO] [stdout] 
[INFO] [stdout] 
[INFO] [stderr]    Compiling mz_rusoto_elasticbeanstalk v0.46.0 (/opt/rustwide/workdir)
[INFO] [stdout] warning: unused import: `custom::*`
[INFO] [stdout]   --> src/lib.rs:21:9
[INFO] [stdout]    |
[INFO] [stdout] 21 | pub use custom::*;
[INFO] [stdout]    |         ^^^^^^^^^
[INFO] [stdout]    |
[INFO] [stdout]    = note: `#[warn(unused_imports)]` (part of `#[warn(unused)]`) on by default
[INFO] [stdout] 
[INFO] [stdout] 
[INFO] [stderr]     Finished `release` profile [optimized] target(s) in 9.23s
[INFO] running `Command { std: "docker" "inspect" "9d1eb10c183f64273041d6416fa904e021f1a59664b05db081255e14f6c92fdb", kill_on_drop: false }`
[INFO] running `Command { std: "docker" "exec" "-e" "SOURCE_DIR=/opt/rustwide/workdir" "-e" "CARGO_HOME=/opt/rustwide/cargo-home" "-e" "RUSTUP_HOME=/opt/rustwide/rustup-home" "-e" "CARGO_TARGET_DIR=/opt/rustwide/target" "-e" "CARGO_INCREMENTAL=0" "-e" "RUST_BACKTRACE=full" "-e" "RUSTFLAGS=--cap-lints=warn" "-e" "RUSTDOCFLAGS=--cap-lints=warn" "-w" "/opt/rustwide/workdir" "--user" "0:0" "9d1eb10c183f64273041d6416fa904e021f1a59664b05db081255e14f6c92fdb" "/opt/rustwide/cargo-home/bin/cargo" "+1.100.0-beta.1" "test" "--frozen" "--release", kill_on_drop: false }`
[INFO] [stderr] warning: unused import: `custom::*`
[INFO] [stderr]   --> src/lib.rs:21:9
[INFO] [stderr]    |
[INFO] [stderr] 21 | pub use custom::*;
[INFO] [stderr]    |         ^^^^^^^^^
[INFO] [stderr]    |
[INFO] [stderr]    = note: `#[warn(unused_imports)]` (part of `#[warn(unused)]`) on by default
[INFO] [stderr] 
[INFO] [stderr] warning: `mz_rusoto_elasticbeanstalk` (lib) generated 1 warning (run `cargo fix --lib -p mz_rusoto_elasticbeanstalk` to apply 1 suggestion)
[INFO] [stderr] warning: `mz_rusoto_elasticbeanstalk` (lib test) generated 1 warning (1 duplicate)
[INFO] [stderr]     Finished `release` profile [optimized] target(s) in 0.15s
[INFO] [stderr]      Running unittests src/lib.rs (/opt/rustwide/target/release/build/mz_rusoto_elasticbeanstalk/057e17bdc3ce691a/out/rusoto_elasticbeanstalk-057e17bdc3ce691a)
[INFO] [stdout] 
[INFO] [stdout] running 17 tests
[INFO] [stdout] test generated::protocol_tests::test_parse_valid_elasticbeanstalk_create_application ... FAILED
[INFO] [stdout] test generated::protocol_tests::test_parse_valid_elasticbeanstalk_create_configuration_template ... FAILED
[INFO] [stdout] test generated::protocol_tests::test_parse_valid_elasticbeanstalk_describe_configuration_options ... FAILED
[INFO] [stdout] test generated::protocol_tests::test_parse_valid_elasticbeanstalk_check_dns_availability ... FAILED
[INFO] [stdout] test generated::protocol_tests::test_parse_valid_elasticbeanstalk_create_environment ... FAILED
[INFO] [stdout] test generated::protocol_tests::test_parse_valid_elasticbeanstalk_delete_application ... FAILED
[INFO] [stdout] test generated::protocol_tests::test_parse_valid_elasticbeanstalk_list_available_solution_stacks ... FAILED
[INFO] [stdout] test generated::protocol_tests::test_parse_valid_elasticbeanstalk_describe_environments ... FAILED
[INFO] [stdout] test generated::protocol_tests::test_parse_valid_elasticbeanstalk_describe_applications ... FAILED
[INFO] [stdout] test generated::protocol_tests::test_parse_valid_elasticbeanstalk_retrieve_environment_info ... FAILED
[INFO] [stdout] test generated::protocol_tests::test_parse_valid_elasticbeanstalk_describe_events ... FAILED
[INFO] [stdout] test generated::protocol_tests::test_parse_valid_elasticbeanstalk_create_application_version ... FAILED
[INFO] [stdout] test generated::protocol_tests::test_parse_valid_elasticbeanstalk_create_storage_location ... FAILED
[INFO] [stdout] test generated::protocol_tests::test_parse_valid_elasticbeanstalk_update_application ... FAILED
[INFO] [stdout] test generated::protocol_tests::test_parse_valid_elasticbeanstalk_terminate_environment ... FAILED
[INFO] [stdout] test generated::protocol_tests::test_parse_valid_elasticbeanstalk_describe_application_versions ... FAILED
[INFO] [stdout] test generated::protocol_tests::test_parse_valid_elasticbeanstalk_update_application_version ... FAILED
[INFO] [stdout] 
[INFO] [stdout] failures:
[INFO] [stdout] 
[INFO] [stdout] ---- generated::protocol_tests::test_parse_valid_elasticbeanstalk_create_application stdout ----
[INFO] [stdout] 
[INFO] [stdout] thread 'generated::protocol_tests::test_parse_valid_elasticbeanstalk_create_application' (1360) panicked at /opt/rustwide/cargo-home/registry/src/index.crates.io-1949cf8c6b5b557f/mz_rusoto_mock-0.46.0/src/lib.rs:175:53:
[INFO] [stdout] couldn't find file: Os { code: 2, kind: NotFound, message: "No such file or directory" }
[INFO] [stdout] stack backtrace:
[INFO] [stdout]    0:     0x62b23747e921 - <<std[617be2ca0a6fd877]::sys::backtrace::BacktraceLock>::print::DisplayBacktrace as core[a373ad73a504971]::fmt::Display>::fmt
[INFO] [stdout]    1:     0x62b23749319a - core[a373ad73a504971]::fmt::write
[INFO] [stdout]    2:     0x62b237482c7c - <alloc[2e1b2a31b91974c5]::vec::Vec<u8> as core[a373ad73a504971]::io::write::Write>::write_fmt
[INFO] [stdout]    3:     0x62b23745aac6 - std[617be2ca0a6fd877]::panicking::default_hook::{closure#0}
[INFO] [stdout]    4:     0x62b237476fb9 - std[617be2ca0a6fd877]::panicking::default_hook
[INFO] [stdout]    5:     0x62b2373dc050 - test[aada8e7e76ba119b]::test_main_inner::{closure#0}
[INFO] [stdout]    6:     0x62b237477172 - std[617be2ca0a6fd877]::panicking::panic_with_hook
[INFO] [stdout]    7:     0x62b23745ab72 - std[617be2ca0a6fd877]::panicking::panic_handler::{closure#0}
[INFO] [stdout]    8:     0x62b237453859 - std[617be2ca0a6fd877]::sys::backtrace::__rust_end_short_backtrace::<std[617be2ca0a6fd877]::panicking::panic_handler::{closure#0}, !>
[INFO] [stdout]    9:     0x62b23745b77d - __rustc[ea4f61d10b84890b]::rust_begin_unwind
[INFO] [stdout]   10:     0x62b2374938fc - core[a373ad73a504971]::panicking::panic_fmt
[INFO] [stdout]   11:     0x62b2374936d2 - core[a373ad73a504971]::result::unwrap_failed
[INFO] [stdout]   12:     0x62b237410fbc - <rusoto_mock[494343f50ae4f61f]::MockResponseReader as rusoto_mock[494343f50ae4f61f]::ReadMockResponse>::read_response
[INFO] [stdout]   13:     0x62b2373af77d - rusoto_elasticbeanstalk[ba264db44a5809a1]::generated::protocol_tests::test_parse_valid_elasticbeanstalk_create_application::{closure#0}
[INFO] [stdout]   14:     0x62b2373b3e5d - <tokio[a5aead05e7fe6652]::macros::scoped_tls::ScopedKey<tokio[a5aead05e7fe6652]::runtime::basic_scheduler::Context>>::set::<tokio[a5aead05e7fe6652]::runtime::basic_scheduler::enter<<tokio[a5aead05e7fe6652]::runtime::basic_scheduler::BasicScheduler<tokio[a5aead05e7fe6652]::park::either::Either<tokio[a5aead05e7fe6652]::time::driver::Driver<tokio[a5aead05e7fe6652]::park::either::Either<tokio[a5aead05e7fe6652]::io::driver::Driver, tokio[a5aead05e7fe6652]::park::thread::ParkThread>>, tokio[a5aead05e7fe6652]::park::either::Either<tokio[a5aead05e7fe6652]::io::driver::Driver, tokio[a5aead05e7fe6652]::park::thread::ParkThread>>>>::block_on<rusoto_elasticbeanstalk[ba264db44a5809a1]::generated::protocol_tests::test_parse_valid_elasticbeanstalk_create_application::{closure#0}>::{closure#0}, (), tokio[a5aead05e7fe6652]::park::either::Either<tokio[a5aead05e7fe6652]::time::driver::Driver<tokio[a5aead05e7fe6652]::park::either::Either<tokio[a5aead05e7fe6652]::io::driver::Driver, tokio[a5aead05e7fe6652]::park::thread::ParkThread>>, tokio[a5aead05e7fe6652]::park::either::Either<tokio[a5aead05e7fe6652]::io::driver::Driver, tokio[a5aead05e7fe6652]::park::thread::ParkThread>>>::{closure#0}, ()>
[INFO] [stdout]   15:     0x62b2373c98c6 - tokio[a5aead05e7fe6652]::runtime::basic_scheduler::enter::<<tokio[a5aead05e7fe6652]::runtime::basic_scheduler::BasicScheduler<tokio[a5aead05e7fe6652]::park::either::Either<tokio[a5aead05e7fe6652]::time::driver::Driver<tokio[a5aead05e7fe6652]::park::either::Either<tokio[a5aead05e7fe6652]::io::driver::Driver, tokio[a5aead05e7fe6652]::park::thread::ParkThread>>, tokio[a5aead05e7fe6652]::park::either::Either<tokio[a5aead05e7fe6652]::io::driver::Driver, tokio[a5aead05e7fe6652]::park::thread::ParkThread>>>>::block_on<rusoto_elasticbeanstalk[ba264db44a5809a1]::generated::protocol_tests::test_parse_valid_elasticbeanstalk_create_application::{closure#0}>::{closure#0}, (), tokio[a5aead05e7fe6652]::park::either::Either<tokio[a5aead05e7fe6652]::time::driver::Driver<tokio[a5aead05e7fe6652]::park::either::Either<tokio[a5aead05e7fe6652]::io::driver::Driver, tokio[a5aead05e7fe6652]::park::thread::ParkThread>>, tokio[a5aead05e7fe6652]::park::either::Either<tokio[a5aead05e7fe6652]::io::driver::Driver, tokio[a5aead05e7fe6652]::park::thread::ParkThread>>>
[INFO] [stdout]   16:     0x62b2373cdc81 - tokio[a5aead05e7fe6652]::runtime::context::enter::<<tokio[a5aead05e7fe6652]::runtime::Runtime>::block_on<rusoto_elasticbeanstalk[ba264db44a5809a1]::generated::protocol_tests::test_parse_valid_elasticbeanstalk_create_application::{closure#0}>::{closure#0}, ()>
[INFO] [stdout]   17:     0x62b2373cb9fa - <rusoto_elasticbeanstalk[ba264db44a5809a1]::generated::protocol_tests::test_parse_valid_elasticbeanstalk_create_application::{closure#0} as core[a373ad73a504971]::ops::function::FnOnce<()>>::call_once
[INFO] [stdout]   18:     0x62b2373cf49b - test[aada8e7e76ba119b]::__rust_begin_short_backtrace::<core[a373ad73a504971]::result::Result<(), alloc[2e1b2a31b91974c5]::string::String>, fn() -> core[a373ad73a504971]::result::Result<(), alloc[2e1b2a31b91974c5]::string::String>>
[INFO] [stdout]   19:     0x62b2373dc675 - test[aada8e7e76ba119b]::run_test::{closure#0}
[INFO] [stdout]   20:     0x62b2373d5f64 - std[617be2ca0a6fd877]::sys::backtrace::__rust_begin_short_backtrace::<test[aada8e7e76ba119b]::run_test::{closure#1}, ()>
[INFO] [stdout]   21:     0x62b2373df702 - <std[617be2ca0a6fd877]::thread::lifecycle::spawn_unchecked<test[aada8e7e76ba119b]::run_test::{closure#1}, ()>::{closure#1} as core[a373ad73a504971]::ops::function::FnOnce<()>>::call_once::{shim:vtable#0}
[INFO] [stdout]   22:     0x62b23747e17f - <std[617be2ca0a6fd877]::sys::thread::unix::Thread>::new::thread_start
[INFO] [stdout]   23:     0x749cb3b01dfa - <unknown>
[INFO] [stdout]   24:     0x749cb3b953d4 - clone
[INFO] [stdout]   25:                0x0 - <unknown>
[INFO] [stdout] 
[INFO] [stdout] ---- generated::protocol_tests::test_parse_valid_elasticbeanstalk_create_configuration_template stdout ----
[INFO] [stdout] 
[INFO] [stdout] thread 'generated::protocol_tests::test_parse_valid_elasticbeanstalk_create_configuration_template' (1362) panicked at /opt/rustwide/cargo-home/registry/src/index.crates.io-1949cf8c6b5b557f/mz_rusoto_mock-0.46.0/src/lib.rs:175:53:
[INFO] [stdout] couldn't find file: Os { code: 2, kind: NotFound, message: "No such file or directory" }
[INFO] [stdout] stack backtrace:
[INFO] [stdout]    0:     0x62b23747e921 - <<std[617be2ca0a6fd877]::sys::backtrace::BacktraceLock>::print::DisplayBacktrace as core[a373ad73a504971]::fmt::Display>::fmt
[INFO] [stdout]    1:     0x62b23749319a - core[a373ad73a504971]::fmt::write
[INFO] [stdout]    2:     0x62b237482c7c - <alloc[2e1b2a31b91974c5]::vec::Vec<u8> as core[a373ad73a504971]::io::write::Write>::write_fmt
[INFO] [stdout]    3:     0x62b23745aac6 - std[617be2ca0a6fd877]::panicking::default_hook::{closure#0}
[INFO] [stdout]    4:     0x62b237476fb9 - std[617be2ca0a6fd877]::panicking::default_hook
[INFO] [stdout]    5:     0x62b2373dc050 - test[aada8e7e76ba119b]::test_main_inner::{closure#0}
[INFO] [stdout]    6:     0x62b237477172 - std[617be2ca0a6fd877]::panicking::panic_with_hook
[INFO] [stdout]    7:     0x62b23745ab72 - std[617be2ca0a6fd877]::panicking::panic_handler::{closure#0}
[INFO] [stdout]    8:     0x62b237453859 - std[617be2ca0a6fd877]::sys::backtrace::__rust_end_short_backtrace::<std[617be2ca0a6fd877]::panicking::panic_handler::{closure#0}, !>
[INFO] [stdout]    9:     0x62b23745b77d - __rustc[ea4f61d10b84890b]::rust_begin_unwind
[INFO] [stdout]   10:     0x62b2374938fc - core[a373ad73a504971]::panicking::panic_fmt
[INFO] [stdout]   11:     0x62b2374936d2 - core[a373ad73a504971]::result::unwrap_failed
[INFO] [stdout]   12:     0x62b237410fbc - <rusoto_mock[494343f50ae4f61f]::MockResponseReader as rusoto_mock[494343f50ae4f61f]::ReadMockResponse>::read_response
[INFO] [stdout]   13:     0x62b2373b229d - rusoto_elasticbeanstalk[ba264db44a5809a1]::generated::protocol_tests::test_parse_valid_elasticbeanstalk_create_configuration_template::{closure#0}
[INFO] [stdout]   14:     0x62b2373b811d - <tokio[a5aead05e7fe6652]::macros::scoped_tls::ScopedKey<tokio[a5aead05e7fe6652]::runtime::basic_scheduler::Context>>::set::<tokio[a5aead05e7fe6652]::runtime::basic_scheduler::enter<<tokio[a5aead05e7fe6652]::runtime::basic_scheduler::BasicScheduler<tokio[a5aead05e7fe6652]::park::either::Either<tokio[a5aead05e7fe6652]::time::driver::Driver<tokio[a5aead05e7fe6652]::park::either::Either<tokio[a5aead05e7fe6652]::io::driver::Driver, tokio[a5aead05e7fe6652]::park::thread::ParkThread>>, tokio[a5aead05e7fe6652]::park::either::Either<tokio[a5aead05e7fe6652]::io::driver::Driver, tokio[a5aead05e7fe6652]::park::thread::ParkThread>>>>::block_on<rusoto_elasticbeanstalk[ba264db44a5809a1]::generated::protocol_tests::test_parse_valid_elasticbeanstalk_create_configuration_template::{closure#0}>::{closure#0}, (), tokio[a5aead05e7fe6652]::park::either::Either<tokio[a5aead05e7fe6652]::time::driver::Driver<tokio[a5aead05e7fe6652]::park::either::Either<tokio[a5aead05e7fe6652]::io::driver::Driver, tokio[a5aead05e7fe6652]::park::thread::ParkThread>>, tokio[a5aead05e7fe6652]::park::either::Either<tokio[a5aead05e7fe6652]::io::driver::Driver, tokio[a5aead05e7fe6652]::park::thread::ParkThread>>>::{closure#0}, ()>
[INFO] [stdout]   15:     0x62b2373ca7c6 - tokio[a5aead05e7fe6652]::runtime::basic_scheduler::enter::<<tokio[a5aead05e7fe6652]::runtime::basic_scheduler::BasicScheduler<tokio[a5aead05e7fe6652]::park::either::Either<tokio[a5aead05e7fe6652]::time::driver::Driver<tokio[a5aead05e7fe6652]::park::either::Either<tokio[a5aead05e7fe6652]::io::driver::Driver, tokio[a5aead05e7fe6652]::park::thread::ParkThread>>, tokio[a5aead05e7fe6652]::park::either::Either<tokio[a5aead05e7fe6652]::io::driver::Driver, tokio[a5aead05e7fe6652]::park::thread::ParkThread>>>>::block_on<rusoto_elasticbeanstalk[ba264db44a5809a1]::generated::protocol_tests::test_parse_valid_elasticbeanstalk_create_configuration_template::{closure#0}>::{closure#0}, (), tokio[a5aead05e7fe6652]::park::either::Either<tokio[a5aead05e7fe6652]::time::driver::Driver<tokio[a5aead05e7fe6652]::park::either::Either<tokio[a5aead05e7fe6652]::io::driver::Driver, tokio[a5aead05e7fe6652]::park::thread::ParkThread>>, tokio[a5aead05e7fe6652]::park::either::Either<tokio[a5aead05e7fe6652]::io::driver::Driver, tokio[a5aead05e7fe6652]::park::thread::ParkThread>>>
[INFO] [stdout]   16:     0x62b2373ceac1 - tokio[a5aead05e7fe6652]::runtime::context::enter::<<tokio[a5aead05e7fe6652]::runtime::Runtime>::block_on<rusoto_elasticbeanstalk[ba264db44a5809a1]::generated::protocol_tests::test_parse_valid_elasticbeanstalk_create_configuration_template::{closure#0}>::{closure#0}, ()>
[INFO] [stdout]   17:     0x62b2373ccfba - <rusoto_elasticbeanstalk[ba264db44a5809a1]::generated::protocol_tests::test_parse_valid_elasticbeanstalk_create_configuration_template::{closure#0} as core[a373ad73a504971]::ops::function::FnOnce<()>>::call_once
[INFO] [stdout]   18:     0x62b2373cf49b - test[aada8e7e76ba119b]::__rust_begin_short_backtrace::<core[a373ad73a504971]::result::Result<(), alloc[2e1b2a31b91974c5]::string::String>, fn() -> core[a373ad73a504971]::result::Result<(), alloc[2e1b2a31b91974c5]::string::String>>
[INFO] [stdout]   19:     0x62b2373dc675 - test[aada8e7e76ba119b]::run_test::{closure#0}
[INFO] [stdout]   20:     0x62b2373d5f64 - std[617be2ca0a6fd877]::sys::backtrace::__rust_begin_short_backtrace::<test[aada8e7e76ba119b]::run_test::{closure#1}, ()>
[INFO] [stdout]   21:     0x62b2373df702 - <std[617be2ca0a6fd877]::thread::lifecycle::spawn_unchecked<test[aada8e7e76ba119b]::run_test::{closure#1}, ()>::{closure#1} as core[a373ad73a504971]::ops::function::FnOnce<()>>::call_once::{shim:vtable#0}
[INFO] [stdout]   22:     0x62b23747e17f - <std[617be2ca0a6fd877]::sys::thread::unix::Thread>::new::thread_start
[INFO] [stdout]   23:     0x749cb3b01dfa - <unknown>
[INFO] [stdout]   24:     0x749cb3b953d4 - clone
[INFO] [stdout]   25:                0x0 - <unknown>
[INFO] [stdout] 
[INFO] [stdout] ---- generated::protocol_tests::test_parse_valid_elasticbeanstalk_describe_configuration_options stdout ----
[INFO] [stdout] 
[INFO] [stdout] thread 'generated::protocol_tests::test_parse_valid_elasticbeanstalk_describe_configuration_options' (1368) panicked at /opt/rustwide/cargo-home/registry/src/index.crates.io-1949cf8c6b5b557f/mz_rusoto_mock-0.46.0/src/lib.rs:175:53:
[INFO] [stdout] couldn't find file: Os { code: 2, kind: NotFound, message: "No such file or directory" }
[INFO] [stdout] stack backtrace:
[INFO] [stdout]    0:     0x62b23747e921 - <<std[617be2ca0a6fd877]::sys::backtrace::BacktraceLock>::print::DisplayBacktrace as core[a373ad73a504971]::fmt::Display>::fmt
[INFO] [stdout]    1:     0x62b23749319a - core[a373ad73a504971]::fmt::write
[INFO] [stdout]    2:     0x62b237482c7c - <alloc[2e1b2a31b91974c5]::vec::Vec<u8> as core[a373ad73a504971]::io::write::Write>::write_fmt
[INFO] [stdout]    3:     0x62b23745aac6 - std[617be2ca0a6fd877]::panicking::default_hook::{closure#0}
[INFO] [stdout]    4:     0x62b237476fb9 - std[617be2ca0a6fd877]::panicking::default_hook
[INFO] [stdout]    5:     0x62b2373dc050 - test[aada8e7e76ba119b]::test_main_inner::{closure#0}
[INFO] [stdout]    6:     0x62b237477172 - std[617be2ca0a6fd877]::panicking::panic_with_hook
[INFO] [stdout]    7:     0x62b23745ab72 - std[617be2ca0a6fd877]::panicking::panic_handler::{closure#0}
[INFO] [stdout]    8:     0x62b237453859 - std[617be2ca0a6fd877]::sys::backtrace::__rust_end_short_backtrace::<std[617be2ca0a6fd877]::panicking::panic_handler::{closure#0}, !>
[INFO] [stdout]    9:     0x62b23745b77d - __rustc[ea4f61d10b84890b]::rust_begin_unwind
[INFO] [stdout]   10:     0x62b2374938fc - core[a373ad73a504971]::panicking::panic_fmt
[INFO] [stdout]   11:     0x62b2374936d2 - core[a373ad73a504971]::result::unwrap_failed
[INFO] [stdout]   12:     0x62b237410fbc - <rusoto_mock[494343f50ae4f61f]::MockResponseReader as rusoto_mock[494343f50ae4f61f]::ReadMockResponse>::read_response
[INFO] [stdout]   13:     0x62b2373b29ed - rusoto_elasticbeanstalk[ba264db44a5809a1]::generated::protocol_tests::test_parse_valid_elasticbeanstalk_describe_configuration_options::{closure#0}
[INFO] [stdout]   14:     0x62b2373b8c3d - <tokio[a5aead05e7fe6652]::macros::scoped_tls::ScopedKey<tokio[a5aead05e7fe6652]::runtime::basic_scheduler::Context>>::set::<tokio[a5aead05e7fe6652]::runtime::basic_scheduler::enter<<tokio[a5aead05e7fe6652]::runtime::basic_scheduler::BasicScheduler<tokio[a5aead05e7fe6652]::park::either::Either<tokio[a5aead05e7fe6652]::time::driver::Driver<tokio[a5aead05e7fe6652]::park::either::Either<tokio[a5aead05e7fe6652]::io::driver::Driver, tokio[a5aead05e7fe6652]::park::thread::ParkThread>>, tokio[a5aead05e7fe6652]::park::either::Either<tokio[a5aead05e7fe6652]::io::driver::Driver, tokio[a5aead05e7fe6652]::park::thread::ParkThread>>>>::block_on<rusoto_elasticbeanstalk[ba264db44a5809a1]::generated::protocol_tests::test_parse_valid_elasticbeanstalk_describe_configuration_options::{closure#0}>::{closure#0}, (), tokio[a5aead05e7fe6652]::park::either::Either<tokio[a5aead05e7fe6652]::time::driver::Driver<tokio[a5aead05e7fe6652]::park::either::Either<tokio[a5aead05e7fe6652]::io::driver::Driver, tokio[a5aead05e7fe6652]::park::thread::ParkThread>>, tokio[a5aead05e7fe6652]::park::either::Either<tokio[a5aead05e7fe6652]::io::driver::Driver, tokio[a5aead05e7fe6652]::park::thread::ParkThread>>>::{closure#0}, ()>
[INFO] [stdout]   15:     0x62b2373caa46 - tokio[a5aead05e7fe6652]::runtime::basic_scheduler::enter::<<tokio[a5aead05e7fe6652]::runtime::basic_scheduler::BasicScheduler<tokio[a5aead05e7fe6652]::park::either::Either<tokio[a5aead05e7fe6652]::time::driver::Driver<tokio[a5aead05e7fe6652]::park::either::Either<tokio[a5aead05e7fe6652]::io::driver::Driver, tokio[a5aead05e7fe6652]::park::thread::ParkThread>>, tokio[a5aead05e7fe6652]::park::either::Either<tokio[a5aead05e7fe6652]::io::driver::Driver, tokio[a5aead05e7fe6652]::park::thread::ParkThread>>>>::block_on<rusoto_elasticbeanstalk[ba264db44a5809a1]::generated::protocol_tests::test_parse_valid_elasticbeanstalk_describe_configuration_options::{closure#0}>::{closure#0}, (), tokio[a5aead05e7fe6652]::park::either::Either<tokio[a5aead05e7fe6652]::time::driver::Driver<tokio[a5aead05e7fe6652]::park::either::Either<tokio[a5aead05e7fe6652]::io::driver::Driver, tokio[a5aead05e7fe6652]::park::thread::ParkThread>>, tokio[a5aead05e7fe6652]::park::either::Either<tokio[a5aead05e7fe6652]::io::driver::Driver, tokio[a5aead05e7fe6652]::park::thread::ParkThread>>>
[INFO] [stdout]   16:     0x62b2373ced21 - tokio[a5aead05e7fe6652]::runtime::context::enter::<<tokio[a5aead05e7fe6652]::runtime::Runtime>::block_on<rusoto_elasticbeanstalk[ba264db44a5809a1]::generated::protocol_tests::test_parse_valid_elasticbeanstalk_describe_configuration_options::{closure#0}>::{closure#0}, ()>
[INFO] [stdout]   17:     0x62b2373cd35a - <rusoto_elasticbeanstalk[ba264db44a5809a1]::generated::protocol_tests::test_parse_valid_elasticbeanstalk_describe_configuration_options::{closure#0} as core[a373ad73a504971]::ops::function::FnOnce<()>>::call_once
[INFO] [stdout]   18:     0x62b2373cf49b - test[aada8e7e76ba119b]::__rust_begin_short_backtrace::<core[a373ad73a504971]::result::Result<(), alloc[2e1b2a31b91974c5]::string::String>, fn() -> core[a373ad73a504971]::result::Result<(), alloc[2e1b2a31b91974c5]::string::String>>
[INFO] [stdout]   19:     0x62b2373dc675 - test[aada8e7e76ba119b]::run_test::{closure#0}
[INFO] [stdout]   20:     0x62b2373d5f64 - std[617be2ca0a6fd877]::sys::backtrace::__rust_begin_short_backtrace::<test[aada8e7e76ba119b]::run_test::{closure#1}, ()>
[INFO] [stdout]   21:     0x62b2373df702 - <std[617be2ca0a6fd877]::thread::lifecycle::spawn_unchecked<test[aada8e7e76ba119b]::run_test::{closure#1}, ()>::{closure#1} as core[a373ad73a504971]::ops::function::FnOnce<()>>::call_once::{shim:vtable#0}
[INFO] [stdout]   22:     0x62b23747e17f - <std[617be2ca0a6fd877]::sys::thread::unix::Thread>::new::thread_start
[INFO] [stdout]   23:     0x749cb3b01dfa - <unknown>
[INFO] [stdout]   24:     0x749cb3b953d4 - clone
[INFO] [stdout]   25:                0x0 - <unknown>
[INFO] [stdout] 
[INFO] [stdout] ---- generated::protocol_tests::test_parse_valid_elasticbeanstalk_check_dns_availability stdout ----
[INFO] [stdout] 
[INFO] [stdout] thread 'generated::protocol_tests::test_parse_valid_elasticbeanstalk_check_dns_availability' (1359) panicked at /opt/rustwide/cargo-home/registry/src/index.crates.io-1949cf8c6b5b557f/mz_rusoto_mock-0.46.0/src/lib.rs:175:53:
[INFO] [stdout] couldn't find file: Os { code: 2, kind: NotFound, message: "No such file or directory" }
[INFO] [stdout] stack backtrace:
[INFO] [stdout]    0:     0x62b23747e921 - <<std[617be2ca0a6fd877]::sys::backtrace::BacktraceLock>::print::DisplayBacktrace as core[a373ad73a504971]::fmt::Display>::fmt
[INFO] [stdout]    1:     0x62b23749319a - core[a373ad73a504971]::fmt::write
[INFO] [stdout]    2:     0x62b237482c7c - <alloc[2e1b2a31b91974c5]::vec::Vec<u8> as core[a373ad73a504971]::io::write::Write>::write_fmt
[INFO] [stdout]    3:     0x62b23745aac6 - std[617be2ca0a6fd877]::panicking::default_hook::{closure#0}
[INFO] [stdout]    4:     0x62b237476fb9 - std[617be2ca0a6fd877]::panicking::default_hook
[INFO] [stdout]    5:     0x62b2373dc050 - test[aada8e7e76ba119b]::test_main_inner::{closure#0}
[INFO] [stdout]    6:     0x62b237477172 - std[617be2ca0a6fd877]::panicking::panic_with_hook
[INFO] [stdout]    7:     0x62b23745ab72 - std[617be2ca0a6fd877]::panicking::panic_handler::{closure#0}
[INFO] [stdout]    8:     0x62b237453859 - std[617be2ca0a6fd877]::sys::backtrace::__rust_end_short_backtrace::<std[617be2ca0a6fd877]::panicking::panic_handler::{closure#0}, !>
[INFO] [stdout]    9:     0x62b23745b77d - __rustc[ea4f61d10b84890b]::rust_begin_unwind
[INFO] [stdout]   10:     0x62b2374938fc - core[a373ad73a504971]::panicking::panic_fmt
[INFO] [stdout]   11:     0x62b2374936d2 - core[a373ad73a504971]::result::unwrap_failed
[INFO] [stdout]   12:     0x62b237410fbc - <rusoto_mock[494343f50ae4f61f]::MockResponseReader as rusoto_mock[494343f50ae4f61f]::ReadMockResponse>::read_response
[INFO] [stdout]   13:     0x62b2373b109d - rusoto_elasticbeanstalk[ba264db44a5809a1]::generated::protocol_tests::test_parse_valid_elasticbeanstalk_check_dns_availability::{closure#0}
[INFO] [stdout]   14:     0x62b2373b654d - <tokio[a5aead05e7fe6652]::macros::scoped_tls::ScopedKey<tokio[a5aead05e7fe6652]::runtime::basic_scheduler::Context>>::set::<tokio[a5aead05e7fe6652]::runtime::basic_scheduler::enter<<tokio[a5aead05e7fe6652]::runtime::basic_scheduler::BasicScheduler<tokio[a5aead05e7fe6652]::park::either::Either<tokio[a5aead05e7fe6652]::time::driver::Driver<tokio[a5aead05e7fe6652]::park::either::Either<tokio[a5aead05e7fe6652]::io::driver::Driver, tokio[a5aead05e7fe6652]::park::thread::ParkThread>>, tokio[a5aead05e7fe6652]::park::either::Either<tokio[a5aead05e7fe6652]::io::driver::Driver, tokio[a5aead05e7fe6652]::park::thread::ParkThread>>>>::block_on<rusoto_elasticbeanstalk[ba264db44a5809a1]::generated::protocol_tests::test_parse_valid_elasticbeanstalk_check_dns_availability::{closure#0}>::{closure#0}, (), tokio[a5aead05e7fe6652]::park::either::Either<tokio[a5aead05e7fe6652]::time::driver::Driver<tokio[a5aead05e7fe6652]::park::either::Either<tokio[a5aead05e7fe6652]::io::driver::Driver, tokio[a5aead05e7fe6652]::park::thread::ParkThread>>, tokio[a5aead05e7fe6652]::park::either::Either<tokio[a5aead05e7fe6652]::io::driver::Driver, tokio[a5aead05e7fe6652]::park::thread::ParkThread>>>::{closure#0}, ()>
[INFO] [stdout]   15:     0x62b2373ca186 - tokio[a5aead05e7fe6652]::runtime::basic_scheduler::enter::<<tokio[a5aead05e7fe6652]::runtime::basic_scheduler::BasicScheduler<tokio[a5aead05e7fe6652]::park::either::Either<tokio[a5aead05e7fe6652]::time::driver::Driver<tokio[a5aead05e7fe6652]::park::either::Either<tokio[a5aead05e7fe6652]::io::driver::Driver, tokio[a5aead05e7fe6652]::park::thread::ParkThread>>, tokio[a5aead05e7fe6652]::park::either::Either<tokio[a5aead05e7fe6652]::io::driver::Driver, tokio[a5aead05e7fe6652]::park::thread::ParkThread>>>>::block_on<rusoto_elasticbeanstalk[ba264db44a5809a1]::generated::protocol_tests::test_parse_valid_elasticbeanstalk_check_dns_availability::{closure#0}>::{closure#0}, (), tokio[a5aead05e7fe6652]::park::either::Either<tokio[a5aead05e7fe6652]::time::driver::Driver<tokio[a5aead05e7fe6652]::park::either::Either<tokio[a5aead05e7fe6652]::io::driver::Driver, tokio[a5aead05e7fe6652]::park::thread::ParkThread>>, tokio[a5aead05e7fe6652]::park::either::Either<tokio[a5aead05e7fe6652]::io::driver::Driver, tokio[a5aead05e7fe6652]::park::thread::ParkThread>>>
[INFO] [stdout]   16:     0x62b2373ce4d1 - tokio[a5aead05e7fe6652]::runtime::context::enter::<<tokio[a5aead05e7fe6652]::runtime::Runtime>::block_on<rusoto_elasticbeanstalk[ba264db44a5809a1]::generated::protocol_tests::test_parse_valid_elasticbeanstalk_check_dns_availability::{closure#0}>::{closure#0}, ()>
[INFO] [stdout]   17:     0x62b2373cc6aa - <rusoto_elasticbeanstalk[ba264db44a5809a1]::generated::protocol_tests::test_parse_valid_elasticbeanstalk_check_dns_availability::{closure#0} as core[a373ad73a504971]::ops::function::FnOnce<()>>::call_once
[INFO] [stdout]   18:     0x62b2373cf49b - test[aada8e7e76ba119b]::__rust_begin_short_backtrace::<core[a373ad73a504971]::result::Result<(), alloc[2e1b2a31b91974c5]::string::String>, fn() -> core[a373ad73a504971]::result::Result<(), alloc[2e1b2a31b91974c5]::string::String>>
[INFO] [stdout]   19:     0x62b2373dc675 - test[aada8e7e76ba119b]::run_test::{closure#0}
[INFO] [stdout]   20:     0x62b2373d5f64 - std[617be2ca0a6fd877]::sys::backtrace::__rust_begin_short_backtrace::<test[aada8e7e76ba119b]::run_test::{closure#1}, ()>
[INFO] [stdout]   21:     0x62b2373df702 - <std[617be2ca0a6fd877]::thread::lifecycle::spawn_unchecked<test[aada8e7e76ba119b]::run_test::{closure#1}, ()>::{closure#1} as core[a373ad73a504971]::ops::function::FnOnce<()>>::call_once::{shim:vtable#0}
[INFO] [stdout]   22:     0x62b23747e17f - <std[617be2ca0a6fd877]::sys::thread::unix::Thread>::new::thread_start
[INFO] [stdout]   23:     0x749cb3b01dfa - <unknown>
[INFO] [stdout]   24:     0x749cb3b953d4 - clone
[INFO] [stdout]   25:                0x0 - <unknown>
[INFO] [stdout] 
[INFO] [stdout] ---- generated::protocol_tests::test_parse_valid_elasticbeanstalk_create_environment stdout ----
[INFO] [stdout] 
[INFO] [stdout] thread 'generated::protocol_tests::test_parse_valid_elasticbeanstalk_create_environment' (1363) panicked at /opt/rustwide/cargo-home/registry/src/index.crates.io-1949cf8c6b5b557f/mz_rusoto_mock-0.46.0/src/lib.rs:175:53:
[INFO] [stdout] couldn't find file: Os { code: 2, kind: NotFound, message: "No such file or directory" }
[INFO] [stdout] stack backtrace:
[INFO] [stdout]    0:     0x62b23747e921 - <<std[617be2ca0a6fd877]::sys::backtrace::BacktraceLock>::print::DisplayBacktrace as core[a373ad73a504971]::fmt::Display>::fmt
[INFO] [stdout]    1:     0x62b23749319a - core[a373ad73a504971]::fmt::write
[INFO] [stdout]    2:     0x62b237482c7c - <alloc[2e1b2a31b91974c5]::vec::Vec<u8> as core[a373ad73a504971]::io::write::Write>::write_fmt
[INFO] [stdout]    3:     0x62b23745aac6 - std[617be2ca0a6fd877]::panicking::default_hook::{closure#0}
[INFO] [stdout]    4:     0x62b237476fb9 - std[617be2ca0a6fd877]::panicking::default_hook
[INFO] [stdout]    5:     0x62b2373dc050 - test[aada8e7e76ba119b]::test_main_inner::{closure#0}
[INFO] [stdout]    6:     0x62b237477172 - std[617be2ca0a6fd877]::panicking::panic_with_hook
[INFO] [stdout]    7:     0x62b23745ab72 - std[617be2ca0a6fd877]::panicking::panic_handler::{closure#0}
[INFO] [stdout]    8:     0x62b237453859 - std[617be2ca0a6fd877]::sys::backtrace::__rust_end_short_backtrace::<std[617be2ca0a6fd877]::panicking::panic_handler::{closure#0}, !>
[INFO] [stdout]    9:     0x62b23745b77d - __rustc[ea4f61d10b84890b]::rust_begin_unwind
[INFO] [stdout]   10:     0x62b2374938fc - core[a373ad73a504971]::panicking::panic_fmt
[INFO] [stdout]   11:     0x62b2374936d2 - core[a373ad73a504971]::result::unwrap_failed
[INFO] [stdout]   12:     0x62b237410fbc - <rusoto_mock[494343f50ae4f61f]::MockResponseReader as rusoto_mock[494343f50ae4f61f]::ReadMockResponse>::read_response
[INFO] [stdout]   13:     0x62b2373afaed - rusoto_elasticbeanstalk[ba264db44a5809a1]::generated::protocol_tests::test_parse_valid_elasticbeanstalk_create_environment::{closure#0}
[INFO] [stdout]   14:     0x62b2373b43ed - <tokio[a5aead05e7fe6652]::macros::scoped_tls::ScopedKey<tokio[a5aead05e7fe6652]::runtime::basic_scheduler::Context>>::set::<tokio[a5aead05e7fe6652]::runtime::basic_scheduler::enter<<tokio[a5aead05e7fe6652]::runtime::basic_scheduler::BasicScheduler<tokio[a5aead05e7fe6652]::park::either::Either<tokio[a5aead05e7fe6652]::time::driver::Driver<tokio[a5aead05e7fe6652]::park::either::Either<tokio[a5aead05e7fe6652]::io::driver::Driver, tokio[a5aead05e7fe6652]::park::thread::ParkThread>>, tokio[a5aead05e7fe6652]::park::either::Either<tokio[a5aead05e7fe6652]::io::driver::Driver, tokio[a5aead05e7fe6652]::park::thread::ParkThread>>>>::block_on<rusoto_elasticbeanstalk[ba264db44a5809a1]::generated::protocol_tests::test_parse_valid_elasticbeanstalk_create_environment::{closure#0}>::{closure#0}, (), tokio[a5aead05e7fe6652]::park::either::Either<tokio[a5aead05e7fe6652]::time::driver::Driver<tokio[a5aead05e7fe6652]::park::either::Either<tokio[a5aead05e7fe6652]::io::driver::Driver, tokio[a5aead05e7fe6652]::park::thread::ParkThread>>, tokio[a5aead05e7fe6652]::park::either::Either<tokio[a5aead05e7fe6652]::io::driver::Driver, tokio[a5aead05e7fe6652]::park::thread::ParkThread>>>::{closure#0}, ()>
[INFO] [stdout]   15:     0x62b2373c9a06 - tokio[a5aead05e7fe6652]::runtime::basic_scheduler::enter::<<tokio[a5aead05e7fe6652]::runtime::basic_scheduler::BasicScheduler<tokio[a5aead05e7fe6652]::park::either::Either<tokio[a5aead05e7fe6652]::time::driver::Driver<tokio[a5aead05e7fe6652]::park::either::Either<tokio[a5aead05e7fe6652]::io::driver::Driver, tokio[a5aead05e7fe6652]::park::thread::ParkThread>>, tokio[a5aead05e7fe6652]::park::either::Either<tokio[a5aead05e7fe6652]::io::driver::Driver, tokio[a5aead05e7fe6652]::park::thread::ParkThread>>>>::block_on<rusoto_elasticbeanstalk[ba264db44a5809a1]::generated::protocol_tests::test_parse_valid_elasticbeanstalk_create_environment::{closure#0}>::{closure#0}, (), tokio[a5aead05e7fe6652]::park::either::Either<tokio[a5aead05e7fe6652]::time::driver::Driver<tokio[a5aead05e7fe6652]::park::either::Either<tokio[a5aead05e7fe6652]::io::driver::Driver, tokio[a5aead05e7fe6652]::park::thread::ParkThread>>, tokio[a5aead05e7fe6652]::park::either::Either<tokio[a5aead05e7fe6652]::io::driver::Driver, tokio[a5aead05e7fe6652]::park::thread::ParkThread>>>
[INFO] [stdout]   16:     0x62b2373cddb1 - tokio[a5aead05e7fe6652]::runtime::context::enter::<<tokio[a5aead05e7fe6652]::runtime::Runtime>::block_on<rusoto_elasticbeanstalk[ba264db44a5809a1]::generated::protocol_tests::test_parse_valid_elasticbeanstalk_create_environment::{closure#0}>::{closure#0}, ()>
[INFO] [stdout]   17:     0x62b2373cbbca - <rusoto_elasticbeanstalk[ba264db44a5809a1]::generated::protocol_tests::test_parse_valid_elasticbeanstalk_create_environment::{closure#0} as core[a373ad73a504971]::ops::function::FnOnce<()>>::call_once
[INFO] [stdout]   18:     0x62b2373cf49b - test[aada8e7e76ba119b]::__rust_begin_short_backtrace::<core[a373ad73a504971]::result::Result<(), alloc[2e1b2a31b91974c5]::string::String>, fn() -> core[a373ad73a504971]::result::Result<(), alloc[2e1b2a31b91974c5]::string::String>>
[INFO] [stdout]   19:     0x62b2373dc675 - test[aada8e7e76ba119b]::run_test::{closure#0}
[INFO] [stdout]   20:     0x62b2373d5f64 - std[617be2ca0a6fd877]::sys::backtrace::__rust_begin_short_backtrace::<test[aada8e7e76ba119b]::run_test::{closure#1}, ()>
[INFO] [stdout]   21:     0x62b2373df702 - <std[617be2ca0a6fd877]::thread::lifecycle::spawn_unchecked<test[aada8e7e76ba119b]::run_test::{closure#1}, ()>::{closure#1} as core[a373ad73a504971]::ops::function::FnOnce<()>>::call_once::{shim:vtable#0}
[INFO] [stdout]   22:     0x62b23747e17f - <std[617be2ca0a6fd877]::sys::thread::unix::Thread>::new::thread_start
[INFO] [stdout]   23:     0x749cb3b01dfa - <unknown>
[INFO] [stdout]   24:     0x749cb3b953d4 - clone
[INFO] [stdout]   25:                0x0 - <unknown>
[INFO] [stdout] 
[INFO] [stdout] ---- generated::protocol_tests::test_parse_valid_elasticbeanstalk_delete_application stdout ----
[INFO] [stdout] 
[INFO] [stdout] thread 'generated::protocol_tests::test_parse_valid_elasticbeanstalk_delete_application' (1365) panicked at /opt/rustwide/cargo-home/registry/src/index.crates.io-1949cf8c6b5b557f/mz_rusoto_mock-0.46.0/src/lib.rs:175:53:
[INFO] [stdout] couldn't find file: Os { code: 2, kind: NotFound, message: "No such file or directory" }
[INFO] [stdout] stack backtrace:
[INFO] [stdout]    0:     0x62b23747e921 - <<std[617be2ca0a6fd877]::sys::backtrace::BacktraceLock>::print::DisplayBacktrace as core[a373ad73a504971]::fmt::Display>::fmt
[INFO] [stdout]    1:     0x62b23749319a - core[a373ad73a504971]::fmt::write
[INFO] [stdout]    2:     0x62b237482c7c - <alloc[2e1b2a31b91974c5]::vec::Vec<u8> as core[a373ad73a504971]::io::write::Write>::write_fmt
[INFO] [stdout]    3:     0x62b23745aac6 - std[617be2ca0a6fd877]::panicking::default_hook::{closure#0}
[INFO] [stdout]    4:     0x62b237476fb9 - std[617be2ca0a6fd877]::panicking::default_hook
[INFO] [stdout]    5:     0x62b2373dc050 - test[aada8e7e76ba119b]::test_main_inner::{closure#0}
[INFO] [stdout]    6:     0x62b237477172 - std[617be2ca0a6fd877]::panicking::panic_with_hook
[INFO] [stdout]    7:     0x62b23745ab72 - std[617be2ca0a6fd877]::panicking::panic_handler::{closure#0}
[INFO] [stdout]    8:     0x62b237453859 - std[617be2ca0a6fd877]::sys::backtrace::__rust_end_short_backtrace::<std[617be2ca0a6fd877]::panicking::panic_handler::{closure#0}, !>
[INFO] [stdout]    9:     0x62b23745b77d - __rustc[ea4f61d10b84890b]::rust_begin_unwind
[INFO] [stdout]   10:     0x62b2374938fc - core[a373ad73a504971]::panicking::panic_fmt
[INFO] [stdout]   11:     0x62b2374936d2 - core[a373ad73a504971]::result::unwrap_failed
[INFO] [stdout]   12:     0x62b237410fbc - <rusoto_mock[494343f50ae4f61f]::MockResponseReader as rusoto_mock[494343f50ae4f61f]::ReadMockResponse>::read_response
[INFO] [stdout]   13:     0x62b2373afeed - rusoto_elasticbeanstalk[ba264db44a5809a1]::generated::protocol_tests::test_parse_valid_elasticbeanstalk_delete_application::{closure#0}
[INFO] [stdout]   14:     0x62b2373b497d - <tokio[a5aead05e7fe6652]::macros::scoped_tls::ScopedKey<tokio[a5aead05e7fe6652]::runtime::basic_scheduler::Context>>::set::<tokio[a5aead05e7fe6652]::runtime::basic_scheduler::enter<<tokio[a5aead05e7fe6652]::runtime::basic_scheduler::BasicScheduler<tokio[a5aead05e7fe6652]::park::either::Either<tokio[a5aead05e7fe6652]::time::driver::Driver<tokio[a5aead05e7fe6652]::park::either::Either<tokio[a5aead05e7fe6652]::io::driver::Driver, tokio[a5aead05e7fe6652]::park::thread::ParkThread>>, tokio[a5aead05e7fe6652]::park::either::Either<tokio[a5aead05e7fe6652]::io::driver::Driver, tokio[a5aead05e7fe6652]::park::thread::ParkThread>>>>::block_on<rusoto_elasticbeanstalk[ba264db44a5809a1]::generated::protocol_tests::test_parse_valid_elasticbeanstalk_delete_application::{closure#0}>::{closure#0}, (), tokio[a5aead05e7fe6652]::park::either::Either<tokio[a5aead05e7fe6652]::time::driver::Driver<tokio[a5aead05e7fe6652]::park::either::Either<tokio[a5aead05e7fe6652]::io::driver::Driver, tokio[a5aead05e7fe6652]::park::thread::ParkThread>>, tokio[a5aead05e7fe6652]::park::either::Either<tokio[a5aead05e7fe6652]::io::driver::Driver, tokio[a5aead05e7fe6652]::park::thread::ParkThread>>>::{closure#0}, ()>
[INFO] [stdout]   15:     0x62b2373c9b46 - tokio[a5aead05e7fe6652]::runtime::basic_scheduler::enter::<<tokio[a5aead05e7fe6652]::runtime::basic_scheduler::BasicScheduler<tokio[a5aead05e7fe6652]::park::either::Either<tokio[a5aead05e7fe6652]::time::driver::Driver<tokio[a5aead05e7fe6652]::park::either::Either<tokio[a5aead05e7fe6652]::io::driver::Driver, tokio[a5aead05e7fe6652]::park::thread::ParkThread>>, tokio[a5aead05e7fe6652]::park::either::Either<tokio[a5aead05e7fe6652]::io::driver::Driver, tokio[a5aead05e7fe6652]::park::thread::ParkThread>>>>::block_on<rusoto_elasticbeanstalk[ba264db44a5809a1]::generated::protocol_tests::test_parse_valid_elasticbeanstalk_delete_application::{closure#0}>::{closure#0}, (), tokio[a5aead05e7fe6652]::park::either::Either<tokio[a5aead05e7fe6652]::time::driver::Driver<tokio[a5aead05e7fe6652]::park::either::Either<tokio[a5aead05e7fe6652]::io::driver::Driver, tokio[a5aead05e7fe6652]::park::thread::ParkThread>>, tokio[a5aead05e7fe6652]::park::either::Either<tokio[a5aead05e7fe6652]::io::driver::Driver, tokio[a5aead05e7fe6652]::park::thread::ParkThread>>>
[INFO] [stderr] error: test failed, to rerun pass `--lib`
[INFO] [stdout]   16:     0x62b2373cdee1 - tokio[a5aead05e7fe6652]::runtime::context::enter::<<tokio[a5aead05e7fe6652]::runtime::Runtime>::block_on<rusoto_elasticbeanstalk[ba264db44a5809a1]::generated::protocol_tests::test_parse_valid_elasticbeanstalk_delete_application::{closure#0}>::{closure#0}, ()>
[INFO] [stdout]   17:     0x62b2373cbd9a - <rusoto_elasticbeanstalk[ba264db44a5809a1]::generated::protocol_tests::test_parse_valid_elasticbeanstalk_delete_application::{closure#0} as core[a373ad73a504971]::ops::function::FnOnce<()>>::call_once
[INFO] [stdout]   18:     0x62b2373cf49b - test[aada8e7e76ba119b]::__rust_begin_short_backtrace::<core[a373ad73a504971]::result::Result<(), alloc[2e1b2a31b91974c5]::string::String>, fn() -> core[a373ad73a504971]::result::Result<(), alloc[2e1b2a31b91974c5]::string::String>>
[INFO] [stdout]   19:     0x62b2373dc675 - test[aada8e7e76ba119b]::run_test::{closure#0}
[INFO] [stdout]   20:     0x62b2373d5f64 - std[617be2ca0a6fd877]::sys::backtrace::__rust_begin_short_backtrace::<test[aada8e7e76ba119b]::run_test::{closure#1}, ()>
[INFO] [stdout]   21:     0x62b2373df702 - <std[617be2ca0a6fd877]::thread::lifecycle::spawn_unchecked<test[aada8e7e76ba119b]::run_test::{closure#1}, ()>::{closure#1} as core[a373ad73a504971]::ops::function::FnOnce<()>>::call_once::{shim:vtable#0}
[INFO] [stdout]   22:     0x62b23747e17f - <std[617be2ca0a6fd877]::sys::thread::unix::Thread>::new::thread_start
[INFO] [stdout]   23:     0x749cb3b01dfa - <unknown>
[INFO] [stdout]   24:     0x749cb3b953d4 - clone
[INFO] [stdout]   25:                0x0 - <unknown>
[INFO] [stdout] 
[INFO] [stdout] ---- generated::protocol_tests::test_parse_valid_elasticbeanstalk_list_available_solution_stacks stdout ----
[INFO] [stdout] 
[INFO] [stdout] thread 'generated::protocol_tests::test_parse_valid_elasticbeanstalk_list_available_solution_stacks' (1371) panicked at /opt/rustwide/cargo-home/registry/src/index.crates.io-1949cf8c6b5b557f/mz_rusoto_mock-0.46.0/src/lib.rs:175:53:
[INFO] [stdout] couldn't find file: Os { code: 2, kind: NotFound, message: "No such file or directory" }
[INFO] [stdout] stack backtrace:
[INFO] [stdout]    0:     0x62b23747e921 - <<std[617be2ca0a6fd877]::sys::backtrace::BacktraceLock>::print::DisplayBacktrace as core[a373ad73a504971]::fmt::Display>::fmt
[INFO] [stdout]    1:     0x62b23749319a - core[a373ad73a504971]::fmt::write
[INFO] [stdout]    2:     0x62b237482c7c - <alloc[2e1b2a31b91974c5]::vec::Vec<u8> as core[a373ad73a504971]::io::write::Write>::write_fmt
[INFO] [stdout]    3:     0x62b23745aac6 - std[617be2ca0a6fd877]::panicking::default_hook::{closure#0}
[INFO] [stdout]    4:     0x62b237476fb9 - std[617be2ca0a6fd877]::panicking::default_hook
[INFO] [stdout]    5:     0x62b2373dc050 - test[aada8e7e76ba119b]::test_main_inner::{closure#0}
[INFO] [stdout]    6:     0x62b237477172 - std[617be2ca0a6fd877]::panicking::panic_with_hook
[INFO] [stdout]    7:     0x62b23745ab72 - std[617be2ca0a6fd877]::panicking::panic_handler::{closure#0}
[INFO] [stdout]    8:     0x62b237453859 - std[617be2ca0a6fd877]::sys::backtrace::__rust_end_short_backtrace::<std[617be2ca0a6fd877]::panicking::panic_handler::{closure#0}, !>
[INFO] [stdout]    9:     0x62b23745b77d - __rustc[ea4f61d10b84890b]::rust_begin_unwind
[INFO] [stdout]   10:     0x62b2374938fc - core[a373ad73a504971]::panicking::panic_fmt
[INFO] [stdout]   11:     0x62b2374936d2 - core[a373ad73a504971]::result::unwrap_failed
[INFO] [stdout]   12:     0x62b237410fbc - <rusoto_mock[494343f50ae4f61f]::MockResponseReader as rusoto_mock[494343f50ae4f61f]::ReadMockResponse>::read_response
[INFO] [stdout]   13:     0x62b2373b2d9d - rusoto_elasticbeanstalk[ba264db44a5809a1]::generated::protocol_tests::test_parse_valid_elasticbeanstalk_list_available_solution_stacks::{closure#0}
[INFO] [stdout]   14:     0x62b2373b91cd - <tokio[a5aead05e7fe6652]::macros::scoped_tls::ScopedKey<tokio[a5aead05e7fe6652]::runtime::basic_scheduler::Context>>::set::<tokio[a5aead05e7fe6652]::runtime::basic_scheduler::enter<<tokio[a5aead05e7fe6652]::runtime::basic_scheduler::BasicScheduler<tokio[a5aead05e7fe6652]::park::either::Either<tokio[a5aead05e7fe6652]::time::driver::Driver<tokio[a5aead05e7fe6652]::park::either::Either<tokio[a5aead05e7fe6652]::io::driver::Driver, tokio[a5aead05e7fe6652]::park::thread::ParkThread>>, tokio[a5aead05e7fe6652]::park::either::Either<tokio[a5aead05e7fe6652]::io::driver::Driver, tokio[a5aead05e7fe6652]::park::thread::ParkThread>>>>::block_on<rusoto_elasticbeanstalk[ba264db44a5809a1]::generated::protocol_tests::test_parse_valid_elasticbeanstalk_list_available_solution_stacks::{closure#0}>::{closure#0}, (), tokio[a5aead05e7fe6652]::park::either::Either<tokio[a5aead05e7fe6652]::time::driver::Driver<tokio[a5aead05e7fe6652]::park::either::Either<tokio[a5aead05e7fe6652]::io::driver::Driver, tokio[a5aead05e7fe6652]::park::thread::ParkThread>>, tokio[a5aead05e7fe6652]::park::either::Either<tokio[a5aead05e7fe6652]::io::driver::Driver, tokio[a5aead05e7fe6652]::park::thread::ParkThread>>>::{closure#0}, ()>
[INFO] [stdout]   15:     0x62b2373cab86 - tokio[a5aead05e7fe6652]::runtime::basic_scheduler::enter::<<tokio[a5aead05e7fe6652]::runtime::basic_scheduler::BasicScheduler<tokio[a5aead05e7fe6652]::park::either::Either<tokio[a5aead05e7fe6652]::time::driver::Driver<tokio[a5aead05e7fe6652]::park::either::Either<tokio[a5aead05e7fe6652]::io::driver::Driver, tokio[a5aead05e7fe6652]::park::thread::ParkThread>>, tokio[a5aead05e7fe6652]::park::either::Either<tokio[a5aead05e7fe6652]::io::driver::Driver, tokio[a5aead05e7fe6652]::park::thread::ParkThread>>>>::block_on<rusoto_elasticbeanstalk[ba264db44a5809a1]::generated::protocol_tests::test_parse_valid_elasticbeanstalk_list_available_solution_stacks::{closure#0}>::{closure#0}, (), tokio[a5aead05e7fe6652]::park::either::Either<tokio[a5aead05e7fe6652]::time::driver::Driver<tokio[a5aead05e7fe6652]::park::either::Either<tokio[a5aead05e7fe6652]::io::driver::Driver, tokio[a5aead05e7fe6652]::park::thread::ParkThread>>, tokio[a5aead05e7fe6652]::park::either::Either<tokio[a5aead05e7fe6652]::io::driver::Driver, tokio[a5aead05e7fe6652]::park::thread::ParkThread>>>
[INFO] [stdout]   16:     0x62b2373cee51 - tokio[a5aead05e7fe6652]::runtime::context::enter::<<tokio[a5aead05e7fe6652]::runtime::Runtime>::block_on<rusoto_elasticbeanstalk[ba264db44a5809a1]::generated::protocol_tests::test_parse_valid_elasticbeanstalk_list_available_solution_stacks::{closure#0}>::{closure#0}, ()>
[INFO] [stdout]   17:     0x62b2373cd52a - <rusoto_elasticbeanstalk[ba264db44a5809a1]::generated::protocol_tests::test_parse_valid_elasticbeanstalk_list_available_solution_stacks::{closure#0} as core[a373ad73a504971]::ops::function::FnOnce<()>>::call_once
[INFO] [stdout]   18:     0x62b2373cf49b - test[aada8e7e76ba119b]::__rust_begin_short_backtrace::<core[a373ad73a504971]::result::Result<(), alloc[2e1b2a31b91974c5]::string::String>, fn() -> core[a373ad73a504971]::result::Result<(), alloc[2e1b2a31b91974c5]::string::String>>
[INFO] [stdout]   19:     0x62b2373dc675 - test[aada8e7e76ba119b]::run_test::{closure#0}
[INFO] [stdout]   20:     0x62b2373d5f64 - std[617be2ca0a6fd877]::sys::backtrace::__rust_begin_short_backtrace::<test[aada8e7e76ba119b]::run_test::{closure#1}, ()>
[INFO] [stdout]   21:     0x62b2373df702 - <std[617be2ca0a6fd877]::thread::lifecycle::spawn_unchecked<test[aada8e7e76ba119b]::run_test::{closure#1}, ()>::{closure#1} as core[a373ad73a504971]::ops::function::FnOnce<()>>::call_once::{shim:vtable#0}
[INFO] [stdout]   22:     0x62b23747e17f - <std[617be2ca0a6fd877]::sys::thread::unix::Thread>::new::thread_start
[INFO] [stdout]   23:     0x749cb3b01dfa - <unknown>
[INFO] [stdout]   24:     0x749cb3b953d4 - clone
[INFO] [stdout]   25:                0x0 - <unknown>
[INFO] [stdout] 
[INFO] [stdout] ---- generated::protocol_tests::test_parse_valid_elasticbeanstalk_describe_environments stdout ----
[INFO] [stdout] 
[INFO] [stdout] thread 'generated::protocol_tests::test_parse_valid_elasticbeanstalk_describe_environments' (1369) panicked at /opt/rustwide/cargo-home/registry/src/index.crates.io-1949cf8c6b5b557f/mz_rusoto_mock-0.46.0/src/lib.rs:175:53:
[INFO] [stdout] couldn't find file: Os { code: 2, kind: NotFound, message: "No such file or directory" }
[INFO] [stdout] stack backtrace:
[INFO] [stdout]    0:     0x62b23747e921 - <<std[617be2ca0a6fd877]::sys::backtrace::BacktraceLock>::print::DisplayBacktrace as core[a373ad73a504971]::fmt::Display>::fmt
[INFO] [stdout]    1:     0x62b23749319a - core[a373ad73a504971]::fmt::write
[INFO] [stdout]    2:     0x62b237482c7c - <alloc[2e1b2a31b91974c5]::vec::Vec<u8> as core[a373ad73a504971]::io::write::Write>::write_fmt
[INFO] [stdout]    3:     0x62b23745aac6 - std[617be2ca0a6fd877]::panicking::default_hook::{closure#0}
[INFO] [stdout]    4:     0x62b237476fb9 - std[617be2ca0a6fd877]::panicking::default_hook
[INFO] [stdout]    5:     0x62b2373dc050 - test[aada8e7e76ba119b]::test_main_inner::{closure#0}
[INFO] [stdout]    6:     0x62b237477172 - std[617be2ca0a6fd877]::panicking::panic_with_hook
[INFO] [stdout]    7:     0x62b23745ab72 - std[617be2ca0a6fd877]::panicking::panic_handler::{closure#0}
[INFO] [stdout]    8:     0x62b237453859 - std[617be2ca0a6fd877]::sys::backtrace::__rust_end_short_backtrace::<std[617be2ca0a6fd877]::panicking::panic_handler::{closure#0}, !>
[INFO] [stdout]    9:     0x62b23745b77d - __rustc[ea4f61d10b84890b]::rust_begin_unwind
[INFO] [stdout]   10:     0x62b2374938fc - core[a373ad73a504971]::panicking::panic_fmt
[INFO] [stdout]   11:     0x62b2374936d2 - core[a373ad73a504971]::result::unwrap_failed
[INFO] [stdout]   12:     0x62b237410fbc - <rusoto_mock[494343f50ae4f61f]::MockResponseReader as rusoto_mock[494343f50ae4f61f]::ReadMockResponse>::read_response
[INFO] [stdout]   13:     0x62b2373b096d - rusoto_elasticbeanstalk[ba264db44a5809a1]::generated::protocol_tests::test_parse_valid_elasticbeanstalk_describe_environments::{closure#0}
[INFO] [stdout]   14:     0x62b2373b5a2d - <tokio[a5aead05e7fe6652]::macros::scoped_tls::ScopedKey<tokio[a5aead05e7fe6652]::runtime::basic_scheduler::Context>>::set::<tokio[a5aead05e7fe6652]::runtime::basic_scheduler::enter<<tokio[a5aead05e7fe6652]::runtime::basic_scheduler::BasicScheduler<tokio[a5aead05e7fe6652]::park::either::Either<tokio[a5aead05e7fe6652]::time::driver::Driver<tokio[a5aead05e7fe6652]::park::either::Either<tokio[a5aead05e7fe6652]::io::driver::Driver, tokio[a5aead05e7fe6652]::park::thread::ParkThread>>, tokio[a5aead05e7fe6652]::park::either::Either<tokio[a5aead05e7fe6652]::io::driver::Driver, tokio[a5aead05e7fe6652]::park::thread::ParkThread>>>>::block_on<rusoto_elasticbeanstalk[ba264db44a5809a1]::generated::protocol_tests::test_parse_valid_elasticbeanstalk_describe_environments::{closure#0}>::{closure#0}, (), tokio[a5aead05e7fe6652]::park::either::Either<tokio[a5aead05e7fe6652]::time::driver::Driver<tokio[a5aead05e7fe6652]::park::either::Either<tokio[a5aead05e7fe6652]::io::driver::Driver, tokio[a5aead05e7fe6652]::park::thread::ParkThread>>, tokio[a5aead05e7fe6652]::park::either::Either<tokio[a5aead05e7fe6652]::io::driver::Driver, tokio[a5aead05e7fe6652]::park::thread::ParkThread>>>::{closure#0}, ()>
[INFO] [stdout]   15:     0x62b2373c9f06 - tokio[a5aead05e7fe6652]::runtime::basic_scheduler::enter::<<tokio[a5aead05e7fe6652]::runtime::basic_scheduler::BasicScheduler<tokio[a5aead05e7fe6652]::park::either::Either<tokio[a5aead05e7fe6652]::time::driver::Driver<tokio[a5aead05e7fe6652]::park::either::Either<tokio[a5aead05e7fe6652]::io::driver::Driver, tokio[a5aead05e7fe6652]::park::thread::ParkThread>>, tokio[a5aead05e7fe6652]::park::either::Either<tokio[a5aead05e7fe6652]::io::driver::Driver, tokio[a5aead05e7fe6652]::park::thread::ParkThread>>>>::block_on<rusoto_elasticbeanstalk[ba264db44a5809a1]::generated::protocol_tests::test_parse_valid_elasticbeanstalk_describe_environments::{closure#0}>::{closure#0}, (), tokio[a5aead05e7fe6652]::park::either::Either<tokio[a5aead05e7fe6652]::time::driver::Driver<tokio[a5aead05e7fe6652]::park::either::Either<tokio[a5aead05e7fe6652]::io::driver::Driver, tokio[a5aead05e7fe6652]::park::thread::ParkThread>>, tokio[a5aead05e7fe6652]::park::either::Either<tokio[a5aead05e7fe6652]::io::driver::Driver, tokio[a5aead05e7fe6652]::park::thread::ParkThread>>>
[INFO] [stdout]   16:     0x62b2373ce271 - tokio[a5aead05e7fe6652]::runtime::context::enter::<<tokio[a5aead05e7fe6652]::runtime::Runtime>::block_on<rusoto_elasticbeanstalk[ba264db44a5809a1]::generated::protocol_tests::test_parse_valid_elasticbeanstalk_describe_environments::{closure#0}>::{closure#0}, ()>
[INFO] [stdout]   17:     0x62b2373cc30a - <rusoto_elasticbeanstalk[ba264db44a5809a1]::generated::protocol_tests::test_parse_valid_elasticbeanstalk_describe_environments::{closure#0} as core[a373ad73a504971]::ops::function::FnOnce<()>>::call_once
[INFO] [stdout]   18:     0x62b2373cf49b - test[aada8e7e76ba119b]::__rust_begin_short_backtrace::<core[a373ad73a504971]::result::Result<(), alloc[2e1b2a31b91974c5]::string::String>, fn() -> core[a373ad73a504971]::result::Result<(), alloc[2e1b2a31b91974c5]::string::String>>
[INFO] [stdout]   19:     0x62b2373dc675 - test[aada8e7e76ba119b]::run_test::{closure#0}
[INFO] [stdout]   20:     0x62b2373d5f64 - std[617be2ca0a6fd877]::sys::backtrace::__rust_begin_short_backtrace::<test[aada8e7e76ba119b]::run_test::{closure#1}, ()>
[INFO] [stdout]   21:     0x62b2373df702 - <std[617be2ca0a6fd877]::thread::lifecycle::spawn_unchecked<test[aada8e7e76ba119b]::run_test::{closure#1}, ()>::{closure#1} as core[a373ad73a504971]::ops::function::FnOnce<()>>::call_once::{shim:vtable#0}
[INFO] [stdout]   22:     0x62b23747e17f - <std[617be2ca0a6fd877]::sys::thread::unix::Thread>::new::thread_start
[INFO] [stdout]   23:     0x749cb3b01dfa - <unknown>
[INFO] [stdout]   24:     0x749cb3b953d4 - clone
[INFO] [stdout]   25:                0x0 - <unknown>
[INFO] [stdout] 
[INFO] [stdout] ---- generated::protocol_tests::test_parse_valid_elasticbeanstalk_describe_applications stdout ----
[INFO] [stdout] 
[INFO] [stdout] thread 'generated::protocol_tests::test_parse_valid_elasticbeanstalk_describe_applications' (1367) panicked at /opt/rustwide/cargo-home/registry/src/index.crates.io-1949cf8c6b5b557f/mz_rusoto_mock-0.46.0/src/lib.rs:175:53:
[INFO] [stdout] couldn't find file: Os { code: 2, kind: NotFound, message: "No such file or directory" }
[INFO] [stdout] stack backtrace:
[INFO] [stdout]    0:     0x62b23747e921 - <<std[617be2ca0a6fd877]::sys::backtrace::BacktraceLock>::print::DisplayBacktrace as core[a373ad73a504971]::fmt::Display>::fmt
[INFO] [stdout]    1:     0x62b23749319a - core[a373ad73a504971]::fmt::write
[INFO] [stdout]    2:     0x62b237482c7c - <alloc[2e1b2a31b91974c5]::vec::Vec<u8> as core[a373ad73a504971]::io::write::Write>::write_fmt
[INFO] [stdout]    3:     0x62b23745aac6 - std[617be2ca0a6fd877]::panicking::default_hook::{closure#0}
[INFO] [stdout]    4:     0x62b237476fb9 - std[617be2ca0a6fd877]::panicking::default_hook
[INFO] [stdout]    5:     0x62b2373dc050 - test[aada8e7e76ba119b]::test_main_inner::{closure#0}
[INFO] [stdout]    6:     0x62b237477172 - std[617be2ca0a6fd877]::panicking::panic_with_hook
[INFO] [stdout]    7:     0x62b23745ab72 - std[617be2ca0a6fd877]::panicking::panic_handler::{closure#0}
[INFO] [stdout]    8:     0x62b237453859 - std[617be2ca0a6fd877]::sys::backtrace::__rust_end_short_backtrace::<std[617be2ca0a6fd877]::panicking::panic_handler::{closure#0}, !>
[INFO] [stdout]    9:     0x62b23745b77d - __rustc[ea4f61d10b84890b]::rust_begin_unwind
[INFO] [stdout]   10:     0x62b2374938fc - core[a373ad73a504971]::panicking::panic_fmt
[INFO] [stdout]   11:     0x62b2374936d2 - core[a373ad73a504971]::result::unwrap_failed
[INFO] [stdout]   12:     0x62b237410fbc - <rusoto_mock[494343f50ae4f61f]::MockResponseReader as rusoto_mock[494343f50ae4f61f]::ReadMockResponse>::read_response
[INFO] [stdout]   13:     0x62b2373b05ed - rusoto_elasticbeanstalk[ba264db44a5809a1]::generated::protocol_tests::test_parse_valid_elasticbeanstalk_describe_applications::{closure#0}
[INFO] [stdout]   14:     0x62b2373b549d - <tokio[a5aead05e7fe6652]::macros::scoped_tls::ScopedKey<tokio[a5aead05e7fe6652]::runtime::basic_scheduler::Context>>::set::<tokio[a5aead05e7fe6652]::runtime::basic_scheduler::enter<<tokio[a5aead05e7fe6652]::runtime::basic_scheduler::BasicScheduler<tokio[a5aead05e7fe6652]::park::either::Either<tokio[a5aead05e7fe6652]::time::driver::Driver<tokio[a5aead05e7fe6652]::park::either::Either<tokio[a5aead05e7fe6652]::io::driver::Driver, tokio[a5aead05e7fe6652]::park::thread::ParkThread>>, tokio[a5aead05e7fe6652]::park::either::Either<tokio[a5aead05e7fe6652]::io::driver::Driver, tokio[a5aead05e7fe6652]::park::thread::ParkThread>>>>::block_on<rusoto_elasticbeanstalk[ba264db44a5809a1]::generated::protocol_tests::test_parse_valid_elasticbeanstalk_describe_applications::{closure#0}>::{closure#0}, (), tokio[a5aead05e7fe6652]::park::either::Either<tokio[a5aead05e7fe6652]::time::driver::Driver<tokio[a5aead05e7fe6652]::park::either::Either<tokio[a5aead05e7fe6652]::io::driver::Driver, tokio[a5aead05e7fe6652]::park::thread::ParkThread>>, tokio[a5aead05e7fe6652]::park::either::Either<tokio[a5aead05e7fe6652]::io::driver::Driver, tokio[a5aead05e7fe6652]::park::thread::ParkThread>>>::{closure#0}, ()>
[INFO] [stdout]   15:     0x62b2373c9dc6 - tokio[a5aead05e7fe6652]::runtime::basic_scheduler::enter::<<tokio[a5aead05e7fe6652]::runtime::basic_scheduler::BasicScheduler<tokio[a5aead05e7fe6652]::park::either::Either<tokio[a5aead05e7fe6652]::time::driver::Driver<tokio[a5aead05e7fe6652]::park::either::Either<tokio[a5aead05e7fe6652]::io::driver::Driver, tokio[a5aead05e7fe6652]::park::thread::ParkThread>>, tokio[a5aead05e7fe6652]::park::either::Either<tokio[a5aead05e7fe6652]::io::driver::Driver, tokio[a5aead05e7fe6652]::park::thread::ParkThread>>>>::block_on<rusoto_elasticbeanstalk[ba264db44a5809a1]::generated::protocol_tests::test_parse_valid_elasticbeanstalk_describe_applications::{closure#0}>::{closure#0}, (), tokio[a5aead05e7fe6652]::park::either::Either<tokio[a5aead05e7fe6652]::time::driver::Driver<tokio[a5aead05e7fe6652]::park::either::Either<tokio[a5aead05e7fe6652]::io::driver::Driver, tokio[a5aead05e7fe6652]::park::thread::ParkThread>>, tokio[a5aead05e7fe6652]::park::either::Either<tokio[a5aead05e7fe6652]::io::driver::Driver, tokio[a5aead05e7fe6652]::park::thread::ParkThread>>>
[INFO] [stdout]   16:     0x62b2373ce141 - tokio[a5aead05e7fe6652]::runtime::context::enter::<<tokio[a5aead05e7fe6652]::runtime::Runtime>::block_on<rusoto_elasticbeanstalk[ba264db44a5809a1]::generated::protocol_tests::test_parse_valid_elasticbeanstalk_describe_applications::{closure#0}>::{closure#0}, ()>
[INFO] [stdout]   17:     0x62b2373cc13a - <rusoto_elasticbeanstalk[ba264db44a5809a1]::generated::protocol_tests::test_parse_valid_elasticbeanstalk_describe_applications::{closure#0} as core[a373ad73a504971]::ops::function::FnOnce<()>>::call_once
[INFO] [stdout]   18:     0x62b2373cf49b - test[aada8e7e76ba119b]::__rust_begin_short_backtrace::<core[a373ad73a504971]::result::Result<(), alloc[2e1b2a31b91974c5]::string::String>, fn() -> core[a373ad73a504971]::result::Result<(), alloc[2e1b2a31b91974c5]::string::String>>
[INFO] [stdout]   19:     0x62b2373dc675 - test[aada8e7e76ba119b]::run_test::{closure#0}
[INFO] [stdout]   20:     0x62b2373d5f64 - std[617be2ca0a6fd877]::sys::backtrace::__rust_begin_short_backtrace::<test[aada8e7e76ba119b]::run_test::{closure#1}, ()>
[INFO] [stdout]   21:     0x62b2373df702 - <std[617be2ca0a6fd877]::thread::lifecycle::spawn_unchecked<test[aada8e7e76ba119b]::run_test::{closure#1}, ()>::{closure#1} as core[a373ad73a504971]::ops::function::FnOnce<()>>::call_once::{shim:vtable#0}
[INFO] [stdout]   22:     0x62b23747e17f - <std[617be2ca0a6fd877]::sys::thread::unix::Thread>::new::thread_start
[INFO] [stdout]   23:     0x749cb3b01dfa - <unknown>
[INFO] [stdout]   24:     0x749cb3b953d4 - clone
[INFO] [stdout]   25:                0x0 - <unknown>
[INFO] [stdout] 
[INFO] [stdout] ---- generated::protocol_tests::test_parse_valid_elasticbeanstalk_retrieve_environment_info stdout ----
[INFO] [stdout] 
[INFO] [stdout] thread 'generated::protocol_tests::test_parse_valid_elasticbeanstalk_retrieve_environment_info' (1372) panicked at /opt/rustwide/cargo-home/registry/src/index.crates.io-1949cf8c6b5b557f/mz_rusoto_mock-0.46.0/src/lib.rs:175:53:
[INFO] [stdout] couldn't find file: Os { code: 2, kind: NotFound, message: "No such file or directory" }
[INFO] [stdout] stack backtrace:
[INFO] [stdout]    0:     0x62b23747e921 - <<std[617be2ca0a6fd877]::sys::backtrace::BacktraceLock>::print::DisplayBacktrace as core[a373ad73a504971]::fmt::Display>::fmt
[INFO] [stdout]    1:     0x62b23749319a - core[a373ad73a504971]::fmt::write
[INFO] [stdout]    2:     0x62b237482c7c - <alloc[2e1b2a31b91974c5]::vec::Vec<u8> as core[a373ad73a504971]::io::write::Write>::write_fmt
[INFO] [stdout]    3:     0x62b23745aac6 - std[617be2ca0a6fd877]::panicking::default_hook::{closure#0}
[INFO] [stdout]    4:     0x62b237476fb9 - std[617be2ca0a6fd877]::panicking::default_hook
[INFO] [stdout]    5:     0x62b2373dc050 - test[aada8e7e76ba119b]::test_main_inner::{closure#0}
[INFO] [stdout]    6:     0x62b237477172 - std[617be2ca0a6fd877]::panicking::panic_with_hook
[INFO] [stdout]    7:     0x62b23745ab72 - std[617be2ca0a6fd877]::panicking::panic_handler::{closure#0}
[INFO] [stdout]    8:     0x62b237453859 - std[617be2ca0a6fd877]::sys::backtrace::__rust_end_short_backtrace::<std[617be2ca0a6fd877]::panicking::panic_handler::{closure#0}, !>
[INFO] [stdout]    9:     0x62b23745b77d - __rustc[ea4f61d10b84890b]::rust_begin_unwind
[INFO] [stdout]   10:     0x62b2374938fc - core[a373ad73a504971]::panicking::panic_fmt
[INFO] [stdout]   11:     0x62b2374936d2 - core[a373ad73a504971]::result::unwrap_failed
[INFO] [stdout]   12:     0x62b237410fbc - <rusoto_mock[494343f50ae4f61f]::MockResponseReader as rusoto_mock[494343f50ae4f61f]::ReadMockResponse>::read_response
[INFO] [stdout]   13:     0x62b2373b179d - rusoto_elasticbeanstalk[ba264db44a5809a1]::generated::protocol_tests::test_parse_valid_elasticbeanstalk_retrieve_environment_info::{closure#0}
[INFO] [stdout]   14:     0x62b2373b706d - <tokio[a5aead05e7fe6652]::macros::scoped_tls::ScopedKey<tokio[a5aead05e7fe6652]::runtime::basic_scheduler::Context>>::set::<tokio[a5aead05e7fe6652]::runtime::basic_scheduler::enter<<tokio[a5aead05e7fe6652]::runtime::basic_scheduler::BasicScheduler<tokio[a5aead05e7fe6652]::park::either::Either<tokio[a5aead05e7fe6652]::time::driver::Driver<tokio[a5aead05e7fe6652]::park::either::Either<tokio[a5aead05e7fe6652]::io::driver::Driver, tokio[a5aead05e7fe6652]::park::thread::ParkThread>>, tokio[a5aead05e7fe6652]::park::either::Either<tokio[a5aead05e7fe6652]::io::driver::Driver, tokio[a5aead05e7fe6652]::park::thread::ParkThread>>>>::block_on<rusoto_elasticbeanstalk[ba264db44a5809a1]::generated::protocol_tests::test_parse_valid_elasticbeanstalk_retrieve_environment_info::{closure#0}>::{closure#0}, (), tokio[a5aead05e7fe6652]::park::either::Either<tokio[a5aead05e7fe6652]::time::driver::Driver<tokio[a5aead05e7fe6652]::park::either::Either<tokio[a5aead05e7fe6652]::io::driver::Driver, tokio[a5aead05e7fe6652]::park::thread::ParkThread>>, tokio[a5aead05e7fe6652]::park::either::Either<tokio[a5aead05e7fe6652]::io::driver::Driver, tokio[a5aead05e7fe6652]::park::thread::ParkThread>>>::{closure#0}, ()>
[INFO] [stdout]   15:     0x62b2373ca406 - tokio[a5aead05e7fe6652]::runtime::basic_scheduler::enter::<<tokio[a5aead05e7fe6652]::runtime::basic_scheduler::BasicScheduler<tokio[a5aead05e7fe6652]::park::either::Either<tokio[a5aead05e7fe6652]::time::driver::Driver<tokio[a5aead05e7fe6652]::park::either::Either<tokio[a5aead05e7fe6652]::io::driver::Driver, tokio[a5aead05e7fe6652]::park::thread::ParkThread>>, tokio[a5aead05e7fe6652]::park::either::Either<tokio[a5aead05e7fe6652]::io::driver::Driver, tokio[a5aead05e7fe6652]::park::thread::ParkThread>>>>::block_on<rusoto_elasticbeanstalk[ba264db44a5809a1]::generated::protocol_tests::test_parse_valid_elasticbeanstalk_retrieve_environment_info::{closure#0}>::{closure#0}, (), tokio[a5aead05e7fe6652]::park::either::Either<tokio[a5aead05e7fe6652]::time::driver::Driver<tokio[a5aead05e7fe6652]::park::either::Either<tokio[a5aead05e7fe6652]::io::driver::Driver, tokio[a5aead05e7fe6652]::park::thread::ParkThread>>, tokio[a5aead05e7fe6652]::park::either::Either<tokio[a5aead05e7fe6652]::io::driver::Driver, tokio[a5aead05e7fe6652]::park::thread::ParkThread>>>
[INFO] [stdout]   16:     0x62b2373ce731 - tokio[a5aead05e7fe6652]::runtime::context::enter::<<tokio[a5aead05e7fe6652]::runtime::Runtime>::block_on<rusoto_elasticbeanstalk[ba264db44a5809a1]::generated::protocol_tests::test_parse_valid_elasticbeanstalk_retrieve_environment_info::{closure#0}>::{closure#0}, ()>
[INFO] [stdout]   17:     0x62b2373cca4a - <rusoto_elasticbeanstalk[ba264db44a5809a1]::generated::protocol_tests::test_parse_valid_elasticbeanstalk_retrieve_environment_info::{closure#0} as core[a373ad73a504971]::ops::function::FnOnce<()>>::call_once
[INFO] [stdout]   18:     0x62b2373cf49b - test[aada8e7e76ba119b]::__rust_begin_short_backtrace::<core[a373ad73a504971]::result::Result<(), alloc[2e1b2a31b91974c5]::string::String>, fn() -> core[a373ad73a504971]::result::Result<(), alloc[2e1b2a31b91974c5]::string::String>>
[INFO] [stdout]   19:     0x62b2373dc675 - test[aada8e7e76ba119b]::run_test::{closure#0}
[INFO] [stdout]   20:     0x62b2373d5f64 - std[617be2ca0a6fd877]::sys::backtrace::__rust_begin_short_backtrace::<test[aada8e7e76ba119b]::run_test::{closure#1}, ()>
[INFO] [stdout]   21:     0x62b2373df702 - <std[617be2ca0a6fd877]::thread::lifecycle::spawn_unchecked<test[aada8e7e76ba119b]::run_test::{closure#1}, ()>::{closure#1} as core[a373ad73a504971]::ops::function::FnOnce<()>>::call_once::{shim:vtable#0}
[INFO] [stdout]   22:     0x62b23747e17f - <std[617be2ca0a6fd877]::sys::thread::unix::Thread>::new::thread_start
[INFO] [stdout]   23:     0x749cb3b01dfa - <unknown>
[INFO] [stdout]   24:     0x749cb3b953d4 - clone
[INFO] [stdout]   25:                0x0 - <unknown>
[INFO] [stdout] 
[INFO] [stdout] ---- generated::protocol_tests::test_parse_valid_elasticbeanstalk_describe_events stdout ----
[INFO] [stdout] 
[INFO] [stdout] thread 'generated::protocol_tests::test_parse_valid_elasticbeanstalk_describe_events' (1370) panicked at /opt/rustwide/cargo-home/registry/src/index.crates.io-1949cf8c6b5b557f/mz_rusoto_mock-0.46.0/src/lib.rs:175:53:
[INFO] [stdout] couldn't find file: Os { code: 2, kind: NotFound, message: "No such file or directory" }
[INFO] [stdout] stack backtrace:
[INFO] [stdout]    0:     0x62b23747e921 - <<std[617be2ca0a6fd877]::sys::backtrace::BacktraceLock>::print::DisplayBacktrace as core[a373ad73a504971]::fmt::Display>::fmt
[INFO] [stdout]    1:     0x62b23749319a - core[a373ad73a504971]::fmt::write
[INFO] [stdout]    2:     0x62b237482c7c - <alloc[2e1b2a31b91974c5]::vec::Vec<u8> as core[a373ad73a504971]::io::write::Write>::write_fmt
[INFO] [stdout]    3:     0x62b23745aac6 - std[617be2ca0a6fd877]::panicking::default_hook::{closure#0}
[INFO] [stdout]    4:     0x62b237476fb9 - std[617be2ca0a6fd877]::panicking::default_hook
[INFO] [stdout]    5:     0x62b2373dc050 - test[aada8e7e76ba119b]::test_main_inner::{closure#0}
[INFO] [stdout]    6:     0x62b237477172 - std[617be2ca0a6fd877]::panicking::panic_with_hook
[INFO] [stdout]    7:     0x62b23745ab72 - std[617be2ca0a6fd877]::panicking::panic_handler::{closure#0}
[INFO] [stdout]    8:     0x62b237453859 - std[617be2ca0a6fd877]::sys::backtrace::__rust_end_short_backtrace::<std[617be2ca0a6fd877]::panicking::panic_handler::{closure#0}, !>
[INFO] [stdout]    9:     0x62b23745b77d - __rustc[ea4f61d10b84890b]::rust_begin_unwind
[INFO] [stdout]   10:     0x62b2374938fc - core[a373ad73a504971]::panicking::panic_fmt
[INFO] [stdout]   11:     0x62b2374936d2 - core[a373ad73a504971]::result::unwrap_failed
[INFO] [stdout]   12:     0x62b237410fbc - <rusoto_mock[494343f50ae4f61f]::MockResponseReader as rusoto_mock[494343f50ae4f61f]::ReadMockResponse>::read_response
[INFO] [stdout]   13:     0x62b2373af37d - rusoto_elasticbeanstalk[ba264db44a5809a1]::generated::protocol_tests::test_parse_valid_elasticbeanstalk_describe_events::{closure#0}
[INFO] [stdout]   14:     0x62b2373b38cd - <tokio[a5aead05e7fe6652]::macros::scoped_tls::ScopedKey<tokio[a5aead05e7fe6652]::runtime::basic_scheduler::Context>>::set::<tokio[a5aead05e7fe6652]::runtime::basic_scheduler::enter<<tokio[a5aead05e7fe6652]::runtime::basic_scheduler::BasicScheduler<tokio[a5aead05e7fe6652]::park::either::Either<tokio[a5aead05e7fe6652]::time::driver::Driver<tokio[a5aead05e7fe6652]::park::either::Either<tokio[a5aead05e7fe6652]::io::driver::Driver, tokio[a5aead05e7fe6652]::park::thread::ParkThread>>, tokio[a5aead05e7fe6652]::park::either::Either<tokio[a5aead05e7fe6652]::io::driver::Driver, tokio[a5aead05e7fe6652]::park::thread::ParkThread>>>>::block_on<rusoto_elasticbeanstalk[ba264db44a5809a1]::generated::protocol_tests::test_parse_valid_elasticbeanstalk_describe_events::{closure#0}>::{closure#0}, (), tokio[a5aead05e7fe6652]::park::either::Either<tokio[a5aead05e7fe6652]::time::driver::Driver<tokio[a5aead05e7fe6652]::park::either::Either<tokio[a5aead05e7fe6652]::io::driver::Driver, tokio[a5aead05e7fe6652]::park::thread::ParkThread>>, tokio[a5aead05e7fe6652]::park::either::Either<tokio[a5aead05e7fe6652]::io::driver::Driver, tokio[a5aead05e7fe6652]::park::thread::ParkThread>>>::{closure#0}, ()>
[INFO] [stdout]   15:     0x62b2373c9786 - tokio[a5aead05e7fe6652]::runtime::basic_scheduler::enter::<<tokio[a5aead05e7fe6652]::runtime::basic_scheduler::BasicScheduler<tokio[a5aead05e7fe6652]::park::either::Either<tokio[a5aead05e7fe6652]::time::driver::Driver<tokio[a5aead05e7fe6652]::park::either::Either<tokio[a5aead05e7fe6652]::io::driver::Driver, tokio[a5aead05e7fe6652]::park::thread::ParkThread>>, tokio[a5aead05e7fe6652]::park::either::Either<tokio[a5aead05e7fe6652]::io::driver::Driver, tokio[a5aead05e7fe6652]::park::thread::ParkThread>>>>::block_on<rusoto_elasticbeanstalk[ba264db44a5809a1]::generated::protocol_tests::test_parse_valid_elasticbeanstalk_describe_events::{closure#0}>::{closure#0}, (), tokio[a5aead05e7fe6652]::park::either::Either<tokio[a5aead05e7fe6652]::time::driver::Driver<tokio[a5aead05e7fe6652]::park::either::Either<tokio[a5aead05e7fe6652]::io::driver::Driver, tokio[a5aead05e7fe6652]::park::thread::ParkThread>>, tokio[a5aead05e7fe6652]::park::either::Either<tokio[a5aead05e7fe6652]::io::driver::Driver, tokio[a5aead05e7fe6652]::park::thread::ParkThread>>>
[INFO] [stdout]   16:     0x62b2373cdb51 - tokio[a5aead05e7fe6652]::runtime::context::enter::<<tokio[a5aead05e7fe6652]::runtime::Runtime>::block_on<rusoto_elasticbeanstalk[ba264db44a5809a1]::generated::protocol_tests::test_parse_valid_elasticbeanstalk_describe_events::{closure#0}>::{closure#0}, ()>
[INFO] [stdout]   17:     0x62b2373cb82a - <rusoto_elasticbeanstalk[ba264db44a5809a1]::generated::protocol_tests::test_parse_valid_elasticbeanstalk_describe_events::{closure#0} as core[a373ad73a504971]::ops::function::FnOnce<()>>::call_once
[INFO] [stdout]   18:     0x62b2373cf49b - test[aada8e7e76ba119b]::__rust_begin_short_backtrace::<core[a373ad73a504971]::result::Result<(), alloc[2e1b2a31b91974c5]::string::String>, fn() -> core[a373ad73a504971]::result::Result<(), alloc[2e1b2a31b91974c5]::string::String>>
[INFO] [stdout]   19:     0x62b2373dc675 - test[aada8e7e76ba119b]::run_test::{closure#0}
[INFO] [stdout]   20:     0x62b2373d5f64 - std[617be2ca0a6fd877]::sys::backtrace::__rust_begin_short_backtrace::<test[aada8e7e76ba119b]::run_test::{closure#1}, ()>
[INFO] [stdout]   21:     0x62b2373df702 - <std[617be2ca0a6fd877]::thread::lifecycle::spawn_unchecked<test[aada8e7e76ba119b]::run_test::{closure#1}, ()>::{closure#1} as core[a373ad73a504971]::ops::function::FnOnce<()>>::call_once::{shim:vtable#0}
[INFO] [stdout]   22:     0x62b23747e17f - <std[617be2ca0a6fd877]::sys::thread::unix::Thread>::new::thread_start
[INFO] [stdout]   23:     0x749cb3b01dfa - <unknown>
[INFO] [stdout]   24:     0x749cb3b953d4 - clone
[INFO] [stdout]   25:                0x0 - <unknown>
[INFO] [stdout] 
[INFO] [stdout] ---- generated::protocol_tests::test_parse_valid_elasticbeanstalk_create_application_version stdout ----
[INFO] [stdout] 
[INFO] [stdout] thread 'generated::protocol_tests::test_parse_valid_elasticbeanstalk_create_application_version' (1361) panicked at /opt/rustwide/cargo-home/registry/src/index.crates.io-1949cf8c6b5b557f/mz_rusoto_mock-0.46.0/src/lib.rs:175:53:
[INFO] [stdout] couldn't find file: Os { code: 2, kind: NotFound, message: "No such file or directory" }
[INFO] [stdout] stack backtrace:
[INFO] [stdout]    0:     0x62b23747e921 - <<std[617be2ca0a6fd877]::sys::backtrace::BacktraceLock>::print::DisplayBacktrace as core[a373ad73a504971]::fmt::Display>::fmt
[INFO] [stdout]    1:     0x62b23749319a - core[a373ad73a504971]::fmt::write
[INFO] [stdout]    2:     0x62b237482c7c - <alloc[2e1b2a31b91974c5]::vec::Vec<u8> as core[a373ad73a504971]::io::write::Write>::write_fmt
[INFO] [stdout]    3:     0x62b23745aac6 - std[617be2ca0a6fd877]::panicking::default_hook::{closure#0}
[INFO] [stdout]    4:     0x62b237476fb9 - std[617be2ca0a6fd877]::panicking::default_hook
[INFO] [stdout]    5:     0x62b2373dc050 - test[aada8e7e76ba119b]::test_main_inner::{closure#0}
[INFO] [stdout]    6:     0x62b237477172 - std[617be2ca0a6fd877]::panicking::panic_with_hook
[INFO] [stdout]    7:     0x62b23745ab72 - std[617be2ca0a6fd877]::panicking::panic_handler::{closure#0}
[INFO] [stdout]    8:     0x62b237453859 - std[617be2ca0a6fd877]::sys::backtrace::__rust_end_short_backtrace::<std[617be2ca0a6fd877]::panicking::panic_handler::{closure#0}, !>
[INFO] [stdout]    9:     0x62b23745b77d - __rustc[ea4f61d10b84890b]::rust_begin_unwind
[INFO] [stdout]   10:     0x62b2374938fc - core[a373ad73a504971]::panicking::panic_fmt
[INFO] [stdout]   11:     0x62b2374936d2 - core[a373ad73a504971]::result::unwrap_failed
[INFO] [stdout]   12:     0x62b237410fbc - <rusoto_mock[494343f50ae4f61f]::MockResponseReader as rusoto_mock[494343f50ae4f61f]::ReadMockResponse>::read_response
[INFO] [stdout]   13:     0x62b2373b1b4d - rusoto_elasticbeanstalk[ba264db44a5809a1]::generated::protocol_tests::test_parse_valid_elasticbeanstalk_create_application_version::{closure#0}
[INFO] [stdout]   14:     0x62b2373b75fd - <tokio[a5aead05e7fe6652]::macros::scoped_tls::ScopedKey<tokio[a5aead05e7fe6652]::runtime::basic_scheduler::Context>>::set::<tokio[a5aead05e7fe6652]::runtime::basic_scheduler::enter<<tokio[a5aead05e7fe6652]::runtime::basic_scheduler::BasicScheduler<tokio[a5aead05e7fe6652]::park::either::Either<tokio[a5aead05e7fe6652]::time::driver::Driver<tokio[a5aead05e7fe6652]::park::either::Either<tokio[a5aead05e7fe6652]::io::driver::Driver, tokio[a5aead05e7fe6652]::park::thread::ParkThread>>, tokio[a5aead05e7fe6652]::park::either::Either<tokio[a5aead05e7fe6652]::io::driver::Driver, tokio[a5aead05e7fe6652]::park::thread::ParkThread>>>>::block_on<rusoto_elasticbeanstalk[ba264db44a5809a1]::generated::protocol_tests::test_parse_valid_elasticbeanstalk_create_application_version::{closure#0}>::{closure#0}, (), tokio[a5aead05e7fe6652]::park::either::Either<tokio[a5aead05e7fe6652]::time::driver::Driver<tokio[a5aead05e7fe6652]::park::either::Either<tokio[a5aead05e7fe6652]::io::driver::Driver, tokio[a5aead05e7fe6652]::park::thread::ParkThread>>, tokio[a5aead05e7fe6652]::park::either::Either<tokio[a5aead05e7fe6652]::io::driver::Driver, tokio[a5aead05e7fe6652]::park::thread::ParkThread>>>::{closure#0}, ()>
[INFO] [stdout]   15:     0x62b2373ca546 - tokio[a5aead05e7fe6652]::runtime::basic_scheduler::enter::<<tokio[a5aead05e7fe6652]::runtime::basic_scheduler::BasicScheduler<tokio[a5aead05e7fe6652]::park::either::Either<tokio[a5aead05e7fe6652]::time::driver::Driver<tokio[a5aead05e7fe6652]::park::either::Either<tokio[a5aead05e7fe6652]::io::driver::Driver, tokio[a5aead05e7fe6652]::park::thread::ParkThread>>, tokio[a5aead05e7fe6652]::park::either::Either<tokio[a5aead05e7fe6652]::io::driver::Driver, tokio[a5aead05e7fe6652]::park::thread::ParkThread>>>>::block_on<rusoto_elasticbeanstalk[ba264db44a5809a1]::generated::protocol_tests::test_parse_valid_elasticbeanstalk_create_application_version::{closure#0}>::{closure#0}, (), tokio[a5aead05e7fe6652]::park::either::Either<tokio[a5aead05e7fe6652]::time::driver::Driver<tokio[a5aead05e7fe6652]::park::either::Either<tokio[a5aead05e7fe6652]::io::driver::Driver, tokio[a5aead05e7fe6652]::park::thread::ParkThread>>, tokio[a5aead05e7fe6652]::park::either::Either<tokio[a5aead05e7fe6652]::io::driver::Driver, tokio[a5aead05e7fe6652]::park::thread::ParkThread>>>
[INFO] [stdout]   16:     0x62b2373ce861 - tokio[a5aead05e7fe6652]::runtime::context::enter::<<tokio[a5aead05e7fe6652]::runtime::Runtime>::block_on<rusoto_elasticbeanstalk[ba264db44a5809a1]::generated::protocol_tests::test_parse_valid_elasticbeanstalk_create_application_version::{closure#0}>::{closure#0}, ()>
[INFO] [stdout]   17:     0x62b2373ccc1a - <rusoto_elasticbeanstalk[ba264db44a5809a1]::generated::protocol_tests::test_parse_valid_elasticbeanstalk_create_application_version::{closure#0} as core[a373ad73a504971]::ops::function::FnOnce<()>>::call_once
[INFO] [stdout]   18:     0x62b2373cf49b - test[aada8e7e76ba119b]::__rust_begin_short_backtrace::<core[a373ad73a504971]::result::Result<(), alloc[2e1b2a31b91974c5]::string::String>, fn() -> core[a373ad73a504971]::result::Result<(), alloc[2e1b2a31b91974c5]::string::String>>
[INFO] [stdout]   19:     0x62b2373dc675 - test[aada8e7e76ba119b]::run_test::{closure#0}
[INFO] [stdout]   20:     0x62b2373d5f64 - std[617be2ca0a6fd877]::sys::backtrace::__rust_begin_short_backtrace::<test[aada8e7e76ba119b]::run_test::{closure#1}, ()>
[INFO] [stdout]   21:     0x62b2373df702 - <std[617be2ca0a6fd877]::thread::lifecycle::spawn_unchecked<test[aada8e7e76ba119b]::run_test::{closure#1}, ()>::{closure#1} as core[a373ad73a504971]::ops::function::FnOnce<()>>::call_once::{shim:vtable#0}
[INFO] [stdout]   22:     0x62b23747e17f - <std[617be2ca0a6fd877]::sys::thread::unix::Thread>::new::thread_start
[INFO] [stdout]   23:     0x749cb3b01dfa - <unknown>
[INFO] [stdout]   24:     0x749cb3b953d4 - clone
[INFO] [stdout]   25:                0x0 - <unknown>
[INFO] [stdout] 
[INFO] [stdout] ---- generated::protocol_tests::test_parse_valid_elasticbeanstalk_create_storage_location stdout ----
[INFO] [stdout] 
[INFO] [stdout] thread 'generated::protocol_tests::test_parse_valid_elasticbeanstalk_create_storage_location' (1364) panicked at /opt/rustwide/cargo-home/registry/src/index.crates.io-1949cf8c6b5b557f/mz_rusoto_mock-0.46.0/src/lib.rs:175:53:
[INFO] [stdout] couldn't find file: Os { code: 2, kind: NotFound, message: "No such file or directory" }
[INFO] [stdout] stack backtrace:
[INFO] [stdout]    0:     0x62b23747e921 - <<std[617be2ca0a6fd877]::sys::backtrace::BacktraceLock>::print::DisplayBacktrace as core[a373ad73a504971]::fmt::Display>::fmt
[INFO] [stdout]    1:     0x62b23749319a - core[a373ad73a504971]::fmt::write
[INFO] [stdout]    2:     0x62b237482c7c - <alloc[2e1b2a31b91974c5]::vec::Vec<u8> as core[a373ad73a504971]::io::write::Write>::write_fmt
[INFO] [stdout]    3:     0x62b23745aac6 - std[617be2ca0a6fd877]::panicking::default_hook::{closure#0}
[INFO] [stdout]    4:     0x62b237476fb9 - std[617be2ca0a6fd877]::panicking::default_hook
[INFO] [stdout]    5:     0x62b2373dc050 - test[aada8e7e76ba119b]::test_main_inner::{closure#0}
[INFO] [stdout]    6:     0x62b237477172 - std[617be2ca0a6fd877]::panicking::panic_with_hook
[INFO] [stdout]    7:     0x62b23745ab72 - std[617be2ca0a6fd877]::panicking::panic_handler::{closure#0}
[INFO] [stdout]    8:     0x62b237453859 - std[617be2ca0a6fd877]::sys::backtrace::__rust_end_short_backtrace::<std[617be2ca0a6fd877]::panicking::panic_handler::{closure#0}, !>
[INFO] [stdout]    9:     0x62b23745b77d - __rustc[ea4f61d10b84890b]::rust_begin_unwind
[INFO] [stdout]   10:     0x62b2374938fc - core[a373ad73a504971]::panicking::panic_fmt
[INFO] [stdout]   11:     0x62b2374936d2 - core[a373ad73a504971]::result::unwrap_failed
[INFO] [stdout]   12:     0x62b237410fbc - <rusoto_mock[494343f50ae4f61f]::MockResponseReader as rusoto_mock[494343f50ae4f61f]::ReadMockResponse>::read_response
[INFO] [stdout]   13:     0x62b2373b142d - rusoto_elasticbeanstalk[ba264db44a5809a1]::generated::protocol_tests::test_parse_valid_elasticbeanstalk_create_storage_location::{closure#0}
[INFO] [stdout]   14:     0x62b2373b6add - <tokio[a5aead05e7fe6652]::macros::scoped_tls::ScopedKey<tokio[a5aead05e7fe6652]::runtime::basic_scheduler::Context>>::set::<tokio[a5aead05e7fe6652]::runtime::basic_scheduler::enter<<tokio[a5aead05e7fe6652]::runtime::basic_scheduler::BasicScheduler<tokio[a5aead05e7fe6652]::park::either::Either<tokio[a5aead05e7fe6652]::time::driver::Driver<tokio[a5aead05e7fe6652]::park::either::Either<tokio[a5aead05e7fe6652]::io::driver::Driver, tokio[a5aead05e7fe6652]::park::thread::ParkThread>>, tokio[a5aead05e7fe6652]::park::either::Either<tokio[a5aead05e7fe6652]::io::driver::Driver, tokio[a5aead05e7fe6652]::park::thread::ParkThread>>>>::block_on<rusoto_elasticbeanstalk[ba264db44a5809a1]::generated::protocol_tests::test_parse_valid_elasticbeanstalk_create_storage_location::{closure#0}>::{closure#0}, (), tokio[a5aead05e7fe6652]::park::either::Either<tokio[a5aead05e7fe6652]::time::driver::Driver<tokio[a5aead05e7fe6652]::park::either::Either<tokio[a5aead05e7fe6652]::io::driver::Driver, tokio[a5aead05e7fe6652]::park::thread::ParkThread>>, tokio[a5aead05e7fe6652]::park::either::Either<tokio[a5aead05e7fe6652]::io::driver::Driver, tokio[a5aead05e7fe6652]::park::thread::ParkThread>>>::{closure#0}, ()>
[INFO] [stdout]   15:     0x62b2373ca2c6 - tokio[a5aead05e7fe6652]::runtime::basic_scheduler::enter::<<tokio[a5aead05e7fe6652]::runtime::basic_scheduler::BasicScheduler<tokio[a5aead05e7fe6652]::park::either::Either<tokio[a5aead05e7fe6652]::time::driver::Driver<tokio[a5aead05e7fe6652]::park::either::Either<tokio[a5aead05e7fe6652]::io::driver::Driver, tokio[a5aead05e7fe6652]::park::thread::ParkThread>>, tokio[a5aead05e7fe6652]::park::either::Either<tokio[a5aead05e7fe6652]::io::driver::Driver, tokio[a5aead05e7fe6652]::park::thread::ParkThread>>>>::block_on<rusoto_elasticbeanstalk[ba264db44a5809a1]::generated::protocol_tests::test_parse_valid_elasticbeanstalk_create_storage_location::{closure#0}>::{closure#0}, (), tokio[a5aead05e7fe6652]::park::either::Either<tokio[a5aead05e7fe6652]::time::driver::Driver<tokio[a5aead05e7fe6652]::park::either::Either<tokio[a5aead05e7fe6652]::io::driver::Driver, tokio[a5aead05e7fe6652]::park::thread::ParkThread>>, tokio[a5aead05e7fe6652]::park::either::Either<tokio[a5aead05e7fe6652]::io::driver::Driver, tokio[a5aead05e7fe6652]::park::thread::ParkThread>>>
[INFO] [stdout]   16:     0x62b2373ce601 - tokio[a5aead05e7fe6652]::runtime::context::enter::<<tokio[a5aead05e7fe6652]::runtime::Runtime>::block_on<rusoto_elasticbeanstalk[ba264db44a5809a1]::generated::protocol_tests::test_parse_valid_elasticbeanstalk_create_storage_location::{closure#0}>::{closure#0}, ()>
[INFO] [stdout]   17:     0x62b2373cc87a - <rusoto_elasticbeanstalk[ba264db44a5809a1]::generated::protocol_tests::test_parse_valid_elasticbeanstalk_create_storage_location::{closure#0} as core[a373ad73a504971]::ops::function::FnOnce<()>>::call_once
[INFO] [stdout]   18:     0x62b2373cf49b - test[aada8e7e76ba119b]::__rust_begin_short_backtrace::<core[a373ad73a504971]::result::Result<(), alloc[2e1b2a31b91974c5]::string::String>, fn() -> core[a373ad73a504971]::result::Result<(), alloc[2e1b2a31b91974c5]::string::String>>
[INFO] [stdout]   19:     0x62b2373dc675 - test[aada8e7e76ba119b]::run_test::{closure#0}
[INFO] [stdout]   20:     0x62b2373d5f64 - std[617be2ca0a6fd877]::sys::backtrace::__rust_begin_short_backtrace::<test[aada8e7e76ba119b]::run_test::{closure#1}, ()>
[INFO] [stdout]   21:     0x62b2373df702 - <std[617be2ca0a6fd877]::thread::lifecycle::spawn_unchecked<test[aada8e7e76ba119b]::run_test::{closure#1}, ()>::{closure#1} as core[a373ad73a504971]::ops::function::FnOnce<()>>::call_once::{shim:vtable#0}
[INFO] [stdout]   22:     0x62b23747e17f - <std[617be2ca0a6fd877]::sys::thread::unix::Thread>::new::thread_start
[INFO] [stdout]   23:     0x749cb3b01dfa - <unknown>
[INFO] [stdout]   24:     0x749cb3b953d4 - clone
[INFO] [stdout]   25:                0x0 - <unknown>
[INFO] [stdout] 
[INFO] [stdout] ---- generated::protocol_tests::test_parse_valid_elasticbeanstalk_update_application stdout ----
[INFO] [stdout] 
[INFO] [stdout] thread 'generated::protocol_tests::test_parse_valid_elasticbeanstalk_update_application' (1374) panicked at /opt/rustwide/cargo-home/registry/src/index.crates.io-1949cf8c6b5b557f/mz_rusoto_mock-0.46.0/src/lib.rs:175:53:
[INFO] [stdout] couldn't find file: Os { code: 2, kind: NotFound, message: "No such file or directory" }
[INFO] [stdout] stack backtrace:
[INFO] [stdout]    0:     0x62b23747e921 - <<std[617be2ca0a6fd877]::sys::backtrace::BacktraceLock>::print::DisplayBacktrace as core[a373ad73a504971]::fmt::Display>::fmt
[INFO] [stdout]    1:     0x62b23749319a - core[a373ad73a504971]::fmt::write
[INFO] [stdout]    2:     0x62b237482c7c - <alloc[2e1b2a31b91974c5]::vec::Vec<u8> as core[a373ad73a504971]::io::write::Write>::write_fmt
[INFO] [stdout]    3:     0x62b23745aac6 - std[617be2ca0a6fd877]::panicking::default_hook::{closure#0}
[INFO] [stdout]    4:     0x62b237476fb9 - std[617be2ca0a6fd877]::panicking::default_hook
[INFO] [stdout]    5:     0x62b2373dc050 - test[aada8e7e76ba119b]::test_main_inner::{closure#0}
[INFO] [stdout]    6:     0x62b237477172 - std[617be2ca0a6fd877]::panicking::panic_with_hook
[INFO] [stdout]    7:     0x62b23745ab72 - std[617be2ca0a6fd877]::panicking::panic_handler::{closure#0}
[INFO] [stdout]    8:     0x62b237453859 - std[617be2ca0a6fd877]::sys::backtrace::__rust_end_short_backtrace::<std[617be2ca0a6fd877]::panicking::panic_handler::{closure#0}, !>
[INFO] [stdout]    9:     0x62b23745b77d - __rustc[ea4f61d10b84890b]::rust_begin_unwind
[INFO] [stdout]   10:     0x62b2374938fc - core[a373ad73a504971]::panicking::panic_fmt
[INFO] [stdout]   11:     0x62b2374936d2 - core[a373ad73a504971]::result::unwrap_failed
[INFO] [stdout]   12:     0x62b237410fbc - <rusoto_mock[494343f50ae4f61f]::MockResponseReader as rusoto_mock[494343f50ae4f61f]::ReadMockResponse>::read_response
[INFO] [stdout]   13:     0x62b2373b028d - rusoto_elasticbeanstalk[ba264db44a5809a1]::generated::protocol_tests::test_parse_valid_elasticbeanstalk_update_application::{closure#0}
[INFO] [stdout]   14:     0x62b2373b4f0d - <tokio[a5aead05e7fe6652]::macros::scoped_tls::ScopedKey<tokio[a5aead05e7fe6652]::runtime::basic_scheduler::Context>>::set::<tokio[a5aead05e7fe6652]::runtime::basic_scheduler::enter<<tokio[a5aead05e7fe6652]::runtime::basic_scheduler::BasicScheduler<tokio[a5aead05e7fe6652]::park::either::Either<tokio[a5aead05e7fe6652]::time::driver::Driver<tokio[a5aead05e7fe6652]::park::either::Either<tokio[a5aead05e7fe6652]::io::driver::Driver, tokio[a5aead05e7fe6652]::park::thread::ParkThread>>, tokio[a5aead05e7fe6652]::park::either::Either<tokio[a5aead05e7fe6652]::io::driver::Driver, tokio[a5aead05e7fe6652]::park::thread::ParkThread>>>>::block_on<rusoto_elasticbeanstalk[ba264db44a5809a1]::generated::protocol_tests::test_parse_valid_elasticbeanstalk_update_application::{closure#0}>::{closure#0}, (), tokio[a5aead05e7fe6652]::park::either::Either<tokio[a5aead05e7fe6652]::time::driver::Driver<tokio[a5aead05e7fe6652]::park::either::Either<tokio[a5aead05e7fe6652]::io::driver::Driver, tokio[a5aead05e7fe6652]::park::thread::ParkThread>>, tokio[a5aead05e7fe6652]::park::either::Either<tokio[a5aead05e7fe6652]::io::driver::Driver, tokio[a5aead05e7fe6652]::park::thread::ParkThread>>>::{closure#0}, ()>
[INFO] [stdout]   15:     0x62b2373c9c86 - tokio[a5aead05e7fe6652]::runtime::basic_scheduler::enter::<<tokio[a5aead05e7fe6652]::runtime::basic_scheduler::BasicScheduler<tokio[a5aead05e7fe6652]::park::either::Either<tokio[a5aead05e7fe6652]::time::driver::Driver<tokio[a5aead05e7fe6652]::park::either::Either<tokio[a5aead05e7fe6652]::io::driver::Driver, tokio[a5aead05e7fe6652]::park::thread::ParkThread>>, tokio[a5aead05e7fe6652]::park::either::Either<tokio[a5aead05e7fe6652]::io::driver::Driver, tokio[a5aead05e7fe6652]::park::thread::ParkThread>>>>::block_on<rusoto_elasticbeanstalk[ba264db44a5809a1]::generated::protocol_tests::test_parse_valid_elasticbeanstalk_update_application::{closure#0}>::{closure#0}, (), tokio[a5aead05e7fe6652]::park::either::Either<tokio[a5aead05e7fe6652]::time::driver::Driver<tokio[a5aead05e7fe6652]::park::either::Either<tokio[a5aead05e7fe6652]::io::driver::Driver, tokio[a5aead05e7fe6652]::park::thread::ParkThread>>, tokio[a5aead05e7fe6652]::park::either::Either<tokio[a5aead05e7fe6652]::io::driver::Driver, tokio[a5aead05e7fe6652]::park::thread::ParkThread>>>
[INFO] [stdout]   16:     0x62b2373ce011 - tokio[a5aead05e7fe6652]::runtime::context::enter::<<tokio[a5aead05e7fe6652]::runtime::Runtime>::block_on<rusoto_elasticbeanstalk[ba264db44a5809a1]::generated::protocol_tests::test_parse_valid_elasticbeanstalk_update_application::{closure#0}>::{closure#0}, ()>
[INFO] [stdout]   17:     0x62b2373cbf6a - <rusoto_elasticbeanstalk[ba264db44a5809a1]::generated::protocol_tests::test_parse_valid_elasticbeanstalk_update_application::{closure#0} as core[a373ad73a504971]::ops::function::FnOnce<()>>::call_once
[INFO] [stdout]   18:     0x62b2373cf49b - test[aada8e7e76ba119b]::__rust_begin_short_backtrace::<core[a373ad73a504971]::result::Result<(), alloc[2e1b2a31b91974c5]::string::String>, fn() -> core[a373ad73a504971]::result::Result<(), alloc[2e1b2a31b91974c5]::string::String>>
[INFO] [stdout]   19:     0x62b2373dc675 - test[aada8e7e76ba119b]::run_test::{closure#0}
[INFO] [stdout]   20:     0x62b2373d5f64 - std[617be2ca0a6fd877]::sys::backtrace::__rust_begin_short_backtrace::<test[aada8e7e76ba119b]::run_test::{closure#1}, ()>
[INFO] [stdout]   21:     0x62b2373df702 - <std[617be2ca0a6fd877]::thread::lifecycle::spawn_unchecked<test[aada8e7e76ba119b]::run_test::{closure#1}, ()>::{closure#1} as core[a373ad73a504971]::ops::function::FnOnce<()>>::call_once::{shim:vtable#0}
[INFO] [stdout]   22:     0x62b23747e17f - <std[617be2ca0a6fd877]::sys::thread::unix::Thread>::new::thread_start
[INFO] [stdout]   23:     0x749cb3b01dfa - <unknown>
[INFO] [stdout]   24:     0x749cb3b953d4 - clone
[INFO] [stdout]   25:                0x0 - <unknown>
[INFO] [stdout] 
[INFO] [stdout] ---- generated::protocol_tests::test_parse_valid_elasticbeanstalk_terminate_environment stdout ----
[INFO] [stdout] 
[INFO] [stdout] thread 'generated::protocol_tests::test_parse_valid_elasticbeanstalk_terminate_environment' (1373) panicked at /opt/rustwide/cargo-home/registry/src/index.crates.io-1949cf8c6b5b557f/mz_rusoto_mock-0.46.0/src/lib.rs:175:53:
[INFO] [stdout] couldn't find file: Os { code: 2, kind: NotFound, message: "No such file or directory" }
[INFO] [stdout] stack backtrace:
[INFO] [stdout]    0:     0x62b23747e921 - <<std[617be2ca0a6fd877]::sys::backtrace::BacktraceLock>::print::DisplayBacktrace as core[a373ad73a504971]::fmt::Display>::fmt
[INFO] [stdout]    1:     0x62b23749319a - core[a373ad73a504971]::fmt::write
[INFO] [stdout]    2:     0x62b237482c7c - <alloc[2e1b2a31b91974c5]::vec::Vec<u8> as core[a373ad73a504971]::io::write::Write>::write_fmt
[INFO] [stdout]    3:     0x62b23745aac6 - std[617be2ca0a6fd877]::panicking::default_hook::{closure#0}
[INFO] [stdout]    4:     0x62b237476fb9 - std[617be2ca0a6fd877]::panicking::default_hook
[INFO] [stdout]    5:     0x62b2373dc050 - test[aada8e7e76ba119b]::test_main_inner::{closure#0}
[INFO] [stdout]    6:     0x62b237477172 - std[617be2ca0a6fd877]::panicking::panic_with_hook
[INFO] [stdout]    7:     0x62b23745ab72 - std[617be2ca0a6fd877]::panicking::panic_handler::{closure#0}
[INFO] [stdout]    8:     0x62b237453859 - std[617be2ca0a6fd877]::sys::backtrace::__rust_end_short_backtrace::<std[617be2ca0a6fd877]::panicking::panic_handler::{closure#0}, !>
[INFO] [stdout]    9:     0x62b23745b77d - __rustc[ea4f61d10b84890b]::rust_begin_unwind
[INFO] [stdout]   10:     0x62b2374938fc - core[a373ad73a504971]::panicking::panic_fmt
[INFO] [stdout]   11:     0x62b2374936d2 - core[a373ad73a504971]::result::unwrap_failed
[INFO] [stdout]   12:     0x62b237410fbc - <rusoto_mock[494343f50ae4f61f]::MockResponseReader as rusoto_mock[494343f50ae4f61f]::ReadMockResponse>::read_response
[INFO] [stdout]   13:     0x62b2373b0d3d - rusoto_elasticbeanstalk[ba264db44a5809a1]::generated::protocol_tests::test_parse_valid_elasticbeanstalk_terminate_environment::{closure#0}
[INFO] [stdout]   14:     0x62b2373b5fbd - <tokio[a5aead05e7fe6652]::macros::scoped_tls::ScopedKey<tokio[a5aead05e7fe6652]::runtime::basic_scheduler::Context>>::set::<tokio[a5aead05e7fe6652]::runtime::basic_scheduler::enter<<tokio[a5aead05e7fe6652]::runtime::basic_scheduler::BasicScheduler<tokio[a5aead05e7fe6652]::park::either::Either<tokio[a5aead05e7fe6652]::time::driver::Driver<tokio[a5aead05e7fe6652]::park::either::Either<tokio[a5aead05e7fe6652]::io::driver::Driver, tokio[a5aead05e7fe6652]::park::thread::ParkThread>>, tokio[a5aead05e7fe6652]::park::either::Either<tokio[a5aead05e7fe6652]::io::driver::Driver, tokio[a5aead05e7fe6652]::park::thread::ParkThread>>>>::block_on<rusoto_elasticbeanstalk[ba264db44a5809a1]::generated::protocol_tests::test_parse_valid_elasticbeanstalk_terminate_environment::{closure#0}>::{closure#0}, (), tokio[a5aead05e7fe6652]::park::either::Either<tokio[a5aead05e7fe6652]::time::driver::Driver<tokio[a5aead05e7fe6652]::park::either::Either<tokio[a5aead05e7fe6652]::io::driver::Driver, tokio[a5aead05e7fe6652]::park::thread::ParkThread>>, tokio[a5aead05e7fe6652]::park::either::Either<tokio[a5aead05e7fe6652]::io::driver::Driver, tokio[a5aead05e7fe6652]::park::thread::ParkThread>>>::{closure#0}, ()>
[INFO] [stdout]   15:     0x62b2373ca046 - tokio[a5aead05e7fe6652]::runtime::basic_scheduler::enter::<<tokio[a5aead05e7fe6652]::runtime::basic_scheduler::BasicScheduler<tokio[a5aead05e7fe6652]::park::either::Either<tokio[a5aead05e7fe6652]::time::driver::Driver<tokio[a5aead05e7fe6652]::park::either::Either<tokio[a5aead05e7fe6652]::io::driver::Driver, tokio[a5aead05e7fe6652]::park::thread::ParkThread>>, tokio[a5aead05e7fe6652]::park::either::Either<tokio[a5aead05e7fe6652]::io::driver::Driver, tokio[a5aead05e7fe6652]::park::thread::ParkThread>>>>::block_on<rusoto_elasticbeanstalk[ba264db44a5809a1]::generated::protocol_tests::test_parse_valid_elasticbeanstalk_terminate_environment::{closure#0}>::{closure#0}, (), tokio[a5aead05e7fe6652]::park::either::Either<tokio[a5aead05e7fe6652]::time::driver::Driver<tokio[a5aead05e7fe6652]::park::either::Either<tokio[a5aead05e7fe6652]::io::driver::Driver, tokio[a5aead05e7fe6652]::park::thread::ParkThread>>, tokio[a5aead05e7fe6652]::park::either::Either<tokio[a5aead05e7fe6652]::io::driver::Driver, tokio[a5aead05e7fe6652]::park::thread::ParkThread>>>
[INFO] [stdout]   16:     0x62b2373ce3a1 - tokio[a5aead05e7fe6652]::runtime::context::enter::<<tokio[a5aead05e7fe6652]::runtime::Runtime>::block_on<rusoto_elasticbeanstalk[ba264db44a5809a1]::generated::protocol_tests::test_parse_valid_elasticbeanstalk_terminate_environment::{closure#0}>::{closure#0}, ()>
[INFO] [stdout]   17:     0x62b2373cc4da - <rusoto_elasticbeanstalk[ba264db44a5809a1]::generated::protocol_tests::test_parse_valid_elasticbeanstalk_terminate_environment::{closure#0} as core[a373ad73a504971]::ops::function::FnOnce<()>>::call_once
[INFO] [stdout]   18:     0x62b2373cf49b - test[aada8e7e76ba119b]::__rust_begin_short_backtrace::<core[a373ad73a504971]::result::Result<(), alloc[2e1b2a31b91974c5]::string::String>, fn() -> core[a373ad73a504971]::result::Result<(), alloc[2e1b2a31b91974c5]::string::String>>
[INFO] [stdout]   19:     0x62b2373dc675 - test[aada8e7e76ba119b]::run_test::{closure#0}
[INFO] [stdout]   20:     0x62b2373d5f64 - std[617be2ca0a6fd877]::sys::backtrace::__rust_begin_short_backtrace::<test[aada8e7e76ba119b]::run_test::{closure#1}, ()>
[INFO] [stdout]   21:     0x62b2373df702 - <std[617be2ca0a6fd877]::thread::lifecycle::spawn_unchecked<test[aada8e7e76ba119b]::run_test::{closure#1}, ()>::{closure#1} as core[a373ad73a504971]::ops::function::FnOnce<()>>::call_once::{shim:vtable#0}
[INFO] [stdout]   22:     0x62b23747e17f - <std[617be2ca0a6fd877]::sys::thread::unix::Thread>::new::thread_start
[INFO] [stdout]   23:     0x749cb3b01dfa - <unknown>
[INFO] [stdout]   24:     0x749cb3b953d4 - clone
[INFO] [stdout]   25:                0x0 - <unknown>
[INFO] [stdout] 
[INFO] [stdout] ---- generated::protocol_tests::test_parse_valid_elasticbeanstalk_describe_application_versions stdout ----
[INFO] [stdout] 
[INFO] [stdout] thread 'generated::protocol_tests::test_parse_valid_elasticbeanstalk_describe_application_versions' (1366) panicked at /opt/rustwide/cargo-home/registry/src/index.crates.io-1949cf8c6b5b557f/mz_rusoto_mock-0.46.0/src/lib.rs:175:53:
[INFO] [stdout] couldn't find file: Os { code: 2, kind: NotFound, message: "No such file or directory" }
[INFO] [stdout] stack backtrace:
[INFO] [stdout]    0:     0x62b23747e921 - <<std[617be2ca0a6fd877]::sys::backtrace::BacktraceLock>::print::DisplayBacktrace as core[a373ad73a504971]::fmt::Display>::fmt
[INFO] [stdout]    1:     0x62b23749319a - core[a373ad73a504971]::fmt::write
[INFO] [stdout]    2:     0x62b237482c7c - <alloc[2e1b2a31b91974c5]::vec::Vec<u8> as core[a373ad73a504971]::io::write::Write>::write_fmt
[INFO] [stdout]    3:     0x62b23745aac6 - std[617be2ca0a6fd877]::panicking::default_hook::{closure#0}
[INFO] [stdout]    4:     0x62b237476fb9 - std[617be2ca0a6fd877]::panicking::default_hook
[INFO] [stdout]    5:     0x62b2373dc050 - test[aada8e7e76ba119b]::test_main_inner::{closure#0}
[INFO] [stdout]    6:     0x62b237477172 - std[617be2ca0a6fd877]::panicking::panic_with_hook
[INFO] [stdout]    7:     0x62b23745ab72 - std[617be2ca0a6fd877]::panicking::panic_handler::{closure#0}
[INFO] [stdout]    8:     0x62b237453859 - std[617be2ca0a6fd877]::sys::backtrace::__rust_end_short_backtrace::<std[617be2ca0a6fd877]::panicking::panic_handler::{closure#0}, !>
[INFO] [stdout]    9:     0x62b23745b77d - __rustc[ea4f61d10b84890b]::rust_begin_unwind
[INFO] [stdout]   10:     0x62b2374938fc - core[a373ad73a504971]::panicking::panic_fmt
[INFO] [stdout]   11:     0x62b2374936d2 - core[a373ad73a504971]::result::unwrap_failed
[INFO] [stdout]   12:     0x62b237410fbc - <rusoto_mock[494343f50ae4f61f]::MockResponseReader as rusoto_mock[494343f50ae4f61f]::ReadMockResponse>::read_response
[INFO] [stdout]   13:     0x62b2373b264d - rusoto_elasticbeanstalk[ba264db44a5809a1]::generated::protocol_tests::test_parse_valid_elasticbeanstalk_describe_application_versions::{closure#0}
[INFO] [stdout]   14:     0x62b2373b86ad - <tokio[a5aead05e7fe6652]::macros::scoped_tls::ScopedKey<tokio[a5aead05e7fe6652]::runtime::basic_scheduler::Context>>::set::<tokio[a5aead05e7fe6652]::runtime::basic_scheduler::enter<<tokio[a5aead05e7fe6652]::runtime::basic_scheduler::BasicScheduler<tokio[a5aead05e7fe6652]::park::either::Either<tokio[a5aead05e7fe6652]::time::driver::Driver<tokio[a5aead05e7fe6652]::park::either::Either<tokio[a5aead05e7fe6652]::io::driver::Driver, tokio[a5aead05e7fe6652]::park::thread::ParkThread>>, tokio[a5aead05e7fe6652]::park::either::Either<tokio[a5aead05e7fe6652]::io::driver::Driver, tokio[a5aead05e7fe6652]::park::thread::ParkThread>>>>::block_on<rusoto_elasticbeanstalk[ba264db44a5809a1]::generated::protocol_tests::test_parse_valid_elasticbeanstalk_describe_application_versions::{closure#0}>::{closure#0}, (), tokio[a5aead05e7fe6652]::park::either::Either<tokio[a5aead05e7fe6652]::time::driver::Driver<tokio[a5aead05e7fe6652]::park::either::Either<tokio[a5aead05e7fe6652]::io::driver::Driver, tokio[a5aead05e7fe6652]::park::thread::ParkThread>>, tokio[a5aead05e7fe6652]::park::either::Either<tokio[a5aead05e7fe6652]::io::driver::Driver, tokio[a5aead05e7fe6652]::park::thread::ParkThread>>>::{closure#0}, ()>
[INFO] [stdout]   15:     0x62b2373ca906 - tokio[a5aead05e7fe6652]::runtime::basic_scheduler::enter::<<tokio[a5aead05e7fe6652]::runtime::basic_scheduler::BasicScheduler<tokio[a5aead05e7fe6652]::park::either::Either<tokio[a5aead05e7fe6652]::time::driver::Driver<tokio[a5aead05e7fe6652]::park::either::Either<tokio[a5aead05e7fe6652]::io::driver::Driver, tokio[a5aead05e7fe6652]::park::thread::ParkThread>>, tokio[a5aead05e7fe6652]::park::either::Either<tokio[a5aead05e7fe6652]::io::driver::Driver, tokio[a5aead05e7fe6652]::park::thread::ParkThread>>>>::block_on<rusoto_elasticbeanstalk[ba264db44a5809a1]::generated::protocol_tests::test_parse_valid_elasticbeanstalk_describe_application_versions::{closure#0}>::{closure#0}, (), tokio[a5aead05e7fe6652]::park::either::Either<tokio[a5aead05e7fe6652]::time::driver::Driver<tokio[a5aead05e7fe6652]::park::either::Either<tokio[a5aead05e7fe6652]::io::driver::Driver, tokio[a5aead05e7fe6652]::park::thread::ParkThread>>, tokio[a5aead05e7fe6652]::park::either::Either<tokio[a5aead05e7fe6652]::io::driver::Driver, tokio[a5aead05e7fe6652]::park::thread::ParkThread>>>
[INFO] [stdout]   16:     0x62b2373cebf1 - tokio[a5aead05e7fe6652]::runtime::context::enter::<<tokio[a5aead05e7fe6652]::runtime::Runtime>::block_on<rusoto_elasticbeanstalk[ba264db44a5809a1]::generated::protocol_tests::test_parse_valid_elasticbeanstalk_describe_application_versions::{closure#0}>::{closure#0}, ()>
[INFO] [stdout]   17:     0x62b2373cd18a - <rusoto_elasticbeanstalk[ba264db44a5809a1]::generated::protocol_tests::test_parse_valid_elasticbeanstalk_describe_application_versions::{closure#0} as core[a373ad73a504971]::ops::function::FnOnce<()>>::call_once
[INFO] [stdout]   18:     0x62b2373cf49b - test[aada8e7e76ba119b]::__rust_begin_short_backtrace::<core[a373ad73a504971]::result::Result<(), alloc[2e1b2a31b91974c5]::string::String>, fn() -> core[a373ad73a504971]::result::Result<(), alloc[2e1b2a31b91974c5]::string::String>>
[INFO] [stdout]   19:     0x62b2373dc675 - test[aada8e7e76ba119b]::run_test::{closure#0}
[INFO] [stdout]   20:     0x62b2373d5f64 - std[617be2ca0a6fd877]::sys::backtrace::__rust_begin_short_backtrace::<test[aada8e7e76ba119b]::run_test::{closure#1}, ()>
[INFO] [stdout]   21:     0x62b2373df702 - <std[617be2ca0a6fd877]::thread::lifecycle::spawn_unchecked<test[aada8e7e76ba119b]::run_test::{closure#1}, ()>::{closure#1} as core[a373ad73a504971]::ops::function::FnOnce<()>>::call_once::{shim:vtable#0}
[INFO] [stdout]   22:     0x62b23747e17f - <std[617be2ca0a6fd877]::sys::thread::unix::Thread>::new::thread_start
[INFO] [stdout]   23:     0x749cb3b01dfa - <unknown>
[INFO] [stdout]   24:     0x749cb3b953d4 - clone
[INFO] [stdout]   25:                0x0 - <unknown>
[INFO] [stdout] 
[INFO] [stdout] ---- generated::protocol_tests::test_parse_valid_elasticbeanstalk_update_application_version stdout ----
[INFO] [stdout] 
[INFO] [stdout] thread 'generated::protocol_tests::test_parse_valid_elasticbeanstalk_update_application_version' (1375) panicked at /opt/rustwide/cargo-home/registry/src/index.crates.io-1949cf8c6b5b557f/mz_rusoto_mock-0.46.0/src/lib.rs:175:53:
[INFO] [stdout] couldn't find file: Os { code: 2, kind: NotFound, message: "No such file or directory" }
[INFO] [stdout] stack backtrace:
[INFO] [stdout]    0:     0x62b23747e921 - <<std[617be2ca0a6fd877]::sys::backtrace::BacktraceLock>::print::DisplayBacktrace as core[a373ad73a504971]::fmt::Display>::fmt
[INFO] [stdout]    1:     0x62b23749319a - core[a373ad73a504971]::fmt::write
[INFO] [stdout]    2:     0x62b237482c7c - <alloc[2e1b2a31b91974c5]::vec::Vec<u8> as core[a373ad73a504971]::io::write::Write>::write_fmt
[INFO] [stdout]    3:     0x62b23745aac6 - std[617be2ca0a6fd877]::panicking::default_hook::{closure#0}
[INFO] [stdout]    4:     0x62b237476fb9 - std[617be2ca0a6fd877]::panicking::default_hook
[INFO] [stdout]    5:     0x62b2373dc050 - test[aada8e7e76ba119b]::test_main_inner::{closure#0}
[INFO] [stdout]    6:     0x62b237477172 - std[617be2ca0a6fd877]::panicking::panic_with_hook
[INFO] [stdout]    7:     0x62b23745ab72 - std[617be2ca0a6fd877]::panicking::panic_handler::{closure#0}
[INFO] [stdout]    8:     0x62b237453859 - std[617be2ca0a6fd877]::sys::backtrace::__rust_end_short_backtrace::<std[617be2ca0a6fd877]::panicking::panic_handler::{closure#0}, !>
[INFO] [stdout]    9:     0x62b23745b77d - __rustc[ea4f61d10b84890b]::rust_begin_unwind
[INFO] [stdout]   10:     0x62b2374938fc - core[a373ad73a504971]::panicking::panic_fmt
[INFO] [stdout]   11:     0x62b2374936d2 - core[a373ad73a504971]::result::unwrap_failed
[INFO] [stdout]   12:     0x62b237410fbc - <rusoto_mock[494343f50ae4f61f]::MockResponseReader as rusoto_mock[494343f50ae4f61f]::ReadMockResponse>::read_response
[INFO] [stdout]   13:     0x62b2373b1f1d - rusoto_elasticbeanstalk[ba264db44a5809a1]::generated::protocol_tests::test_parse_valid_elasticbeanstalk_update_application_version::{closure#0}
[INFO] [stdout]   14:     0x62b2373b7b8d - <tokio[a5aead05e7fe6652]::macros::scoped_tls::ScopedKey<tokio[a5aead05e7fe6652]::runtime::basic_scheduler::Context>>::set::<tokio[a5aead05e7fe6652]::runtime::basic_scheduler::enter<<tokio[a5aead05e7fe6652]::runtime::basic_scheduler::BasicScheduler<tokio[a5aead05e7fe6652]::park::either::Either<tokio[a5aead05e7fe6652]::time::driver::Driver<tokio[a5aead05e7fe6652]::park::either::Either<tokio[a5aead05e7fe6652]::io::driver::Driver, tokio[a5aead05e7fe6652]::park::thread::ParkThread>>, tokio[a5aead05e7fe6652]::park::either::Either<tokio[a5aead05e7fe6652]::io::driver::Driver, tokio[a5aead05e7fe6652]::park::thread::ParkThread>>>>::block_on<rusoto_elasticbeanstalk[ba264db44a5809a1]::generated::protocol_tests::test_parse_valid_elasticbeanstalk_update_application_version::{closure#0}>::{closure#0}, (), tokio[a5aead05e7fe6652]::park::either::Either<tokio[a5aead05e7fe6652]::time::driver::Driver<tokio[a5aead05e7fe6652]::park::either::Either<tokio[a5aead05e7fe6652]::io::driver::Driver, tokio[a5aead05e7fe6652]::park::thread::ParkThread>>, tokio[a5aead05e7fe6652]::park::either::Either<tokio[a5aead05e7fe6652]::io::driver::Driver, tokio[a5aead05e7fe6652]::park::thread::ParkThread>>>::{closure#0}, ()>
[INFO] [stdout]   15:     0x62b2373ca686 - tokio[a5aead05e7fe6652]::runtime::basic_scheduler::enter::<<tokio[a5aead05e7fe6652]::runtime::basic_scheduler::BasicScheduler<tokio[a5aead05e7fe6652]::park::either::Either<tokio[a5aead05e7fe6652]::time::driver::Driver<tokio[a5aead05e7fe6652]::park::either::Either<tokio[a5aead05e7fe6652]::io::driver::Driver, tokio[a5aead05e7fe6652]::park::thread::ParkThread>>, tokio[a5aead05e7fe6652]::park::either::Either<tokio[a5aead05e7fe6652]::io::driver::Driver, tokio[a5aead05e7fe6652]::park::thread::ParkThread>>>>::block_on<rusoto_elasticbeanstalk[ba264db44a5809a1]::generated::protocol_tests::test_parse_valid_elasticbeanstalk_update_application_version::{closure#0}>::{closure#0}, (), tokio[a5aead05e7fe6652]::park::either::Either<tokio[a5aead05e7fe6652]::time::driver::Driver<tokio[a5aead05e7fe6652]::park::either::Either<tokio[a5aead05e7fe6652]::io::driver::Driver, tokio[a5aead05e7fe6652]::park::thread::ParkThread>>, tokio[a5aead05e7fe6652]::park::either::Either<tokio[a5aead05e7fe6652]::io::driver::Driver, tokio[a5aead05e7fe6652]::park::thread::ParkThread>>>
[INFO] [stdout]   16:     0x62b2373ce991 - tokio[a5aead05e7fe6652]::runtime::context::enter::<<tokio[a5aead05e7fe6652]::runtime::Runtime>::block_on<rusoto_elasticbeanstalk[ba264db44a5809a1]::generated::protocol_tests::test_parse_valid_elasticbeanstalk_update_application_version::{closure#0}>::{closure#0}, ()>
[INFO] [stdout]   17:     0x62b2373ccdea - <rusoto_elasticbeanstalk[ba264db44a5809a1]::generated::protocol_tests::test_parse_valid_elasticbeanstalk_update_application_version::{closure#0} as core[a373ad73a504971]::ops::function::FnOnce<()>>::call_once
[INFO] [stdout]   18:     0x62b2373cf49b - test[aada8e7e76ba119b]::__rust_begin_short_backtrace::<core[a373ad73a504971]::result::Result<(), alloc[2e1b2a31b91974c5]::string::String>, fn() -> core[a373ad73a504971]::result::Result<(), alloc[2e1b2a31b91974c5]::string::String>>
[INFO] [stdout]   19:     0x62b2373dc675 - test[aada8e7e76ba119b]::run_test::{closure#0}
[INFO] [stdout]   20:     0x62b2373d5f64 - std[617be2ca0a6fd877]::sys::backtrace::__rust_begin_short_backtrace::<test[aada8e7e76ba119b]::run_test::{closure#1}, ()>
[INFO] [stdout]   21:     0x62b2373df702 - <std[617be2ca0a6fd877]::thread::lifecycle::spawn_unchecked<test[aada8e7e76ba119b]::run_test::{closure#1}, ()>::{closure#1} as core[a373ad73a504971]::ops::function::FnOnce<()>>::call_once::{shim:vtable#0}
[INFO] [stdout]   22:     0x62b23747e17f - <std[617be2ca0a6fd877]::sys::thread::unix::Thread>::new::thread_start
[INFO] [stdout]   23:     0x749cb3b01dfa - <unknown>
[INFO] [stdout]   24:     0x749cb3b953d4 - clone
[INFO] [stdout]   25:                0x0 - <unknown>
[INFO] [stdout] 
[INFO] [stdout] 
[INFO] [stdout] failures:
[INFO] [stdout]     generated::protocol_tests::test_parse_valid_elasticbeanstalk_check_dns_availability
[INFO] [stdout]     generated::protocol_tests::test_parse_valid_elasticbeanstalk_create_application
[INFO] [stdout]     generated::protocol_tests::test_parse_valid_elasticbeanstalk_create_application_version
[INFO] [stdout]     generated::protocol_tests::test_parse_valid_elasticbeanstalk_create_configuration_template
[INFO] [stdout]     generated::protocol_tests::test_parse_valid_elasticbeanstalk_create_environment
[INFO] [stdout]     generated::protocol_tests::test_parse_valid_elasticbeanstalk_create_storage_location
[INFO] [stdout]     generated::protocol_tests::test_parse_valid_elasticbeanstalk_delete_application
[INFO] [stdout]     generated::protocol_tests::test_parse_valid_elasticbeanstalk_describe_application_versions
[INFO] [stdout]     generated::protocol_tests::test_parse_valid_elasticbeanstalk_describe_applications
[INFO] [stdout]     generated::protocol_tests::test_parse_valid_elasticbeanstalk_describe_configuration_options
[INFO] [stdout]     generated::protocol_tests::test_parse_valid_elasticbeanstalk_describe_environments
[INFO] [stdout]     generated::protocol_tests::test_parse_valid_elasticbeanstalk_describe_events
[INFO] [stdout]     generated::protocol_tests::test_parse_valid_elasticbeanstalk_list_available_solution_stacks
[INFO] [stdout]     generated::protocol_tests::test_parse_valid_elasticbeanstalk_retrieve_environment_info
[INFO] [stdout]     generated::protocol_tests::test_parse_valid_elasticbeanstalk_terminate_environment
[INFO] [stdout]     generated::protocol_tests::test_parse_valid_elasticbeanstalk_update_application
[INFO] [stdout]     generated::protocol_tests::test_parse_valid_elasticbeanstalk_update_application_version
[INFO] [stdout] 
[INFO] [stdout] test result: FAILED. 0 passed; 17 failed; 0 ignored; 0 measured; 0 filtered out; finished in 0.01s
[INFO] [stdout] 
[INFO] running `Command { std: "docker" "inspect" "9d1eb10c183f64273041d6416fa904e021f1a59664b05db081255e14f6c92fdb", kill_on_drop: false }`
[INFO] running `Command { std: "docker" "rm" "-f" "9d1eb10c183f64273041d6416fa904e021f1a59664b05db081255e14f6c92fdb", kill_on_drop: false }`
[INFO] [stdout] 9d1eb10c183f64273041d6416fa904e021f1a59664b05db081255e14f6c92fdb
