[INFO] fetching crate mz_rusoto_credential 0.46.0...
[INFO] testing mz_rusoto_credential-0.46.0 against 1.100.0-beta.1+cargoflags=--release for beta-release-1.100-2
[INFO] extracting crate mz_rusoto_credential 0.46.0 into /workspace/builds/worker-3-tc2/source
[INFO] started tweaking crates.io crate mz_rusoto_credential 0.46.0
[INFO] finished tweaking crates.io crate mz_rusoto_credential 0.46.0
[INFO] tweaked toml for crates.io crate mz_rusoto_credential 0.46.0 written to /workspace/builds/worker-3-tc2/source/Cargo.toml
[INFO] validating manifest of crates.io crate mz_rusoto_credential 0.46.0 on toolchain 1.100.0-beta.1
[INFO] running `Command { std: CARGO_HOME="/workspace/cargo-home" RUSTUP_HOME="/workspace/rustup-home" "/workspace/cargo-home/bin/cargo" "+1.100.0-beta.1" "metadata" "--manifest-path" "Cargo.toml" "--no-deps", kill_on_drop: false }`
[INFO] running `Command { std: CARGO_HOME="/workspace/cargo-home" RUSTUP_HOME="/workspace/rustup-home" "/workspace/cargo-home/bin/cargo" "+1.100.0-beta.1" "generate-lockfile" "--manifest-path" "Cargo.toml", kill_on_drop: false }`
[INFO] [stderr]     Updating crates.io index
[INFO] [stderr]      Locking 132 packages to highest compatible versions
[INFO] [stderr]       Adding hyper v0.13.10 (available: v1.12.0)
[INFO] [stderr]       Adding quickcheck v0.9.2 (available: v1.1.0)
[INFO] [stderr]       Adding quickcheck_macros v0.9.1 (available: v1.2.0)
[INFO] [stderr]       Adding shlex v0.1.1 (available: v2.0.1)
[INFO] [stderr]       Adding tokio v0.2.25 (available: v1.53.3)
[INFO] running `Command { std: CARGO_HOME="/workspace/cargo-home" RUSTUP_HOME="/workspace/rustup-home" "/workspace/cargo-home/bin/cargo" "+1.100.0-beta.1" "fetch" "--manifest-path" "Cargo.toml", kill_on_drop: false }`
[INFO] running `Command { std: "docker" "create" "-v" "/var/lib/crater-agent-workspace/builds/worker-3-tc2/source:/opt/rustwide/workdir:ro,Z" "-v" "/var/lib/crater-agent-workspace/builds/worker-3-tc2/target:/opt/rustwide/target:rw,Z" "-v" "/var/lib/crater-agent-workspace/cargo-home:/opt/rustwide/cargo-home:ro,Z" "-v" "/var/lib/crater-agent-workspace/rustup-home:/opt/rustwide/rustup-home:ro,Z" "-m" "1610612736" "--network" "none" "ghcr.io/rust-lang/crates-build-env/linux@sha256:77db811e55d90add9212f6832c23229e3de5f1c1f9905e8cb07319ea15df73ac" "sleep" "infinity", kill_on_drop: false }`
[INFO] [stdout] 699cd20f795030415f254b823014e3814d6c574222e95daa2fa0b16b95c65e93
[INFO] running `Command { std: "docker" "start" "699cd20f795030415f254b823014e3814d6c574222e95daa2fa0b16b95c65e93", kill_on_drop: false }`
[INFO] running `Command { std: "docker" "inspect" "699cd20f795030415f254b823014e3814d6c574222e95daa2fa0b16b95c65e93", kill_on_drop: false }`
[INFO] running `Command { std: "docker" "exec" "-e" "SOURCE_DIR=/opt/rustwide/workdir" "-e" "CARGO_HOME=/opt/rustwide/cargo-home" "-e" "RUSTUP_HOME=/opt/rustwide/rustup-home" "-e" "CARGO_TARGET_DIR=/opt/rustwide/target" "-w" "/opt/rustwide/workdir" "--user" "0:0" "699cd20f795030415f254b823014e3814d6c574222e95daa2fa0b16b95c65e93" "/opt/rustwide/cargo-home/bin/cargo" "+1.100.0-beta.1" "metadata" "--no-deps" "--format-version=1", kill_on_drop: false }`
[INFO] running `Command { std: "docker" "inspect" "699cd20f795030415f254b823014e3814d6c574222e95daa2fa0b16b95c65e93", kill_on_drop: false }`
[INFO] running `Command { std: "docker" "exec" "-e" "SOURCE_DIR=/opt/rustwide/workdir" "-e" "CARGO_HOME=/opt/rustwide/cargo-home" "-e" "RUSTUP_HOME=/opt/rustwide/rustup-home" "-e" "CARGO_TARGET_DIR=/opt/rustwide/target" "-e" "CARGO_INCREMENTAL=0" "-e" "RUST_BACKTRACE=full" "-e" "RUSTFLAGS=--cap-lints=warn" "-e" "RUSTDOCFLAGS=--cap-lints=warn" "-w" "/opt/rustwide/workdir" "--user" "0:0" "699cd20f795030415f254b823014e3814d6c574222e95daa2fa0b16b95c65e93" "/opt/rustwide/cargo-home/bin/cargo" "+1.100.0-beta.1" "build" "--frozen" "--message-format=json" "--release", kill_on_drop: false }`
[INFO] [stderr]    Compiling libc v0.2.191
[INFO] [stderr]    Compiling slab v0.4.12
[INFO] [stderr]    Compiling futures-core v0.3.34
[INFO] [stderr]    Compiling futures-sink v0.3.34
[INFO] [stderr]    Compiling cfg-if v0.1.10
[INFO] [stderr]    Compiling syn v3.0.9
[INFO] [stderr]    Compiling syn v2.0.119
[INFO] [stderr]    Compiling futures-task v0.3.34
[INFO] [stderr]    Compiling futures-io v0.3.34
[INFO] [stderr]    Compiling bytes v0.5.6
[INFO] [stderr]    Compiling futures-channel v0.3.34
[INFO] [stderr]    Compiling tokio-macros v0.2.6
[INFO] [stderr]    Compiling indexmap v1.9.3
[INFO] [stderr]    Compiling pin-project-lite v0.1.12
[INFO] [stderr]    Compiling bytes v1.12.1
[INFO] [stderr]    Compiling lazy_static v1.5.1
[INFO] [stderr]    Compiling tracing v0.1.44
[INFO] [stderr]    Compiling httparse v1.10.1
[INFO] [stderr]    Compiling aho-corasick v1.1.5
[INFO] [stderr]    Compiling try-lock v0.2.5
[INFO] [stderr]    Compiling serde_json v1.0.154
[INFO] [stderr]    Compiling want v0.3.2
[INFO] [stderr]    Compiling itoa v0.4.8
[INFO] [stderr]    Compiling http v0.2.12
[INFO] [stderr]    Compiling tower-service v0.3.3
[INFO] [stderr]    Compiling httpdate v0.3.2
[INFO] [stderr]    Compiling shlex v0.1.1
[INFO] [stderr]    Compiling zeroize v1.9.1
[INFO] [stderr]    Compiling iovec v0.1.4
[INFO] [stderr]    Compiling net2 v0.2.39
[INFO] [stderr]    Compiling errno v0.3.14
[INFO] [stderr]    Compiling socket2 v0.3.19
[INFO] [stderr]    Compiling signal-hook-registry v1.4.8
[INFO] [stderr]    Compiling mio v0.6.23
[INFO] [stderr]    Compiling regex-automata v0.4.18
[INFO] [stderr]    Compiling http-body v0.3.1
[INFO] [stderr]    Compiling dirs-sys-next v0.1.2
[INFO] [stderr]    Compiling dirs-next v2.0.0
[INFO] [stderr]    Compiling mio-uds v0.6.8
[INFO] [stderr]    Compiling tokio v0.2.25
[INFO] [stderr]    Compiling pin-project-internal v1.1.13
[INFO] [stderr]    Compiling pin-project v1.1.13
[INFO] [stderr]    Compiling tracing-futures v0.2.5
[INFO] [stderr]    Compiling futures-macro v0.3.34
[INFO] [stderr]    Compiling serde_derive v1.0.229
[INFO] [stderr]    Compiling async-trait v0.1.92
[INFO] [stderr]    Compiling regex v1.13.1
[INFO] [stderr]    Compiling futures-util v0.3.34
[INFO] [stderr]    Compiling tokio-util v0.3.1
[INFO] [stderr]    Compiling serde v1.0.229
[INFO] [stderr]    Compiling chrono v0.4.45
[INFO] [stderr]    Compiling h2 v0.2.7
[INFO] [stderr]    Compiling futures-executor v0.3.34
[INFO] [stderr]    Compiling futures v0.3.34
[INFO] [stderr]    Compiling hyper v0.13.10
[INFO] [stderr]    Compiling mz_rusoto_credential v0.46.0 (/opt/rustwide/workdir)
[INFO] [stderr]     Finished `release` profile [optimized] target(s) in 1m 44s
[INFO] running `Command { std: "docker" "inspect" "699cd20f795030415f254b823014e3814d6c574222e95daa2fa0b16b95c65e93", kill_on_drop: false }`
[INFO] running `Command { std: "docker" "exec" "-e" "SOURCE_DIR=/opt/rustwide/workdir" "-e" "CARGO_HOME=/opt/rustwide/cargo-home" "-e" "RUSTUP_HOME=/opt/rustwide/rustup-home" "-e" "CARGO_TARGET_DIR=/opt/rustwide/target" "-e" "CARGO_INCREMENTAL=0" "-e" "RUST_BACKTRACE=full" "-e" "RUSTFLAGS=--cap-lints=warn" "-e" "RUSTDOCFLAGS=--cap-lints=warn" "-w" "/opt/rustwide/workdir" "--user" "0:0" "699cd20f795030415f254b823014e3814d6c574222e95daa2fa0b16b95c65e93" "/opt/rustwide/cargo-home/bin/cargo" "+1.100.0-beta.1" "test" "--frozen" "--no-run" "--message-format=json" "--release", kill_on_drop: false }`
[INFO] [stderr]    Compiling zerocopy v0.8.63
[INFO] [stderr]    Compiling getrandom v0.1.16
[INFO] [stderr]    Compiling rustix v1.1.5
[INFO] [stderr]    Compiling getrandom v0.4.3
[INFO] [stderr]    Compiling env_logger v0.7.1
[INFO] [stderr]    Compiling quickcheck_macros v0.9.1
[INFO] [stderr]    Compiling rand_core v0.5.1
[INFO] [stderr]    Compiling tempfile v3.27.0
[INFO] [stderr]    Compiling ppv-lite86 v0.2.21
[INFO] [stderr]    Compiling rand_chacha v0.2.2
[INFO] [stderr]    Compiling rand v0.7.3
[INFO] [stderr]    Compiling quickcheck v0.9.2
[INFO] [stderr]    Compiling mz_rusoto_credential v0.46.0 (/opt/rustwide/workdir)
[INFO] [stderr]     Finished `release` profile [optimized] target(s) in 26.92s
[INFO] running `Command { std: "docker" "inspect" "699cd20f795030415f254b823014e3814d6c574222e95daa2fa0b16b95c65e93", kill_on_drop: false }`
[INFO] running `Command { std: "docker" "exec" "-e" "SOURCE_DIR=/opt/rustwide/workdir" "-e" "CARGO_HOME=/opt/rustwide/cargo-home" "-e" "RUSTUP_HOME=/opt/rustwide/rustup-home" "-e" "CARGO_TARGET_DIR=/opt/rustwide/target" "-e" "CARGO_INCREMENTAL=0" "-e" "RUST_BACKTRACE=full" "-e" "RUSTFLAGS=--cap-lints=warn" "-e" "RUSTDOCFLAGS=--cap-lints=warn" "-w" "/opt/rustwide/workdir" "--user" "0:0" "699cd20f795030415f254b823014e3814d6c574222e95daa2fa0b16b95c65e93" "/opt/rustwide/cargo-home/bin/cargo" "+1.100.0-beta.1" "test" "--frozen" "--release", kill_on_drop: false }`
[INFO] [stderr]     Finished `release` profile [optimized] target(s) in 0.18s
[INFO] [stderr]      Running unittests src/lib.rs (/opt/rustwide/target/release/build/mz_rusoto_credential/3383796c1abfe54c/out/rusoto_credential-3383796c1abfe54c)
[INFO] [stdout] 
[INFO] [stdout] running 61 tests
[INFO] [stdout] test container::tests::request_from_full_uri_with_token ... ok
[INFO] [stdout] test container::tests::request_from_full_uri_without_token ... ok
[INFO] [stdout] test container::tests::request_from_relative_uri ... ok
[INFO] [stdout] test environment::tests::alternative_prefix ... ok
[INFO] [stdout] test environment::tests::environment_provider_bad_expiration ... ok
[INFO] [stdout] test environment::tests::environment_provider_missing_credentials ... ok
[INFO] [stdout] test environment::tests::get_non_temporary_credentials_from_env ... ok
[INFO] [stdout] test environment::tests::get_temporary_credentials_from_env ... ok
[INFO] [stdout] test container::tests::error_from_missing_env_vars ... ok
[INFO] [stdout] test container::tests::request_from_full_uri_with_empty_token ... ok
[INFO] [stdout] test environment::tests::get_temporary_credentials_with_expiration_from_env ... ok
[INFO] [stdout] test environment::tests::regression_test_rfc_3339_compat ... ok
[INFO] [stdout] test profile::tests::default_profile_location_from_env_var ... ok
[INFO] [stdout] test environment::tests::environment_provider_missing_key_id ... ok
[INFO] [stdout] test profile::tests::default_profile_location ... ok
[INFO] [stdout] test profile::tests::default_profile_name_from_empty_env_var ... ok
[INFO] [stdout] test profile::tests::default_profile_location_from_empty_env_var ... ok
[INFO] [stdout] test profile::tests::default_profile_name ... ok
[INFO] [stdout] test profile::tests::default_profile_name_from_env_var ... ok
[INFO] [stdout] test container::tests::error_from_empty_env_vars ... ok
[INFO] [stdout] test environment::tests::environment_provider_missing_secret ... ok
[INFO] [stdout] test profile::tests::parse_credentials_directory_path ... ok
[INFO] [stdout] test profile::tests::parse_credentials_bad_path ... ok
[INFO] [stdout] test profile::tests::parse_all_values_credentials_file ... FAILED
[INFO] [stdout] test profile::tests::existing_file_no_credentials ... FAILED
[INFO] [stdout] test profile::tests::parse_config_file_credential_process ... FAILED
[INFO] [stdout] test profile::tests::parse_config_file_default_profile ... FAILED
[INFO] [stdout] test profile::tests::parse_config_file_multiple_profiles ... FAILED
[INFO] [stdout] test profile::tests::parse_credentials_unrecognized_field ... FAILED
[INFO] [stdout] test profile::tests::parse_credentials_file_default_profile ... FAILED
[INFO] [stdout] test profile::tests::parse_credentials_file_multiple_profiles ... FAILED
[INFO] [stdout] test profile::tests::region_from_profile ... FAILED
[INFO] [stdout] test profile::tests::region_from_profile_missing_profile ... ok
[INFO] [stdout] test profile::tests::profile_provider_bad_profile ... FAILED
[INFO] [stdout] test profile::tests::profile_provider_profile_name ... ok
[INFO] [stdout] test profile::tests::profile_provider_profile_name_via_environment_variable ... FAILED
[INFO] [stdout] test static_provider::tests::test_static_provider_creation ... ok
[INFO] [stdout] test static_provider::tests::static_provider_impl_from_for_awscredentials ... ok
[INFO] [stdout] test static_provider::tests::test_static_provider_custom_time_expiration ... ok
[INFO] [stdout] test profile::tests::profile_provider_happy_path ... FAILED
[INFO] [stdout] test static_provider::tests::test_static_provider_minimal_creation ... ok
[INFO] [stdout] test tests::default_empty_credentials_are_considered_anonymous ... ok
[INFO] [stdout] test profile::tests::profile_provider_via_environment_variable ... ok
[INFO] [stdout] test tests::parse_iam_task_credentials_sample_response ... FAILED
[INFO] [stdout] test static_provider::tests::test_static_provider_secrets_not_in_debug ... ok
[INFO] [stdout] test tests::credentials_with_values_are_not_considered_anonymous ... ok
[INFO] [stdout] test tests::profile_provider_finds_right_credentials_in_file ... FAILED
[INFO] [stdout] test variable::test::dynamic ... ok
[INFO] [stdout] test variable::test::from_empty_env_var ... ok
[INFO] [stdout] test variable::test::from_binary_file ... ok
[INFO] [stdout] test variable::test::from_value ... ok
[INFO] [stdout] test profile::tests::profile_provider_credential_process ... FAILED
[INFO] [stdout] test tests::providers_are_send_and_sync ... ok
[INFO] [stdout] test variable::test::is_send ... ok
[INFO] [stdout] test variable::test::or ... ok
[INFO] [stdout] test variable::test::api_ergonomics ... ok
[INFO] [stdout] test variable::test::from_env_var ... ok
[INFO] [stdout] test tests::test_aws_credentials_secrets_not_in_debug ... ok
[INFO] [stdout] test variable::test::from_text_file ... ok
[INFO] [stdout] test variable::test::is_sync ... ok
[INFO] [stderr] error: test failed, to rerun pass `--lib`
[INFO] [stdout] test static_provider::tests::test_static_provider_expiration_time_is_recalculated ... ok
[INFO] [stdout] 
[INFO] [stdout] failures:
[INFO] [stdout] 
[INFO] [stdout] ---- profile::tests::parse_all_values_credentials_file stdout ----
[INFO] [stdout] 
[INFO] [stdout] thread 'profile::tests::parse_all_values_credentials_file' (1366) panicked at src/profile.rs:530:9:
[INFO] [stdout] assertion failed: result.is_ok()
[INFO] [stdout] stack backtrace:
[INFO] [stdout]    0:     0x60eca787cf21 - <<std[617be2ca0a6fd877]::sys::backtrace::BacktraceLock>::print::DisplayBacktrace as core[a373ad73a504971]::fmt::Display>::fmt
[INFO] [stdout]    1:     0x60eca789340a - core[a373ad73a504971]::fmt::write
[INFO] [stdout]    2:     0x60eca78816ec - <alloc[2e1b2a31b91974c5]::vec::Vec<u8> as core[a373ad73a504971]::io::write::Write>::write_fmt
[INFO] [stdout]    3:     0x60eca7857de6 - std[617be2ca0a6fd877]::panicking::default_hook::{closure#0}
[INFO] [stdout]    4:     0x60eca7874d59 - std[617be2ca0a6fd877]::panicking::default_hook
[INFO] [stdout]    5:     0x60eca770a3a0 - test[aada8e7e76ba119b]::test_main_inner::{closure#0}
[INFO] [stdout]    6:     0x60eca7874f12 - std[617be2ca0a6fd877]::panicking::panic_with_hook
[INFO] [stdout]    7:     0x60eca7857ec4 - std[617be2ca0a6fd877]::panicking::panic_handler::{closure#0}
[INFO] [stdout]    8:     0x60eca78507a9 - std[617be2ca0a6fd877]::sys::backtrace::__rust_end_short_backtrace::<std[617be2ca0a6fd877]::panicking::panic_handler::{closure#0}, !>
[INFO] [stdout]    9:     0x60eca7858cbd - __rustc[ea4f61d10b84890b]::rust_begin_unwind
[INFO] [stdout]   10:     0x60eca7893bec - core[a373ad73a504971]::panicking::panic_fmt
[INFO] [stdout]   11:     0x60eca7893bb2 - core[a373ad73a504971]::panicking::panic
[INFO] [stdout]   12:     0x60eca76e749b - <rusoto_credential[7fd75e5bc3751f15]::profile::tests::parse_all_values_credentials_file::{closure#0} as core[a373ad73a504971]::ops::function::FnOnce<()>>::call_once
[INFO] [stdout]   13:     0x60eca76fd7eb - test[aada8e7e76ba119b]::__rust_begin_short_backtrace::<core[a373ad73a504971]::result::Result<(), alloc[2e1b2a31b91974c5]::string::String>, fn() -> core[a373ad73a504971]::result::Result<(), alloc[2e1b2a31b91974c5]::string::String>>
[INFO] [stdout]   14:     0x60eca770a9c5 - test[aada8e7e76ba119b]::run_test::{closure#0}
[INFO] [stdout]   15:     0x60eca77042b4 - std[617be2ca0a6fd877]::sys::backtrace::__rust_begin_short_backtrace::<test[aada8e7e76ba119b]::run_test::{closure#1}, ()>
[INFO] [stdout]   16:     0x60eca770da52 - <std[617be2ca0a6fd877]::thread::lifecycle::spawn_unchecked<test[aada8e7e76ba119b]::run_test::{closure#1}, ()>::{closure#1} as core[a373ad73a504971]::ops::function::FnOnce<()>>::call_once::{shim:vtable#0}
[INFO] [stdout]   17:     0x60eca787c43f - <std[617be2ca0a6fd877]::sys::thread::unix::Thread>::new::thread_start
[INFO] [stdout]   18:     0x704aacce4dfa - <unknown>
[INFO] [stdout]   19:     0x704aacd783d4 - clone
[INFO] [stdout]   20:                0x0 - <unknown>
[INFO] [stdout] 
[INFO] [stdout] ---- profile::tests::existing_file_no_credentials stdout ----
[INFO] [stdout] 
[INFO] [stdout] thread 'profile::tests::existing_file_no_credentials' (1365) panicked at src/profile.rs:637:9:
[INFO] [stdout] assertion `left == right` failed
[INFO] [stdout]   left: Some(CredentialsError { message: "Couldn't stat credentials file: [ \"tests/sample-data/no_credentials\" ]. Non existant, or no permission." })
[INFO] [stdout]  right: Some(CredentialsError { message: "No credentials found." })
[INFO] [stdout] stack backtrace:
[INFO] [stdout]    0:     0x60eca787cf21 - <<std[617be2ca0a6fd877]::sys::backtrace::BacktraceLock>::print::DisplayBacktrace as core[a373ad73a504971]::fmt::Display>::fmt
[INFO] [stdout]    1:     0x60eca789340a - core[a373ad73a504971]::fmt::write
[INFO] [stdout]    2:     0x60eca78816ec - <alloc[2e1b2a31b91974c5]::vec::Vec<u8> as core[a373ad73a504971]::io::write::Write>::write_fmt
[INFO] [stdout]    3:     0x60eca7857de6 - std[617be2ca0a6fd877]::panicking::default_hook::{closure#0}
[INFO] [stdout]    4:     0x60eca7874d59 - std[617be2ca0a6fd877]::panicking::default_hook
[INFO] [stdout]    5:     0x60eca770a3a0 - test[aada8e7e76ba119b]::test_main_inner::{closure#0}
[INFO] [stdout]    6:     0x60eca7874f12 - std[617be2ca0a6fd877]::panicking::panic_with_hook
[INFO] [stdout]    7:     0x60eca7857e92 - std[617be2ca0a6fd877]::panicking::panic_handler::{closure#0}
[INFO] [stdout]    8:     0x60eca78507a9 - std[617be2ca0a6fd877]::sys::backtrace::__rust_end_short_backtrace::<std[617be2ca0a6fd877]::panicking::panic_handler::{closure#0}, !>
[INFO] [stdout]    9:     0x60eca7858cbd - __rustc[ea4f61d10b84890b]::rust_begin_unwind
[INFO] [stdout]   10:     0x60eca7893bec - core[a373ad73a504971]::panicking::panic_fmt
[INFO] [stdout]   11:     0x60eca7893b03 - core[a373ad73a504971]::panicking::assert_failed_inner
[INFO] [stdout]   12:     0x60eca76db97d - core[a373ad73a504971]::panicking::assert_failed::<core[a373ad73a504971]::option::Option<rusoto_credential[7fd75e5bc3751f15]::CredentialsError>, core[a373ad73a504971]::option::Option<rusoto_credential[7fd75e5bc3751f15]::CredentialsError>>
[INFO] [stdout]   13:     0x60eca76e6aa5 - <rusoto_credential[7fd75e5bc3751f15]::profile::tests::existing_file_no_credentials::{closure#0} as core[a373ad73a504971]::ops::function::FnOnce<()>>::call_once
[INFO] [stdout]   14:     0x60eca76fd7eb - test[aada8e7e76ba119b]::__rust_begin_short_backtrace::<core[a373ad73a504971]::result::Result<(), alloc[2e1b2a31b91974c5]::string::String>, fn() -> core[a373ad73a504971]::result::Result<(), alloc[2e1b2a31b91974c5]::string::String>>
[INFO] [stdout]   15:     0x60eca770a9c5 - test[aada8e7e76ba119b]::run_test::{closure#0}
[INFO] [stdout]   16:     0x60eca77042b4 - std[617be2ca0a6fd877]::sys::backtrace::__rust_begin_short_backtrace::<test[aada8e7e76ba119b]::run_test::{closure#1}, ()>
[INFO] [stdout]   17:     0x60eca770da52 - <std[617be2ca0a6fd877]::thread::lifecycle::spawn_unchecked<test[aada8e7e76ba119b]::run_test::{closure#1}, ()>::{closure#1} as core[a373ad73a504971]::ops::function::FnOnce<()>>::call_once::{shim:vtable#0}
[INFO] [stdout]   18:     0x60eca787c43f - <std[617be2ca0a6fd877]::sys::thread::unix::Thread>::new::thread_start
[INFO] [stdout]   19:     0x704aacce4dfa - <unknown>
[INFO] [stdout]   20:     0x704aacd783d4 - clone
[INFO] [stdout]   21:                0x0 - <unknown>
[INFO] [stdout] 
[INFO] [stdout] ---- profile::tests::parse_config_file_credential_process stdout ----
[INFO] [stdout] 
[INFO] [stdout] thread 'profile::tests::parse_config_file_credential_process' (1367) panicked at src/profile.rs:473:9:
[INFO] [stdout] assertion failed: result.is_some()
[INFO] [stdout] stack backtrace:
[INFO] [stdout]    0:     0x60eca787cf21 - <<std[617be2ca0a6fd877]::sys::backtrace::BacktraceLock>::print::DisplayBacktrace as core[a373ad73a504971]::fmt::Display>::fmt
[INFO] [stdout]    1:     0x60eca789340a - core[a373ad73a504971]::fmt::write
[INFO] [stdout]    2:     0x60eca78816ec - <alloc[2e1b2a31b91974c5]::vec::Vec<u8> as core[a373ad73a504971]::io::write::Write>::write_fmt
[INFO] [stdout]    3:     0x60eca7857de6 - std[617be2ca0a6fd877]::panicking::default_hook::{closure#0}
[INFO] [stdout]    4:     0x60eca7874d59 - std[617be2ca0a6fd877]::panicking::default_hook
[INFO] [stdout]    5:     0x60eca770a3a0 - test[aada8e7e76ba119b]::test_main_inner::{closure#0}
[INFO] [stdout]    6:     0x60eca7874f12 - std[617be2ca0a6fd877]::panicking::panic_with_hook
[INFO] [stdout]    7:     0x60eca7857ec4 - std[617be2ca0a6fd877]::panicking::panic_handler::{closure#0}
[INFO] [stdout]    8:     0x60eca78507a9 - std[617be2ca0a6fd877]::sys::backtrace::__rust_end_short_backtrace::<std[617be2ca0a6fd877]::panicking::panic_handler::{closure#0}, !>
[INFO] [stdout]    9:     0x60eca7858cbd - __rustc[ea4f61d10b84890b]::rust_begin_unwind
[INFO] [stdout]   10:     0x60eca7893bec - core[a373ad73a504971]::panicking::panic_fmt
[INFO] [stdout]   11:     0x60eca7893bb2 - core[a373ad73a504971]::panicking::panic
[INFO] [stdout]   12:     0x60eca76e908b - <rusoto_credential[7fd75e5bc3751f15]::profile::tests::parse_config_file_credential_process::{closure#0} as core[a373ad73a504971]::ops::function::FnOnce<()>>::call_once
[INFO] [stdout]   13:     0x60eca76fd7eb - test[aada8e7e76ba119b]::__rust_begin_short_backtrace::<core[a373ad73a504971]::result::Result<(), alloc[2e1b2a31b91974c5]::string::String>, fn() -> core[a373ad73a504971]::result::Result<(), alloc[2e1b2a31b91974c5]::string::String>>
[INFO] [stdout]   14:     0x60eca770a9c5 - test[aada8e7e76ba119b]::run_test::{closure#0}
[INFO] [stdout]   15:     0x60eca77042b4 - std[617be2ca0a6fd877]::sys::backtrace::__rust_begin_short_backtrace::<test[aada8e7e76ba119b]::run_test::{closure#1}, ()>
[INFO] [stdout]   16:     0x60eca770da52 - <std[617be2ca0a6fd877]::thread::lifecycle::spawn_unchecked<test[aada8e7e76ba119b]::run_test::{closure#1}, ()>::{closure#1} as core[a373ad73a504971]::ops::function::FnOnce<()>>::call_once::{shim:vtable#0}
[INFO] [stdout]   17:     0x60eca787c43f - <std[617be2ca0a6fd877]::sys::thread::unix::Thread>::new::thread_start
[INFO] [stdout]   18:     0x704aacce4dfa - <unknown>
[INFO] [stdout]   19:     0x704aacd783d4 - clone
[INFO] [stdout]   20:                0x0 - <unknown>
[INFO] [stdout] 
[INFO] [stdout] ---- profile::tests::parse_config_file_default_profile stdout ----
[INFO] [stdout] 
[INFO] [stdout] thread 'profile::tests::parse_config_file_default_profile' (1368) panicked at src/profile.rs:436:9:
[INFO] [stdout] assertion failed: result.is_some()
[INFO] [stdout] stack backtrace:
[INFO] [stdout]    0:     0x60eca787cf21 - <<std[617be2ca0a6fd877]::sys::backtrace::BacktraceLock>::print::DisplayBacktrace as core[a373ad73a504971]::fmt::Display>::fmt
[INFO] [stdout]    1:     0x60eca789340a - core[a373ad73a504971]::fmt::write
[INFO] [stdout]    2:     0x60eca78816ec - <alloc[2e1b2a31b91974c5]::vec::Vec<u8> as core[a373ad73a504971]::io::write::Write>::write_fmt
[INFO] [stdout]    3:     0x60eca7857de6 - std[617be2ca0a6fd877]::panicking::default_hook::{closure#0}
[INFO] [stdout]    4:     0x60eca7874d59 - std[617be2ca0a6fd877]::panicking::default_hook
[INFO] [stdout]    5:     0x60eca770a3a0 - test[aada8e7e76ba119b]::test_main_inner::{closure#0}
[INFO] [stdout]    6:     0x60eca7874f12 - std[617be2ca0a6fd877]::panicking::panic_with_hook
[INFO] [stdout]    7:     0x60eca7857ec4 - std[617be2ca0a6fd877]::panicking::panic_handler::{closure#0}
[INFO] [stdout]    8:     0x60eca78507a9 - std[617be2ca0a6fd877]::sys::backtrace::__rust_end_short_backtrace::<std[617be2ca0a6fd877]::panicking::panic_handler::{closure#0}, !>
[INFO] [stdout]    9:     0x60eca7858cbd - __rustc[ea4f61d10b84890b]::rust_begin_unwind
[INFO] [stdout]   10:     0x60eca7893bec - core[a373ad73a504971]::panicking::panic_fmt
[INFO] [stdout]   11:     0x60eca7893bb2 - core[a373ad73a504971]::panicking::panic
[INFO] [stdout]   12:     0x60eca76e7a3e - <rusoto_credential[7fd75e5bc3751f15]::profile::tests::parse_config_file_default_profile::{closure#0} as core[a373ad73a504971]::ops::function::FnOnce<()>>::call_once
[INFO] [stdout]   13:     0x60eca76fd7eb - test[aada8e7e76ba119b]::__rust_begin_short_backtrace::<core[a373ad73a504971]::result::Result<(), alloc[2e1b2a31b91974c5]::string::String>, fn() -> core[a373ad73a504971]::result::Result<(), alloc[2e1b2a31b91974c5]::string::String>>
[INFO] [stdout]   14:     0x60eca770a9c5 - test[aada8e7e76ba119b]::run_test::{closure#0}
[INFO] [stdout]   15:     0x60eca77042b4 - std[617be2ca0a6fd877]::sys::backtrace::__rust_begin_short_backtrace::<test[aada8e7e76ba119b]::run_test::{closure#1}, ()>
[INFO] [stdout]   16:     0x60eca770da52 - <std[617be2ca0a6fd877]::thread::lifecycle::spawn_unchecked<test[aada8e7e76ba119b]::run_test::{closure#1}, ()>::{closure#1} as core[a373ad73a504971]::ops::function::FnOnce<()>>::call_once::{shim:vtable#0}
[INFO] [stdout]   17:     0x60eca787c43f - <std[617be2ca0a6fd877]::sys::thread::unix::Thread>::new::thread_start
[INFO] [stdout]   18:     0x704aacce4dfa - <unknown>
[INFO] [stdout]   19:     0x704aacd783d4 - clone
[INFO] [stdout]   20:                0x0 - <unknown>
[INFO] [stdout] 
[INFO] [stdout] ---- profile::tests::parse_config_file_multiple_profiles stdout ----
[INFO] [stdout] 
[INFO] [stdout] thread 'profile::tests::parse_config_file_multiple_profiles' (1369) panicked at src/profile.rs:450:9:
[INFO] [stdout] assertion failed: result.is_some()
[INFO] [stdout] stack backtrace:
[INFO] [stdout]    0:     0x60eca787cf21 - <<std[617be2ca0a6fd877]::sys::backtrace::BacktraceLock>::print::DisplayBacktrace as core[a373ad73a504971]::fmt::Display>::fmt
[INFO] [stdout]    1:     0x60eca789340a - core[a373ad73a504971]::fmt::write
[INFO] [stdout]    2:     0x60eca78816ec - <alloc[2e1b2a31b91974c5]::vec::Vec<u8> as core[a373ad73a504971]::io::write::Write>::write_fmt
[INFO] [stdout]    3:     0x60eca7857de6 - std[617be2ca0a6fd877]::panicking::default_hook::{closure#0}
[INFO] [stdout]    4:     0x60eca7874d59 - std[617be2ca0a6fd877]::panicking::default_hook
[INFO] [stdout]    5:     0x60eca770a3a0 - test[aada8e7e76ba119b]::test_main_inner::{closure#0}
[INFO] [stdout]    6:     0x60eca7874f12 - std[617be2ca0a6fd877]::panicking::panic_with_hook
[INFO] [stdout]    7:     0x60eca7857ec4 - std[617be2ca0a6fd877]::panicking::panic_handler::{closure#0}
[INFO] [stdout]    8:     0x60eca78507a9 - std[617be2ca0a6fd877]::sys::backtrace::__rust_end_short_backtrace::<std[617be2ca0a6fd877]::panicking::panic_handler::{closure#0}, !>
[INFO] [stdout]    9:     0x60eca7858cbd - __rustc[ea4f61d10b84890b]::rust_begin_unwind
[INFO] [stdout]   10:     0x60eca7893bec - core[a373ad73a504971]::panicking::panic_fmt
[INFO] [stdout]   11:     0x60eca7893bb2 - core[a373ad73a504971]::panicking::panic
[INFO] [stdout]   12:     0x60eca76e862e - <rusoto_credential[7fd75e5bc3751f15]::profile::tests::parse_config_file_multiple_profiles::{closure#0} as core[a373ad73a504971]::ops::function::FnOnce<()>>::call_once
[INFO] [stdout]   13:     0x60eca76fd7eb - test[aada8e7e76ba119b]::__rust_begin_short_backtrace::<core[a373ad73a504971]::result::Result<(), alloc[2e1b2a31b91974c5]::string::String>, fn() -> core[a373ad73a504971]::result::Result<(), alloc[2e1b2a31b91974c5]::string::String>>
[INFO] [stdout]   14:     0x60eca770a9c5 - test[aada8e7e76ba119b]::run_test::{closure#0}
[INFO] [stdout]   15:     0x60eca77042b4 - std[617be2ca0a6fd877]::sys::backtrace::__rust_begin_short_backtrace::<test[aada8e7e76ba119b]::run_test::{closure#1}, ()>
[INFO] [stdout]   16:     0x60eca770da52 - <std[617be2ca0a6fd877]::thread::lifecycle::spawn_unchecked<test[aada8e7e76ba119b]::run_test::{closure#1}, ()>::{closure#1} as core[a373ad73a504971]::ops::function::FnOnce<()>>::call_once::{shim:vtable#0}
[INFO] [stdout]   17:     0x60eca787c43f - <std[617be2ca0a6fd877]::sys::thread::unix::Thread>::new::thread_start
[INFO] [stdout]   18:     0x704aacce4dfa - <unknown>
[INFO] [stdout]   19:     0x704aacd783d4 - clone
[INFO] [stdout]   20:                0x0 - <unknown>
[INFO] [stdout] 
[INFO] [stdout] ---- profile::tests::parse_credentials_unrecognized_field stdout ----
[INFO] [stdout] 
[INFO] [stdout] thread 'profile::tests::parse_credentials_unrecognized_field' (1374) panicked at src/profile.rs:670:9:
[INFO] [stdout] assertion failed: result.is_ok()
[INFO] [stdout] stack backtrace:
[INFO] [stdout]    0:     0x60eca787cf21 - <<std[617be2ca0a6fd877]::sys::backtrace::BacktraceLock>::print::DisplayBacktrace as core[a373ad73a504971]::fmt::Display>::fmt
[INFO] [stdout]    1:     0x60eca789340a - core[a373ad73a504971]::fmt::write
[INFO] [stdout]    2:     0x60eca78816ec - <alloc[2e1b2a31b91974c5]::vec::Vec<u8> as core[a373ad73a504971]::io::write::Write>::write_fmt
[INFO] [stdout]    3:     0x60eca7857de6 - std[617be2ca0a6fd877]::panicking::default_hook::{closure#0}
[INFO] [stdout]    4:     0x60eca7874d59 - std[617be2ca0a6fd877]::panicking::default_hook
[INFO] [stdout]    5:     0x60eca770a3a0 - test[aada8e7e76ba119b]::test_main_inner::{closure#0}
[INFO] [stdout]    6:     0x60eca7874f12 - std[617be2ca0a6fd877]::panicking::panic_with_hook
[INFO] [stdout]    7:     0x60eca7857ec4 - std[617be2ca0a6fd877]::panicking::panic_handler::{closure#0}
[INFO] [stdout]    8:     0x60eca78507a9 - std[617be2ca0a6fd877]::sys::backtrace::__rust_end_short_backtrace::<std[617be2ca0a6fd877]::panicking::panic_handler::{closure#0}, !>
[INFO] [stdout]    9:     0x60eca7858cbd - __rustc[ea4f61d10b84890b]::rust_begin_unwind
[INFO] [stdout]   10:     0x60eca7893bec - core[a373ad73a504971]::panicking::panic_fmt
[INFO] [stdout]   11:     0x60eca7893bb2 - core[a373ad73a504971]::panicking::panic
[INFO] [stdout]   12:     0x60eca76e93fb - <rusoto_credential[7fd75e5bc3751f15]::profile::tests::parse_credentials_unrecognized_field::{closure#0} as core[a373ad73a504971]::ops::function::FnOnce<()>>::call_once
[INFO] [stdout]   13:     0x60eca76fd7eb - test[aada8e7e76ba119b]::__rust_begin_short_backtrace::<core[a373ad73a504971]::result::Result<(), alloc[2e1b2a31b91974c5]::string::String>, fn() -> core[a373ad73a504971]::result::Result<(), alloc[2e1b2a31b91974c5]::string::String>>
[INFO] [stdout]   14:     0x60eca770a9c5 - test[aada8e7e76ba119b]::run_test::{closure#0}
[INFO] [stdout]   15:     0x60eca77042b4 - std[617be2ca0a6fd877]::sys::backtrace::__rust_begin_short_backtrace::<test[aada8e7e76ba119b]::run_test::{closure#1}, ()>
[INFO] [stdout]   16:     0x60eca770da52 - <std[617be2ca0a6fd877]::thread::lifecycle::spawn_unchecked<test[aada8e7e76ba119b]::run_test::{closure#1}, ()>::{closure#1} as core[a373ad73a504971]::ops::function::FnOnce<()>>::call_once::{shim:vtable#0}
[INFO] [stdout]   17:     0x60eca787c43f - <std[617be2ca0a6fd877]::sys::thread::unix::Thread>::new::thread_start
[INFO] [stdout]   18:     0x704aacce4dfa - <unknown>
[INFO] [stdout]   19:     0x704aacd783d4 - clone
[INFO] [stdout]   20:                0x0 - <unknown>
[INFO] [stdout] 
[INFO] [stdout] ---- profile::tests::parse_credentials_file_default_profile stdout ----
[INFO] [stdout] 
[INFO] [stdout] thread 'profile::tests::parse_credentials_file_default_profile' (1372) panicked at src/profile.rs:491:9:
[INFO] [stdout] assertion failed: result.is_ok()
[INFO] [stdout] stack backtrace:
[INFO] [stdout]    0:     0x60eca787cf21 - <<std[617be2ca0a6fd877]::sys::backtrace::BacktraceLock>::print::DisplayBacktrace as core[a373ad73a504971]::fmt::Display>::fmt
[INFO] [stdout]    1:     0x60eca789340a - core[a373ad73a504971]::fmt::write
[INFO] [stdout]    2:     0x60eca78816ec - <alloc[2e1b2a31b91974c5]::vec::Vec<u8> as core[a373ad73a504971]::io::write::Write>::write_fmt
[INFO] [stdout]    3:     0x60eca7857de6 - std[617be2ca0a6fd877]::panicking::default_hook::{closure#0}
[INFO] [stdout]    4:     0x60eca7874d59 - std[617be2ca0a6fd877]::panicking::default_hook
[INFO] [stdout]    5:     0x60eca770a3a0 - test[aada8e7e76ba119b]::test_main_inner::{closure#0}
[INFO] [stdout]    6:     0x60eca7874f12 - std[617be2ca0a6fd877]::panicking::panic_with_hook
[INFO] [stdout]    7:     0x60eca7857ec4 - std[617be2ca0a6fd877]::panicking::panic_handler::{closure#0}
[INFO] [stdout]    8:     0x60eca78507a9 - std[617be2ca0a6fd877]::sys::backtrace::__rust_end_short_backtrace::<std[617be2ca0a6fd877]::panicking::panic_handler::{closure#0}, !>
[INFO] [stdout]    9:     0x60eca7858cbd - __rustc[ea4f61d10b84890b]::rust_begin_unwind
[INFO] [stdout]   10:     0x60eca7893bec - core[a373ad73a504971]::panicking::panic_fmt
[INFO] [stdout]   11:     0x60eca7893bb2 - core[a373ad73a504971]::panicking::panic
[INFO] [stdout]   12:     0x60eca76e98bb - <rusoto_credential[7fd75e5bc3751f15]::profile::tests::parse_credentials_file_default_profile::{closure#0} as core[a373ad73a504971]::ops::function::FnOnce<()>>::call_once
[INFO] [stdout]   13:     0x60eca76fd7eb - test[aada8e7e76ba119b]::__rust_begin_short_backtrace::<core[a373ad73a504971]::result::Result<(), alloc[2e1b2a31b91974c5]::string::String>, fn() -> core[a373ad73a504971]::result::Result<(), alloc[2e1b2a31b91974c5]::string::String>>
[INFO] [stdout]   14:     0x60eca770a9c5 - test[aada8e7e76ba119b]::run_test::{closure#0}
[INFO] [stdout]   15:     0x60eca77042b4 - std[617be2ca0a6fd877]::sys::backtrace::__rust_begin_short_backtrace::<test[aada8e7e76ba119b]::run_test::{closure#1}, ()>
[INFO] [stdout]   16:     0x60eca770da52 - <std[617be2ca0a6fd877]::thread::lifecycle::spawn_unchecked<test[aada8e7e76ba119b]::run_test::{closure#1}, ()>::{closure#1} as core[a373ad73a504971]::ops::function::FnOnce<()>>::call_once::{shim:vtable#0}
[INFO] [stdout]   17:     0x60eca787c43f - <std[617be2ca0a6fd877]::sys::thread::unix::Thread>::new::thread_start
[INFO] [stdout]   18:     0x704aacce4dfa - <unknown>
[INFO] [stdout]   19:     0x704aacd783d4 - clone
[INFO] [stdout]   20:                0x0 - <unknown>
[INFO] [stdout] 
[INFO] [stdout] ---- profile::tests::parse_credentials_file_multiple_profiles stdout ----
[INFO] [stdout] 
[INFO] [stdout] thread 'profile::tests::parse_credentials_file_multiple_profiles' (1373) panicked at src/profile.rs:508:9:
[INFO] [stdout] assertion failed: result.is_ok()
[INFO] [stdout] stack backtrace:
[INFO] [stdout]    0:     0x60eca787cf21 - <<std[617be2ca0a6fd877]::sys::backtrace::BacktraceLock>::print::DisplayBacktrace as core[a373ad73a504971]::fmt::Display>::fmt
[INFO] [stdout]    1:     0x60eca789340a - core[a373ad73a504971]::fmt::write
[INFO] [stdout]    2:     0x60eca78816ec - <alloc[2e1b2a31b91974c5]::vec::Vec<u8> as core[a373ad73a504971]::io::write::Write>::write_fmt
[INFO] [stdout]    3:     0x60eca7857de6 - std[617be2ca0a6fd877]::panicking::default_hook::{closure#0}
[INFO] [stdout]    4:     0x60eca7874d59 - std[617be2ca0a6fd877]::panicking::default_hook
[INFO] [stdout]    5:     0x60eca770a3a0 - test[aada8e7e76ba119b]::test_main_inner::{closure#0}
[INFO] [stdout]    6:     0x60eca7874f12 - std[617be2ca0a6fd877]::panicking::panic_with_hook
[INFO] [stdout]    7:     0x60eca7857ec4 - std[617be2ca0a6fd877]::panicking::panic_handler::{closure#0}
[INFO] [stdout]    8:     0x60eca78507a9 - std[617be2ca0a6fd877]::sys::backtrace::__rust_end_short_backtrace::<std[617be2ca0a6fd877]::panicking::panic_handler::{closure#0}, !>
[INFO] [stdout]    9:     0x60eca7858cbd - __rustc[ea4f61d10b84890b]::rust_begin_unwind
[INFO] [stdout]   10:     0x60eca7893bec - core[a373ad73a504971]::panicking::panic_fmt
[INFO] [stdout]   11:     0x60eca7893bb2 - core[a373ad73a504971]::panicking::panic
[INFO] [stdout]   12:     0x60eca76e9e8d - <rusoto_credential[7fd75e5bc3751f15]::profile::tests::parse_credentials_file_multiple_profiles::{closure#0} as core[a373ad73a504971]::ops::function::FnOnce<()>>::call_once
[INFO] [stdout]   13:     0x60eca76fd7eb - test[aada8e7e76ba119b]::__rust_begin_short_backtrace::<core[a373ad73a504971]::result::Result<(), alloc[2e1b2a31b91974c5]::string::String>, fn() -> core[a373ad73a504971]::result::Result<(), alloc[2e1b2a31b91974c5]::string::String>>
[INFO] [stdout]   14:     0x60eca770a9c5 - test[aada8e7e76ba119b]::run_test::{closure#0}
[INFO] [stdout]   15:     0x60eca77042b4 - std[617be2ca0a6fd877]::sys::backtrace::__rust_begin_short_backtrace::<test[aada8e7e76ba119b]::run_test::{closure#1}, ()>
[INFO] [stdout]   16:     0x60eca770da52 - <std[617be2ca0a6fd877]::thread::lifecycle::spawn_unchecked<test[aada8e7e76ba119b]::run_test::{closure#1}, ()>::{closure#1} as core[a373ad73a504971]::ops::function::FnOnce<()>>::call_once::{shim:vtable#0}
[INFO] [stdout]   17:     0x60eca787c43f - <std[617be2ca0a6fd877]::sys::thread::unix::Thread>::new::thread_start
[INFO] [stdout]   18:     0x704aacce4dfa - <unknown>
[INFO] [stdout]   19:     0x704aacd783d4 - clone
[INFO] [stdout]   20:                0x0 - <unknown>
[INFO] [stdout] 
[INFO] [stdout] ---- profile::tests::region_from_profile stdout ----
[INFO] [stdout] 
[INFO] [stdout] thread 'profile::tests::region_from_profile' (1381) panicked at src/profile.rs:745:9:
[INFO] [stdout] assertion `left == right` failed
[INFO] [stdout]   left: None
[INFO] [stdout]  right: Some("us-east-3")
[INFO] [stdout] stack backtrace:
[INFO] [stdout]    0:     0x60eca787cf21 - <<std[617be2ca0a6fd877]::sys::backtrace::BacktraceLock>::print::DisplayBacktrace as core[a373ad73a504971]::fmt::Display>::fmt
[INFO] [stdout]    1:     0x60eca789340a - core[a373ad73a504971]::fmt::write
[INFO] [stdout]    2:     0x60eca78816ec - <alloc[2e1b2a31b91974c5]::vec::Vec<u8> as core[a373ad73a504971]::io::write::Write>::write_fmt
[INFO] [stdout]    3:     0x60eca7857de6 - std[617be2ca0a6fd877]::panicking::default_hook::{closure#0}
[INFO] [stdout]    4:     0x60eca7874d59 - std[617be2ca0a6fd877]::panicking::default_hook
[INFO] [stdout]    5:     0x60eca770a3a0 - test[aada8e7e76ba119b]::test_main_inner::{closure#0}
[INFO] [stdout]    6:     0x60eca7874f12 - std[617be2ca0a6fd877]::panicking::panic_with_hook
[INFO] [stdout]    7:     0x60eca7857e92 - std[617be2ca0a6fd877]::panicking::panic_handler::{closure#0}
[INFO] [stdout]    8:     0x60eca78507a9 - std[617be2ca0a6fd877]::sys::backtrace::__rust_end_short_backtrace::<std[617be2ca0a6fd877]::panicking::panic_handler::{closure#0}, !>
[INFO] [stdout]    9:     0x60eca7858cbd - __rustc[ea4f61d10b84890b]::rust_begin_unwind
[INFO] [stdout]   10:     0x60eca7893bec - core[a373ad73a504971]::panicking::panic_fmt
[INFO] [stdout]   11:     0x60eca7893b03 - core[a373ad73a504971]::panicking::assert_failed_inner
[INFO] [stdout]   12:     0x60eca76db9b0 - core[a373ad73a504971]::panicking::assert_failed::<core[a373ad73a504971]::option::Option<alloc[2e1b2a31b91974c5]::string::String>, core[a373ad73a504971]::option::Option<alloc[2e1b2a31b91974c5]::string::String>>
[INFO] [stdout]   13:     0x60eca76e624c - <rusoto_credential[7fd75e5bc3751f15]::profile::tests::region_from_profile::{closure#0} as core[a373ad73a504971]::ops::function::FnOnce<()>>::call_once
[INFO] [stdout]   14:     0x60eca76fd7eb - test[aada8e7e76ba119b]::__rust_begin_short_backtrace::<core[a373ad73a504971]::result::Result<(), alloc[2e1b2a31b91974c5]::string::String>, fn() -> core[a373ad73a504971]::result::Result<(), alloc[2e1b2a31b91974c5]::string::String>>
[INFO] [stdout]   15:     0x60eca770a9c5 - test[aada8e7e76ba119b]::run_test::{closure#0}
[INFO] [stdout]   16:     0x60eca77042b4 - std[617be2ca0a6fd877]::sys::backtrace::__rust_begin_short_backtrace::<test[aada8e7e76ba119b]::run_test::{closure#1}, ()>
[INFO] [stdout]   17:     0x60eca770da52 - <std[617be2ca0a6fd877]::thread::lifecycle::spawn_unchecked<test[aada8e7e76ba119b]::run_test::{closure#1}, ()>::{closure#1} as core[a373ad73a504971]::ops::function::FnOnce<()>>::call_once::{shim:vtable#0}
[INFO] [stdout]   18:     0x60eca787c43f - <std[617be2ca0a6fd877]::sys::thread::unix::Thread>::new::thread_start
[INFO] [stdout]   19:     0x704aacce4dfa - <unknown>
[INFO] [stdout]   20:     0x704aacd783d4 - clone
[INFO] [stdout]   21:                0x0 - <unknown>
[INFO] [stdout] 
[INFO] [stdout] ---- profile::tests::profile_provider_bad_profile stdout ----
[INFO] [stdout] 
[INFO] [stdout] thread 'profile::tests::profile_provider_bad_profile' (1375) panicked at src/profile.rs:596:9:
[INFO] [stdout] assertion `left == right` failed
[INFO] [stdout]   left: Some(CredentialsError { message: "Couldn't stat credentials file: [ \"tests/sample-data/multiple_profile_credentials\" ]. Non existant, or no permission." })
[INFO] [stdout]  right: Some(CredentialsError { message: "profile not found" })
[INFO] [stdout] stack backtrace:
[INFO] [stdout]    0:     0x60eca787cf21 - <<std[617be2ca0a6fd877]::sys::backtrace::BacktraceLock>::print::DisplayBacktrace as core[a373ad73a504971]::fmt::Display>::fmt
[INFO] [stdout]    1:     0x60eca789340a - core[a373ad73a504971]::fmt::write
[INFO] [stdout]    2:     0x60eca78816ec - <alloc[2e1b2a31b91974c5]::vec::Vec<u8> as core[a373ad73a504971]::io::write::Write>::write_fmt
[INFO] [stdout]    3:     0x60eca7857de6 - std[617be2ca0a6fd877]::panicking::default_hook::{closure#0}
[INFO] [stdout]    4:     0x60eca7874d59 - std[617be2ca0a6fd877]::panicking::default_hook
[INFO] [stdout]    5:     0x60eca770a3a0 - test[aada8e7e76ba119b]::test_main_inner::{closure#0}
[INFO] [stdout]    6:     0x60eca7874f12 - std[617be2ca0a6fd877]::panicking::panic_with_hook
[INFO] [stdout]    7:     0x60eca7857e92 - std[617be2ca0a6fd877]::panicking::panic_handler::{closure#0}
[INFO] [stdout]    8:     0x60eca78507a9 - std[617be2ca0a6fd877]::sys::backtrace::__rust_end_short_backtrace::<std[617be2ca0a6fd877]::panicking::panic_handler::{closure#0}, !>
[INFO] [stdout]    9:     0x60eca7858cbd - __rustc[ea4f61d10b84890b]::rust_begin_unwind
[INFO] [stdout]   10:     0x60eca7893bec - core[a373ad73a504971]::panicking::panic_fmt
[INFO] [stdout]   11:     0x60eca7893b03 - core[a373ad73a504971]::panicking::assert_failed_inner
[INFO] [stdout]   12:     0x60eca76db97d - core[a373ad73a504971]::panicking::assert_failed::<core[a373ad73a504971]::option::Option<rusoto_credential[7fd75e5bc3751f15]::CredentialsError>, core[a373ad73a504971]::option::Option<rusoto_credential[7fd75e5bc3751f15]::CredentialsError>>
[INFO] [stdout]   13:     0x60eca76b46c3 - rusoto_credential[7fd75e5bc3751f15]::profile::tests::profile_provider_bad_profile::{closure#0}
[INFO] [stdout]   14:     0x60eca76c7e6d - <tokio[4738be1133c11bd1]::macros::scoped_tls::ScopedKey<tokio[4738be1133c11bd1]::runtime::basic_scheduler::Context>>::set::<tokio[4738be1133c11bd1]::runtime::basic_scheduler::enter<<tokio[4738be1133c11bd1]::runtime::basic_scheduler::BasicScheduler<tokio[4738be1133c11bd1]::park::either::Either<tokio[4738be1133c11bd1]::time::driver::Driver<tokio[4738be1133c11bd1]::park::either::Either<tokio[4738be1133c11bd1]::io::driver::Driver, tokio[4738be1133c11bd1]::park::thread::ParkThread>>, tokio[4738be1133c11bd1]::park::either::Either<tokio[4738be1133c11bd1]::io::driver::Driver, tokio[4738be1133c11bd1]::park::thread::ParkThread>>>>::block_on<rusoto_credential[7fd75e5bc3751f15]::profile::tests::profile_provider_bad_profile::{closure#0}>::{closure#0}, (), tokio[4738be1133c11bd1]::park::either::Either<tokio[4738be1133c11bd1]::time::driver::Driver<tokio[4738be1133c11bd1]::park::either::Either<tokio[4738be1133c11bd1]::io::driver::Driver, tokio[4738be1133c11bd1]::park::thread::ParkThread>>, tokio[4738be1133c11bd1]::park::either::Either<tokio[4738be1133c11bd1]::io::driver::Driver, tokio[4738be1133c11bd1]::park::thread::ParkThread>>>::{closure#0}, ()>
[INFO] [stdout]   15:     0x60eca76eca90 - tokio[4738be1133c11bd1]::runtime::basic_scheduler::enter::<<tokio[4738be1133c11bd1]::runtime::basic_scheduler::BasicScheduler<tokio[4738be1133c11bd1]::park::either::Either<tokio[4738be1133c11bd1]::time::driver::Driver<tokio[4738be1133c11bd1]::park::either::Either<tokio[4738be1133c11bd1]::io::driver::Driver, tokio[4738be1133c11bd1]::park::thread::ParkThread>>, tokio[4738be1133c11bd1]::park::either::Either<tokio[4738be1133c11bd1]::io::driver::Driver, tokio[4738be1133c11bd1]::park::thread::ParkThread>>>>::block_on<rusoto_credential[7fd75e5bc3751f15]::profile::tests::profile_provider_bad_profile::{closure#0}>::{closure#0}, (), tokio[4738be1133c11bd1]::park::either::Either<tokio[4738be1133c11bd1]::time::driver::Driver<tokio[4738be1133c11bd1]::park::either::Either<tokio[4738be1133c11bd1]::io::driver::Driver, tokio[4738be1133c11bd1]::park::thread::ParkThread>>, tokio[4738be1133c11bd1]::park::either::Either<tokio[4738be1133c11bd1]::io::driver::Driver, tokio[4738be1133c11bd1]::park::thread::ParkThread>>>
[INFO] [stdout]   16:     0x60eca76e2b43 - tokio[4738be1133c11bd1]::runtime::context::enter::<<tokio[4738be1133c11bd1]::runtime::Runtime>::block_on<rusoto_credential[7fd75e5bc3751f15]::profile::tests::profile_provider_bad_profile::{closure#0}>::{closure#0}, ()>
[INFO] [stdout]   17:     0x60eca76e6c2a - <rusoto_credential[7fd75e5bc3751f15]::profile::tests::profile_provider_bad_profile::{closure#0} as core[a373ad73a504971]::ops::function::FnOnce<()>>::call_once
[INFO] [stdout]   18:     0x60eca76fd7eb - test[aada8e7e76ba119b]::__rust_begin_short_backtrace::<core[a373ad73a504971]::result::Result<(), alloc[2e1b2a31b91974c5]::string::String>, fn() -> core[a373ad73a504971]::result::Result<(), alloc[2e1b2a31b91974c5]::string::String>>
[INFO] [stdout]   19:     0x60eca770a9c5 - test[aada8e7e76ba119b]::run_test::{closure#0}
[INFO] [stdout]   20:     0x60eca77042b4 - std[617be2ca0a6fd877]::sys::backtrace::__rust_begin_short_backtrace::<test[aada8e7e76ba119b]::run_test::{closure#1}, ()>
[INFO] [stdout]   21:     0x60eca770da52 - <std[617be2ca0a6fd877]::thread::lifecycle::spawn_unchecked<test[aada8e7e76ba119b]::run_test::{closure#1}, ()>::{closure#1} as core[a373ad73a504971]::ops::function::FnOnce<()>>::call_once::{shim:vtable#0}
[INFO] [stdout]   22:     0x60eca787c43f - <std[617be2ca0a6fd877]::sys::thread::unix::Thread>::new::thread_start
[INFO] [stdout]   23:     0x704aacce4dfa - <unknown>
[INFO] [stdout]   24:     0x704aacd783d4 - clone
[INFO] [stdout]   25:                0x0 - <unknown>
[INFO] [stdout] 
[INFO] [stdout] ---- profile::tests::profile_provider_profile_name_via_environment_variable stdout ----
[INFO] [stdout] 
[INFO] [stdout] thread 'profile::tests::profile_provider_profile_name_via_environment_variable' (1379) panicked at src/profile.rs:581:26:
[INFO] [stdout] called `Result::unwrap()` on an `Err` value: CredentialsError { message: "Couldn't stat credentials file: [ \"tests/sample-data/multiple_profile_credentials\" ]. Non existant, or no permission." }
[INFO] [stdout] stack backtrace:
[INFO] [stdout]    0:     0x60eca787cf21 - <<std[617be2ca0a6fd877]::sys::backtrace::BacktraceLock>::print::DisplayBacktrace as core[a373ad73a504971]::fmt::Display>::fmt
[INFO] [stdout]    1:     0x60eca789340a - core[a373ad73a504971]::fmt::write
[INFO] [stdout]    2:     0x60eca78816ec - <alloc[2e1b2a31b91974c5]::vec::Vec<u8> as core[a373ad73a504971]::io::write::Write>::write_fmt
[INFO] [stdout]    3:     0x60eca7857de6 - std[617be2ca0a6fd877]::panicking::default_hook::{closure#0}
[INFO] [stdout]    4:     0x60eca7874d59 - std[617be2ca0a6fd877]::panicking::default_hook
[INFO] [stdout]    5:     0x60eca770a3a0 - test[aada8e7e76ba119b]::test_main_inner::{closure#0}
[INFO] [stdout]    6:     0x60eca7874f12 - std[617be2ca0a6fd877]::panicking::panic_with_hook
[INFO] [stdout]    7:     0x60eca7857e92 - std[617be2ca0a6fd877]::panicking::panic_handler::{closure#0}
[INFO] [stdout]    8:     0x60eca78507a9 - std[617be2ca0a6fd877]::sys::backtrace::__rust_end_short_backtrace::<std[617be2ca0a6fd877]::panicking::panic_handler::{closure#0}, !>
[INFO] [stdout]    9:     0x60eca7858cbd - __rustc[ea4f61d10b84890b]::rust_begin_unwind
[INFO] [stdout]   10:     0x60eca7893bec - core[a373ad73a504971]::panicking::panic_fmt
[INFO] [stdout]   11:     0x60eca78939c2 - core[a373ad73a504971]::result::unwrap_failed
[INFO] [stdout]   12:     0x60eca76b53d1 - rusoto_credential[7fd75e5bc3751f15]::profile::tests::profile_provider_profile_name_via_environment_variable::{closure#0}
[INFO] [stdout]   13:     0x60eca76c88a2 - <tokio[4738be1133c11bd1]::macros::scoped_tls::ScopedKey<tokio[4738be1133c11bd1]::runtime::basic_scheduler::Context>>::set::<tokio[4738be1133c11bd1]::runtime::basic_scheduler::enter<<tokio[4738be1133c11bd1]::runtime::basic_scheduler::BasicScheduler<tokio[4738be1133c11bd1]::park::either::Either<tokio[4738be1133c11bd1]::time::driver::Driver<tokio[4738be1133c11bd1]::park::either::Either<tokio[4738be1133c11bd1]::io::driver::Driver, tokio[4738be1133c11bd1]::park::thread::ParkThread>>, tokio[4738be1133c11bd1]::park::either::Either<tokio[4738be1133c11bd1]::io::driver::Driver, tokio[4738be1133c11bd1]::park::thread::ParkThread>>>>::block_on<rusoto_credential[7fd75e5bc3751f15]::profile::tests::profile_provider_profile_name_via_environment_variable::{closure#0}>::{closure#0}, (), tokio[4738be1133c11bd1]::park::either::Either<tokio[4738be1133c11bd1]::time::driver::Driver<tokio[4738be1133c11bd1]::park::either::Either<tokio[4738be1133c11bd1]::io::driver::Driver, tokio[4738be1133c11bd1]::park::thread::ParkThread>>, tokio[4738be1133c11bd1]::park::either::Either<tokio[4738be1133c11bd1]::io::driver::Driver, tokio[4738be1133c11bd1]::park::thread::ParkThread>>>::{closure#0}, ()>
[INFO] [stdout]   14:     0x60eca76ecce2 - tokio[4738be1133c11bd1]::runtime::basic_scheduler::enter::<<tokio[4738be1133c11bd1]::runtime::basic_scheduler::BasicScheduler<tokio[4738be1133c11bd1]::park::either::Either<tokio[4738be1133c11bd1]::time::driver::Driver<tokio[4738be1133c11bd1]::park::either::Either<tokio[4738be1133c11bd1]::io::driver::Driver, tokio[4738be1133c11bd1]::park::thread::ParkThread>>, tokio[4738be1133c11bd1]::park::either::Either<tokio[4738be1133c11bd1]::io::driver::Driver, tokio[4738be1133c11bd1]::park::thread::ParkThread>>>>::block_on<rusoto_credential[7fd75e5bc3751f15]::profile::tests::profile_provider_profile_name_via_environment_variable::{closure#0}>::{closure#0}, (), tokio[4738be1133c11bd1]::park::either::Either<tokio[4738be1133c11bd1]::time::driver::Driver<tokio[4738be1133c11bd1]::park::either::Either<tokio[4738be1133c11bd1]::io::driver::Driver, tokio[4738be1133c11bd1]::park::thread::ParkThread>>, tokio[4738be1133c11bd1]::park::either::Either<tokio[4738be1133c11bd1]::io::driver::Driver, tokio[4738be1133c11bd1]::park::thread::ParkThread>>>
[INFO] [stdout]   15:     0x60eca76e2d6c - tokio[4738be1133c11bd1]::runtime::context::enter::<<tokio[4738be1133c11bd1]::runtime::Runtime>::block_on<rusoto_credential[7fd75e5bc3751f15]::profile::tests::profile_provider_profile_name_via_environment_variable::{closure#0}>::{closure#0}, ()>
[INFO] [stdout]   16:     0x60eca76ea44a - <rusoto_credential[7fd75e5bc3751f15]::profile::tests::profile_provider_profile_name_via_environment_variable::{closure#0} as core[a373ad73a504971]::ops::function::FnOnce<()>>::call_once
[INFO] [stdout]   17:     0x60eca76fd7eb - test[aada8e7e76ba119b]::__rust_begin_short_backtrace::<core[a373ad73a504971]::result::Result<(), alloc[2e1b2a31b91974c5]::string::String>, fn() -> core[a373ad73a504971]::result::Result<(), alloc[2e1b2a31b91974c5]::string::String>>
[INFO] [stdout]   18:     0x60eca770a9c5 - test[aada8e7e76ba119b]::run_test::{closure#0}
[INFO] [stdout]   19:     0x60eca77042b4 - std[617be2ca0a6fd877]::sys::backtrace::__rust_begin_short_backtrace::<test[aada8e7e76ba119b]::run_test::{closure#1}, ()>
[INFO] [stdout]   20:     0x60eca770da52 - <std[617be2ca0a6fd877]::thread::lifecycle::spawn_unchecked<test[aada8e7e76ba119b]::run_test::{closure#1}, ()>::{closure#1} as core[a373ad73a504971]::ops::function::FnOnce<()>>::call_once::{shim:vtable#0}
[INFO] [stdout]   21:     0x60eca787c43f - <std[617be2ca0a6fd877]::sys::thread::unix::Thread>::new::thread_start
[INFO] [stdout]   22:     0x704aacce4dfa - <unknown>
[INFO] [stdout]   23:     0x704aacd783d4 - clone
[INFO] [stdout]   24:                0x0 - <unknown>
[INFO] [stdout] 
[INFO] [stdout] ---- profile::tests::profile_provider_happy_path stdout ----
[INFO] [stdout] 
[INFO] [stdout] thread 'profile::tests::profile_provider_happy_path' (1377) panicked at src/profile.rs:551:9:
[INFO] [stdout] assertion failed: result.is_ok()
[INFO] [stdout] stack backtrace:
[INFO] [stdout]    0:     0x60eca787cf21 - <<std[617be2ca0a6fd877]::sys::backtrace::BacktraceLock>::print::DisplayBacktrace as core[a373ad73a504971]::fmt::Display>::fmt
[INFO] [stdout]    1:     0x60eca789340a - core[a373ad73a504971]::fmt::write
[INFO] [stdout]    2:     0x60eca78816ec - <alloc[2e1b2a31b91974c5]::vec::Vec<u8> as core[a373ad73a504971]::io::write::Write>::write_fmt
[INFO] [stdout]    3:     0x60eca7857de6 - std[617be2ca0a6fd877]::panicking::default_hook::{closure#0}
[INFO] [stdout]    4:     0x60eca7874d59 - std[617be2ca0a6fd877]::panicking::default_hook
[INFO] [stdout]    5:     0x60eca770a3a0 - test[aada8e7e76ba119b]::test_main_inner::{closure#0}
[INFO] [stdout]    6:     0x60eca7874f12 - std[617be2ca0a6fd877]::panicking::panic_with_hook
[INFO] [stdout]    7:     0x60eca7857ec4 - std[617be2ca0a6fd877]::panicking::panic_handler::{closure#0}
[INFO] [stdout]    8:     0x60eca78507a9 - std[617be2ca0a6fd877]::sys::backtrace::__rust_end_short_backtrace::<std[617be2ca0a6fd877]::panicking::panic_handler::{closure#0}, !>
[INFO] [stdout]    9:     0x60eca7858cbd - __rustc[ea4f61d10b84890b]::rust_begin_unwind
[INFO] [stdout]   10:     0x60eca7893bec - core[a373ad73a504971]::panicking::panic_fmt
[INFO] [stdout]   11:     0x60eca7893bb2 - core[a373ad73a504971]::panicking::panic
[INFO] [stdout]   12:     0x60eca76b41b2 - rusoto_credential[7fd75e5bc3751f15]::profile::tests::profile_provider_happy_path::{closure#0}
[INFO] [stdout]   13:     0x60eca76c793d - <tokio[4738be1133c11bd1]::macros::scoped_tls::ScopedKey<tokio[4738be1133c11bd1]::runtime::basic_scheduler::Context>>::set::<tokio[4738be1133c11bd1]::runtime::basic_scheduler::enter<<tokio[4738be1133c11bd1]::runtime::basic_scheduler::BasicScheduler<tokio[4738be1133c11bd1]::park::either::Either<tokio[4738be1133c11bd1]::time::driver::Driver<tokio[4738be1133c11bd1]::park::either::Either<tokio[4738be1133c11bd1]::io::driver::Driver, tokio[4738be1133c11bd1]::park::thread::ParkThread>>, tokio[4738be1133c11bd1]::park::either::Either<tokio[4738be1133c11bd1]::io::driver::Driver, tokio[4738be1133c11bd1]::park::thread::ParkThread>>>>::block_on<rusoto_credential[7fd75e5bc3751f15]::profile::tests::profile_provider_happy_path::{closure#0}>::{closure#0}, (), tokio[4738be1133c11bd1]::park::either::Either<tokio[4738be1133c11bd1]::time::driver::Driver<tokio[4738be1133c11bd1]::park::either::Either<tokio[4738be1133c11bd1]::io::driver::Driver, tokio[4738be1133c11bd1]::park::thread::ParkThread>>, tokio[4738be1133c11bd1]::park::either::Either<tokio[4738be1133c11bd1]::io::driver::Driver, tokio[4738be1133c11bd1]::park::thread::ParkThread>>>::{closure#0}, ()>
[INFO] [stdout]   14:     0x60eca76ec950 - tokio[4738be1133c11bd1]::runtime::basic_scheduler::enter::<<tokio[4738be1133c11bd1]::runtime::basic_scheduler::BasicScheduler<tokio[4738be1133c11bd1]::park::either::Either<tokio[4738be1133c11bd1]::time::driver::Driver<tokio[4738be1133c11bd1]::park::either::Either<tokio[4738be1133c11bd1]::io::driver::Driver, tokio[4738be1133c11bd1]::park::thread::ParkThread>>, tokio[4738be1133c11bd1]::park::either::Either<tokio[4738be1133c11bd1]::io::driver::Driver, tokio[4738be1133c11bd1]::park::thread::ParkThread>>>>::block_on<rusoto_credential[7fd75e5bc3751f15]::profile::tests::profile_provider_happy_path::{closure#0}>::{closure#0}, (), tokio[4738be1133c11bd1]::park::either::Either<tokio[4738be1133c11bd1]::time::driver::Driver<tokio[4738be1133c11bd1]::park::either::Either<tokio[4738be1133c11bd1]::io::driver::Driver, tokio[4738be1133c11bd1]::park::thread::ParkThread>>, tokio[4738be1133c11bd1]::park::either::Either<tokio[4738be1133c11bd1]::io::driver::Driver, tokio[4738be1133c11bd1]::park::thread::ParkThread>>>
[INFO] [stdout]   15:     0x60eca76e2a13 - tokio[4738be1133c11bd1]::runtime::context::enter::<<tokio[4738be1133c11bd1]::runtime::Runtime>::block_on<rusoto_credential[7fd75e5bc3751f15]::profile::tests::profile_provider_happy_path::{closure#0}>::{closure#0}, ()>
[INFO] [stdout]   16:     0x60eca76e68ba - <rusoto_credential[7fd75e5bc3751f15]::profile::tests::profile_provider_happy_path::{closure#0} as core[a373ad73a504971]::ops::function::FnOnce<()>>::call_once
[INFO] [stdout]   17:     0x60eca76fd7eb - test[aada8e7e76ba119b]::__rust_begin_short_backtrace::<core[a373ad73a504971]::result::Result<(), alloc[2e1b2a31b91974c5]::string::String>, fn() -> core[a373ad73a504971]::result::Result<(), alloc[2e1b2a31b91974c5]::string::String>>
[INFO] [stdout]   18:     0x60eca770a9c5 - test[aada8e7e76ba119b]::run_test::{closure#0}
[INFO] [stdout]   19:     0x60eca77042b4 - std[617be2ca0a6fd877]::sys::backtrace::__rust_begin_short_backtrace::<test[aada8e7e76ba119b]::run_test::{closure#1}, ()>
[INFO] [stdout]   20:     0x60eca770da52 - <std[617be2ca0a6fd877]::thread::lifecycle::spawn_unchecked<test[aada8e7e76ba119b]::run_test::{closure#1}, ()>::{closure#1} as core[a373ad73a504971]::ops::function::FnOnce<()>>::call_once::{shim:vtable#0}
[INFO] [stdout]   21:     0x60eca787c43f - <std[617be2ca0a6fd877]::sys::thread::unix::Thread>::new::thread_start
[INFO] [stdout]   22:     0x704aacce4dfa - <unknown>
[INFO] [stdout]   23:     0x704aacd783d4 - clone
[INFO] [stdout]   24:                0x0 - <unknown>
[INFO] [stdout] 
[INFO] [stdout] ---- tests::parse_iam_task_credentials_sample_response stdout ----
[INFO] [stdout] 
[INFO] [stdout] thread 'tests::parse_iam_task_credentials_sample_response' (1391) panicked at src/lib.rs:515:27:
[INFO] [stdout] Couldn't stat file
[INFO] [stdout] stack backtrace:
[INFO] [stdout]    0:     0x60eca787cf21 - <<std[617be2ca0a6fd877]::sys::backtrace::BacktraceLock>::print::DisplayBacktrace as core[a373ad73a504971]::fmt::Display>::fmt
[INFO] [stdout]    1:     0x60eca789340a - core[a373ad73a504971]::fmt::write
[INFO] [stdout]    2:     0x60eca78816ec - <alloc[2e1b2a31b91974c5]::vec::Vec<u8> as core[a373ad73a504971]::io::write::Write>::write_fmt
[INFO] [stdout]    3:     0x60eca7857de6 - std[617be2ca0a6fd877]::panicking::default_hook::{closure#0}
[INFO] [stdout]    4:     0x60eca7874d59 - std[617be2ca0a6fd877]::panicking::default_hook
[INFO] [stdout]    5:     0x60eca770a3a0 - test[aada8e7e76ba119b]::test_main_inner::{closure#0}
[INFO] [stdout]    6:     0x60eca7874f12 - std[617be2ca0a6fd877]::panicking::panic_with_hook
[INFO] [stdout]    7:     0x60eca78572ec - std[617be2ca0a6fd877]::panicking::begin_panic::<&str>::{closure#0}
[INFO] [stdout]    8:     0x60eca7850789 - std[617be2ca0a6fd877]::sys::backtrace::__rust_end_short_backtrace::<std[617be2ca0a6fd877]::panicking::begin_panic<&str>::{closure#0}, !>
[INFO] [stdout]    9:     0x60eca784daab - std[617be2ca0a6fd877]::panicking::begin_panic::<&str>
[INFO] [stdout]   10:     0x60eca76e4074 - <rusoto_credential[7fd75e5bc3751f15]::tests::parse_iam_task_credentials_sample_response::{closure#0} as core[a373ad73a504971]::ops::function::FnOnce<()>>::call_once
[INFO] [stdout]   11:     0x60eca76fd7eb - test[aada8e7e76ba119b]::__rust_begin_short_backtrace::<core[a373ad73a504971]::result::Result<(), alloc[2e1b2a31b91974c5]::string::String>, fn() -> core[a373ad73a504971]::result::Result<(), alloc[2e1b2a31b91974c5]::string::String>>
[INFO] [stdout]   12:     0x60eca770a9c5 - test[aada8e7e76ba119b]::run_test::{closure#0}
[INFO] [stdout]   13:     0x60eca77042b4 - std[617be2ca0a6fd877]::sys::backtrace::__rust_begin_short_backtrace::<test[aada8e7e76ba119b]::run_test::{closure#1}, ()>
[INFO] [stdout]   14:     0x60eca770da52 - <std[617be2ca0a6fd877]::thread::lifecycle::spawn_unchecked<test[aada8e7e76ba119b]::run_test::{closure#1}, ()>::{closure#1} as core[a373ad73a504971]::ops::function::FnOnce<()>>::call_once::{shim:vtable#0}
[INFO] [stdout]   15:     0x60eca787c43f - <std[617be2ca0a6fd877]::sys::thread::unix::Thread>::new::thread_start
[INFO] [stdout]   16:     0x704aacce4dfa - <unknown>
[INFO] [stdout]   17:     0x704aacd783d4 - clone
[INFO] [stdout]   18:                0x0 - <unknown>
[INFO] [stdout] 
[INFO] [stdout] ---- tests::profile_provider_finds_right_credentials_in_file stdout ----
[INFO] [stdout] 
[INFO] [stdout] thread 'tests::profile_provider_finds_right_credentials_in_file' (1392) panicked at src/lib.rs:498:64:
[INFO] [stdout] Failed to get credentials from profile provider using tests/sample-data/multiple_profile_credentials: CredentialsError { message: "Couldn't stat credentials file: [ \"tests/sample-data/multiple_profile_credentials\" ]. Non existant, or no permission." }
[INFO] [stdout] stack backtrace:
[INFO] [stdout]    0:     0x60eca787cf21 - <<std[617be2ca0a6fd877]::sys::backtrace::BacktraceLock>::print::DisplayBacktrace as core[a373ad73a504971]::fmt::Display>::fmt
[INFO] [stdout]    1:     0x60eca789340a - core[a373ad73a504971]::fmt::write
[INFO] [stdout]    2:     0x60eca78816ec - <alloc[2e1b2a31b91974c5]::vec::Vec<u8> as core[a373ad73a504971]::io::write::Write>::write_fmt
[INFO] [stdout]    3:     0x60eca7857de6 - std[617be2ca0a6fd877]::panicking::default_hook::{closure#0}
[INFO] [stdout]    4:     0x60eca7874d59 - std[617be2ca0a6fd877]::panicking::default_hook
[INFO] [stdout]    5:     0x60eca770a3a0 - test[aada8e7e76ba119b]::test_main_inner::{closure#0}
[INFO] [stdout]    6:     0x60eca7874f12 - std[617be2ca0a6fd877]::panicking::panic_with_hook
[INFO] [stdout]    7:     0x60eca7857e92 - std[617be2ca0a6fd877]::panicking::panic_handler::{closure#0}
[INFO] [stdout]    8:     0x60eca78507a9 - std[617be2ca0a6fd877]::sys::backtrace::__rust_end_short_backtrace::<std[617be2ca0a6fd877]::panicking::panic_handler::{closure#0}, !>
[INFO] [stdout]    9:     0x60eca7858cbd - __rustc[ea4f61d10b84890b]::rust_begin_unwind
[INFO] [stdout]   10:     0x60eca7893bec - core[a373ad73a504971]::panicking::panic_fmt
[INFO] [stdout]   11:     0x60eca78939c2 - core[a373ad73a504971]::result::unwrap_failed
[INFO] [stdout]   12:     0x60eca76ae6f6 - rusoto_credential[7fd75e5bc3751f15]::tests::profile_provider_finds_right_credentials_in_file::{closure#0}
[INFO] [stdout]   13:     0x60eca76c321d - <tokio[4738be1133c11bd1]::macros::scoped_tls::ScopedKey<tokio[4738be1133c11bd1]::runtime::basic_scheduler::Context>>::set::<tokio[4738be1133c11bd1]::runtime::basic_scheduler::enter<<tokio[4738be1133c11bd1]::runtime::basic_scheduler::BasicScheduler<tokio[4738be1133c11bd1]::park::either::Either<tokio[4738be1133c11bd1]::time::driver::Driver<tokio[4738be1133c11bd1]::park::either::Either<tokio[4738be1133c11bd1]::io::driver::Driver, tokio[4738be1133c11bd1]::park::thread::ParkThread>>, tokio[4738be1133c11bd1]::park::either::Either<tokio[4738be1133c11bd1]::io::driver::Driver, tokio[4738be1133c11bd1]::park::thread::ParkThread>>>>::block_on<rusoto_credential[7fd75e5bc3751f15]::tests::profile_provider_finds_right_credentials_in_file::{closure#0}>::{closure#0}, (), tokio[4738be1133c11bd1]::park::either::Either<tokio[4738be1133c11bd1]::time::driver::Driver<tokio[4738be1133c11bd1]::park::either::Either<tokio[4738be1133c11bd1]::io::driver::Driver, tokio[4738be1133c11bd1]::park::thread::ParkThread>>, tokio[4738be1133c11bd1]::park::either::Either<tokio[4738be1133c11bd1]::io::driver::Driver, tokio[4738be1133c11bd1]::park::thread::ParkThread>>>::{closure#0}, ()>
[INFO] [stdout]   14:     0x60eca76eb990 - tokio[4738be1133c11bd1]::runtime::basic_scheduler::enter::<<tokio[4738be1133c11bd1]::runtime::basic_scheduler::BasicScheduler<tokio[4738be1133c11bd1]::park::either::Either<tokio[4738be1133c11bd1]::time::driver::Driver<tokio[4738be1133c11bd1]::park::either::Either<tokio[4738be1133c11bd1]::io::driver::Driver, tokio[4738be1133c11bd1]::park::thread::ParkThread>>, tokio[4738be1133c11bd1]::park::either::Either<tokio[4738be1133c11bd1]::io::driver::Driver, tokio[4738be1133c11bd1]::park::thread::ParkThread>>>>::block_on<rusoto_credential[7fd75e5bc3751f15]::tests::profile_provider_finds_right_credentials_in_file::{closure#0}>::{closure#0}, (), tokio[4738be1133c11bd1]::park::either::Either<tokio[4738be1133c11bd1]::time::driver::Driver<tokio[4738be1133c11bd1]::park::either::Either<tokio[4738be1133c11bd1]::io::driver::Driver, tokio[4738be1133c11bd1]::park::thread::ParkThread>>, tokio[4738be1133c11bd1]::park::either::Either<tokio[4738be1133c11bd1]::io::driver::Driver, tokio[4738be1133c11bd1]::park::thread::ParkThread>>>
[INFO] [stdout]   15:     0x60eca76e1b33 - tokio[4738be1133c11bd1]::runtime::context::enter::<<tokio[4738be1133c11bd1]::runtime::Runtime>::block_on<rusoto_credential[7fd75e5bc3751f15]::tests::profile_provider_finds_right_credentials_in_file::{closure#0}>::{closure#0}, ()>
[INFO] [stdout]   16:     0x60eca76e428a - <rusoto_credential[7fd75e5bc3751f15]::tests::profile_provider_finds_right_credentials_in_file::{closure#0} as core[a373ad73a504971]::ops::function::FnOnce<()>>::call_once
[INFO] [stdout]   17:     0x60eca76fd7eb - test[aada8e7e76ba119b]::__rust_begin_short_backtrace::<core[a373ad73a504971]::result::Result<(), alloc[2e1b2a31b91974c5]::string::String>, fn() -> core[a373ad73a504971]::result::Result<(), alloc[2e1b2a31b91974c5]::string::String>>
[INFO] [stdout]   18:     0x60eca770a9c5 - test[aada8e7e76ba119b]::run_test::{closure#0}
[INFO] [stdout]   19:     0x60eca77042b4 - std[617be2ca0a6fd877]::sys::backtrace::__rust_begin_short_backtrace::<test[aada8e7e76ba119b]::run_test::{closure#1}, ()>
[INFO] [stdout]   20:     0x60eca770da52 - <std[617be2ca0a6fd877]::thread::lifecycle::spawn_unchecked<test[aada8e7e76ba119b]::run_test::{closure#1}, ()>::{closure#1} as core[a373ad73a504971]::ops::function::FnOnce<()>>::call_once::{shim:vtable#0}
[INFO] [stdout]   21:     0x60eca787c43f - <std[617be2ca0a6fd877]::sys::thread::unix::Thread>::new::thread_start
[INFO] [stdout]   22:     0x704aacce4dfa - <unknown>
[INFO] [stdout]   23:     0x704aacd783d4 - clone
[INFO] [stdout]   24:                0x0 - <unknown>
[INFO] [stdout] 
[INFO] [stdout] ---- profile::tests::profile_provider_credential_process stdout ----
[INFO] [stdout] 
[INFO] [stdout] thread 'profile::tests::profile_provider_credential_process' (1376) panicked at src/profile.rs:612:9:
[INFO] [stdout] assertion failed: result.is_ok()
[INFO] [stdout] stack backtrace:
[INFO] [stdout]    0:     0x60eca787cf21 - <<std[617be2ca0a6fd877]::sys::backtrace::BacktraceLock>::print::DisplayBacktrace as core[a373ad73a504971]::fmt::Display>::fmt
[INFO] [stdout]    1:     0x60eca789340a - core[a373ad73a504971]::fmt::write
[INFO] [stdout]    2:     0x60eca78816ec - <alloc[2e1b2a31b91974c5]::vec::Vec<u8> as core[a373ad73a504971]::io::write::Write>::write_fmt
[INFO] [stdout]    3:     0x60eca7857de6 - std[617be2ca0a6fd877]::panicking::default_hook::{closure#0}
[INFO] [stdout]    4:     0x60eca7874d59 - std[617be2ca0a6fd877]::panicking::default_hook
[INFO] [stdout]    5:     0x60eca770a3a0 - test[aada8e7e76ba119b]::test_main_inner::{closure#0}
[INFO] [stdout]    6:     0x60eca7874f12 - std[617be2ca0a6fd877]::panicking::panic_with_hook
[INFO] [stdout]    7:     0x60eca7857ec4 - std[617be2ca0a6fd877]::panicking::panic_handler::{closure#0}
[INFO] [stdout]    8:     0x60eca78507a9 - std[617be2ca0a6fd877]::sys::backtrace::__rust_end_short_backtrace::<std[617be2ca0a6fd877]::panicking::panic_handler::{closure#0}, !>
[INFO] [stdout]    9:     0x60eca7858cbd - __rustc[ea4f61d10b84890b]::rust_begin_unwind
[INFO] [stdout]   10:     0x60eca7893bec - core[a373ad73a504971]::panicking::panic_fmt
[INFO] [stdout]   11:     0x60eca7893bb2 - core[a373ad73a504971]::panicking::panic
[INFO] [stdout]   12:     0x60eca76b4cd6 - rusoto_credential[7fd75e5bc3751f15]::profile::tests::profile_provider_credential_process::{closure#0}
[INFO] [stdout]   13:     0x60eca76c839d - <tokio[4738be1133c11bd1]::macros::scoped_tls::ScopedKey<tokio[4738be1133c11bd1]::runtime::basic_scheduler::Context>>::set::<tokio[4738be1133c11bd1]::runtime::basic_scheduler::enter<<tokio[4738be1133c11bd1]::runtime::basic_scheduler::BasicScheduler<tokio[4738be1133c11bd1]::park::either::Either<tokio[4738be1133c11bd1]::time::driver::Driver<tokio[4738be1133c11bd1]::park::either::Either<tokio[4738be1133c11bd1]::io::driver::Driver, tokio[4738be1133c11bd1]::park::thread::ParkThread>>, tokio[4738be1133c11bd1]::park::either::Either<tokio[4738be1133c11bd1]::io::driver::Driver, tokio[4738be1133c11bd1]::park::thread::ParkThread>>>>::block_on<rusoto_credential[7fd75e5bc3751f15]::profile::tests::profile_provider_credential_process::{closure#0}>::{closure#0}, (), tokio[4738be1133c11bd1]::park::either::Either<tokio[4738be1133c11bd1]::time::driver::Driver<tokio[4738be1133c11bd1]::park::either::Either<tokio[4738be1133c11bd1]::io::driver::Driver, tokio[4738be1133c11bd1]::park::thread::ParkThread>>, tokio[4738be1133c11bd1]::park::either::Either<tokio[4738be1133c11bd1]::io::driver::Driver, tokio[4738be1133c11bd1]::park::thread::ParkThread>>>::{closure#0}, ()>
[INFO] [stdout]   14:     0x60eca76ecbd0 - tokio[4738be1133c11bd1]::runtime::basic_scheduler::enter::<<tokio[4738be1133c11bd1]::runtime::basic_scheduler::BasicScheduler<tokio[4738be1133c11bd1]::park::either::Either<tokio[4738be1133c11bd1]::time::driver::Driver<tokio[4738be1133c11bd1]::park::either::Either<tokio[4738be1133c11bd1]::io::driver::Driver, tokio[4738be1133c11bd1]::park::thread::ParkThread>>, tokio[4738be1133c11bd1]::park::either::Either<tokio[4738be1133c11bd1]::io::driver::Driver, tokio[4738be1133c11bd1]::park::thread::ParkThread>>>>::block_on<rusoto_credential[7fd75e5bc3751f15]::profile::tests::profile_provider_credential_process::{closure#0}>::{closure#0}, (), tokio[4738be1133c11bd1]::park::either::Either<tokio[4738be1133c11bd1]::time::driver::Driver<tokio[4738be1133c11bd1]::park::either::Either<tokio[4738be1133c11bd1]::io::driver::Driver, tokio[4738be1133c11bd1]::park::thread::ParkThread>>, tokio[4738be1133c11bd1]::park::either::Either<tokio[4738be1133c11bd1]::io::driver::Driver, tokio[4738be1133c11bd1]::park::thread::ParkThread>>>
[INFO] [stdout]   15:     0x60eca76e2c73 - tokio[4738be1133c11bd1]::runtime::context::enter::<<tokio[4738be1133c11bd1]::runtime::Runtime>::block_on<rusoto_credential[7fd75e5bc3751f15]::profile::tests::profile_provider_credential_process::{closure#0}>::{closure#0}, ()>
[INFO] [stdout]   16:     0x60eca76e888a - <rusoto_credential[7fd75e5bc3751f15]::profile::tests::profile_provider_credential_process::{closure#0} as core[a373ad73a504971]::ops::function::FnOnce<()>>::call_once
[INFO] [stdout]   17:     0x60eca76fd7eb - test[aada8e7e76ba119b]::__rust_begin_short_backtrace::<core[a373ad73a504971]::result::Result<(), alloc[2e1b2a31b91974c5]::string::String>, fn() -> core[a373ad73a504971]::result::Result<(), alloc[2e1b2a31b91974c5]::string::String>>
[INFO] [stdout]   18:     0x60eca770a9c5 - test[aada8e7e76ba119b]::run_test::{closure#0}
[INFO] [stdout]   19:     0x60eca77042b4 - std[617be2ca0a6fd877]::sys::backtrace::__rust_begin_short_backtrace::<test[aada8e7e76ba119b]::run_test::{closure#1}, ()>
[INFO] [stdout]   20:     0x60eca770da52 - <std[617be2ca0a6fd877]::thread::lifecycle::spawn_unchecked<test[aada8e7e76ba119b]::run_test::{closure#1}, ()>::{closure#1} as core[a373ad73a504971]::ops::function::FnOnce<()>>::call_once::{shim:vtable#0}
[INFO] [stdout]   21:     0x60eca787c43f - <std[617be2ca0a6fd877]::sys::thread::unix::Thread>::new::thread_start
[INFO] [stdout]   22:     0x704aacce4dfa - <unknown>
[INFO] [stdout]   23:     0x704aacd783d4 - clone
[INFO] [stdout]   24:                0x0 - <unknown>
[INFO] [stdout] 
[INFO] [stdout] 
[INFO] [stdout] failures:
[INFO] [stdout]     profile::tests::existing_file_no_credentials
[INFO] [stdout]     profile::tests::parse_all_values_credentials_file
[INFO] [stdout]     profile::tests::parse_config_file_credential_process
[INFO] [stdout]     profile::tests::parse_config_file_default_profile
[INFO] [stdout]     profile::tests::parse_config_file_multiple_profiles
[INFO] [stdout]     profile::tests::parse_credentials_file_default_profile
[INFO] [stdout]     profile::tests::parse_credentials_file_multiple_profiles
[INFO] [stdout]     profile::tests::parse_credentials_unrecognized_field
[INFO] [stdout]     profile::tests::profile_provider_bad_profile
[INFO] [stdout]     profile::tests::profile_provider_credential_process
[INFO] [stdout]     profile::tests::profile_provider_happy_path
[INFO] [stdout]     profile::tests::profile_provider_profile_name_via_environment_variable
[INFO] [stdout]     profile::tests::region_from_profile
[INFO] [stdout]     tests::parse_iam_task_credentials_sample_response
[INFO] [stdout]     tests::profile_provider_finds_right_credentials_in_file
[INFO] [stdout] 
[INFO] [stdout] test result: FAILED. 46 passed; 15 failed; 0 ignored; 0 measured; 0 filtered out; finished in 1.01s
[INFO] [stdout] 
[INFO] running `Command { std: "docker" "inspect" "699cd20f795030415f254b823014e3814d6c574222e95daa2fa0b16b95c65e93", kill_on_drop: false }`
[INFO] running `Command { std: "docker" "rm" "-f" "699cd20f795030415f254b823014e3814d6c574222e95daa2fa0b16b95c65e93", kill_on_drop: false }`
[INFO] [stdout] 699cd20f795030415f254b823014e3814d6c574222e95daa2fa0b16b95c65e93
