[INFO] fetching crate mz_rusoto_cloudfront 0.46.0...
[INFO] testing mz_rusoto_cloudfront-0.46.0 against 1.99.0-beta.8+cargoflags=--release for beta-release-1.100-2
[INFO] extracting crate mz_rusoto_cloudfront 0.46.0 into /workspace/builds/worker-5-tc1/source
[INFO] started tweaking crates.io crate mz_rusoto_cloudfront 0.46.0
[INFO] finished tweaking crates.io crate mz_rusoto_cloudfront 0.46.0
[INFO] tweaked toml for crates.io crate mz_rusoto_cloudfront 0.46.0 written to /workspace/builds/worker-5-tc1/source/Cargo.toml
[INFO] validating manifest of crates.io crate mz_rusoto_cloudfront 0.46.0 on toolchain 1.99.0-beta.8
[INFO] running `Command { std: CARGO_HOME="/workspace/cargo-home" RUSTUP_HOME="/workspace/rustup-home" "/workspace/cargo-home/bin/cargo" "+1.99.0-beta.8" "metadata" "--manifest-path" "Cargo.toml" "--no-deps", kill_on_drop: false }`
[INFO] running `Command { std: CARGO_HOME="/workspace/cargo-home" RUSTUP_HOME="/workspace/rustup-home" "/workspace/cargo-home/bin/cargo" "+1.99.0-beta.8" "generate-lockfile" "--manifest-path" "Cargo.toml", kill_on_drop: false }`
[INFO] [stderr]     Updating crates.io index
[INFO] [stderr]      Locking 197 packages to highest compatible versions
[INFO] [stderr]       Adding bytes v0.5.6 (available: v1.12.1)
[INFO] [stderr]       Adding psm v0.1.24 (available: v0.1.32)
[INFO] [stderr]       Adding subtle v2.4.1 (available: v2.6.1)
[INFO] [stderr]       Adding tokio v0.2.25 (available: v1.53.3)
[INFO] [stderr]       Adding xml-rs v0.8.29 (available: v1.0.0)
[INFO] running `Command { std: CARGO_HOME="/workspace/cargo-home" RUSTUP_HOME="/workspace/rustup-home" "/workspace/cargo-home/bin/cargo" "+1.99.0-beta.8" "fetch" "--manifest-path" "Cargo.toml", kill_on_drop: false }`
[INFO] [stderr]  Downloading crates ...
[INFO] [stderr]   Downloaded tokio-macros v0.2.6
[INFO] [stderr]   Downloaded mz_rusoto_mock v0.46.0
[INFO] [stderr]   Downloaded pin-project-lite v0.1.12
[INFO] [stderr]   Downloaded mio-named-pipes v0.1.7
[INFO] [stderr]   Downloaded md5 v0.7.0
[INFO] [stderr]   Downloaded mz_rusoto_signature v0.46.0
[INFO] [stderr]   Downloaded mz_rusoto_credential v0.46.0
[INFO] [stderr]   Downloaded tokio-rustls v0.13.1
[INFO] [stderr]   Downloaded sct v0.6.1
[INFO] [stderr]   Downloaded rustls-native-certs v0.3.0
[INFO] [stderr]   Downloaded ct-logs v0.6.0
[INFO] [stderr]   Downloaded psm v0.1.24
[INFO] [stderr]   Downloaded hyper-rustls v0.20.0
[INFO] [stderr]   Downloaded mz_rusoto_core v0.46.0
[INFO] [stderr]   Downloaded webpki v0.21.4
[INFO] [stderr]   Downloaded hyper v0.13.10
[INFO] [stderr]   Downloaded pest v2.9.4
[INFO] [stderr]   Downloaded h2 v0.2.7
[INFO] [stderr]   Downloaded rustls v0.17.0
[INFO] [stderr]   Downloaded tokio v0.2.25
[INFO] running `Command { std: "docker" "create" "-v" "/var/lib/crater-agent-workspace/builds/worker-5-tc1/source:/opt/rustwide/workdir:ro,Z" "-v" "/var/lib/crater-agent-workspace/builds/worker-5-tc1/target:/opt/rustwide/target:rw,Z" "-v" "/var/lib/crater-agent-workspace/cargo-home:/opt/rustwide/cargo-home:ro,Z" "-v" "/var/lib/crater-agent-workspace/rustup-home:/opt/rustwide/rustup-home:ro,Z" "-m" "1610612736" "--network" "none" "ghcr.io/rust-lang/crates-build-env/linux@sha256:77db811e55d90add9212f6832c23229e3de5f1c1f9905e8cb07319ea15df73ac" "sleep" "infinity", kill_on_drop: false }`
[INFO] [stdout] defae25f6052b9b6f3fd6ca3828d908442afad5aff6b0fe380e399646b5e5fd2
[INFO] running `Command { std: "docker" "start" "defae25f6052b9b6f3fd6ca3828d908442afad5aff6b0fe380e399646b5e5fd2", kill_on_drop: false }`
[INFO] running `Command { std: "docker" "inspect" "defae25f6052b9b6f3fd6ca3828d908442afad5aff6b0fe380e399646b5e5fd2", kill_on_drop: false }`
[INFO] running `Command { std: "docker" "exec" "-e" "SOURCE_DIR=/opt/rustwide/workdir" "-e" "CARGO_HOME=/opt/rustwide/cargo-home" "-e" "RUSTUP_HOME=/opt/rustwide/rustup-home" "-e" "CARGO_TARGET_DIR=/opt/rustwide/target" "-w" "/opt/rustwide/workdir" "--user" "0:0" "defae25f6052b9b6f3fd6ca3828d908442afad5aff6b0fe380e399646b5e5fd2" "/opt/rustwide/cargo-home/bin/cargo" "+1.99.0-beta.8" "metadata" "--no-deps" "--format-version=1", kill_on_drop: false }`
[INFO] running `Command { std: "docker" "inspect" "defae25f6052b9b6f3fd6ca3828d908442afad5aff6b0fe380e399646b5e5fd2", kill_on_drop: false }`
[INFO] running `Command { std: "docker" "exec" "-e" "SOURCE_DIR=/opt/rustwide/workdir" "-e" "CARGO_HOME=/opt/rustwide/cargo-home" "-e" "RUSTUP_HOME=/opt/rustwide/rustup-home" "-e" "CARGO_TARGET_DIR=/opt/rustwide/target" "-e" "CARGO_INCREMENTAL=0" "-e" "RUST_BACKTRACE=full" "-e" "RUSTFLAGS=--cap-lints=warn" "-e" "RUSTDOCFLAGS=--cap-lints=warn" "-w" "/opt/rustwide/workdir" "--user" "0:0" "defae25f6052b9b6f3fd6ca3828d908442afad5aff6b0fe380e399646b5e5fd2" "/opt/rustwide/cargo-home/bin/cargo" "+1.99.0-beta.8" "build" "--frozen" "--message-format=json" "--release", kill_on_drop: false }`
[INFO] [stderr]    Compiling libc v0.2.191
[INFO] [stderr]    Compiling cfg-if v0.1.10
[INFO] [stderr]    Compiling bytes v0.5.6
[INFO] [stderr]    Compiling standback v0.2.17
[INFO] [stderr]    Compiling futures-channel v0.3.34
[INFO] [stderr]    Compiling pin-project-lite v0.1.12
[INFO] [stderr]    Compiling psm v0.1.24
[INFO] [stderr]    Compiling openssl-sys v0.9.117
[INFO] [stderr]    Compiling stacker v0.1.25
[INFO] [stderr]    Compiling indexmap v1.9.3
[INFO] [stderr]    Compiling syn v2.0.119
[INFO] [stderr]    Compiling syn v1.0.109
[INFO] [stderr]    Compiling futures-macro v0.3.34
[INFO] [stderr]    Compiling cfg-if v1.0.5
[INFO] [stderr]    Compiling http v0.2.12
[INFO] [stderr]    Compiling tracing v0.1.44
[INFO] [stderr]    Compiling proc-macro-hack v0.5.20+deprecated
[INFO] [stderr]    Compiling num-traits v0.2.19
[INFO] [stderr]    Compiling openssl v0.10.81
[INFO] [stderr]    Compiling const_fn v0.4.12
[INFO] [stderr]    Compiling httpdate v0.3.2
[INFO] [stderr]    Compiling itoa v0.4.8
[INFO] [stderr]    Compiling serde v1.0.229
[INFO] [stderr]    Compiling time v0.2.27
[INFO] [stderr]    Compiling subtle v2.4.1
[INFO] [stderr]    Compiling native-tls v0.2.18
[INFO] [stderr]    Compiling async-trait v0.1.92
[INFO] [stderr]    Compiling shlex v0.1.1
[INFO] [stderr]    Compiling crypto-mac v0.10.1
[INFO] [stderr]    Compiling hmac v0.10.1
[INFO] [stderr]    Compiling md5 v0.7.0
[INFO] [stderr]    Compiling xml-rs v0.8.29
[INFO] [stderr]    Compiling futures-util v0.3.34
[INFO] [stderr]    Compiling chrono v0.4.45
[INFO] [stderr]    Compiling iovec v0.1.4
[INFO] [stderr]    Compiling net2 v0.2.39
[INFO] [stderr]    Compiling errno v0.3.14
[INFO] [stderr]    Compiling socket2 v0.3.19
[INFO] [stderr]    Compiling dirs-sys-next v0.1.2
[INFO] [stderr]    Compiling http-body v0.3.1
[INFO] [stderr]    Compiling signal-hook-registry v1.4.8
[INFO] [stderr]    Compiling dirs-next v2.0.0
[INFO] [stderr]    Compiling mio v0.6.23
[INFO] [stderr]    Compiling pest v2.9.4
[INFO] [stderr]    Compiling mio-uds v0.6.8
[INFO] [stderr]    Compiling tokio-macros v0.2.6
[INFO] [stderr]    Compiling time-macros-impl v0.1.2
[INFO] [stderr]    Compiling tokio v0.2.25
[INFO] [stderr]    Compiling time-macros v0.1.1
[INFO] [stderr]    Compiling pin-project-internal v1.1.13
[INFO] [stderr]    Compiling openssl-macros v0.1.1
[INFO] [stderr]    Compiling futures-executor v0.3.34
[INFO] [stderr]    Compiling semver-parser v0.10.3
[INFO] [stderr]    Compiling futures v0.3.34
[INFO] [stderr]    Compiling pin-project v1.1.13
[INFO] [stderr]    Compiling tracing-futures v0.2.5
[INFO] [stderr]    Compiling semver v0.11.0
[INFO] [stderr]    Compiling rustc_version v0.3.3
[INFO] [stderr]    Compiling mz_rusoto_core v0.46.0
[INFO] [stderr]    Compiling tokio-util v0.3.1
[INFO] [stderr]    Compiling h2 v0.2.7
[INFO] [stderr]    Compiling tokio-tls v0.3.1
[INFO] [stderr]    Compiling hyper v0.13.10
[INFO] [stderr]    Compiling mz_rusoto_credential v0.46.0
[INFO] [stderr]    Compiling hyper-tls v0.4.3
[INFO] [stderr]    Compiling mz_rusoto_signature v0.46.0
[INFO] [stderr]    Compiling mz_rusoto_cloudfront v0.46.0 (/opt/rustwide/workdir)
[INFO] [stdout] warning: unused import: `custom::*`
[INFO] [stdout]   --> src/lib.rs:21:9
[INFO] [stdout]    |
[INFO] [stdout] 21 | pub use custom::*;
[INFO] [stdout]    |         ^^^^^^^^^
[INFO] [stdout]    |
[INFO] [stdout]    = note: `#[warn(unused_imports)]` (part of `#[warn(unused)]`) on by default
[INFO] [stdout] 
[INFO] [stdout] 
[INFO] [stderr]     Finished `release` profile [optimized] target(s) in 1m 11s
[INFO] running `Command { std: "docker" "inspect" "defae25f6052b9b6f3fd6ca3828d908442afad5aff6b0fe380e399646b5e5fd2", kill_on_drop: false }`
[INFO] running `Command { std: "docker" "exec" "-e" "SOURCE_DIR=/opt/rustwide/workdir" "-e" "CARGO_HOME=/opt/rustwide/cargo-home" "-e" "RUSTUP_HOME=/opt/rustwide/rustup-home" "-e" "CARGO_TARGET_DIR=/opt/rustwide/target" "-e" "CARGO_INCREMENTAL=0" "-e" "RUST_BACKTRACE=full" "-e" "RUSTFLAGS=--cap-lints=warn" "-e" "RUSTDOCFLAGS=--cap-lints=warn" "-w" "/opt/rustwide/workdir" "--user" "0:0" "defae25f6052b9b6f3fd6ca3828d908442afad5aff6b0fe380e399646b5e5fd2" "/opt/rustwide/cargo-home/bin/cargo" "+1.99.0-beta.8" "test" "--frozen" "--no-run" "--message-format=json" "--release", kill_on_drop: false }`
[INFO] [stderr]    Compiling mz_rusoto_mock v0.46.0
[INFO] [stdout] warning: unused import: `custom::*`
[INFO] [stdout]   --> src/lib.rs:21:9
[INFO] [stdout]    |
[INFO] [stdout] 21 | pub use custom::*;
[INFO] [stdout]    |         ^^^^^^^^^
[INFO] [stdout]    |
[INFO] [stdout]    = note: `#[warn(unused_imports)]` (part of `#[warn(unused)]`) on by default
[INFO] [stdout] 
[INFO] [stdout] 
[INFO] [stderr]    Compiling mz_rusoto_cloudfront v0.46.0 (/opt/rustwide/workdir)
[INFO] [stdout] warning: unused import: `custom::*`
[INFO] [stdout]   --> src/lib.rs:21:9
[INFO] [stdout]    |
[INFO] [stdout] 21 | pub use custom::*;
[INFO] [stdout]    |         ^^^^^^^^^
[INFO] [stdout]    |
[INFO] [stdout]    = note: `#[warn(unused_imports)]` (part of `#[warn(unused)]`) on by default
[INFO] [stdout] 
[INFO] [stdout] 
[INFO] [stderr]     Finished `release` profile [optimized] target(s) in 9.59s
[INFO] running `Command { std: "docker" "inspect" "defae25f6052b9b6f3fd6ca3828d908442afad5aff6b0fe380e399646b5e5fd2", kill_on_drop: false }`
[INFO] running `Command { std: "docker" "exec" "-e" "SOURCE_DIR=/opt/rustwide/workdir" "-e" "CARGO_HOME=/opt/rustwide/cargo-home" "-e" "RUSTUP_HOME=/opt/rustwide/rustup-home" "-e" "CARGO_TARGET_DIR=/opt/rustwide/target" "-e" "CARGO_INCREMENTAL=0" "-e" "RUST_BACKTRACE=full" "-e" "RUSTFLAGS=--cap-lints=warn" "-e" "RUSTDOCFLAGS=--cap-lints=warn" "-w" "/opt/rustwide/workdir" "--user" "0:0" "defae25f6052b9b6f3fd6ca3828d908442afad5aff6b0fe380e399646b5e5fd2" "/opt/rustwide/cargo-home/bin/cargo" "+1.99.0-beta.8" "test" "--frozen" "--release", kill_on_drop: false }`
[INFO] [stderr] warning: unused import: `custom::*`
[INFO] [stderr]   --> src/lib.rs:21:9
[INFO] [stderr]    |
[INFO] [stderr] 21 | pub use custom::*;
[INFO] [stderr]    |         ^^^^^^^^^
[INFO] [stderr]    |
[INFO] [stderr]    = note: `#[warn(unused_imports)]` (part of `#[warn(unused)]`) on by default
[INFO] [stderr] 
[INFO] [stderr] warning: `mz_rusoto_cloudfront` (lib) generated 1 warning (run `cargo fix --lib -p mz_rusoto_cloudfront` to apply 1 suggestion)
[INFO] [stderr] warning: `mz_rusoto_cloudfront` (lib test) generated 1 warning (1 duplicate)
[INFO] [stderr]     Finished `release` profile [optimized] target(s) in 0.15s
[INFO] [stderr]      Running unittests src/lib.rs (/opt/rustwide/target/release/deps/rusoto_cloudfront-90cff9f5dc433aea)
[INFO] [stdout] 
[INFO] [stdout] running 9 tests
[INFO] [stdout] test generated::protocol_tests::test_parse_valid_cloudfront_get_streaming_distribution ... FAILED
[INFO] [stdout] test generated::protocol_tests::test_parse_valid_cloudfront_list_streaming_distributions ... FAILED
[INFO] [stdout] test custom::custom_tests::should_list_distributions ... FAILED
[INFO] [stdout] test generated::protocol_tests::test_parse_valid_cloudfront_get_invalidation ... FAILED
[INFO] [stdout] test generated::protocol_tests::test_parse_valid_cloudfront_get_cloud_front_origin_access_identity ... FAILED
[INFO] [stdout] test generated::protocol_tests::test_parse_valid_cloudfront_get_distribution ... FAILED
[INFO] [stdout] test generated::protocol_tests::test_parse_valid_cloudfront_list_cloud_front_origin_access_identities ... FAILED
[INFO] [stdout] test generated::protocol_tests::test_parse_valid_cloudfront_list_invalidations ... FAILED
[INFO] [stdout] test generated::protocol_tests::test_parse_valid_cloudfront_list_distributions ... FAILED
[INFO] [stdout] 
[INFO] [stdout] failures:
[INFO] [stdout] 
[INFO] [stdout] ---- generated::protocol_tests::test_parse_valid_cloudfront_get_streaming_distribution stdout ----
[INFO] [stdout] 
[INFO] [stdout] thread 'generated::protocol_tests::test_parse_valid_cloudfront_get_streaming_distribution' (1658) panicked at /opt/rustwide/cargo-home/registry/src/index.crates.io-1949cf8c6b5b557f/mz_rusoto_mock-0.46.0/src/lib.rs:175:53:
[INFO] [stdout] couldn't find file: Os { code: 2, kind: NotFound, message: "No such file or directory" }
[INFO] [stdout] stack backtrace:
[INFO] [stdout]    0:     0x5abfeba64f41 - <<std[70759c8f55707aa4]::sys::backtrace::BacktraceLock>::print::DisplayBacktrace as core[df12db4294e9bfd3]::fmt::Display>::fmt
[INFO] [stdout]    1:     0x5abfeba79aba - core[df12db4294e9bfd3]::fmt::write
[INFO] [stdout]    2:     0x5abfeba6951c - <alloc[2182bb758b4b3781]::vec::Vec<u8> as core[df12db4294e9bfd3]::io::write::Write>::write_fmt
[INFO] [stdout]    3:     0x5abfeba411c6 - std[70759c8f55707aa4]::panicking::default_hook::{closure#0}
[INFO] [stdout]    4:     0x5abfeba5d5f9 - std[70759c8f55707aa4]::panicking::default_hook
[INFO] [stdout]    5:     0x5abfeb9bf9f0 - test[9d35eded1c95d3be]::test_main_inner::<test[9d35eded1c95d3be]::test_main_static::{closure#0}>::{closure#0}
[INFO] [stdout]    6:     0x5abfeba5d7b2 - std[70759c8f55707aa4]::panicking::panic_with_hook
[INFO] [stdout]    7:     0x5abfeba41272 - std[70759c8f55707aa4]::panicking::panic_handler::{closure#0}
[INFO] [stdout]    8:     0x5abfeba39fc9 - std[70759c8f55707aa4]::sys::backtrace::__rust_end_short_backtrace::<std[70759c8f55707aa4]::panicking::panic_handler::{closure#0}, !>
[INFO] [stdout]    9:     0x5abfeba41e6d - __rustc[8fa7c3cbc660c2b3]::rust_begin_unwind
[INFO] [stdout]   10:     0x5abfeba7a21c - core[df12db4294e9bfd3]::panicking::panic_fmt
[INFO] [stdout]   11:     0x5abfeba79ff2 - core[df12db4294e9bfd3]::result::unwrap_failed
[INFO] [stdout]   12:     0x5abfeb9f512c - <rusoto_mock[b26d66cec3662ca8]::MockResponseReader as rusoto_mock[b26d66cec3662ca8]::ReadMockResponse>::read_response
[INFO] [stdout]   13:     0x5abfeb999fad - rusoto_cloudfront[3cdc3635a88fbc3d]::generated::protocol_tests::test_parse_valid_cloudfront_get_streaming_distribution::{closure#0}
[INFO] [stdout]   14:     0x5abfeb9a800d - <tokio[abcbcc4d3da30ef7]::macros::scoped_tls::ScopedKey<tokio[abcbcc4d3da30ef7]::runtime::basic_scheduler::Context>>::set::<tokio[abcbcc4d3da30ef7]::runtime::basic_scheduler::enter<<tokio[abcbcc4d3da30ef7]::runtime::basic_scheduler::BasicScheduler<tokio[abcbcc4d3da30ef7]::park::either::Either<tokio[abcbcc4d3da30ef7]::time::driver::Driver<tokio[abcbcc4d3da30ef7]::park::either::Either<tokio[abcbcc4d3da30ef7]::io::driver::Driver, tokio[abcbcc4d3da30ef7]::park::thread::ParkThread>>, tokio[abcbcc4d3da30ef7]::park::either::Either<tokio[abcbcc4d3da30ef7]::io::driver::Driver, tokio[abcbcc4d3da30ef7]::park::thread::ParkThread>>>>::block_on<rusoto_cloudfront[3cdc3635a88fbc3d]::generated::protocol_tests::test_parse_valid_cloudfront_get_streaming_distribution::{closure#0}>::{closure#0}, (), tokio[abcbcc4d3da30ef7]::park::either::Either<tokio[abcbcc4d3da30ef7]::time::driver::Driver<tokio[abcbcc4d3da30ef7]::park::either::Either<tokio[abcbcc4d3da30ef7]::io::driver::Driver, tokio[abcbcc4d3da30ef7]::park::thread::ParkThread>>, tokio[abcbcc4d3da30ef7]::park::either::Either<tokio[abcbcc4d3da30ef7]::io::driver::Driver, tokio[abcbcc4d3da30ef7]::park::thread::ParkThread>>>::{closure#0}, ()>
[INFO] [stdout]   15:     0x5abfeb9abd86 - tokio[abcbcc4d3da30ef7]::runtime::basic_scheduler::enter::<<tokio[abcbcc4d3da30ef7]::runtime::basic_scheduler::BasicScheduler<tokio[abcbcc4d3da30ef7]::park::either::Either<tokio[abcbcc4d3da30ef7]::time::driver::Driver<tokio[abcbcc4d3da30ef7]::park::either::Either<tokio[abcbcc4d3da30ef7]::io::driver::Driver, tokio[abcbcc4d3da30ef7]::park::thread::ParkThread>>, tokio[abcbcc4d3da30ef7]::park::either::Either<tokio[abcbcc4d3da30ef7]::io::driver::Driver, tokio[abcbcc4d3da30ef7]::park::thread::ParkThread>>>>::block_on<rusoto_cloudfront[3cdc3635a88fbc3d]::generated::protocol_tests::test_parse_valid_cloudfront_get_streaming_distribution::{closure#0}>::{closure#0}, (), tokio[abcbcc4d3da30ef7]::park::either::Either<tokio[abcbcc4d3da30ef7]::time::driver::Driver<tokio[abcbcc4d3da30ef7]::park::either::Either<tokio[abcbcc4d3da30ef7]::io::driver::Driver, tokio[abcbcc4d3da30ef7]::park::thread::ParkThread>>, tokio[abcbcc4d3da30ef7]::park::either::Either<tokio[abcbcc4d3da30ef7]::io::driver::Driver, tokio[abcbcc4d3da30ef7]::park::thread::ParkThread>>>
[INFO] [stdout]   16:     0x5abfeb9a2961 - tokio[abcbcc4d3da30ef7]::runtime::context::enter::<<tokio[abcbcc4d3da30ef7]::runtime::Runtime>::block_on<rusoto_cloudfront[3cdc3635a88fbc3d]::generated::protocol_tests::test_parse_valid_cloudfront_get_streaming_distribution::{closure#0}>::{closure#0}, ()>
[INFO] [stdout]   17:     0x5abfeb9a0b2a - <rusoto_cloudfront[3cdc3635a88fbc3d]::generated::protocol_tests::test_parse_valid_cloudfront_get_streaming_distribution::{closure#0} as core[df12db4294e9bfd3]::ops::function::FnOnce<()>>::call_once
[INFO] [stdout]   18:     0x5abfeb9b2cdb - test[9d35eded1c95d3be]::__rust_begin_short_backtrace::<core[df12db4294e9bfd3]::result::Result<(), alloc[2182bb758b4b3781]::string::String>, fn() -> core[df12db4294e9bfd3]::result::Result<(), alloc[2182bb758b4b3781]::string::String>>
[INFO] [stdout]   19:     0x5abfeb9c0345 - test[9d35eded1c95d3be]::run_test::{closure#0}
[INFO] [stdout]   20:     0x5abfeb9b9c04 - std[70759c8f55707aa4]::sys::backtrace::__rust_begin_short_backtrace::<test[9d35eded1c95d3be]::run_test::{closure#1}, ()>
[INFO] [stdout]   21:     0x5abfeb9c34a2 - <std[70759c8f55707aa4]::thread::lifecycle::spawn_unchecked<test[9d35eded1c95d3be]::run_test::{closure#1}, ()>::{closure#1} as core[df12db4294e9bfd3]::ops::function::FnOnce<()>>::call_once::{shim:vtable#0}
[INFO] [stdout]   22:     0x5abfeba64819 - <std[70759c8f55707aa4]::sys::thread::unix::Thread>::new::thread_start
[INFO] [stdout]   23:     0x7ae9ecd1cdfa - <unknown>
[INFO] [stdout]   24:     0x7ae9ecdb03d4 - clone
[INFO] [stdout]   25:                0x0 - <unknown>
[INFO] [stdout] 
[INFO] [stdout] ---- generated::protocol_tests::test_parse_valid_cloudfront_list_streaming_distributions stdout ----
[INFO] [stdout] 
[INFO] [stdout] thread 'generated::protocol_tests::test_parse_valid_cloudfront_list_streaming_distributions' (1662) panicked at /opt/rustwide/cargo-home/registry/src/index.crates.io-1949cf8c6b5b557f/mz_rusoto_mock-0.46.0/src/lib.rs:175:53:
[INFO] [stdout] couldn't find file: Os { code: 2, kind: NotFound, message: "No such file or directory" }
[INFO] [stdout] stack backtrace:
[INFO] [stdout]    0:     0x5abfeba64f41 - <<std[70759c8f55707aa4]::sys::backtrace::BacktraceLock>::print::DisplayBacktrace as core[df12db4294e9bfd3]::fmt::Display>::fmt
[INFO] [stdout]    1:     0x5abfeba79aba - core[df12db4294e9bfd3]::fmt::write
[INFO] [stdout]    2:     0x5abfeba6951c - <alloc[2182bb758b4b3781]::vec::Vec<u8> as core[df12db4294e9bfd3]::io::write::Write>::write_fmt
[INFO] [stdout]    3:     0x5abfeba411c6 - std[70759c8f55707aa4]::panicking::default_hook::{closure#0}
[INFO] [stdout]    4:     0x5abfeba5d5f9 - std[70759c8f55707aa4]::panicking::default_hook
[INFO] [stdout]    5:     0x5abfeb9bf9f0 - test[9d35eded1c95d3be]::test_main_inner::<test[9d35eded1c95d3be]::test_main_static::{closure#0}>::{closure#0}
[INFO] [stdout]    6:     0x5abfeba5d7b2 - std[70759c8f55707aa4]::panicking::panic_with_hook
[INFO] [stdout]    7:     0x5abfeba41272 - std[70759c8f55707aa4]::panicking::panic_handler::{closure#0}
[INFO] [stdout]    8:     0x5abfeba39fc9 - std[70759c8f55707aa4]::sys::backtrace::__rust_end_short_backtrace::<std[70759c8f55707aa4]::panicking::panic_handler::{closure#0}, !>
[INFO] [stdout]    9:     0x5abfeba41e6d - __rustc[8fa7c3cbc660c2b3]::rust_begin_unwind
[INFO] [stdout]   10:     0x5abfeba7a21c - core[df12db4294e9bfd3]::panicking::panic_fmt
[INFO] [stdout]   11:     0x5abfeba79ff2 - core[df12db4294e9bfd3]::result::unwrap_failed
[INFO] [stdout]   12:     0x5abfeb9f512c - <rusoto_mock[b26d66cec3662ca8]::MockResponseReader as rusoto_mock[b26d66cec3662ca8]::ReadMockResponse>::read_response
[INFO] [stdout]   13:     0x5abfeb99a30d - rusoto_cloudfront[3cdc3635a88fbc3d]::generated::protocol_tests::test_parse_valid_cloudfront_list_streaming_distributions::{closure#0}
[INFO] [stdout]   14:     0x5abfeb9a859d - <tokio[abcbcc4d3da30ef7]::macros::scoped_tls::ScopedKey<tokio[abcbcc4d3da30ef7]::runtime::basic_scheduler::Context>>::set::<tokio[abcbcc4d3da30ef7]::runtime::basic_scheduler::enter<<tokio[abcbcc4d3da30ef7]::runtime::basic_scheduler::BasicScheduler<tokio[abcbcc4d3da30ef7]::park::either::Either<tokio[abcbcc4d3da30ef7]::time::driver::Driver<tokio[abcbcc4d3da30ef7]::park::either::Either<tokio[abcbcc4d3da30ef7]::io::driver::Driver, tokio[abcbcc4d3da30ef7]::park::thread::ParkThread>>, tokio[abcbcc4d3da30ef7]::park::either::Either<tokio[abcbcc4d3da30ef7]::io::driver::Driver, tokio[abcbcc4d3da30ef7]::park::thread::ParkThread>>>>::block_on<rusoto_cloudfront[3cdc3635a88fbc3d]::generated::protocol_tests::test_parse_valid_cloudfront_list_streaming_distributions::{closure#0}>::{closure#0}, (), tokio[abcbcc4d3da30ef7]::park::either::Either<tokio[abcbcc4d3da30ef7]::time::driver::Driver<tokio[abcbcc4d3da30ef7]::park::either::Either<tokio[abcbcc4d3da30ef7]::io::driver::Driver, tokio[abcbcc4d3da30ef7]::park::thread::ParkThread>>, tokio[abcbcc4d3da30ef7]::park::either::Either<tokio[abcbcc4d3da30ef7]::io::driver::Driver, tokio[abcbcc4d3da30ef7]::park::thread::ParkThread>>>::{closure#0}, ()>
[INFO] [stdout]   15:     0x5abfeb9abec6 - tokio[abcbcc4d3da30ef7]::runtime::basic_scheduler::enter::<<tokio[abcbcc4d3da30ef7]::runtime::basic_scheduler::BasicScheduler<tokio[abcbcc4d3da30ef7]::park::either::Either<tokio[abcbcc4d3da30ef7]::time::driver::Driver<tokio[abcbcc4d3da30ef7]::park::either::Either<tokio[abcbcc4d3da30ef7]::io::driver::Driver, tokio[abcbcc4d3da30ef7]::park::thread::ParkThread>>, tokio[abcbcc4d3da30ef7]::park::either::Either<tokio[abcbcc4d3da30ef7]::io::driver::Driver, tokio[abcbcc4d3da30ef7]::park::thread::ParkThread>>>>::block_on<rusoto_cloudfront[3cdc3635a88fbc3d]::generated::protocol_tests::test_parse_valid_cloudfront_list_streaming_distributions::{closure#0}>::{closure#0}, (), tokio[abcbcc4d3da30ef7]::park::either::Either<tokio[abcbcc4d3da30ef7]::time::driver::Driver<tokio[abcbcc4d3da30ef7]::park::either::Either<tokio[abcbcc4d3da30ef7]::io::driver::Driver, tokio[abcbcc4d3da30ef7]::park::thread::ParkThread>>, tokio[abcbcc4d3da30ef7]::park::either::Either<tokio[abcbcc4d3da30ef7]::io::driver::Driver, tokio[abcbcc4d3da30ef7]::park::thread::ParkThread>>>
[INFO] [stdout]   16:     0x5abfeb9a2a91 - tokio[abcbcc4d3da30ef7]::runtime::context::enter::<<tokio[abcbcc4d3da30ef7]::runtime::Runtime>::block_on<rusoto_cloudfront[3cdc3635a88fbc3d]::generated::protocol_tests::test_parse_valid_cloudfront_list_streaming_distributions::{closure#0}>::{closure#0}, ()>
[INFO] [stdout]   17:     0x5abfeb9a0cfa - <rusoto_cloudfront[3cdc3635a88fbc3d]::generated::protocol_tests::test_parse_valid_cloudfront_list_streaming_distributions::{closure#0} as core[df12db4294e9bfd3]::ops::function::FnOnce<()>>::call_once
[INFO] [stdout]   18:     0x5abfeb9b2cdb - test[9d35eded1c95d3be]::__rust_begin_short_backtrace::<core[df12db4294e9bfd3]::result::Result<(), alloc[2182bb758b4b3781]::string::String>, fn() -> core[df12db4294e9bfd3]::result::Result<(), alloc[2182bb758b4b3781]::string::String>>
[INFO] [stdout]   19:     0x5abfeb9c0345 - test[9d35eded1c95d3be]::run_test::{closure#0}
[INFO] [stdout]   20:     0x5abfeb9b9c04 - std[70759c8f55707aa4]::sys::backtrace::__rust_begin_short_backtrace::<test[9d35eded1c95d3be]::run_test::{closure#1}, ()>
[INFO] [stdout]   21:     0x5abfeb9c34a2 - <std[70759c8f55707aa4]::thread::lifecycle::spawn_unchecked<test[9d35eded1c95d3be]::run_test::{closure#1}, ()>::{closure#1} as core[df12db4294e9bfd3]::ops::function::FnOnce<()>>::call_once::{shim:vtable#0}
[INFO] [stdout]   22:     0x5abfeba64819 - <std[70759c8f55707aa4]::sys::thread::unix::Thread>::new::thread_start
[INFO] [stderr] error: test failed, to rerun pass `--lib`
[INFO] [stdout]   23:     0x7ae9ecd1cdfa - <unknown>
[INFO] [stdout]   24:     0x7ae9ecdb03d4 - clone
[INFO] [stdout]   25:                0x0 - <unknown>
[INFO] [stdout] 
[INFO] [stdout] ---- custom::custom_tests::should_list_distributions stdout ----
[INFO] [stdout] 
[INFO] [stdout] thread 'custom::custom_tests::should_list_distributions' (1654) panicked at /opt/rustwide/cargo-home/registry/src/index.crates.io-1949cf8c6b5b557f/mz_rusoto_mock-0.46.0/src/lib.rs:175:53:
[INFO] [stdout] couldn't find file: Os { code: 2, kind: NotFound, message: "No such file or directory" }
[INFO] [stdout] stack backtrace:
[INFO] [stdout]    0:     0x5abfeba64f41 - <<std[70759c8f55707aa4]::sys::backtrace::BacktraceLock>::print::DisplayBacktrace as core[df12db4294e9bfd3]::fmt::Display>::fmt
[INFO] [stdout]    1:     0x5abfeba79aba - core[df12db4294e9bfd3]::fmt::write
[INFO] [stdout]    2:     0x5abfeba6951c - <alloc[2182bb758b4b3781]::vec::Vec<u8> as core[df12db4294e9bfd3]::io::write::Write>::write_fmt
[INFO] [stdout]    3:     0x5abfeba411c6 - std[70759c8f55707aa4]::panicking::default_hook::{closure#0}
[INFO] [stdout]    4:     0x5abfeba5d5f9 - std[70759c8f55707aa4]::panicking::default_hook
[INFO] [stdout]    5:     0x5abfeb9bf9f0 - test[9d35eded1c95d3be]::test_main_inner::<test[9d35eded1c95d3be]::test_main_static::{closure#0}>::{closure#0}
[INFO] [stdout]    6:     0x5abfeba5d7b2 - std[70759c8f55707aa4]::panicking::panic_with_hook
[INFO] [stdout]    7:     0x5abfeba41272 - std[70759c8f55707aa4]::panicking::panic_handler::{closure#0}
[INFO] [stdout]    8:     0x5abfeba39fc9 - std[70759c8f55707aa4]::sys::backtrace::__rust_end_short_backtrace::<std[70759c8f55707aa4]::panicking::panic_handler::{closure#0}, !>
[INFO] [stdout]    9:     0x5abfeba41e6d - __rustc[8fa7c3cbc660c2b3]::rust_begin_unwind
[INFO] [stdout]   10:     0x5abfeba7a21c - core[df12db4294e9bfd3]::panicking::panic_fmt
[INFO] [stdout]   11:     0x5abfeba79ff2 - core[df12db4294e9bfd3]::result::unwrap_failed
[INFO] [stdout]   12:     0x5abfeb9f512c - <rusoto_mock[b26d66cec3662ca8]::MockResponseReader as rusoto_mock[b26d66cec3662ca8]::ReadMockResponse>::read_response
[INFO] [stdout]   13:     0x5abfeb9988c4 - rusoto_cloudfront[3cdc3635a88fbc3d]::custom::custom_tests::should_list_distributions::{closure#0}
[INFO] [stdout]   14:     0x5abfeb9a643d - <tokio[abcbcc4d3da30ef7]::macros::scoped_tls::ScopedKey<tokio[abcbcc4d3da30ef7]::runtime::basic_scheduler::Context>>::set::<tokio[abcbcc4d3da30ef7]::runtime::basic_scheduler::enter<<tokio[abcbcc4d3da30ef7]::runtime::basic_scheduler::BasicScheduler<tokio[abcbcc4d3da30ef7]::park::either::Either<tokio[abcbcc4d3da30ef7]::time::driver::Driver<tokio[abcbcc4d3da30ef7]::park::either::Either<tokio[abcbcc4d3da30ef7]::io::driver::Driver, tokio[abcbcc4d3da30ef7]::park::thread::ParkThread>>, tokio[abcbcc4d3da30ef7]::park::either::Either<tokio[abcbcc4d3da30ef7]::io::driver::Driver, tokio[abcbcc4d3da30ef7]::park::thread::ParkThread>>>>::block_on<rusoto_cloudfront[3cdc3635a88fbc3d]::custom::custom_tests::should_list_distributions::{closure#0}>::{closure#0}, (), tokio[abcbcc4d3da30ef7]::park::either::Either<tokio[abcbcc4d3da30ef7]::time::driver::Driver<tokio[abcbcc4d3da30ef7]::park::either::Either<tokio[abcbcc4d3da30ef7]::io::driver::Driver, tokio[abcbcc4d3da30ef7]::park::thread::ParkThread>>, tokio[abcbcc4d3da30ef7]::park::either::Either<tokio[abcbcc4d3da30ef7]::io::driver::Driver, tokio[abcbcc4d3da30ef7]::park::thread::ParkThread>>>::{closure#0}, ()>
[INFO] [stdout]   15:     0x5abfeb9ab746 - tokio[abcbcc4d3da30ef7]::runtime::basic_scheduler::enter::<<tokio[abcbcc4d3da30ef7]::runtime::basic_scheduler::BasicScheduler<tokio[abcbcc4d3da30ef7]::park::either::Either<tokio[abcbcc4d3da30ef7]::time::driver::Driver<tokio[abcbcc4d3da30ef7]::park::either::Either<tokio[abcbcc4d3da30ef7]::io::driver::Driver, tokio[abcbcc4d3da30ef7]::park::thread::ParkThread>>, tokio[abcbcc4d3da30ef7]::park::either::Either<tokio[abcbcc4d3da30ef7]::io::driver::Driver, tokio[abcbcc4d3da30ef7]::park::thread::ParkThread>>>>::block_on<rusoto_cloudfront[3cdc3635a88fbc3d]::custom::custom_tests::should_list_distributions::{closure#0}>::{closure#0}, (), tokio[abcbcc4d3da30ef7]::park::either::Either<tokio[abcbcc4d3da30ef7]::time::driver::Driver<tokio[abcbcc4d3da30ef7]::park::either::Either<tokio[abcbcc4d3da30ef7]::io::driver::Driver, tokio[abcbcc4d3da30ef7]::park::thread::ParkThread>>, tokio[abcbcc4d3da30ef7]::park::either::Either<tokio[abcbcc4d3da30ef7]::io::driver::Driver, tokio[abcbcc4d3da30ef7]::park::thread::ParkThread>>>
[INFO] [stdout]   16:     0x5abfeb9a2371 - tokio[abcbcc4d3da30ef7]::runtime::context::enter::<<tokio[abcbcc4d3da30ef7]::runtime::Runtime>::block_on<rusoto_cloudfront[3cdc3635a88fbc3d]::custom::custom_tests::should_list_distributions::{closure#0}>::{closure#0}, ()>
[INFO] [stdout]   17:     0x5abfeb9a021a - <rusoto_cloudfront[3cdc3635a88fbc3d]::custom::custom_tests::should_list_distributions::{closure#0} as core[df12db4294e9bfd3]::ops::function::FnOnce<()>>::call_once
[INFO] [stdout]   18:     0x5abfeb9b2cdb - test[9d35eded1c95d3be]::__rust_begin_short_backtrace::<core[df12db4294e9bfd3]::result::Result<(), alloc[2182bb758b4b3781]::string::String>, fn() -> core[df12db4294e9bfd3]::result::Result<(), alloc[2182bb758b4b3781]::string::String>>
[INFO] [stdout]   19:     0x5abfeb9c0345 - test[9d35eded1c95d3be]::run_test::{closure#0}
[INFO] [stdout]   20:     0x5abfeb9b9c04 - std[70759c8f55707aa4]::sys::backtrace::__rust_begin_short_backtrace::<test[9d35eded1c95d3be]::run_test::{closure#1}, ()>
[INFO] [stdout]   21:     0x5abfeb9c34a2 - <std[70759c8f55707aa4]::thread::lifecycle::spawn_unchecked<test[9d35eded1c95d3be]::run_test::{closure#1}, ()>::{closure#1} as core[df12db4294e9bfd3]::ops::function::FnOnce<()>>::call_once::{shim:vtable#0}
[INFO] [stdout]   22:     0x5abfeba64819 - <std[70759c8f55707aa4]::sys::thread::unix::Thread>::new::thread_start
[INFO] [stdout]   23:     0x7ae9ecd1cdfa - <unknown>
[INFO] [stdout]   24:     0x7ae9ecdb03d4 - clone
[INFO] [stdout]   25:                0x0 - <unknown>
[INFO] [stdout] 
[INFO] [stdout] ---- generated::protocol_tests::test_parse_valid_cloudfront_get_invalidation stdout ----
[INFO] [stdout] 
[INFO] [stdout] thread 'generated::protocol_tests::test_parse_valid_cloudfront_get_invalidation' (1657) panicked at /opt/rustwide/cargo-home/registry/src/index.crates.io-1949cf8c6b5b557f/mz_rusoto_mock-0.46.0/src/lib.rs:175:53:
[INFO] [stdout] couldn't find file: Os { code: 2, kind: NotFound, message: "No such file or directory" }
[INFO] [stdout] stack backtrace:
[INFO] [stdout]    0:     0x5abfeba64f41 - <<std[70759c8f55707aa4]::sys::backtrace::BacktraceLock>::print::DisplayBacktrace as core[df12db4294e9bfd3]::fmt::Display>::fmt
[INFO] [stdout]    1:     0x5abfeba79aba - core[df12db4294e9bfd3]::fmt::write
[INFO] [stdout]    2:     0x5abfeba6951c - <alloc[2182bb758b4b3781]::vec::Vec<u8> as core[df12db4294e9bfd3]::io::write::Write>::write_fmt
[INFO] [stdout]    3:     0x5abfeba411c6 - std[70759c8f55707aa4]::panicking::default_hook::{closure#0}
[INFO] [stdout]    4:     0x5abfeba5d5f9 - std[70759c8f55707aa4]::panicking::default_hook
[INFO] [stdout]    5:     0x5abfeb9bf9f0 - test[9d35eded1c95d3be]::test_main_inner::<test[9d35eded1c95d3be]::test_main_static::{closure#0}>::{closure#0}
[INFO] [stdout]    6:     0x5abfeba5d7b2 - std[70759c8f55707aa4]::panicking::panic_with_hook
[INFO] [stdout]    7:     0x5abfeba41272 - std[70759c8f55707aa4]::panicking::panic_handler::{closure#0}
[INFO] [stdout]    8:     0x5abfeba39fc9 - std[70759c8f55707aa4]::sys::backtrace::__rust_end_short_backtrace::<std[70759c8f55707aa4]::panicking::panic_handler::{closure#0}, !>
[INFO] [stdout]    9:     0x5abfeba41e6d - __rustc[8fa7c3cbc660c2b3]::rust_begin_unwind
[INFO] [stdout]   10:     0x5abfeba7a21c - core[df12db4294e9bfd3]::panicking::panic_fmt
[INFO] [stdout]   11:     0x5abfeba79ff2 - core[df12db4294e9bfd3]::result::unwrap_failed
[INFO] [stdout]   12:     0x5abfeb9f512c - <rusoto_mock[b26d66cec3662ca8]::MockResponseReader as rusoto_mock[b26d66cec3662ca8]::ReadMockResponse>::read_response
[INFO] [stdout]   13:     0x5abfeb9994dd - rusoto_cloudfront[3cdc3635a88fbc3d]::generated::protocol_tests::test_parse_valid_cloudfront_get_invalidation::{closure#0}
[INFO] [stdout]   14:     0x5abfeb9a6f5d - <tokio[abcbcc4d3da30ef7]::macros::scoped_tls::ScopedKey<tokio[abcbcc4d3da30ef7]::runtime::basic_scheduler::Context>>::set::<tokio[abcbcc4d3da30ef7]::runtime::basic_scheduler::enter<<tokio[abcbcc4d3da30ef7]::runtime::basic_scheduler::BasicScheduler<tokio[abcbcc4d3da30ef7]::park::either::Either<tokio[abcbcc4d3da30ef7]::time::driver::Driver<tokio[abcbcc4d3da30ef7]::park::either::Either<tokio[abcbcc4d3da30ef7]::io::driver::Driver, tokio[abcbcc4d3da30ef7]::park::thread::ParkThread>>, tokio[abcbcc4d3da30ef7]::park::either::Either<tokio[abcbcc4d3da30ef7]::io::driver::Driver, tokio[abcbcc4d3da30ef7]::park::thread::ParkThread>>>>::block_on<rusoto_cloudfront[3cdc3635a88fbc3d]::generated::protocol_tests::test_parse_valid_cloudfront_get_invalidation::{closure#0}>::{closure#0}, (), tokio[abcbcc4d3da30ef7]::park::either::Either<tokio[abcbcc4d3da30ef7]::time::driver::Driver<tokio[abcbcc4d3da30ef7]::park::either::Either<tokio[abcbcc4d3da30ef7]::io::driver::Driver, tokio[abcbcc4d3da30ef7]::park::thread::ParkThread>>, tokio[abcbcc4d3da30ef7]::park::either::Either<tokio[abcbcc4d3da30ef7]::io::driver::Driver, tokio[abcbcc4d3da30ef7]::park::thread::ParkThread>>>::{closure#0}, ()>
[INFO] [stdout]   15:     0x5abfeb9ab9c6 - tokio[abcbcc4d3da30ef7]::runtime::basic_scheduler::enter::<<tokio[abcbcc4d3da30ef7]::runtime::basic_scheduler::BasicScheduler<tokio[abcbcc4d3da30ef7]::park::either::Either<tokio[abcbcc4d3da30ef7]::time::driver::Driver<tokio[abcbcc4d3da30ef7]::park::either::Either<tokio[abcbcc4d3da30ef7]::io::driver::Driver, tokio[abcbcc4d3da30ef7]::park::thread::ParkThread>>, tokio[abcbcc4d3da30ef7]::park::either::Either<tokio[abcbcc4d3da30ef7]::io::driver::Driver, tokio[abcbcc4d3da30ef7]::park::thread::ParkThread>>>>::block_on<rusoto_cloudfront[3cdc3635a88fbc3d]::generated::protocol_tests::test_parse_valid_cloudfront_get_invalidation::{closure#0}>::{closure#0}, (), tokio[abcbcc4d3da30ef7]::park::either::Either<tokio[abcbcc4d3da30ef7]::time::driver::Driver<tokio[abcbcc4d3da30ef7]::park::either::Either<tokio[abcbcc4d3da30ef7]::io::driver::Driver, tokio[abcbcc4d3da30ef7]::park::thread::ParkThread>>, tokio[abcbcc4d3da30ef7]::park::either::Either<tokio[abcbcc4d3da30ef7]::io::driver::Driver, tokio[abcbcc4d3da30ef7]::park::thread::ParkThread>>>
[INFO] [stdout]   16:     0x5abfeb9a25d1 - tokio[abcbcc4d3da30ef7]::runtime::context::enter::<<tokio[abcbcc4d3da30ef7]::runtime::Runtime>::block_on<rusoto_cloudfront[3cdc3635a88fbc3d]::generated::protocol_tests::test_parse_valid_cloudfront_get_invalidation::{closure#0}>::{closure#0}, ()>
[INFO] [stdout]   17:     0x5abfeb9a05ba - <rusoto_cloudfront[3cdc3635a88fbc3d]::generated::protocol_tests::test_parse_valid_cloudfront_get_invalidation::{closure#0} as core[df12db4294e9bfd3]::ops::function::FnOnce<()>>::call_once
[INFO] [stdout]   18:     0x5abfeb9b2cdb - test[9d35eded1c95d3be]::__rust_begin_short_backtrace::<core[df12db4294e9bfd3]::result::Result<(), alloc[2182bb758b4b3781]::string::String>, fn() -> core[df12db4294e9bfd3]::result::Result<(), alloc[2182bb758b4b3781]::string::String>>
[INFO] [stdout]   19:     0x5abfeb9c0345 - test[9d35eded1c95d3be]::run_test::{closure#0}
[INFO] [stdout]   20:     0x5abfeb9b9c04 - std[70759c8f55707aa4]::sys::backtrace::__rust_begin_short_backtrace::<test[9d35eded1c95d3be]::run_test::{closure#1}, ()>
[INFO] [stdout]   21:     0x5abfeb9c34a2 - <std[70759c8f55707aa4]::thread::lifecycle::spawn_unchecked<test[9d35eded1c95d3be]::run_test::{closure#1}, ()>::{closure#1} as core[df12db4294e9bfd3]::ops::function::FnOnce<()>>::call_once::{shim:vtable#0}
[INFO] [stdout]   22:     0x5abfeba64819 - <std[70759c8f55707aa4]::sys::thread::unix::Thread>::new::thread_start
[INFO] [stdout]   23:     0x7ae9ecd1cdfa - <unknown>
[INFO] [stdout]   24:     0x7ae9ecdb03d4 - clone
[INFO] [stdout]   25:                0x0 - <unknown>
[INFO] [stdout] 
[INFO] [stdout] ---- generated::protocol_tests::test_parse_valid_cloudfront_get_cloud_front_origin_access_identity stdout ----
[INFO] [stdout] 
[INFO] [stdout] thread 'generated::protocol_tests::test_parse_valid_cloudfront_get_cloud_front_origin_access_identity' (1655) panicked at /opt/rustwide/cargo-home/registry/src/index.crates.io-1949cf8c6b5b557f/mz_rusoto_mock-0.46.0/src/lib.rs:175:53:
[INFO] [stdout] couldn't find file: Os { code: 2, kind: NotFound, message: "No such file or directory" }
[INFO] [stdout] stack backtrace:
[INFO] [stdout]    0:     0x5abfeba64f41 - <<std[70759c8f55707aa4]::sys::backtrace::BacktraceLock>::print::DisplayBacktrace as core[df12db4294e9bfd3]::fmt::Display>::fmt
[INFO] [stdout]    1:     0x5abfeba79aba - core[df12db4294e9bfd3]::fmt::write
[INFO] [stdout]    2:     0x5abfeba6951c - <alloc[2182bb758b4b3781]::vec::Vec<u8> as core[df12db4294e9bfd3]::io::write::Write>::write_fmt
[INFO] [stdout]    3:     0x5abfeba411c6 - std[70759c8f55707aa4]::panicking::default_hook::{closure#0}
[INFO] [stdout]    4:     0x5abfeba5d5f9 - std[70759c8f55707aa4]::panicking::default_hook
[INFO] [stdout]    5:     0x5abfeb9bf9f0 - test[9d35eded1c95d3be]::test_main_inner::<test[9d35eded1c95d3be]::test_main_static::{closure#0}>::{closure#0}
[INFO] [stdout]    6:     0x5abfeba5d7b2 - std[70759c8f55707aa4]::panicking::panic_with_hook
[INFO] [stdout]    7:     0x5abfeba41272 - std[70759c8f55707aa4]::panicking::panic_handler::{closure#0}
[INFO] [stdout]    8:     0x5abfeba39fc9 - std[70759c8f55707aa4]::sys::backtrace::__rust_end_short_backtrace::<std[70759c8f55707aa4]::panicking::panic_handler::{closure#0}, !>
[INFO] [stdout]    9:     0x5abfeba41e6d - __rustc[8fa7c3cbc660c2b3]::rust_begin_unwind
[INFO] [stdout]   10:     0x5abfeba7a21c - core[df12db4294e9bfd3]::panicking::panic_fmt
[INFO] [stdout]   11:     0x5abfeba79ff2 - core[df12db4294e9bfd3]::result::unwrap_failed
[INFO] [stdout]   12:     0x5abfeb9f512c - <rusoto_mock[b26d66cec3662ca8]::MockResponseReader as rusoto_mock[b26d66cec3662ca8]::ReadMockResponse>::read_response
[INFO] [stdout]   13:     0x5abfeb99a68d - rusoto_cloudfront[3cdc3635a88fbc3d]::generated::protocol_tests::test_parse_valid_cloudfront_get_cloud_front_origin_access_identity::{closure#0}
[INFO] [stdout]   14:     0x5abfeb9a8b2d - <tokio[abcbcc4d3da30ef7]::macros::scoped_tls::ScopedKey<tokio[abcbcc4d3da30ef7]::runtime::basic_scheduler::Context>>::set::<tokio[abcbcc4d3da30ef7]::runtime::basic_scheduler::enter<<tokio[abcbcc4d3da30ef7]::runtime::basic_scheduler::BasicScheduler<tokio[abcbcc4d3da30ef7]::park::either::Either<tokio[abcbcc4d3da30ef7]::time::driver::Driver<tokio[abcbcc4d3da30ef7]::park::either::Either<tokio[abcbcc4d3da30ef7]::io::driver::Driver, tokio[abcbcc4d3da30ef7]::park::thread::ParkThread>>, tokio[abcbcc4d3da30ef7]::park::either::Either<tokio[abcbcc4d3da30ef7]::io::driver::Driver, tokio[abcbcc4d3da30ef7]::park::thread::ParkThread>>>>::block_on<rusoto_cloudfront[3cdc3635a88fbc3d]::generated::protocol_tests::test_parse_valid_cloudfront_get_cloud_front_origin_access_identity::{closure#0}>::{closure#0}, (), tokio[abcbcc4d3da30ef7]::park::either::Either<tokio[abcbcc4d3da30ef7]::time::driver::Driver<tokio[abcbcc4d3da30ef7]::park::either::Either<tokio[abcbcc4d3da30ef7]::io::driver::Driver, tokio[abcbcc4d3da30ef7]::park::thread::ParkThread>>, tokio[abcbcc4d3da30ef7]::park::either::Either<tokio[abcbcc4d3da30ef7]::io::driver::Driver, tokio[abcbcc4d3da30ef7]::park::thread::ParkThread>>>::{closure#0}, ()>
[INFO] [stdout]   15:     0x5abfeb9ac006 - tokio[abcbcc4d3da30ef7]::runtime::basic_scheduler::enter::<<tokio[abcbcc4d3da30ef7]::runtime::basic_scheduler::BasicScheduler<tokio[abcbcc4d3da30ef7]::park::either::Either<tokio[abcbcc4d3da30ef7]::time::driver::Driver<tokio[abcbcc4d3da30ef7]::park::either::Either<tokio[abcbcc4d3da30ef7]::io::driver::Driver, tokio[abcbcc4d3da30ef7]::park::thread::ParkThread>>, tokio[abcbcc4d3da30ef7]::park::either::Either<tokio[abcbcc4d3da30ef7]::io::driver::Driver, tokio[abcbcc4d3da30ef7]::park::thread::ParkThread>>>>::block_on<rusoto_cloudfront[3cdc3635a88fbc3d]::generated::protocol_tests::test_parse_valid_cloudfront_get_cloud_front_origin_access_identity::{closure#0}>::{closure#0}, (), tokio[abcbcc4d3da30ef7]::park::either::Either<tokio[abcbcc4d3da30ef7]::time::driver::Driver<tokio[abcbcc4d3da30ef7]::park::either::Either<tokio[abcbcc4d3da30ef7]::io::driver::Driver, tokio[abcbcc4d3da30ef7]::park::thread::ParkThread>>, tokio[abcbcc4d3da30ef7]::park::either::Either<tokio[abcbcc4d3da30ef7]::io::driver::Driver, tokio[abcbcc4d3da30ef7]::park::thread::ParkThread>>>
[INFO] [stdout]   16:     0x5abfeb9a2bc1 - tokio[abcbcc4d3da30ef7]::runtime::context::enter::<<tokio[abcbcc4d3da30ef7]::runtime::Runtime>::block_on<rusoto_cloudfront[3cdc3635a88fbc3d]::generated::protocol_tests::test_parse_valid_cloudfront_get_cloud_front_origin_access_identity::{closure#0}>::{closure#0}, ()>
[INFO] [stdout]   17:     0x5abfeb9a0eca - <rusoto_cloudfront[3cdc3635a88fbc3d]::generated::protocol_tests::test_parse_valid_cloudfront_get_cloud_front_origin_access_identity::{closure#0} as core[df12db4294e9bfd3]::ops::function::FnOnce<()>>::call_once
[INFO] [stdout]   18:     0x5abfeb9b2cdb - test[9d35eded1c95d3be]::__rust_begin_short_backtrace::<core[df12db4294e9bfd3]::result::Result<(), alloc[2182bb758b4b3781]::string::String>, fn() -> core[df12db4294e9bfd3]::result::Result<(), alloc[2182bb758b4b3781]::string::String>>
[INFO] [stdout]   19:     0x5abfeb9c0345 - test[9d35eded1c95d3be]::run_test::{closure#0}
[INFO] [stdout]   20:     0x5abfeb9b9c04 - std[70759c8f55707aa4]::sys::backtrace::__rust_begin_short_backtrace::<test[9d35eded1c95d3be]::run_test::{closure#1}, ()>
[INFO] [stdout]   21:     0x5abfeb9c34a2 - <std[70759c8f55707aa4]::thread::lifecycle::spawn_unchecked<test[9d35eded1c95d3be]::run_test::{closure#1}, ()>::{closure#1} as core[df12db4294e9bfd3]::ops::function::FnOnce<()>>::call_once::{shim:vtable#0}
[INFO] [stdout]   22:     0x5abfeba64819 - <std[70759c8f55707aa4]::sys::thread::unix::Thread>::new::thread_start
[INFO] [stdout]   23:     0x7ae9ecd1cdfa - <unknown>
[INFO] [stdout]   24:     0x7ae9ecdb03d4 - clone
[INFO] [stdout]   25:                0x0 - <unknown>
[INFO] [stdout] 
[INFO] [stdout] ---- generated::protocol_tests::test_parse_valid_cloudfront_get_distribution stdout ----
[INFO] [stdout] 
[INFO] [stdout] thread 'generated::protocol_tests::test_parse_valid_cloudfront_get_distribution' (1656) panicked at /opt/rustwide/cargo-home/registry/src/index.crates.io-1949cf8c6b5b557f/mz_rusoto_mock-0.46.0/src/lib.rs:175:53:
[INFO] [stdout] couldn't find file: Os { code: 2, kind: NotFound, message: "No such file or directory" }
[INFO] [stdout] stack backtrace:
[INFO] [stdout]    0:     0x5abfeba64f41 - <<std[70759c8f55707aa4]::sys::backtrace::BacktraceLock>::print::DisplayBacktrace as core[df12db4294e9bfd3]::fmt::Display>::fmt
[INFO] [stdout]    1:     0x5abfeba79aba - core[df12db4294e9bfd3]::fmt::write
[INFO] [stdout]    2:     0x5abfeba6951c - <alloc[2182bb758b4b3781]::vec::Vec<u8> as core[df12db4294e9bfd3]::io::write::Write>::write_fmt
[INFO] [stdout]    3:     0x5abfeba411c6 - std[70759c8f55707aa4]::panicking::default_hook::{closure#0}
[INFO] [stdout]    4:     0x5abfeba5d5f9 - std[70759c8f55707aa4]::panicking::default_hook
[INFO] [stdout]    5:     0x5abfeb9bf9f0 - test[9d35eded1c95d3be]::test_main_inner::<test[9d35eded1c95d3be]::test_main_static::{closure#0}>::{closure#0}
[INFO] [stdout]    6:     0x5abfeba5d7b2 - std[70759c8f55707aa4]::panicking::panic_with_hook
[INFO] [stdout]    7:     0x5abfeba41272 - std[70759c8f55707aa4]::panicking::panic_handler::{closure#0}
[INFO] [stdout]    8:     0x5abfeba39fc9 - std[70759c8f55707aa4]::sys::backtrace::__rust_end_short_backtrace::<std[70759c8f55707aa4]::panicking::panic_handler::{closure#0}, !>
[INFO] [stdout]    9:     0x5abfeba41e6d - __rustc[8fa7c3cbc660c2b3]::rust_begin_unwind
[INFO] [stdout]   10:     0x5abfeba7a21c - core[df12db4294e9bfd3]::panicking::panic_fmt
[INFO] [stdout]   11:     0x5abfeba79ff2 - core[df12db4294e9bfd3]::result::unwrap_failed
[INFO] [stdout]   12:     0x5abfeb9f512c - <rusoto_mock[b26d66cec3662ca8]::MockResponseReader as rusoto_mock[b26d66cec3662ca8]::ReadMockResponse>::read_response
[INFO] [stdout]   13:     0x5abfeb99917d - rusoto_cloudfront[3cdc3635a88fbc3d]::generated::protocol_tests::test_parse_valid_cloudfront_get_distribution::{closure#0}
[INFO] [stdout]   14:     0x5abfeb9a69cd - <tokio[abcbcc4d3da30ef7]::macros::scoped_tls::ScopedKey<tokio[abcbcc4d3da30ef7]::runtime::basic_scheduler::Context>>::set::<tokio[abcbcc4d3da30ef7]::runtime::basic_scheduler::enter<<tokio[abcbcc4d3da30ef7]::runtime::basic_scheduler::BasicScheduler<tokio[abcbcc4d3da30ef7]::park::either::Either<tokio[abcbcc4d3da30ef7]::time::driver::Driver<tokio[abcbcc4d3da30ef7]::park::either::Either<tokio[abcbcc4d3da30ef7]::io::driver::Driver, tokio[abcbcc4d3da30ef7]::park::thread::ParkThread>>, tokio[abcbcc4d3da30ef7]::park::either::Either<tokio[abcbcc4d3da30ef7]::io::driver::Driver, tokio[abcbcc4d3da30ef7]::park::thread::ParkThread>>>>::block_on<rusoto_cloudfront[3cdc3635a88fbc3d]::generated::protocol_tests::test_parse_valid_cloudfront_get_distribution::{closure#0}>::{closure#0}, (), tokio[abcbcc4d3da30ef7]::park::either::Either<tokio[abcbcc4d3da30ef7]::time::driver::Driver<tokio[abcbcc4d3da30ef7]::park::either::Either<tokio[abcbcc4d3da30ef7]::io::driver::Driver, tokio[abcbcc4d3da30ef7]::park::thread::ParkThread>>, tokio[abcbcc4d3da30ef7]::park::either::Either<tokio[abcbcc4d3da30ef7]::io::driver::Driver, tokio[abcbcc4d3da30ef7]::park::thread::ParkThread>>>::{closure#0}, ()>
[INFO] [stdout]   15:     0x5abfeb9ab886 - tokio[abcbcc4d3da30ef7]::runtime::basic_scheduler::enter::<<tokio[abcbcc4d3da30ef7]::runtime::basic_scheduler::BasicScheduler<tokio[abcbcc4d3da30ef7]::park::either::Either<tokio[abcbcc4d3da30ef7]::time::driver::Driver<tokio[abcbcc4d3da30ef7]::park::either::Either<tokio[abcbcc4d3da30ef7]::io::driver::Driver, tokio[abcbcc4d3da30ef7]::park::thread::ParkThread>>, tokio[abcbcc4d3da30ef7]::park::either::Either<tokio[abcbcc4d3da30ef7]::io::driver::Driver, tokio[abcbcc4d3da30ef7]::park::thread::ParkThread>>>>::block_on<rusoto_cloudfront[3cdc3635a88fbc3d]::generated::protocol_tests::test_parse_valid_cloudfront_get_distribution::{closure#0}>::{closure#0}, (), tokio[abcbcc4d3da30ef7]::park::either::Either<tokio[abcbcc4d3da30ef7]::time::driver::Driver<tokio[abcbcc4d3da30ef7]::park::either::Either<tokio[abcbcc4d3da30ef7]::io::driver::Driver, tokio[abcbcc4d3da30ef7]::park::thread::ParkThread>>, tokio[abcbcc4d3da30ef7]::park::either::Either<tokio[abcbcc4d3da30ef7]::io::driver::Driver, tokio[abcbcc4d3da30ef7]::park::thread::ParkThread>>>
[INFO] [stdout]   16:     0x5abfeb9a24a1 - tokio[abcbcc4d3da30ef7]::runtime::context::enter::<<tokio[abcbcc4d3da30ef7]::runtime::Runtime>::block_on<rusoto_cloudfront[3cdc3635a88fbc3d]::generated::protocol_tests::test_parse_valid_cloudfront_get_distribution::{closure#0}>::{closure#0}, ()>
[INFO] [stdout]   17:     0x5abfeb9a03ea - <rusoto_cloudfront[3cdc3635a88fbc3d]::generated::protocol_tests::test_parse_valid_cloudfront_get_distribution::{closure#0} as core[df12db4294e9bfd3]::ops::function::FnOnce<()>>::call_once
[INFO] [stdout]   18:     0x5abfeb9b2cdb - test[9d35eded1c95d3be]::__rust_begin_short_backtrace::<core[df12db4294e9bfd3]::result::Result<(), alloc[2182bb758b4b3781]::string::String>, fn() -> core[df12db4294e9bfd3]::result::Result<(), alloc[2182bb758b4b3781]::string::String>>
[INFO] [stdout]   19:     0x5abfeb9c0345 - test[9d35eded1c95d3be]::run_test::{closure#0}
[INFO] [stdout]   20:     0x5abfeb9b9c04 - std[70759c8f55707aa4]::sys::backtrace::__rust_begin_short_backtrace::<test[9d35eded1c95d3be]::run_test::{closure#1}, ()>
[INFO] [stdout]   21:     0x5abfeb9c34a2 - <std[70759c8f55707aa4]::thread::lifecycle::spawn_unchecked<test[9d35eded1c95d3be]::run_test::{closure#1}, ()>::{closure#1} as core[df12db4294e9bfd3]::ops::function::FnOnce<()>>::call_once::{shim:vtable#0}
[INFO] [stdout]   22:     0x5abfeba64819 - <std[70759c8f55707aa4]::sys::thread::unix::Thread>::new::thread_start
[INFO] [stdout]   23:     0x7ae9ecd1cdfa - <unknown>
[INFO] [stdout]   24:     0x7ae9ecdb03d4 - clone
[INFO] [stdout]   25:                0x0 - <unknown>
[INFO] [stdout] 
[INFO] [stdout] ---- generated::protocol_tests::test_parse_valid_cloudfront_list_cloud_front_origin_access_identities stdout ----
[INFO] [stdout] 
[INFO] [stdout] thread 'generated::protocol_tests::test_parse_valid_cloudfront_list_cloud_front_origin_access_identities' (1659) panicked at /opt/rustwide/cargo-home/registry/src/index.crates.io-1949cf8c6b5b557f/mz_rusoto_mock-0.46.0/src/lib.rs:175:53:
[INFO] [stdout] couldn't find file: Os { code: 2, kind: NotFound, message: "No such file or directory" }
[INFO] [stdout] stack backtrace:
[INFO] [stdout]    0:     0x5abfeba64f41 - <<std[70759c8f55707aa4]::sys::backtrace::BacktraceLock>::print::DisplayBacktrace as core[df12db4294e9bfd3]::fmt::Display>::fmt
[INFO] [stdout]    1:     0x5abfeba79aba - core[df12db4294e9bfd3]::fmt::write
[INFO] [stdout]    2:     0x5abfeba6951c - <alloc[2182bb758b4b3781]::vec::Vec<u8> as core[df12db4294e9bfd3]::io::write::Write>::write_fmt
[INFO] [stdout]    3:     0x5abfeba411c6 - std[70759c8f55707aa4]::panicking::default_hook::{closure#0}
[INFO] [stdout]    4:     0x5abfeba5d5f9 - std[70759c8f55707aa4]::panicking::default_hook
[INFO] [stdout]    5:     0x5abfeb9bf9f0 - test[9d35eded1c95d3be]::test_main_inner::<test[9d35eded1c95d3be]::test_main_static::{closure#0}>::{closure#0}
[INFO] [stdout]    6:     0x5abfeba5d7b2 - std[70759c8f55707aa4]::panicking::panic_with_hook
[INFO] [stdout]    7:     0x5abfeba41272 - std[70759c8f55707aa4]::panicking::panic_handler::{closure#0}
[INFO] [stdout]    8:     0x5abfeba39fc9 - std[70759c8f55707aa4]::sys::backtrace::__rust_end_short_backtrace::<std[70759c8f55707aa4]::panicking::panic_handler::{closure#0}, !>
[INFO] [stdout]    9:     0x5abfeba41e6d - __rustc[8fa7c3cbc660c2b3]::rust_begin_unwind
[INFO] [stdout]   10:     0x5abfeba7a21c - core[df12db4294e9bfd3]::panicking::panic_fmt
[INFO] [stdout]   11:     0x5abfeba79ff2 - core[df12db4294e9bfd3]::result::unwrap_failed
[INFO] [stdout]   12:     0x5abfeb9f512c - <rusoto_mock[b26d66cec3662ca8]::MockResponseReader as rusoto_mock[b26d66cec3662ca8]::ReadMockResponse>::read_response
[INFO] [stdout]   13:     0x5abfeb99aa1d - rusoto_cloudfront[3cdc3635a88fbc3d]::generated::protocol_tests::test_parse_valid_cloudfront_list_cloud_front_origin_access_identities::{closure#0}
[INFO] [stdout]   14:     0x5abfeb9a90bd - <tokio[abcbcc4d3da30ef7]::macros::scoped_tls::ScopedKey<tokio[abcbcc4d3da30ef7]::runtime::basic_scheduler::Context>>::set::<tokio[abcbcc4d3da30ef7]::runtime::basic_scheduler::enter<<tokio[abcbcc4d3da30ef7]::runtime::basic_scheduler::BasicScheduler<tokio[abcbcc4d3da30ef7]::park::either::Either<tokio[abcbcc4d3da30ef7]::time::driver::Driver<tokio[abcbcc4d3da30ef7]::park::either::Either<tokio[abcbcc4d3da30ef7]::io::driver::Driver, tokio[abcbcc4d3da30ef7]::park::thread::ParkThread>>, tokio[abcbcc4d3da30ef7]::park::either::Either<tokio[abcbcc4d3da30ef7]::io::driver::Driver, tokio[abcbcc4d3da30ef7]::park::thread::ParkThread>>>>::block_on<rusoto_cloudfront[3cdc3635a88fbc3d]::generated::protocol_tests::test_parse_valid_cloudfront_list_cloud_front_origin_access_identities::{closure#0}>::{closure#0}, (), tokio[abcbcc4d3da30ef7]::park::either::Either<tokio[abcbcc4d3da30ef7]::time::driver::Driver<tokio[abcbcc4d3da30ef7]::park::either::Either<tokio[abcbcc4d3da30ef7]::io::driver::Driver, tokio[abcbcc4d3da30ef7]::park::thread::ParkThread>>, tokio[abcbcc4d3da30ef7]::park::either::Either<tokio[abcbcc4d3da30ef7]::io::driver::Driver, tokio[abcbcc4d3da30ef7]::park::thread::ParkThread>>>::{closure#0}, ()>
[INFO] [stdout]   15:     0x5abfeb9ac146 - tokio[abcbcc4d3da30ef7]::runtime::basic_scheduler::enter::<<tokio[abcbcc4d3da30ef7]::runtime::basic_scheduler::BasicScheduler<tokio[abcbcc4d3da30ef7]::park::either::Either<tokio[abcbcc4d3da30ef7]::time::driver::Driver<tokio[abcbcc4d3da30ef7]::park::either::Either<tokio[abcbcc4d3da30ef7]::io::driver::Driver, tokio[abcbcc4d3da30ef7]::park::thread::ParkThread>>, tokio[abcbcc4d3da30ef7]::park::either::Either<tokio[abcbcc4d3da30ef7]::io::driver::Driver, tokio[abcbcc4d3da30ef7]::park::thread::ParkThread>>>>::block_on<rusoto_cloudfront[3cdc3635a88fbc3d]::generated::protocol_tests::test_parse_valid_cloudfront_list_cloud_front_origin_access_identities::{closure#0}>::{closure#0}, (), tokio[abcbcc4d3da30ef7]::park::either::Either<tokio[abcbcc4d3da30ef7]::time::driver::Driver<tokio[abcbcc4d3da30ef7]::park::either::Either<tokio[abcbcc4d3da30ef7]::io::driver::Driver, tokio[abcbcc4d3da30ef7]::park::thread::ParkThread>>, tokio[abcbcc4d3da30ef7]::park::either::Either<tokio[abcbcc4d3da30ef7]::io::driver::Driver, tokio[abcbcc4d3da30ef7]::park::thread::ParkThread>>>
[INFO] [stdout]   16:     0x5abfeb9a2cf1 - tokio[abcbcc4d3da30ef7]::runtime::context::enter::<<tokio[abcbcc4d3da30ef7]::runtime::Runtime>::block_on<rusoto_cloudfront[3cdc3635a88fbc3d]::generated::protocol_tests::test_parse_valid_cloudfront_list_cloud_front_origin_access_identities::{closure#0}>::{closure#0}, ()>
[INFO] [stdout]   17:     0x5abfeb9a109a - <rusoto_cloudfront[3cdc3635a88fbc3d]::generated::protocol_tests::test_parse_valid_cloudfront_list_cloud_front_origin_access_identities::{closure#0} as core[df12db4294e9bfd3]::ops::function::FnOnce<()>>::call_once
[INFO] [stdout]   18:     0x5abfeb9b2cdb - test[9d35eded1c95d3be]::__rust_begin_short_backtrace::<core[df12db4294e9bfd3]::result::Result<(), alloc[2182bb758b4b3781]::string::String>, fn() -> core[df12db4294e9bfd3]::result::Result<(), alloc[2182bb758b4b3781]::string::String>>
[INFO] [stdout]   19:     0x5abfeb9c0345 - test[9d35eded1c95d3be]::run_test::{closure#0}
[INFO] [stdout]   20:     0x5abfeb9b9c04 - std[70759c8f55707aa4]::sys::backtrace::__rust_begin_short_backtrace::<test[9d35eded1c95d3be]::run_test::{closure#1}, ()>
[INFO] [stdout]   21:     0x5abfeb9c34a2 - <std[70759c8f55707aa4]::thread::lifecycle::spawn_unchecked<test[9d35eded1c95d3be]::run_test::{closure#1}, ()>::{closure#1} as core[df12db4294e9bfd3]::ops::function::FnOnce<()>>::call_once::{shim:vtable#0}
[INFO] [stdout]   22:     0x5abfeba64819 - <std[70759c8f55707aa4]::sys::thread::unix::Thread>::new::thread_start
[INFO] [stdout]   23:     0x7ae9ecd1cdfa - <unknown>
[INFO] [stdout]   24:     0x7ae9ecdb03d4 - clone
[INFO] [stdout]   25:                0x0 - <unknown>
[INFO] [stdout] 
[INFO] [stdout] ---- generated::protocol_tests::test_parse_valid_cloudfront_list_invalidations stdout ----
[INFO] [stdout] 
[INFO] [stdout] thread 'generated::protocol_tests::test_parse_valid_cloudfront_list_invalidations' (1661) panicked at /opt/rustwide/cargo-home/registry/src/index.crates.io-1949cf8c6b5b557f/mz_rusoto_mock-0.46.0/src/lib.rs:175:53:
[INFO] [stdout] couldn't find file: Os { code: 2, kind: NotFound, message: "No such file or directory" }
[INFO] [stdout] stack backtrace:
[INFO] [stdout]    0:     0x5abfeba64f41 - <<std[70759c8f55707aa4]::sys::backtrace::BacktraceLock>::print::DisplayBacktrace as core[df12db4294e9bfd3]::fmt::Display>::fmt
[INFO] [stdout]    1:     0x5abfeba79aba - core[df12db4294e9bfd3]::fmt::write
[INFO] [stdout]    2:     0x5abfeba6951c - <alloc[2182bb758b4b3781]::vec::Vec<u8> as core[df12db4294e9bfd3]::io::write::Write>::write_fmt
[INFO] [stdout]    3:     0x5abfeba411c6 - std[70759c8f55707aa4]::panicking::default_hook::{closure#0}
[INFO] [stdout]    4:     0x5abfeba5d5f9 - std[70759c8f55707aa4]::panicking::default_hook
[INFO] [stdout]    5:     0x5abfeb9bf9f0 - test[9d35eded1c95d3be]::test_main_inner::<test[9d35eded1c95d3be]::test_main_static::{closure#0}>::{closure#0}
[INFO] [stdout]    6:     0x5abfeba5d7b2 - std[70759c8f55707aa4]::panicking::panic_with_hook
[INFO] [stdout]    7:     0x5abfeba41272 - std[70759c8f55707aa4]::panicking::panic_handler::{closure#0}
[INFO] [stdout]    8:     0x5abfeba39fc9 - std[70759c8f55707aa4]::sys::backtrace::__rust_end_short_backtrace::<std[70759c8f55707aa4]::panicking::panic_handler::{closure#0}, !>
[INFO] [stdout]    9:     0x5abfeba41e6d - __rustc[8fa7c3cbc660c2b3]::rust_begin_unwind
[INFO] [stdout]   10:     0x5abfeba7a21c - core[df12db4294e9bfd3]::panicking::panic_fmt
[INFO] [stdout]   11:     0x5abfeba79ff2 - core[df12db4294e9bfd3]::result::unwrap_failed
[INFO] [stdout]   12:     0x5abfeb9f512c - <rusoto_mock[b26d66cec3662ca8]::MockResponseReader as rusoto_mock[b26d66cec3662ca8]::ReadMockResponse>::read_response
[INFO] [stdout]   13:     0x5abfeb999c0d - rusoto_cloudfront[3cdc3635a88fbc3d]::generated::protocol_tests::test_parse_valid_cloudfront_list_invalidations::{closure#0}
[INFO] [stdout]   14:     0x5abfeb9a7a7d - <tokio[abcbcc4d3da30ef7]::macros::scoped_tls::ScopedKey<tokio[abcbcc4d3da30ef7]::runtime::basic_scheduler::Context>>::set::<tokio[abcbcc4d3da30ef7]::runtime::basic_scheduler::enter<<tokio[abcbcc4d3da30ef7]::runtime::basic_scheduler::BasicScheduler<tokio[abcbcc4d3da30ef7]::park::either::Either<tokio[abcbcc4d3da30ef7]::time::driver::Driver<tokio[abcbcc4d3da30ef7]::park::either::Either<tokio[abcbcc4d3da30ef7]::io::driver::Driver, tokio[abcbcc4d3da30ef7]::park::thread::ParkThread>>, tokio[abcbcc4d3da30ef7]::park::either::Either<tokio[abcbcc4d3da30ef7]::io::driver::Driver, tokio[abcbcc4d3da30ef7]::park::thread::ParkThread>>>>::block_on<rusoto_cloudfront[3cdc3635a88fbc3d]::generated::protocol_tests::test_parse_valid_cloudfront_list_invalidations::{closure#0}>::{closure#0}, (), tokio[abcbcc4d3da30ef7]::park::either::Either<tokio[abcbcc4d3da30ef7]::time::driver::Driver<tokio[abcbcc4d3da30ef7]::park::either::Either<tokio[abcbcc4d3da30ef7]::io::driver::Driver, tokio[abcbcc4d3da30ef7]::park::thread::ParkThread>>, tokio[abcbcc4d3da30ef7]::park::either::Either<tokio[abcbcc4d3da30ef7]::io::driver::Driver, tokio[abcbcc4d3da30ef7]::park::thread::ParkThread>>>::{closure#0}, ()>
[INFO] [stdout]   15:     0x5abfeb9abc46 - tokio[abcbcc4d3da30ef7]::runtime::basic_scheduler::enter::<<tokio[abcbcc4d3da30ef7]::runtime::basic_scheduler::BasicScheduler<tokio[abcbcc4d3da30ef7]::park::either::Either<tokio[abcbcc4d3da30ef7]::time::driver::Driver<tokio[abcbcc4d3da30ef7]::park::either::Either<tokio[abcbcc4d3da30ef7]::io::driver::Driver, tokio[abcbcc4d3da30ef7]::park::thread::ParkThread>>, tokio[abcbcc4d3da30ef7]::park::either::Either<tokio[abcbcc4d3da30ef7]::io::driver::Driver, tokio[abcbcc4d3da30ef7]::park::thread::ParkThread>>>>::block_on<rusoto_cloudfront[3cdc3635a88fbc3d]::generated::protocol_tests::test_parse_valid_cloudfront_list_invalidations::{closure#0}>::{closure#0}, (), tokio[abcbcc4d3da30ef7]::park::either::Either<tokio[abcbcc4d3da30ef7]::time::driver::Driver<tokio[abcbcc4d3da30ef7]::park::either::Either<tokio[abcbcc4d3da30ef7]::io::driver::Driver, tokio[abcbcc4d3da30ef7]::park::thread::ParkThread>>, tokio[abcbcc4d3da30ef7]::park::either::Either<tokio[abcbcc4d3da30ef7]::io::driver::Driver, tokio[abcbcc4d3da30ef7]::park::thread::ParkThread>>>
[INFO] [stdout]   16:     0x5abfeb9a2831 - tokio[abcbcc4d3da30ef7]::runtime::context::enter::<<tokio[abcbcc4d3da30ef7]::runtime::Runtime>::block_on<rusoto_cloudfront[3cdc3635a88fbc3d]::generated::protocol_tests::test_parse_valid_cloudfront_list_invalidations::{closure#0}>::{closure#0}, ()>
[INFO] [stdout]   17:     0x5abfeb9a095a - <rusoto_cloudfront[3cdc3635a88fbc3d]::generated::protocol_tests::test_parse_valid_cloudfront_list_invalidations::{closure#0} as core[df12db4294e9bfd3]::ops::function::FnOnce<()>>::call_once
[INFO] [stdout]   18:     0x5abfeb9b2cdb - test[9d35eded1c95d3be]::__rust_begin_short_backtrace::<core[df12db4294e9bfd3]::result::Result<(), alloc[2182bb758b4b3781]::string::String>, fn() -> core[df12db4294e9bfd3]::result::Result<(), alloc[2182bb758b4b3781]::string::String>>
[INFO] [stdout]   19:     0x5abfeb9c0345 - test[9d35eded1c95d3be]::run_test::{closure#0}
[INFO] [stdout]   20:     0x5abfeb9b9c04 - std[70759c8f55707aa4]::sys::backtrace::__rust_begin_short_backtrace::<test[9d35eded1c95d3be]::run_test::{closure#1}, ()>
[INFO] [stdout]   21:     0x5abfeb9c34a2 - <std[70759c8f55707aa4]::thread::lifecycle::spawn_unchecked<test[9d35eded1c95d3be]::run_test::{closure#1}, ()>::{closure#1} as core[df12db4294e9bfd3]::ops::function::FnOnce<()>>::call_once::{shim:vtable#0}
[INFO] [stdout]   22:     0x5abfeba64819 - <std[70759c8f55707aa4]::sys::thread::unix::Thread>::new::thread_start
[INFO] [stdout]   23:     0x7ae9ecd1cdfa - <unknown>
[INFO] [stdout]   24:     0x7ae9ecdb03d4 - clone
[INFO] [stdout]   25:                0x0 - <unknown>
[INFO] [stdout] 
[INFO] [stdout] ---- generated::protocol_tests::test_parse_valid_cloudfront_list_distributions stdout ----
[INFO] [stdout] 
[INFO] [stdout] thread 'generated::protocol_tests::test_parse_valid_cloudfront_list_distributions' (1660) panicked at /opt/rustwide/cargo-home/registry/src/index.crates.io-1949cf8c6b5b557f/mz_rusoto_mock-0.46.0/src/lib.rs:175:53:
[INFO] [stdout] couldn't find file: Os { code: 2, kind: NotFound, message: "No such file or directory" }
[INFO] [stdout] stack backtrace:
[INFO] [stdout]    0:     0x5abfeba64f41 - <<std[70759c8f55707aa4]::sys::backtrace::BacktraceLock>::print::DisplayBacktrace as core[df12db4294e9bfd3]::fmt::Display>::fmt
[INFO] [stdout]    1:     0x5abfeba79aba - core[df12db4294e9bfd3]::fmt::write
[INFO] [stdout]    2:     0x5abfeba6951c - <alloc[2182bb758b4b3781]::vec::Vec<u8> as core[df12db4294e9bfd3]::io::write::Write>::write_fmt
[INFO] [stdout]    3:     0x5abfeba411c6 - std[70759c8f55707aa4]::panicking::default_hook::{closure#0}
[INFO] [stdout]    4:     0x5abfeba5d5f9 - std[70759c8f55707aa4]::panicking::default_hook
[INFO] [stdout]    5:     0x5abfeb9bf9f0 - test[9d35eded1c95d3be]::test_main_inner::<test[9d35eded1c95d3be]::test_main_static::{closure#0}>::{closure#0}
[INFO] [stdout]    6:     0x5abfeba5d7b2 - std[70759c8f55707aa4]::panicking::panic_with_hook
[INFO] [stdout]    7:     0x5abfeba41272 - std[70759c8f55707aa4]::panicking::panic_handler::{closure#0}
[INFO] [stdout]    8:     0x5abfeba39fc9 - std[70759c8f55707aa4]::sys::backtrace::__rust_end_short_backtrace::<std[70759c8f55707aa4]::panicking::panic_handler::{closure#0}, !>
[INFO] [stdout]    9:     0x5abfeba41e6d - __rustc[8fa7c3cbc660c2b3]::rust_begin_unwind
[INFO] [stdout]   10:     0x5abfeba7a21c - core[df12db4294e9bfd3]::panicking::panic_fmt
[INFO] [stdout]   11:     0x5abfeba79ff2 - core[df12db4294e9bfd3]::result::unwrap_failed
[INFO] [stdout]   12:     0x5abfeb9f512c - <rusoto_mock[b26d66cec3662ca8]::MockResponseReader as rusoto_mock[b26d66cec3662ca8]::ReadMockResponse>::read_response
[INFO] [stdout]   13:     0x5abfeb99988d - rusoto_cloudfront[3cdc3635a88fbc3d]::generated::protocol_tests::test_parse_valid_cloudfront_list_distributions::{closure#0}
[INFO] [stdout]   14:     0x5abfeb9a74ed - <tokio[abcbcc4d3da30ef7]::macros::scoped_tls::ScopedKey<tokio[abcbcc4d3da30ef7]::runtime::basic_scheduler::Context>>::set::<tokio[abcbcc4d3da30ef7]::runtime::basic_scheduler::enter<<tokio[abcbcc4d3da30ef7]::runtime::basic_scheduler::BasicScheduler<tokio[abcbcc4d3da30ef7]::park::either::Either<tokio[abcbcc4d3da30ef7]::time::driver::Driver<tokio[abcbcc4d3da30ef7]::park::either::Either<tokio[abcbcc4d3da30ef7]::io::driver::Driver, tokio[abcbcc4d3da30ef7]::park::thread::ParkThread>>, tokio[abcbcc4d3da30ef7]::park::either::Either<tokio[abcbcc4d3da30ef7]::io::driver::Driver, tokio[abcbcc4d3da30ef7]::park::thread::ParkThread>>>>::block_on<rusoto_cloudfront[3cdc3635a88fbc3d]::generated::protocol_tests::test_parse_valid_cloudfront_list_distributions::{closure#0}>::{closure#0}, (), tokio[abcbcc4d3da30ef7]::park::either::Either<tokio[abcbcc4d3da30ef7]::time::driver::Driver<tokio[abcbcc4d3da30ef7]::park::either::Either<tokio[abcbcc4d3da30ef7]::io::driver::Driver, tokio[abcbcc4d3da30ef7]::park::thread::ParkThread>>, tokio[abcbcc4d3da30ef7]::park::either::Either<tokio[abcbcc4d3da30ef7]::io::driver::Driver, tokio[abcbcc4d3da30ef7]::park::thread::ParkThread>>>::{closure#0}, ()>
[INFO] [stdout]   15:     0x5abfeb9abb06 - tokio[abcbcc4d3da30ef7]::runtime::basic_scheduler::enter::<<tokio[abcbcc4d3da30ef7]::runtime::basic_scheduler::BasicScheduler<tokio[abcbcc4d3da30ef7]::park::either::Either<tokio[abcbcc4d3da30ef7]::time::driver::Driver<tokio[abcbcc4d3da30ef7]::park::either::Either<tokio[abcbcc4d3da30ef7]::io::driver::Driver, tokio[abcbcc4d3da30ef7]::park::thread::ParkThread>>, tokio[abcbcc4d3da30ef7]::park::either::Either<tokio[abcbcc4d3da30ef7]::io::driver::Driver, tokio[abcbcc4d3da30ef7]::park::thread::ParkThread>>>>::block_on<rusoto_cloudfront[3cdc3635a88fbc3d]::generated::protocol_tests::test_parse_valid_cloudfront_list_distributions::{closure#0}>::{closure#0}, (), tokio[abcbcc4d3da30ef7]::park::either::Either<tokio[abcbcc4d3da30ef7]::time::driver::Driver<tokio[abcbcc4d3da30ef7]::park::either::Either<tokio[abcbcc4d3da30ef7]::io::driver::Driver, tokio[abcbcc4d3da30ef7]::park::thread::ParkThread>>, tokio[abcbcc4d3da30ef7]::park::either::Either<tokio[abcbcc4d3da30ef7]::io::driver::Driver, tokio[abcbcc4d3da30ef7]::park::thread::ParkThread>>>
[INFO] [stdout]   16:     0x5abfeb9a2701 - tokio[abcbcc4d3da30ef7]::runtime::context::enter::<<tokio[abcbcc4d3da30ef7]::runtime::Runtime>::block_on<rusoto_cloudfront[3cdc3635a88fbc3d]::generated::protocol_tests::test_parse_valid_cloudfront_list_distributions::{closure#0}>::{closure#0}, ()>
[INFO] [stdout]   17:     0x5abfeb9a078a - <rusoto_cloudfront[3cdc3635a88fbc3d]::generated::protocol_tests::test_parse_valid_cloudfront_list_distributions::{closure#0} as core[df12db4294e9bfd3]::ops::function::FnOnce<()>>::call_once
[INFO] [stdout]   18:     0x5abfeb9b2cdb - test[9d35eded1c95d3be]::__rust_begin_short_backtrace::<core[df12db4294e9bfd3]::result::Result<(), alloc[2182bb758b4b3781]::string::String>, fn() -> core[df12db4294e9bfd3]::result::Result<(), alloc[2182bb758b4b3781]::string::String>>
[INFO] [stdout]   19:     0x5abfeb9c0345 - test[9d35eded1c95d3be]::run_test::{closure#0}
[INFO] [stdout]   20:     0x5abfeb9b9c04 - std[70759c8f55707aa4]::sys::backtrace::__rust_begin_short_backtrace::<test[9d35eded1c95d3be]::run_test::{closure#1}, ()>
[INFO] [stdout]   21:     0x5abfeb9c34a2 - <std[70759c8f55707aa4]::thread::lifecycle::spawn_unchecked<test[9d35eded1c95d3be]::run_test::{closure#1}, ()>::{closure#1} as core[df12db4294e9bfd3]::ops::function::FnOnce<()>>::call_once::{shim:vtable#0}
[INFO] [stdout]   22:     0x5abfeba64819 - <std[70759c8f55707aa4]::sys::thread::unix::Thread>::new::thread_start
[INFO] [stdout]   23:     0x7ae9ecd1cdfa - <unknown>
[INFO] [stdout]   24:     0x7ae9ecdb03d4 - clone
[INFO] [stdout]   25:                0x0 - <unknown>
[INFO] [stdout] 
[INFO] [stdout] 
[INFO] [stdout] failures:
[INFO] [stdout]     custom::custom_tests::should_list_distributions
[INFO] [stdout]     generated::protocol_tests::test_parse_valid_cloudfront_get_cloud_front_origin_access_identity
[INFO] [stdout]     generated::protocol_tests::test_parse_valid_cloudfront_get_distribution
[INFO] [stdout]     generated::protocol_tests::test_parse_valid_cloudfront_get_invalidation
[INFO] [stdout]     generated::protocol_tests::test_parse_valid_cloudfront_get_streaming_distribution
[INFO] [stdout]     generated::protocol_tests::test_parse_valid_cloudfront_list_cloud_front_origin_access_identities
[INFO] [stdout]     generated::protocol_tests::test_parse_valid_cloudfront_list_distributions
[INFO] [stdout]     generated::protocol_tests::test_parse_valid_cloudfront_list_invalidations
[INFO] [stdout]     generated::protocol_tests::test_parse_valid_cloudfront_list_streaming_distributions
[INFO] [stdout] 
[INFO] [stdout] test result: FAILED. 0 passed; 9 failed; 0 ignored; 0 measured; 0 filtered out; finished in 0.00s
[INFO] [stdout] 
[INFO] running `Command { std: "docker" "inspect" "defae25f6052b9b6f3fd6ca3828d908442afad5aff6b0fe380e399646b5e5fd2", kill_on_drop: false }`
[INFO] running `Command { std: "docker" "rm" "-f" "defae25f6052b9b6f3fd6ca3828d908442afad5aff6b0fe380e399646b5e5fd2", kill_on_drop: false }`
[INFO] [stdout] defae25f6052b9b6f3fd6ca3828d908442afad5aff6b0fe380e399646b5e5fd2
