[INFO] fetching crate mz_rusoto_autoscaling 0.46.0...
[INFO] testing mz_rusoto_autoscaling-0.46.0 against 1.99.0-beta.8+cargoflags=--release for beta-release-1.100-2
[INFO] extracting crate mz_rusoto_autoscaling 0.46.0 into /workspace/builds/worker-0-tc1/source
[INFO] started tweaking crates.io crate mz_rusoto_autoscaling 0.46.0
[INFO] finished tweaking crates.io crate mz_rusoto_autoscaling 0.46.0
[INFO] tweaked toml for crates.io crate mz_rusoto_autoscaling 0.46.0 written to /workspace/builds/worker-0-tc1/source/Cargo.toml
[INFO] validating manifest of crates.io crate mz_rusoto_autoscaling 0.46.0 on toolchain 1.99.0-beta.8
[INFO] running `Command { std: CARGO_HOME="/workspace/cargo-home" RUSTUP_HOME="/workspace/rustup-home" "/workspace/cargo-home/bin/cargo" "+1.99.0-beta.8" "metadata" "--manifest-path" "Cargo.toml" "--no-deps", kill_on_drop: false }`
[INFO] running `Command { std: CARGO_HOME="/workspace/cargo-home" RUSTUP_HOME="/workspace/rustup-home" "/workspace/cargo-home/bin/cargo" "+1.99.0-beta.8" "generate-lockfile" "--manifest-path" "Cargo.toml", kill_on_drop: false }`
[INFO] [stderr]     Updating crates.io index
[INFO] [stderr]      Locking 226 packages to highest compatible versions
[INFO] [stderr]       Adding bytes v0.5.6 (available: v1.12.1)
[INFO] [stderr]       Adding psm v0.1.24 (available: v0.1.32)
[INFO] [stderr]       Adding serde_urlencoded v0.6.1 (available: v0.7.1)
[INFO] [stderr]       Adding subtle v2.4.1 (available: v2.6.1)
[INFO] [stderr]       Adding tokio v0.2.25 (available: v1.53.3)
[INFO] [stderr]       Adding xml-rs v0.8.29 (available: v1.0.0)
[INFO] running `Command { std: CARGO_HOME="/workspace/cargo-home" RUSTUP_HOME="/workspace/rustup-home" "/workspace/cargo-home/bin/cargo" "+1.99.0-beta.8" "fetch" "--manifest-path" "Cargo.toml", kill_on_drop: false }`
[INFO] [stderr]  Downloading crates ...
[INFO] [stderr]   Downloaded mz_rusoto_mock v0.46.0
[INFO] [stderr]   Downloaded time-macros v0.1.1
[INFO] [stderr]   Downloaded mz_rusoto_core v0.46.0
[INFO] [stderr]   Downloaded mz_rusoto_signature v0.46.0
[INFO] [stderr]   Downloaded time v0.2.27
[INFO] [stderr]   Downloaded discard v1.0.4
[INFO] [stderr]   Downloaded crypto-mac v0.10.1
[INFO] [stderr]   Downloaded hmac v0.10.1
[INFO] [stderr]   Downloaded stdweb-internal-macros v0.2.9
[INFO] [stderr]   Downloaded stdweb-internal-runtime v0.1.5
[INFO] [stderr]   Downloaded const_fn v0.4.12
[INFO] [stderr]   Downloaded security-framework-sys v0.4.3
[INFO] [stderr]   Downloaded time-macros-impl v0.1.2
[INFO] [stderr]   Downloaded stdweb-derive v0.5.3
[INFO] [stderr]   Downloaded mz_rusoto_credential v0.46.0
[INFO] [stderr]   Downloaded hyper-rustls v0.20.0
[INFO] [stderr]   Downloaded tokio-rustls v0.13.1
[INFO] [stderr]   Downloaded rustls-native-certs v0.3.0
[INFO] [stderr]   Downloaded ct-logs v0.6.0
[INFO] [stderr]   Downloaded standback v0.2.17
[INFO] [stderr]   Downloaded security-framework v0.4.4
[INFO] [stderr]   Downloaded stdweb v0.4.20
[INFO] [stderr]   Downloaded rustls v0.17.0
[INFO] running `Command { std: "docker" "create" "-v" "/var/lib/crater-agent-workspace/builds/worker-0-tc1/source:/opt/rustwide/workdir:ro,Z" "-v" "/var/lib/crater-agent-workspace/builds/worker-0-tc1/target:/opt/rustwide/target:rw,Z" "-v" "/var/lib/crater-agent-workspace/cargo-home:/opt/rustwide/cargo-home:ro,Z" "-v" "/var/lib/crater-agent-workspace/rustup-home:/opt/rustwide/rustup-home:ro,Z" "-m" "1610612736" "--network" "none" "ghcr.io/rust-lang/crates-build-env/linux@sha256:77db811e55d90add9212f6832c23229e3de5f1c1f9905e8cb07319ea15df73ac" "sleep" "infinity", kill_on_drop: false }`
[INFO] [stdout] 80fe02da0adb51c342fe89ac2d04cc32a8466847a6cbeb71564acd77648c99aa
[INFO] running `Command { std: "docker" "start" "80fe02da0adb51c342fe89ac2d04cc32a8466847a6cbeb71564acd77648c99aa", kill_on_drop: false }`
[INFO] running `Command { std: "docker" "inspect" "80fe02da0adb51c342fe89ac2d04cc32a8466847a6cbeb71564acd77648c99aa", kill_on_drop: false }`
[INFO] running `Command { std: "docker" "exec" "-e" "SOURCE_DIR=/opt/rustwide/workdir" "-e" "CARGO_HOME=/opt/rustwide/cargo-home" "-e" "RUSTUP_HOME=/opt/rustwide/rustup-home" "-e" "CARGO_TARGET_DIR=/opt/rustwide/target" "-w" "/opt/rustwide/workdir" "--user" "0:0" "80fe02da0adb51c342fe89ac2d04cc32a8466847a6cbeb71564acd77648c99aa" "/opt/rustwide/cargo-home/bin/cargo" "+1.99.0-beta.8" "metadata" "--no-deps" "--format-version=1", kill_on_drop: false }`
[INFO] running `Command { std: "docker" "inspect" "80fe02da0adb51c342fe89ac2d04cc32a8466847a6cbeb71564acd77648c99aa", kill_on_drop: false }`
[INFO] running `Command { std: "docker" "exec" "-e" "SOURCE_DIR=/opt/rustwide/workdir" "-e" "CARGO_HOME=/opt/rustwide/cargo-home" "-e" "RUSTUP_HOME=/opt/rustwide/rustup-home" "-e" "CARGO_TARGET_DIR=/opt/rustwide/target" "-e" "CARGO_INCREMENTAL=0" "-e" "RUST_BACKTRACE=full" "-e" "RUSTFLAGS=--cap-lints=warn" "-e" "RUSTDOCFLAGS=--cap-lints=warn" "-w" "/opt/rustwide/workdir" "--user" "0:0" "80fe02da0adb51c342fe89ac2d04cc32a8466847a6cbeb71564acd77648c99aa" "/opt/rustwide/cargo-home/bin/cargo" "+1.99.0-beta.8" "build" "--frozen" "--message-format=json" "--release", kill_on_drop: false }`
[INFO] [stderr]    Compiling libc v0.2.191
[INFO] [stderr]    Compiling syn v3.0.9
[INFO] [stderr]    Compiling syn v2.0.119
[INFO] [stderr]    Compiling psm v0.1.24
[INFO] [stderr]    Compiling bytes v0.5.6
[INFO] [stderr]    Compiling tokio-macros v0.2.6
[INFO] [stderr]    Compiling openssl-sys v0.9.117
[INFO] [stderr]    Compiling stacker v0.1.25
[INFO] [stderr]    Compiling standback v0.2.17
[INFO] [stderr]    Compiling pin-project-lite v0.1.12
[INFO] [stderr]    Compiling indexmap v1.9.3
[INFO] [stderr]    Compiling cfg-if v1.0.5
[INFO] [stderr]    Compiling tracing v0.1.44
[INFO] [stderr]    Compiling hashbrown v0.12.3
[INFO] [stderr]    Compiling memchr v2.8.3
[INFO] [stderr]    Compiling proc-macro-hack v0.5.20+deprecated
[INFO] [stderr]    Compiling openssl v0.10.81
[INFO] [stderr]    Compiling want v0.3.2
[INFO] [stderr]    Compiling http-body v0.3.1
[INFO] [stderr]    Compiling smallvec v1.16.3
[INFO] [stderr]    Compiling httpdate v0.3.2
[INFO] [stderr]    Compiling const_fn v0.4.12
[INFO] [stderr]    Compiling native-tls v0.2.18
[INFO] [stderr]    Compiling regex-automata v0.4.18
[INFO] [stderr]    Compiling time-macros-impl v0.1.2
[INFO] [stderr]    Compiling digest v0.9.0
[INFO] [stderr]    Compiling time v0.2.27
[INFO] [stderr]    Compiling iovec v0.1.4
[INFO] [stderr]    Compiling net2 v0.2.39
[INFO] [stderr]    Compiling errno v0.3.14
[INFO] [stderr]    Compiling signal-hook-registry v1.4.8
[INFO] [stderr]    Compiling pest v2.9.4
[INFO] [stderr]    Compiling socket2 v0.3.19
[INFO] [stderr]    Compiling mio v0.6.23
[INFO] [stderr]    Compiling dirs-sys-next v0.1.2
[INFO] [stderr]    Compiling subtle v2.4.1
[INFO] [stderr]    Compiling crypto-mac v0.10.1
[INFO] [stderr]    Compiling dirs-next v2.0.0
[INFO] [stderr]    Compiling time-macros v0.1.1
[INFO] [stderr]    Compiling serde_json v1.0.154
[INFO] [stderr]    Compiling block-buffer v0.9.0
[INFO] [stderr]    Compiling shlex v0.1.1
[INFO] [stderr]    Compiling crc32fast v1.5.2
[INFO] [stderr]    Compiling mio-uds v0.6.8
[INFO] [stderr]    Compiling zeroize v1.9.1
[INFO] [stderr]    Compiling tokio v0.2.25
[INFO] [stderr]    Compiling sha2 v0.9.9
[INFO] [stderr]    Compiling semver-parser v0.10.3
[INFO] [stderr]    Compiling semver v0.11.0
[INFO] [stderr]    Compiling rustc_version v0.3.3
[INFO] [stderr]    Compiling mz_rusoto_core v0.46.0
[INFO] [stderr]    Compiling hmac v0.10.1
[INFO] [stderr]    Compiling base64 v0.13.1
[INFO] [stderr]    Compiling pin-project-internal v1.1.13
[INFO] [stderr]    Compiling synstructure v0.14.0
[INFO] [stderr]    Compiling openssl-macros v0.1.1
[INFO] [stderr]    Compiling pin-project v1.1.13
[INFO] [stderr]    Compiling regex v1.13.1
[INFO] [stderr]    Compiling tracing-futures v0.2.5
[INFO] [stderr]    Compiling md5 v0.7.0
[INFO] [stderr]    Compiling xml-rs v0.8.29
[INFO] [stderr]    Compiling zerofrom-derive v0.1.8
[INFO] [stderr]    Compiling yoke-derive v0.8.4
[INFO] [stderr]    Compiling zerovec-derive v0.11.6
[INFO] [stderr]    Compiling displaydoc v0.2.7
[INFO] [stderr]    Compiling zerofrom v0.1.8
[INFO] [stderr]    Compiling futures-macro v0.3.34
[INFO] [stderr]    Compiling yoke v0.8.3
[INFO] [stderr]    Compiling tokio-util v0.3.1
[INFO] [stderr]    Compiling zerotrie v0.2.5
[INFO] [stderr]    Compiling serde_derive v1.0.229
[INFO] [stderr]    Compiling zerovec v0.11.8
[INFO] [stderr]    Compiling async-trait v0.1.92
[INFO] [stderr]    Compiling futures-util v0.3.34
[INFO] [stderr]    Compiling tinystr v0.8.4
[INFO] [stderr]    Compiling potential_utf v0.1.6
[INFO] [stderr]    Compiling icu_locale_core v2.3.0
[INFO] [stderr]    Compiling icu_collections v2.3.0
[INFO] [stderr]    Compiling icu_provider v2.3.1
[INFO] [stderr]    Compiling icu_normalizer v2.3.0
[INFO] [stderr]    Compiling icu_properties v2.3.0
[INFO] [stderr]    Compiling serde v1.0.229
[INFO] [stderr]    Compiling tokio-tls v0.3.1
[INFO] [stderr]    Compiling h2 v0.2.7
[INFO] [stderr]    Compiling futures-executor v0.3.34
[INFO] [stderr]    Compiling chrono v0.4.45
[INFO] [stderr]    Compiling idna_adapter v1.2.2
[INFO] [stderr]    Compiling futures v0.3.34
[INFO] [stderr]    Compiling idna v1.1.0
[INFO] [stderr]    Compiling url v2.5.8
[INFO] [stderr]    Compiling serde_urlencoded v0.6.1
[INFO] [stderr]    Compiling hyper v0.13.10
[INFO] [stderr]    Compiling mz_rusoto_credential v0.46.0
[INFO] [stderr]    Compiling hyper-tls v0.4.3
[INFO] [stderr]    Compiling mz_rusoto_signature v0.46.0
[INFO] [stderr]    Compiling mz_rusoto_autoscaling v0.46.0 (/opt/rustwide/workdir)
[INFO] [stdout] warning: unused import: `custom::*`
[INFO] [stdout]   --> src/lib.rs:21:9
[INFO] [stdout]    |
[INFO] [stdout] 21 | pub use custom::*;
[INFO] [stdout]    |         ^^^^^^^^^
[INFO] [stdout]    |
[INFO] [stdout]    = note: `#[warn(unused_imports)]` (part of `#[warn(unused)]`) on by default
[INFO] [stdout] 
[INFO] [stdout] 
[INFO] [stderr]     Finished `release` profile [optimized] target(s) in 2m 49s
[INFO] running `Command { std: "docker" "inspect" "80fe02da0adb51c342fe89ac2d04cc32a8466847a6cbeb71564acd77648c99aa", kill_on_drop: false }`
[INFO] running `Command { std: "docker" "exec" "-e" "SOURCE_DIR=/opt/rustwide/workdir" "-e" "CARGO_HOME=/opt/rustwide/cargo-home" "-e" "RUSTUP_HOME=/opt/rustwide/rustup-home" "-e" "CARGO_TARGET_DIR=/opt/rustwide/target" "-e" "CARGO_INCREMENTAL=0" "-e" "RUST_BACKTRACE=full" "-e" "RUSTFLAGS=--cap-lints=warn" "-e" "RUSTDOCFLAGS=--cap-lints=warn" "-w" "/opt/rustwide/workdir" "--user" "0:0" "80fe02da0adb51c342fe89ac2d04cc32a8466847a6cbeb71564acd77648c99aa" "/opt/rustwide/cargo-home/bin/cargo" "+1.99.0-beta.8" "test" "--frozen" "--no-run" "--message-format=json" "--release", kill_on_drop: false }`
[INFO] [stdout] warning: unused import: `custom::*`
[INFO] [stdout]   --> src/lib.rs:21:9
[INFO] [stdout]    |
[INFO] [stdout] 21 | pub use custom::*;
[INFO] [stdout]    |         ^^^^^^^^^
[INFO] [stdout]    |
[INFO] [stdout]    = note: `#[warn(unused_imports)]` (part of `#[warn(unused)]`) on by default
[INFO] [stdout] 
[INFO] [stdout] 
[INFO] [stderr]    Compiling mz_rusoto_mock v0.46.0
[INFO] [stderr]    Compiling mz_rusoto_autoscaling v0.46.0 (/opt/rustwide/workdir)
[INFO] [stdout] warning: unused import: `custom::*`
[INFO] [stdout]   --> src/lib.rs:21:9
[INFO] [stdout]    |
[INFO] [stdout] 21 | pub use custom::*;
[INFO] [stdout]    |         ^^^^^^^^^
[INFO] [stdout]    |
[INFO] [stdout]    = note: `#[warn(unused_imports)]` (part of `#[warn(unused)]`) on by default
[INFO] [stdout] 
[INFO] [stdout] 
[INFO] [stderr]     Finished `release` profile [optimized] target(s) in 15.53s
[INFO] running `Command { std: "docker" "inspect" "80fe02da0adb51c342fe89ac2d04cc32a8466847a6cbeb71564acd77648c99aa", kill_on_drop: false }`
[INFO] running `Command { std: "docker" "exec" "-e" "SOURCE_DIR=/opt/rustwide/workdir" "-e" "CARGO_HOME=/opt/rustwide/cargo-home" "-e" "RUSTUP_HOME=/opt/rustwide/rustup-home" "-e" "CARGO_TARGET_DIR=/opt/rustwide/target" "-e" "CARGO_INCREMENTAL=0" "-e" "RUST_BACKTRACE=full" "-e" "RUSTFLAGS=--cap-lints=warn" "-e" "RUSTDOCFLAGS=--cap-lints=warn" "-w" "/opt/rustwide/workdir" "--user" "0:0" "80fe02da0adb51c342fe89ac2d04cc32a8466847a6cbeb71564acd77648c99aa" "/opt/rustwide/cargo-home/bin/cargo" "+1.99.0-beta.8" "test" "--frozen" "--release", kill_on_drop: false }`
[INFO] [stderr] warning: unused import: `custom::*`
[INFO] [stderr]   --> src/lib.rs:21:9
[INFO] [stderr]    |
[INFO] [stderr] 21 | pub use custom::*;
[INFO] [stderr]    |         ^^^^^^^^^
[INFO] [stderr]    |
[INFO] [stderr]    = note: `#[warn(unused_imports)]` (part of `#[warn(unused)]`) on by default
[INFO] [stderr] 
[INFO] [stderr] warning: `mz_rusoto_autoscaling` (lib) generated 1 warning (run `cargo fix --lib -p mz_rusoto_autoscaling` to apply 1 suggestion)
[INFO] [stderr] warning: `mz_rusoto_autoscaling` (lib test) generated 1 warning (1 duplicate)
[INFO] [stderr]     Finished `release` profile [optimized] target(s) in 0.21s
[INFO] [stderr]      Running unittests src/lib.rs (/opt/rustwide/target/release/deps/rusoto_autoscaling-ac6d5cd6a2086cbb)
[INFO] [stdout] 
[INFO] [stdout] running 14 tests
[INFO] [stdout] test generated::protocol_tests::test_parse_valid_autoscaling_describe_metric_collection_types ... FAILED
[INFO] [stdout] test generated::protocol_tests::test_parse_valid_autoscaling_describe_auto_scaling_instances ... FAILED
[INFO] [stdout] test generated::protocol_tests::test_parse_valid_autoscaling_describe_auto_scaling_groups ... FAILED
[INFO] [stdout] test generated::protocol_tests::test_parse_valid_autoscaling_describe_notification_configurations ... FAILED
[INFO] [stdout] test generated::protocol_tests::test_parse_valid_autoscaling_describe_auto_scaling_notification_types ... FAILED
[INFO] [stdout] test generated::protocol_tests::test_parse_valid_autoscaling_describe_adjustment_types ... FAILED
[INFO] [stdout] test generated::protocol_tests::test_parse_valid_autoscaling_describe_launch_configurations ... FAILED
[INFO] [stdout] test generated::protocol_tests::test_parse_error_autoscaling_delete_policy ... FAILED
[INFO] [stdout] test generated::protocol_tests::test_parse_valid_autoscaling_describe_policies ... FAILED
[INFO] [stdout] test generated::protocol_tests::test_parse_valid_autoscaling_describe_scheduled_actions ... FAILED
[INFO] [stdout] test generated::protocol_tests::test_parse_valid_autoscaling_describe_tags ... FAILED
[INFO] [stdout] test generated::protocol_tests::test_parse_valid_autoscaling_describe_termination_policy_types ... FAILED
[INFO] [stdout] test generated::protocol_tests::test_parse_valid_autoscaling_describe_scaling_process_types ... FAILED
[INFO] [stdout] test generated::protocol_tests::test_parse_valid_autoscaling_describe_scaling_activities ... FAILED
[INFO] [stdout] 
[INFO] [stdout] failures:
[INFO] [stdout] 
[INFO] [stdout] ---- generated::protocol_tests::test_parse_valid_autoscaling_describe_metric_collection_types stdout ----
[INFO] [stdout] 
[INFO] [stdout] thread 'generated::protocol_tests::test_parse_valid_autoscaling_describe_metric_collection_types' (1921) panicked at /opt/rustwide/cargo-home/registry/src/index.crates.io-1949cf8c6b5b557f/mz_rusoto_mock-0.46.0/src/lib.rs:175:53:
[INFO] [stdout] couldn't find file: Os { code: 2, kind: NotFound, message: "No such file or directory" }
[INFO] [stdout] stack backtrace:
[INFO] [stdout]    0:     0x64ff504c0f31 - <<std[70759c8f55707aa4]::sys::backtrace::BacktraceLock>::print::DisplayBacktrace as core[df12db4294e9bfd3]::fmt::Display>::fmt
[INFO] [stdout]    1:     0x64ff504d665a - core[df12db4294e9bfd3]::fmt::write
[INFO] [stdout]    2:     0x64ff504c550c - <alloc[2182bb758b4b3781]::vec::Vec<u8> as core[df12db4294e9bfd3]::io::write::Write>::write_fmt
[INFO] [stdout]    3:     0x64ff5049d1b6 - std[70759c8f55707aa4]::panicking::default_hook::{closure#0}
[INFO] [stdout]    4:     0x64ff504b95e9 - std[70759c8f55707aa4]::panicking::default_hook
[INFO] [stdout]    5:     0x64ff5041d7e0 - test[9d35eded1c95d3be]::test_main_inner::<test[9d35eded1c95d3be]::test_main_static::{closure#0}>::{closure#0}
[INFO] [stdout]    6:     0x64ff504b97a2 - std[70759c8f55707aa4]::panicking::panic_with_hook
[INFO] [stdout]    7:     0x64ff5049d262 - std[70759c8f55707aa4]::panicking::panic_handler::{closure#0}
[INFO] [stdout]    8:     0x64ff50495fb9 - std[70759c8f55707aa4]::sys::backtrace::__rust_end_short_backtrace::<std[70759c8f55707aa4]::panicking::panic_handler::{closure#0}, !>
[INFO] [stdout]    9:     0x64ff5049de5d - __rustc[8fa7c3cbc660c2b3]::rust_begin_unwind
[INFO] [stdout]   10:     0x64ff504d6dbc - core[df12db4294e9bfd3]::panicking::panic_fmt
[INFO] [stdout]   11:     0x64ff504d6b92 - core[df12db4294e9bfd3]::result::unwrap_failed
[INFO] [stdout]   12:     0x64ff504532ec - <rusoto_mock[1a9d6f9a77d5744d]::MockResponseReader as rusoto_mock[1a9d6f9a77d5744d]::ReadMockResponse>::read_response
[INFO] [stdout]   13:     0x64ff503f3eed - rusoto_autoscaling[aad3dbf9175102be]::generated::protocol_tests::test_parse_valid_autoscaling_describe_metric_collection_types::{closure#0}
[INFO] [stdout]   14:     0x64ff503f82cd - <tokio[abcbcc4d3da30ef7]::macros::scoped_tls::ScopedKey<tokio[abcbcc4d3da30ef7]::runtime::basic_scheduler::Context>>::set::<tokio[abcbcc4d3da30ef7]::runtime::basic_scheduler::enter<<tokio[abcbcc4d3da30ef7]::runtime::basic_scheduler::BasicScheduler<tokio[abcbcc4d3da30ef7]::park::either::Either<tokio[abcbcc4d3da30ef7]::time::driver::Driver<tokio[abcbcc4d3da30ef7]::park::either::Either<tokio[abcbcc4d3da30ef7]::io::driver::Driver, tokio[abcbcc4d3da30ef7]::park::thread::ParkThread>>, tokio[abcbcc4d3da30ef7]::park::either::Either<tokio[abcbcc4d3da30ef7]::io::driver::Driver, tokio[abcbcc4d3da30ef7]::park::thread::ParkThread>>>>::block_on<rusoto_autoscaling[aad3dbf9175102be]::generated::protocol_tests::test_parse_valid_autoscaling_describe_metric_collection_types::{closure#0}>::{closure#0}, (), tokio[abcbcc4d3da30ef7]::park::either::Either<tokio[abcbcc4d3da30ef7]::time::driver::Driver<tokio[abcbcc4d3da30ef7]::park::either::Either<tokio[abcbcc4d3da30ef7]::io::driver::Driver, tokio[abcbcc4d3da30ef7]::park::thread::ParkThread>>, tokio[abcbcc4d3da30ef7]::park::either::Either<tokio[abcbcc4d3da30ef7]::io::driver::Driver, tokio[abcbcc4d3da30ef7]::park::thread::ParkThread>>>::{closure#0}, ()>
[INFO] [stdout]   15:     0x64ff50402ea6 - tokio[abcbcc4d3da30ef7]::runtime::basic_scheduler::enter::<<tokio[abcbcc4d3da30ef7]::runtime::basic_scheduler::BasicScheduler<tokio[abcbcc4d3da30ef7]::park::either::Either<tokio[abcbcc4d3da30ef7]::time::driver::Driver<tokio[abcbcc4d3da30ef7]::park::either::Either<tokio[abcbcc4d3da30ef7]::io::driver::Driver, tokio[abcbcc4d3da30ef7]::park::thread::ParkThread>>, tokio[abcbcc4d3da30ef7]::park::either::Either<tokio[abcbcc4d3da30ef7]::io::driver::Driver, tokio[abcbcc4d3da30ef7]::park::thread::ParkThread>>>>::block_on<rusoto_autoscaling[aad3dbf9175102be]::generated::protocol_tests::test_parse_valid_autoscaling_describe_metric_collection_types::{closure#0}>::{closure#0}, (), tokio[abcbcc4d3da30ef7]::park::either::Either<tokio[abcbcc4d3da30ef7]::time::driver::Driver<tokio[abcbcc4d3da30ef7]::park::either::Either<tokio[abcbcc4d3da30ef7]::io::driver::Driver, tokio[abcbcc4d3da30ef7]::park::thread::ParkThread>>, tokio[abcbcc4d3da30ef7]::park::either::Either<tokio[abcbcc4d3da30ef7]::io::driver::Driver, tokio[abcbcc4d3da30ef7]::park::thread::ParkThread>>>
[INFO] [stdout]   16:     0x64ff504087e1 - tokio[abcbcc4d3da30ef7]::runtime::context::enter::<<tokio[abcbcc4d3da30ef7]::runtime::Runtime>::block_on<rusoto_autoscaling[aad3dbf9175102be]::generated::protocol_tests::test_parse_valid_autoscaling_describe_metric_collection_types::{closure#0}>::{closure#0}, ()>
[INFO] [stdout]   17:     0x64ff5040f8e2 - rusoto_autoscaling[aad3dbf9175102be]::generated::protocol_tests::test_parse_valid_autoscaling_describe_metric_collection_types
[INFO] [stdout]   18:     0x64ff50409069 - <rusoto_autoscaling[aad3dbf9175102be]::generated::protocol_tests::test_parse_valid_autoscaling_describe_metric_collection_types::{closure#0} as core[df12db4294e9bfd3]::ops::function::FnOnce<()>>::call_once
[INFO] [stdout]   19:     0x64ff50410acb - test[9d35eded1c95d3be]::__rust_begin_short_backtrace::<core[df12db4294e9bfd3]::result::Result<(), alloc[2182bb758b4b3781]::string::String>, fn() -> core[df12db4294e9bfd3]::result::Result<(), alloc[2182bb758b4b3781]::string::String>>
[INFO] [stdout]   20:     0x64ff5041e135 - test[9d35eded1c95d3be]::run_test::{closure#0}
[INFO] [stdout]   21:     0x64ff504179f4 - std[70759c8f55707aa4]::sys::backtrace::__rust_begin_short_backtrace::<test[9d35eded1c95d3be]::run_test::{closure#1}, ()>
[INFO] [stdout]   22:     0x64ff50421292 - <std[70759c8f55707aa4]::thread::lifecycle::spawn_unchecked<test[9d35eded1c95d3be]::run_test::{closure#1}, ()>::{closure#1} as core[df12db4294e9bfd3]::ops::function::FnOnce<()>>::call_once::{shim:vtable#0}
[INFO] [stdout]   23:     0x64ff504c0809 - <std[70759c8f55707aa4]::sys::thread::unix::Thread>::new::thread_start
[INFO] [stdout]   24:     0x7d2f44c5ddfa - <unknown>
[INFO] [stdout]   25:     0x7d2f44cf13d4 - clone
[INFO] [stdout]   26:                0x0 - <unknown>
[INFO] [stdout] 
[INFO] [stdout] ---- generated::protocol_tests::test_parse_valid_autoscaling_describe_auto_scaling_instances stdout ----
[INFO] [stdout] 
[INFO] [stdout] thread 'generated::protocol_tests::test_parse_valid_autoscaling_describe_auto_scaling_instances' (1918) panicked at /opt/rustwide/cargo-home/registry/src/index.crates.io-1949cf8c6b5b557f/mz_rusoto_mock-0.46.0/src/lib.rs:175:53:
[INFO] [stdout] couldn't find file: Os { code: 2, kind: NotFound, message: "No such file or directory" }
[INFO] [stdout] stack backtrace:
[INFO] [stdout]    0:     0x64ff504c0f31 - <<std[70759c8f55707aa4]::sys::backtrace::BacktraceLock>::print::DisplayBacktrace as core[df12db4294e9bfd3]::fmt::Display>::fmt
[INFO] [stdout]    1:     0x64ff504d665a - core[df12db4294e9bfd3]::fmt::write
[INFO] [stdout]    2:     0x64ff504c550c - <alloc[2182bb758b4b3781]::vec::Vec<u8> as core[df12db4294e9bfd3]::io::write::Write>::write_fmt
[INFO] [stdout]    3:     0x64ff5049d1b6 - std[70759c8f55707aa4]::panicking::default_hook::{closure#0}
[INFO] [stdout]    4:     0x64ff504b95e9 - std[70759c8f55707aa4]::panicking::default_hook
[INFO] [stdout]    5:     0x64ff5041d7e0 - test[9d35eded1c95d3be]::test_main_inner::<test[9d35eded1c95d3be]::test_main_static::{closure#0}>::{closure#0}
[INFO] [stdout]    6:     0x64ff504b97a2 - std[70759c8f55707aa4]::panicking::panic_with_hook
[INFO] [stdout]    7:     0x64ff5049d262 - std[70759c8f55707aa4]::panicking::panic_handler::{closure#0}
[INFO] [stdout]    8:     0x64ff50495fb9 - std[70759c8f55707aa4]::sys::backtrace::__rust_end_short_backtrace::<std[70759c8f55707aa4]::panicking::panic_handler::{closure#0}, !>
[INFO] [stdout]    9:     0x64ff5049de5d - __rustc[8fa7c3cbc660c2b3]::rust_begin_unwind
[INFO] [stdout]   10:     0x64ff504d6dbc - core[df12db4294e9bfd3]::panicking::panic_fmt
[INFO] [stdout]   11:     0x64ff504d6b92 - core[df12db4294e9bfd3]::result::unwrap_failed
[INFO] [stdout]   12:     0x64ff504532ec - <rusoto_mock[1a9d6f9a77d5744d]::MockResponseReader as rusoto_mock[1a9d6f9a77d5744d]::ReadMockResponse>::read_response
[INFO] [stdout]   13:     0x64ff503f3b5d - rusoto_autoscaling[aad3dbf9175102be]::generated::protocol_tests::test_parse_valid_autoscaling_describe_auto_scaling_instances::{closure#0}
[INFO] [stdout]   14:     0x64ff503f7e0d - <tokio[abcbcc4d3da30ef7]::macros::scoped_tls::ScopedKey<tokio[abcbcc4d3da30ef7]::runtime::basic_scheduler::Context>>::set::<tokio[abcbcc4d3da30ef7]::runtime::basic_scheduler::enter<<tokio[abcbcc4d3da30ef7]::runtime::basic_scheduler::BasicScheduler<tokio[abcbcc4d3da30ef7]::park::either::Either<tokio[abcbcc4d3da30ef7]::time::driver::Driver<tokio[abcbcc4d3da30ef7]::park::either::Either<tokio[abcbcc4d3da30ef7]::io::driver::Driver, tokio[abcbcc4d3da30ef7]::park::thread::ParkThread>>, tokio[abcbcc4d3da30ef7]::park::either::Either<tokio[abcbcc4d3da30ef7]::io::driver::Driver, tokio[abcbcc4d3da30ef7]::park::thread::ParkThread>>>>::block_on<rusoto_autoscaling[aad3dbf9175102be]::generated::protocol_tests::test_parse_valid_autoscaling_describe_auto_scaling_instances::{closure#0}>::{closure#0}, (), tokio[abcbcc4d3da30ef7]::park::either::Either<tokio[abcbcc4d3da30ef7]::time::driver::Driver<tokio[abcbcc4d3da30ef7]::park::either::Either<tokio[abcbcc4d3da30ef7]::io::driver::Driver, tokio[abcbcc4d3da30ef7]::park::thread::ParkThread>>, tokio[abcbcc4d3da30ef7]::park::either::Either<tokio[abcbcc4d3da30ef7]::io::driver::Driver, tokio[abcbcc4d3da30ef7]::park::thread::ParkThread>>>::{closure#0}, ()>
[INFO] [stdout]   15:     0x64ff50402d66 - tokio[abcbcc4d3da30ef7]::runtime::basic_scheduler::enter::<<tokio[abcbcc4d3da30ef7]::runtime::basic_scheduler::BasicScheduler<tokio[abcbcc4d3da30ef7]::park::either::Either<tokio[abcbcc4d3da30ef7]::time::driver::Driver<tokio[abcbcc4d3da30ef7]::park::either::Either<tokio[abcbcc4d3da30ef7]::io::driver::Driver, tokio[abcbcc4d3da30ef7]::park::thread::ParkThread>>, tokio[abcbcc4d3da30ef7]::park::either::Either<tokio[abcbcc4d3da30ef7]::io::driver::Driver, tokio[abcbcc4d3da30ef7]::park::thread::ParkThread>>>>::block_on<rusoto_autoscaling[aad3dbf9175102be]::generated::protocol_tests::test_parse_valid_autoscaling_describe_auto_scaling_instances::{closure#0}>::{closure#0}, (), tokio[abcbcc4d3da30ef7]::park::either::Either<tokio[abcbcc4d3da30ef7]::time::driver::Driver<tokio[abcbcc4d3da30ef7]::park::either::Either<tokio[abcbcc4d3da30ef7]::io::driver::Driver, tokio[abcbcc4d3da30ef7]::park::thread::ParkThread>>, tokio[abcbcc4d3da30ef7]::park::either::Either<tokio[abcbcc4d3da30ef7]::io::driver::Driver, tokio[abcbcc4d3da30ef7]::park::thread::ParkThread>>>
[INFO] [stdout]   16:     0x64ff504086b1 - tokio[abcbcc4d3da30ef7]::runtime::context::enter::<<tokio[abcbcc4d3da30ef7]::runtime::Runtime>::block_on<rusoto_autoscaling[aad3dbf9175102be]::generated::protocol_tests::test_parse_valid_autoscaling_describe_auto_scaling_instances::{closure#0}>::{closure#0}, ()>
[INFO] [stdout]   17:     0x64ff5040f722 - rusoto_autoscaling[aad3dbf9175102be]::generated::protocol_tests::test_parse_valid_autoscaling_describe_auto_scaling_instances
[INFO] [stdout]   18:     0x64ff50409049 - <rusoto_autoscaling[aad3dbf9175102be]::generated::protocol_tests::test_parse_valid_autoscaling_describe_auto_scaling_instances::{closure#0} as core[df12db4294e9bfd3]::ops::function::FnOnce<()>>::call_once
[INFO] [stdout]   19:     0x64ff50410acb - test[9d35eded1c95d3be]::__rust_begin_short_backtrace::<core[df12db4294e9bfd3]::result::Result<(), alloc[2182bb758b4b3781]::string::String>, fn() -> core[df12db4294e9bfd3]::result::Result<(), alloc[2182bb758b4b3781]::string::String>>
[INFO] [stdout]   20:     0x64ff5041e135 - test[9d35eded1c95d3be]::run_test::{closure#0}
[INFO] [stdout]   21:     0x64ff504179f4 - std[70759c8f55707aa4]::sys::backtrace::__rust_begin_short_backtrace::<test[9d35eded1c95d3be]::run_test::{closure#1}, ()>
[INFO] [stdout]   22:     0x64ff50421292 - <std[70759c8f55707aa4]::thread::lifecycle::spawn_unchecked<test[9d35eded1c95d3be]::run_test::{closure#1}, ()>::{closure#1} as core[df12db4294e9bfd3]::ops::function::FnOnce<()>>::call_once::{shim:vtable#0}
[INFO] [stdout]   23:     0x64ff504c0809 - <std[70759c8f55707aa4]::sys::thread::unix::Thread>::new::thread_start
[INFO] [stdout]   24:     0x7d2f44c5ddfa - <unknown>
[INFO] [stdout]   25:     0x7d2f44cf13d4 - clone
[INFO] [stdout]   26:                0x0 - <unknown>
[INFO] [stdout] 
[INFO] [stdout] ---- generated::protocol_tests::test_parse_valid_autoscaling_describe_auto_scaling_groups stdout ----
[INFO] [stdout] 
[INFO] [stdout] thread 'generated::protocol_tests::test_parse_valid_autoscaling_describe_auto_scaling_groups' (1917) panicked at /opt/rustwide/cargo-home/registry/src/index.crates.io-1949cf8c6b5b557f/mz_rusoto_mock-0.46.0/src/lib.rs:175:53:
[INFO] [stdout] couldn't find file: Os { code: 2, kind: NotFound, message: "No such file or directory" }
[INFO] [stdout] stack backtrace:
[INFO] [stdout]    0:     0x64ff504c0f31 - <<std[70759c8f55707aa4]::sys::backtrace::BacktraceLock>::print::DisplayBacktrace as core[df12db4294e9bfd3]::fmt::Display>::fmt
[INFO] [stdout]    1:     0x64ff504d665a - core[df12db4294e9bfd3]::fmt::write
[INFO] [stdout]    2:     0x64ff504c550c - <alloc[2182bb758b4b3781]::vec::Vec<u8> as core[df12db4294e9bfd3]::io::write::Write>::write_fmt
[INFO] [stdout]    3:     0x64ff5049d1b6 - std[70759c8f55707aa4]::panicking::default_hook::{closure#0}
[INFO] [stdout]    4:     0x64ff504b95e9 - std[70759c8f55707aa4]::panicking::default_hook
[INFO] [stdout]    5:     0x64ff5041d7e0 - test[9d35eded1c95d3be]::test_main_inner::<test[9d35eded1c95d3be]::test_main_static::{closure#0}>::{closure#0}
[INFO] [stdout]    6:     0x64ff504b97a2 - std[70759c8f55707aa4]::panicking::panic_with_hook
[INFO] [stdout]    7:     0x64ff5049d262 - std[70759c8f55707aa4]::panicking::panic_handler::{closure#0}
[INFO] [stdout]    8:     0x64ff50495fb9 - std[70759c8f55707aa4]::sys::backtrace::__rust_end_short_backtrace::<std[70759c8f55707aa4]::panicking::panic_handler::{closure#0}, !>
[INFO] [stdout]    9:     0x64ff5049de5d - __rustc[8fa7c3cbc660c2b3]::rust_begin_unwind
[INFO] [stdout]   10:     0x64ff504d6dbc - core[df12db4294e9bfd3]::panicking::panic_fmt
[INFO] [stdout]   11:     0x64ff504d6b92 - core[df12db4294e9bfd3]::result::unwrap_failed
[INFO] [stdout]   12:     0x64ff504532ec - <rusoto_mock[1a9d6f9a77d5744d]::MockResponseReader as rusoto_mock[1a9d6f9a77d5744d]::ReadMockResponse>::read_response
[INFO] [stdout]   13:     0x64ff503f30cd - rusoto_autoscaling[aad3dbf9175102be]::generated::protocol_tests::test_parse_valid_autoscaling_describe_auto_scaling_groups::{closure#0}
[INFO] [stdout]   14:     0x64ff503f6fcd - <tokio[abcbcc4d3da30ef7]::macros::scoped_tls::ScopedKey<tokio[abcbcc4d3da30ef7]::runtime::basic_scheduler::Context>>::set::<tokio[abcbcc4d3da30ef7]::runtime::basic_scheduler::enter<<tokio[abcbcc4d3da30ef7]::runtime::basic_scheduler::BasicScheduler<tokio[abcbcc4d3da30ef7]::park::either::Either<tokio[abcbcc4d3da30ef7]::time::driver::Driver<tokio[abcbcc4d3da30ef7]::park::either::Either<tokio[abcbcc4d3da30ef7]::io::driver::Driver, tokio[abcbcc4d3da30ef7]::park::thread::ParkThread>>, tokio[abcbcc4d3da30ef7]::park::either::Either<tokio[abcbcc4d3da30ef7]::io::driver::Driver, tokio[abcbcc4d3da30ef7]::park::thread::ParkThread>>>>::block_on<rusoto_autoscaling[aad3dbf9175102be]::generated::protocol_tests::test_parse_valid_autoscaling_describe_auto_scaling_groups::{closure#0}>::{closure#0}, (), tokio[abcbcc4d3da30ef7]::park::either::Either<tokio[abcbcc4d3da30ef7]::time::driver::Driver<tokio[abcbcc4d3da30ef7]::park::either::Either<tokio[abcbcc4d3da30ef7]::io::driver::Driver, tokio[abcbcc4d3da30ef7]::park::thread::ParkThread>>, tokio[abcbcc4d3da30ef7]::park::either::Either<tokio[abcbcc4d3da30ef7]::io::driver::Driver, tokio[abcbcc4d3da30ef7]::park::thread::ParkThread>>>::{closure#0}, ()>
[INFO] [stdout]   15:     0x64ff504029a6 - tokio[abcbcc4d3da30ef7]::runtime::basic_scheduler::enter::<<tokio[abcbcc4d3da30ef7]::runtime::basic_scheduler::BasicScheduler<tokio[abcbcc4d3da30ef7]::park::either::Either<tokio[abcbcc4d3da30ef7]::time::driver::Driver<tokio[abcbcc4d3da30ef7]::park::either::Either<tokio[abcbcc4d3da30ef7]::io::driver::Driver, tokio[abcbcc4d3da30ef7]::park::thread::ParkThread>>, tokio[abcbcc4d3da30ef7]::park::either::Either<tokio[abcbcc4d3da30ef7]::io::driver::Driver, tokio[abcbcc4d3da30ef7]::park::thread::ParkThread>>>>::block_on<rusoto_autoscaling[aad3dbf9175102be]::generated::protocol_tests::test_parse_valid_autoscaling_describe_auto_scaling_groups::{closure#0}>::{closure#0}, (), tokio[abcbcc4d3da30ef7]::park::either::Either<tokio[abcbcc4d3da30ef7]::time::driver::Driver<tokio[abcbcc4d3da30ef7]::park::either::Either<tokio[abcbcc4d3da30ef7]::io::driver::Driver, tokio[abcbcc4d3da30ef7]::park::thread::ParkThread>>, tokio[abcbcc4d3da30ef7]::park::either::Either<tokio[abcbcc4d3da30ef7]::io::driver::Driver, tokio[abcbcc4d3da30ef7]::park::thread::ParkThread>>>
[INFO] [stdout]   16:     0x64ff50408321 - tokio[abcbcc4d3da30ef7]::runtime::context::enter::<<tokio[abcbcc4d3da30ef7]::runtime::Runtime>::block_on<rusoto_autoscaling[aad3dbf9175102be]::generated::protocol_tests::test_parse_valid_autoscaling_describe_auto_scaling_groups::{closure#0}>::{closure#0}, ()>
[INFO] [stdout]   17:     0x64ff5040f1e2 - rusoto_autoscaling[aad3dbf9175102be]::generated::protocol_tests::test_parse_valid_autoscaling_describe_auto_scaling_groups
[INFO] [stdout]   18:     0x64ff50408fe9 - <rusoto_autoscaling[aad3dbf9175102be]::generated::protocol_tests::test_parse_valid_autoscaling_describe_auto_scaling_groups::{closure#0} as core[df12db4294e9bfd3]::ops::function::FnOnce<()>>::call_once
[INFO] [stdout]   19:     0x64ff50410acb - test[9d35eded1c95d3be]::__rust_begin_short_backtrace::<core[df12db4294e9bfd3]::result::Result<(), alloc[2182bb758b4b3781]::string::String>, fn() -> core[df12db4294e9bfd3]::result::Result<(), alloc[2182bb758b4b3781]::string::String>>
[INFO] [stdout]   20:     0x64ff5041e135 - test[9d35eded1c95d3be]::run_test::{closure#0}
[INFO] [stdout]   21:     0x64ff504179f4 - std[70759c8f55707aa4]::sys::backtrace::__rust_begin_short_backtrace::<test[9d35eded1c95d3be]::run_test::{closure#1}, ()>
[INFO] [stdout]   22:     0x64ff50421292 - <std[70759c8f55707aa4]::thread::lifecycle::spawn_unchecked<test[9d35eded1c95d3be]::run_test::{closure#1}, ()>::{closure#1} as core[df12db4294e9bfd3]::ops::function::FnOnce<()>>::call_once::{shim:vtable#0}
[INFO] [stdout]   23:     0x64ff504c0809 - <std[70759c8f55707aa4]::sys::thread::unix::Thread>::new::thread_start
[INFO] [stdout]   24:     0x7d2f44c5ddfa - <unknown>
[INFO] [stdout]   25:     0x7d2f44cf13d4 - clone
[INFO] [stdout]   26:                0x0 - <unknown>
[INFO] [stdout] 
[INFO] [stdout] ---- generated::protocol_tests::test_parse_valid_autoscaling_describe_notification_configurations stdout ----
[INFO] [stdout] 
[INFO] [stdout] thread 'generated::protocol_tests::test_parse_valid_autoscaling_describe_notification_configurations' (1922) panicked at /opt/rustwide/cargo-home/registry/src/index.crates.io-1949cf8c6b5b557f/mz_rusoto_mock-0.46.0/src/lib.rs:175:53:
[INFO] [stdout] couldn't find file: Os { code: 2, kind: NotFound, message: "No such file or directory" }
[INFO] [stdout] stack backtrace:
[INFO] [stdout]    0:     0x64ff504c0f31 - <<std[70759c8f55707aa4]::sys::backtrace::BacktraceLock>::print::DisplayBacktrace as core[df12db4294e9bfd3]::fmt::Display>::fmt
[INFO] [stdout]    1:     0x64ff504d665a - core[df12db4294e9bfd3]::fmt::write
[INFO] [stdout]    2:     0x64ff504c550c - <alloc[2182bb758b4b3781]::vec::Vec<u8> as core[df12db4294e9bfd3]::io::write::Write>::write_fmt
[INFO] [stdout]    3:     0x64ff5049d1b6 - std[70759c8f55707aa4]::panicking::default_hook::{closure#0}
[INFO] [stdout]    4:     0x64ff504b95e9 - std[70759c8f55707aa4]::panicking::default_hook
[INFO] [stdout]    5:     0x64ff5041d7e0 - test[9d35eded1c95d3be]::test_main_inner::<test[9d35eded1c95d3be]::test_main_static::{closure#0}>::{closure#0}
[INFO] [stdout]    6:     0x64ff504b97a2 - std[70759c8f55707aa4]::panicking::panic_with_hook
[INFO] [stdout]    7:     0x64ff5049d262 - std[70759c8f55707aa4]::panicking::panic_handler::{closure#0}
[INFO] [stdout]    8:     0x64ff50495fb9 - std[70759c8f55707aa4]::sys::backtrace::__rust_end_short_backtrace::<std[70759c8f55707aa4]::panicking::panic_handler::{closure#0}, !>
[INFO] [stdout]    9:     0x64ff5049de5d - __rustc[8fa7c3cbc660c2b3]::rust_begin_unwind
[INFO] [stdout]   10:     0x64ff504d6dbc - core[df12db4294e9bfd3]::panicking::panic_fmt
[INFO] [stdout]   11:     0x64ff504d6b92 - core[df12db4294e9bfd3]::result::unwrap_failed
[INFO] [stdout]   12:     0x64ff504532ec - <rusoto_mock[1a9d6f9a77d5744d]::MockResponseReader as rusoto_mock[1a9d6f9a77d5744d]::ReadMockResponse>::read_response
[INFO] [stdout]   13:     0x64ff503f45cd - rusoto_autoscaling[aad3dbf9175102be]::generated::protocol_tests::test_parse_valid_autoscaling_describe_notification_configurations::{closure#0}
[INFO] [stdout]   14:     0x64ff503f8c4d - <tokio[abcbcc4d3da30ef7]::macros::scoped_tls::ScopedKey<tokio[abcbcc4d3da30ef7]::runtime::basic_scheduler::Context>>::set::<tokio[abcbcc4d3da30ef7]::runtime::basic_scheduler::enter<<tokio[abcbcc4d3da30ef7]::runtime::basic_scheduler::BasicScheduler<tokio[abcbcc4d3da30ef7]::park::either::Either<tokio[abcbcc4d3da30ef7]::time::driver::Driver<tokio[abcbcc4d3da30ef7]::park::either::Either<tokio[abcbcc4d3da30ef7]::io::driver::Driver, tokio[abcbcc4d3da30ef7]::park::thread::ParkThread>>, tokio[abcbcc4d3da30ef7]::park::either::Either<tokio[abcbcc4d3da30ef7]::io::driver::Driver, tokio[abcbcc4d3da30ef7]::park::thread::ParkThread>>>>::block_on<rusoto_autoscaling[aad3dbf9175102be]::generated::protocol_tests::test_parse_valid_autoscaling_describe_notification_configurations::{closure#0}>::{closure#0}, (), tokio[abcbcc4d3da30ef7]::park::either::Either<tokio[abcbcc4d3da30ef7]::time::driver::Driver<tokio[abcbcc4d3da30ef7]::park::either::Either<tokio[abcbcc4d3da30ef7]::io::driver::Driver, tokio[abcbcc4d3da30ef7]::park::thread::ParkThread>>, tokio[abcbcc4d3da30ef7]::park::either::Either<tokio[abcbcc4d3da30ef7]::io::driver::Driver, tokio[abcbcc4d3da30ef7]::park::thread::ParkThread>>>::{closure#0}, ()>
[INFO] [stdout]   15:     0x64ff50403126 - tokio[abcbcc4d3da30ef7]::runtime::basic_scheduler::enter::<<tokio[abcbcc4d3da30ef7]::runtime::basic_scheduler::BasicScheduler<tokio[abcbcc4d3da30ef7]::park::either::Either<tokio[abcbcc4d3da30ef7]::time::driver::Driver<tokio[abcbcc4d3da30ef7]::park::either::Either<tokio[abcbcc4d3da30ef7]::io::driver::Driver, tokio[abcbcc4d3da30ef7]::park::thread::ParkThread>>, tokio[abcbcc4d3da30ef7]::park::either::Either<tokio[abcbcc4d3da30ef7]::io::driver::Driver, tokio[abcbcc4d3da30ef7]::park::thread::ParkThread>>>>::block_on<rusoto_autoscaling[aad3dbf9175102be]::generated::protocol_tests::test_parse_valid_autoscaling_describe_notification_configurations::{closure#0}>::{closure#0}, (), tokio[abcbcc4d3da30ef7]::park::either::Either<tokio[abcbcc4d3da30ef7]::time::driver::Driver<tokio[abcbcc4d3da30ef7]::park::either::Either<tokio[abcbcc4d3da30ef7]::io::driver::Driver, tokio[abcbcc4d3da30ef7]::park::thread::ParkThread>>, tokio[abcbcc4d3da30ef7]::park::either::Either<tokio[abcbcc4d3da30ef7]::io::driver::Driver, tokio[abcbcc4d3da30ef7]::park::thread::ParkThread>>>
[INFO] [stdout]   16:     0x64ff50408a41 - tokio[abcbcc4d3da30ef7]::runtime::context::enter::<<tokio[abcbcc4d3da30ef7]::runtime::Runtime>::block_on<rusoto_autoscaling[aad3dbf9175102be]::generated::protocol_tests::test_parse_valid_autoscaling_describe_notification_configurations::{closure#0}>::{closure#0}, ()>
[INFO] [stdout]   17:     0x64ff5040fc62 - rusoto_autoscaling[aad3dbf9175102be]::generated::protocol_tests::test_parse_valid_autoscaling_describe_notification_configurations
[INFO] [stdout]   18:     0x64ff504090a9 - <rusoto_autoscaling[aad3dbf9175102be]::generated::protocol_tests::test_parse_valid_autoscaling_describe_notification_configurations::{closure#0} as core[df12db4294e9bfd3]::ops::function::FnOnce<()>>::call_once
[INFO] [stdout]   19:     0x64ff50410acb - test[9d35eded1c95d3be]::__rust_begin_short_backtrace::<core[df12db4294e9bfd3]::result::Result<(), alloc[2182bb758b4b3781]::string::String>, fn() -> core[df12db4294e9bfd3]::result::Result<(), alloc[2182bb758b4b3781]::string::String>>
[INFO] [stdout]   20:     0x64ff5041e135 - test[9d35eded1c95d3be]::run_test::{closure#0}
[INFO] [stdout]   21:     0x64ff504179f4 - std[70759c8f55707aa4]::sys::backtrace::__rust_begin_short_backtrace::<test[9d35eded1c95d3be]::run_test::{closure#1}, ()>
[INFO] [stdout]   22:     0x64ff50421292 - <std[70759c8f55707aa4]::thread::lifecycle::spawn_unchecked<test[9d35eded1c95d3be]::run_test::{closure#1}, ()>::{closure#1} as core[df12db4294e9bfd3]::ops::function::FnOnce<()>>::call_once::{shim:vtable#0}
[INFO] [stdout]   23:     0x64ff504c0809 - <std[70759c8f55707aa4]::sys::thread::unix::Thread>::new::thread_start
[INFO] [stdout]   24:     0x7d2f44c5ddfa - <unknown>
[INFO] [stdout]   25:     0x7d2f44cf13d4 - clone
[INFO] [stdout]   26:                0x0 - <unknown>
[INFO] [stdout] 
[INFO] [stdout] ---- generated::protocol_tests::test_parse_valid_autoscaling_describe_auto_scaling_notification_types stdout ----
[INFO] [stdout] 
[INFO] [stdout] thread 'generated::protocol_tests::test_parse_valid_autoscaling_describe_auto_scaling_notification_types' (1919) panicked at /opt/rustwide/cargo-home/registry/src/index.crates.io-1949cf8c6b5b557f/mz_rusoto_mock-0.46.0/src/lib.rs:175:53:
[INFO] [stdout] couldn't find file: Os { code: 2, kind: NotFound, message: "No such file or directory" }
[INFO] [stdout] stack backtrace:
[INFO] [stdout]    0:     0x64ff504c0f31 - <<std[70759c8f55707aa4]::sys::backtrace::BacktraceLock>::print::DisplayBacktrace as core[df12db4294e9bfd3]::fmt::Display>::fmt
[INFO] [stdout]    1:     0x64ff504d665a - core[df12db4294e9bfd3]::fmt::write
[INFO] [stdout]    2:     0x64ff504c550c - <alloc[2182bb758b4b3781]::vec::Vec<u8> as core[df12db4294e9bfd3]::io::write::Write>::write_fmt
[INFO] [stdout]    3:     0x64ff5049d1b6 - std[70759c8f55707aa4]::panicking::default_hook::{closure#0}
[INFO] [stdout]    4:     0x64ff504b95e9 - std[70759c8f55707aa4]::panicking::default_hook
[INFO] [stdout]    5:     0x64ff5041d7e0 - test[9d35eded1c95d3be]::test_main_inner::<test[9d35eded1c95d3be]::test_main_static::{closure#0}>::{closure#0}
[INFO] [stdout]    6:     0x64ff504b97a2 - std[70759c8f55707aa4]::panicking::panic_with_hook
[INFO] [stdout]    7:     0x64ff5049d262 - std[70759c8f55707aa4]::panicking::panic_handler::{closure#0}
[INFO] [stdout]    8:     0x64ff50495fb9 - std[70759c8f55707aa4]::sys::backtrace::__rust_end_short_backtrace::<std[70759c8f55707aa4]::panicking::panic_handler::{closure#0}, !>
[INFO] [stdout]    9:     0x64ff5049de5d - __rustc[8fa7c3cbc660c2b3]::rust_begin_unwind
[INFO] [stdout]   10:     0x64ff504d6dbc - core[df12db4294e9bfd3]::panicking::panic_fmt
[INFO] [stdout]   11:     0x64ff504d6b92 - core[df12db4294e9bfd3]::result::unwrap_failed
[INFO] [stdout]   12:     0x64ff504532ec - <rusoto_mock[1a9d6f9a77d5744d]::MockResponseReader as rusoto_mock[1a9d6f9a77d5744d]::ReadMockResponse>::read_response
[INFO] [stdout]   13:     0x64ff503f495d - rusoto_autoscaling[aad3dbf9175102be]::generated::protocol_tests::test_parse_valid_autoscaling_describe_auto_scaling_notification_types::{closure#0}
[INFO] [stdout]   14:     0x64ff503f910d - <tokio[abcbcc4d3da30ef7]::macros::scoped_tls::ScopedKey<tokio[abcbcc4d3da30ef7]::runtime::basic_scheduler::Context>>::set::<tokio[abcbcc4d3da30ef7]::runtime::basic_scheduler::enter<<tokio[abcbcc4d3da30ef7]::runtime::basic_scheduler::BasicScheduler<tokio[abcbcc4d3da30ef7]::park::either::Either<tokio[abcbcc4d3da30ef7]::time::driver::Driver<tokio[abcbcc4d3da30ef7]::park::either::Either<tokio[abcbcc4d3da30ef7]::io::driver::Driver, tokio[abcbcc4d3da30ef7]::park::thread::ParkThread>>, tokio[abcbcc4d3da30ef7]::park::either::Either<tokio[abcbcc4d3da30ef7]::io::driver::Driver, tokio[abcbcc4d3da30ef7]::park::thread::ParkThread>>>>::block_on<rusoto_autoscaling[aad3dbf9175102be]::generated::protocol_tests::test_parse_valid_autoscaling_describe_auto_scaling_notification_types::{closure#0}>::{closure#0}, (), tokio[abcbcc4d3da30ef7]::park::either::Either<tokio[abcbcc4d3da30ef7]::time::driver::Driver<tokio[abcbcc4d3da30ef7]::park::either::Either<tokio[abcbcc4d3da30ef7]::io::driver::Driver, tokio[abcbcc4d3da30ef7]::park::thread::ParkThread>>, tokio[abcbcc4d3da30ef7]::park::either::Either<tokio[abcbcc4d3da30ef7]::io::driver::Driver, tokio[abcbcc4d3da30ef7]::park::thread::ParkThread>>>::{closure#0}, ()>
[INFO] [stdout]   15:     0x64ff50403266 - tokio[abcbcc4d3da30ef7]::runtime::basic_scheduler::enter::<<tokio[abcbcc4d3da30ef7]::runtime::basic_scheduler::BasicScheduler<tokio[abcbcc4d3da30ef7]::park::either::Either<tokio[abcbcc4d3da30ef7]::time::driver::Driver<tokio[abcbcc4d3da30ef7]::park::either::Either<tokio[abcbcc4d3da30ef7]::io::driver::Driver, tokio[abcbcc4d3da30ef7]::park::thread::ParkThread>>, tokio[abcbcc4d3da30ef7]::park::either::Either<tokio[abcbcc4d3da30ef7]::io::driver::Driver, tokio[abcbcc4d3da30ef7]::park::thread::ParkThread>>>>::block_on<rusoto_autoscaling[aad3dbf9175102be]::generated::protocol_tests::test_parse_valid_autoscaling_describe_auto_scaling_notification_types::{closure#0}>::{closure#0}, (), tokio[abcbcc4d3da30ef7]::park::either::Either<tokio[abcbcc4d3da30ef7]::time::driver::Driver<tokio[abcbcc4d3da30ef7]::park::either::Either<tokio[abcbcc4d3da30ef7]::io::driver::Driver, tokio[abcbcc4d3da30ef7]::park::thread::ParkThread>>, tokio[abcbcc4d3da30ef7]::park::either::Either<tokio[abcbcc4d3da30ef7]::io::driver::Driver, tokio[abcbcc4d3da30ef7]::park::thread::ParkThread>>>
[INFO] [stdout]   16:     0x64ff50408b71 - tokio[abcbcc4d3da30ef7]::runtime::context::enter::<<tokio[abcbcc4d3da30ef7]::runtime::Runtime>::block_on<rusoto_autoscaling[aad3dbf9175102be]::generated::protocol_tests::test_parse_valid_autoscaling_describe_auto_scaling_notification_types::{closure#0}>::{closure#0}, ()>
[INFO] [stdout]   17:     0x64ff5040fe22 - rusoto_autoscaling[aad3dbf9175102be]::generated::protocol_tests::test_parse_valid_autoscaling_describe_auto_scaling_notification_types
[INFO] [stdout]   18:     0x64ff504090c9 - <rusoto_autoscaling[aad3dbf9175102be]::generated::protocol_tests::test_parse_valid_autoscaling_describe_auto_scaling_notification_types::{closure#0} as core[df12db4294e9bfd3]::ops::function::FnOnce<()>>::call_once
[INFO] [stdout]   19:     0x64ff50410acb - test[9d35eded1c95d3be]::__rust_begin_short_backtrace::<core[df12db4294e9bfd3]::result::Result<(), alloc[2182bb758b4b3781]::string::String>, fn() -> core[df12db4294e9bfd3]::result::Result<(), alloc[2182bb758b4b3781]::string::String>>
[INFO] [stdout]   20:     0x64ff5041e135 - test[9d35eded1c95d3be]::run_test::{closure#0}
[INFO] [stdout]   21:     0x64ff504179f4 - std[70759c8f55707aa4]::sys::backtrace::__rust_begin_short_backtrace::<test[9d35eded1c95d3be]::run_test::{closure#1}, ()>
[INFO] [stdout]   22:     0x64ff50421292 - <std[70759c8f55707aa4]::thread::lifecycle::spawn_unchecked<test[9d35eded1c95d3be]::run_test::{closure#1}, ()>::{closure#1} as core[df12db4294e9bfd3]::ops::function::FnOnce<()>>::call_once::{shim:vtable#0}
[INFO] [stdout]   23:     0x64ff504c0809 - <std[70759c8f55707aa4]::sys::thread::unix::Thread>::new::thread_start
[INFO] [stdout]   24:     0x7d2f44c5ddfa - <unknown>
[INFO] [stdout]   25:     0x7d2f44cf13d4 - clone
[INFO] [stdout]   26:                0x0 - <unknown>
[INFO] [stdout] 
[INFO] [stdout] ---- generated::protocol_tests::test_parse_valid_autoscaling_describe_adjustment_types stdout ----
[INFO] [stdout] 
[INFO] [stdout] thread 'generated::protocol_tests::test_parse_valid_autoscaling_describe_adjustment_types' (1916) panicked at /opt/rustwide/cargo-home/registry/src/index.crates.io-1949cf8c6b5b557f/mz_rusoto_mock-0.46.0/src/lib.rs:175:53:
[INFO] [stdout] couldn't find file: Os { code: 2, kind: NotFound, message: "No such file or directory" }
[INFO] [stdout] stack backtrace:
[INFO] [stdout]    0:     0x64ff504c0f31 - <<std[70759c8f55707aa4]::sys::backtrace::BacktraceLock>::print::DisplayBacktrace as core[df12db4294e9bfd3]::fmt::Display>::fmt
[INFO] [stdout]    1:     0x64ff504d665a - core[df12db4294e9bfd3]::fmt::write
[INFO] [stdout]    2:     0x64ff504c550c - <alloc[2182bb758b4b3781]::vec::Vec<u8> as core[df12db4294e9bfd3]::io::write::Write>::write_fmt
[INFO] [stdout]    3:     0x64ff5049d1b6 - std[70759c8f55707aa4]::panicking::default_hook::{closure#0}
[INFO] [stdout]    4:     0x64ff504b95e9 - std[70759c8f55707aa4]::panicking::default_hook
[INFO] [stdout]    5:     0x64ff5041d7e0 - test[9d35eded1c95d3be]::test_main_inner::<test[9d35eded1c95d3be]::test_main_static::{closure#0}>::{closure#0}
[INFO] [stdout]    6:     0x64ff504b97a2 - std[70759c8f55707aa4]::panicking::panic_with_hook
[INFO] [stdout]    7:     0x64ff5049d262 - std[70759c8f55707aa4]::panicking::panic_handler::{closure#0}
[INFO] [stdout]    8:     0x64ff50495fb9 - std[70759c8f55707aa4]::sys::backtrace::__rust_end_short_backtrace::<std[70759c8f55707aa4]::panicking::panic_handler::{closure#0}, !>
[INFO] [stdout]    9:     0x64ff5049de5d - __rustc[8fa7c3cbc660c2b3]::rust_begin_unwind
[INFO] [stdout]   10:     0x64ff504d6dbc - core[df12db4294e9bfd3]::panicking::panic_fmt
[INFO] [stdout]   11:     0x64ff504d6b92 - core[df12db4294e9bfd3]::result::unwrap_failed
[INFO] [stdout]   12:     0x64ff504532ec - <rusoto_mock[1a9d6f9a77d5744d]::MockResponseReader as rusoto_mock[1a9d6f9a77d5744d]::ReadMockResponse>::read_response
[INFO] [stdout]   13:     0x64ff503f260d - rusoto_autoscaling[aad3dbf9175102be]::generated::protocol_tests::test_parse_valid_autoscaling_describe_adjustment_types::{closure#0}
[INFO] [stdout]   14:     0x64ff503f618d - <tokio[abcbcc4d3da30ef7]::macros::scoped_tls::ScopedKey<tokio[abcbcc4d3da30ef7]::runtime::basic_scheduler::Context>>::set::<tokio[abcbcc4d3da30ef7]::runtime::basic_scheduler::enter<<tokio[abcbcc4d3da30ef7]::runtime::basic_scheduler::BasicScheduler<tokio[abcbcc4d3da30ef7]::park::either::Either<tokio[abcbcc4d3da30ef7]::time::driver::Driver<tokio[abcbcc4d3da30ef7]::park::either::Either<tokio[abcbcc4d3da30ef7]::io::driver::Driver, tokio[abcbcc4d3da30ef7]::park::thread::ParkThread>>, tokio[abcbcc4d3da30ef7]::park::either::Either<tokio[abcbcc4d3da30ef7]::io::driver::Driver, tokio[abcbcc4d3da30ef7]::park::thread::ParkThread>>>>::block_on<rusoto_autoscaling[aad3dbf9175102be]::generated::protocol_tests::test_parse_valid_autoscaling_describe_adjustment_types::{closure#0}>::{closure#0}, (), tokio[abcbcc4d3da30ef7]::park::either::Either<tokio[abcbcc4d3da30ef7]::time::driver::Driver<tokio[abcbcc4d3da30ef7]::park::either::Either<tokio[abcbcc4d3da30ef7]::io::driver::Driver, tokio[abcbcc4d3da30ef7]::park::thread::ParkThread>>, tokio[abcbcc4d3da30ef7]::park::either::Either<tokio[abcbcc4d3da30ef7]::io::driver::Driver, tokio[abcbcc4d3da30ef7]::park::thread::ParkThread>>>::{closure#0}, ()>
[INFO] [stdout]   15:     0x64ff504025e6 - tokio[abcbcc4d3da30ef7]::runtime::basic_scheduler::enter::<<tokio[abcbcc4d3da30ef7]::runtime::basic_scheduler::BasicScheduler<tokio[abcbcc4d3da30ef7]::park::either::Either<tokio[abcbcc4d3da30ef7]::time::driver::Driver<tokio[abcbcc4d3da30ef7]::park::either::Either<tokio[abcbcc4d3da30ef7]::io::driver::Driver, tokio[abcbcc4d3da30ef7]::park::thread::ParkThread>>, tokio[abcbcc4d3da30ef7]::park::either::Either<tokio[abcbcc4d3da30ef7]::io::driver::Driver, tokio[abcbcc4d3da30ef7]::park::thread::ParkThread>>>>::block_on<rusoto_autoscaling[aad3dbf9175102be]::generated::protocol_tests::test_parse_valid_autoscaling_describe_adjustment_types::{closure#0}>::{closure#0}, (), tokio[abcbcc4d3da30ef7]::park::either::Either<tokio[abcbcc4d3da30ef7]::time::driver::Driver<tokio[abcbcc4d3da30ef7]::park::either::Either<tokio[abcbcc4d3da30ef7]::io::driver::Driver, tokio[abcbcc4d3da30ef7]::park::thread::ParkThread>>, tokio[abcbcc4d3da30ef7]::park::either::Either<tokio[abcbcc4d3da30ef7]::io::driver::Driver, tokio[abcbcc4d3da30ef7]::park::thread::ParkThread>>>
[INFO] [stdout]   16:     0x64ff50407f91 - tokio[abcbcc4d3da30ef7]::runtime::context::enter::<<tokio[abcbcc4d3da30ef7]::runtime::Runtime>::block_on<rusoto_autoscaling[aad3dbf9175102be]::generated::protocol_tests::test_parse_valid_autoscaling_describe_adjustment_types::{closure#0}>::{closure#0}, ()>
[INFO] [stdout]   17:     0x64ff5040eca2 - rusoto_autoscaling[aad3dbf9175102be]::generated::protocol_tests::test_parse_valid_autoscaling_describe_adjustment_types
[INFO] [stdout]   18:     0x64ff50408f89 - <rusoto_autoscaling[aad3dbf9175102be]::generated::protocol_tests::test_parse_valid_autoscaling_describe_adjustment_types::{closure#0} as core[df12db4294e9bfd3]::ops::function::FnOnce<()>>::call_once
[INFO] [stdout]   19:     0x64ff50410acb - test[9d35eded1c95d3be]::__rust_begin_short_backtrace::<core[df12db4294e9bfd3]::result::Result<(), alloc[2182bb758b4b3781]::string::String>, fn() -> core[df12db4294e9bfd3]::result::Result<(), alloc[2182bb758b4b3781]::string::String>>
[INFO] [stdout]   20:     0x64ff5041e135 - test[9d35eded1c95d3be]::run_test::{closure#0}
[INFO] [stdout]   21:     0x64ff504179f4 - std[70759c8f55707aa4]::sys::backtrace::__rust_begin_short_backtrace::<test[9d35eded1c95d3be]::run_test::{closure#1}, ()>
[INFO] [stdout]   22:     0x64ff50421292 - <std[70759c8f55707aa4]::thread::lifecycle::spawn_unchecked<test[9d35eded1c95d3be]::run_test::{closure#1}, ()>::{closure#1} as core[df12db4294e9bfd3]::ops::function::FnOnce<()>>::call_once::{shim:vtable#0}
[INFO] [stdout]   23:     0x64ff504c0809 - <std[70759c8f55707aa4]::sys::thread::unix::Thread>::new::thread_start
[INFO] [stdout]   24:     0x7d2f44c5ddfa - <unknown>
[INFO] [stdout]   25:     0x7d2f44cf13d4 - clone
[INFO] [stdout]   26:                0x0 - <unknown>
[INFO] [stdout] 
[INFO] [stdout] ---- generated::protocol_tests::test_parse_valid_autoscaling_describe_launch_configurations stdout ----
[INFO] [stdout] 
[INFO] [stdout] thread 'generated::protocol_tests::test_parse_valid_autoscaling_describe_launch_configurations' (1920) panicked at /opt/rustwide/cargo-home/registry/src/index.crates.io-1949cf8c6b5b557f/mz_rusoto_mock-0.46.0/src/lib.rs:175:53:
[INFO] [stdout] couldn't find file: Os { code: 2, kind: NotFound, message: "No such file or directory" }
[INFO] [stdout] stack backtrace:
[INFO] [stdout]    0:     0x64ff504c0f31 - <<std[70759c8f55707aa4]::sys::backtrace::BacktraceLock>::print::DisplayBacktrace as core[df12db4294e9bfd3]::fmt::Display>::fmt
[INFO] [stdout]    1:     0x64ff504d665a - core[df12db4294e9bfd3]::fmt::write
[INFO] [stdout]    2:     0x64ff504c550c - <alloc[2182bb758b4b3781]::vec::Vec<u8> as core[df12db4294e9bfd3]::io::write::Write>::write_fmt
[INFO] [stdout]    3:     0x64ff5049d1b6 - std[70759c8f55707aa4]::panicking::default_hook::{closure#0}
[INFO] [stdout]    4:     0x64ff504b95e9 - std[70759c8f55707aa4]::panicking::default_hook
[INFO] [stdout]    5:     0x64ff5041d7e0 - test[9d35eded1c95d3be]::test_main_inner::<test[9d35eded1c95d3be]::test_main_static::{closure#0}>::{closure#0}
[INFO] [stdout]    6:     0x64ff504b97a2 - std[70759c8f55707aa4]::panicking::panic_with_hook
[INFO] [stdout]    7:     0x64ff5049d262 - std[70759c8f55707aa4]::panicking::panic_handler::{closure#0}
[INFO] [stdout]    8:     0x64ff50495fb9 - std[70759c8f55707aa4]::sys::backtrace::__rust_end_short_backtrace::<std[70759c8f55707aa4]::panicking::panic_handler::{closure#0}, !>
[INFO] [stdout]    9:     0x64ff5049de5d - __rustc[8fa7c3cbc660c2b3]::rust_begin_unwind
[INFO] [stdout]   10:     0x64ff504d6dbc - core[df12db4294e9bfd3]::panicking::panic_fmt
[INFO] [stdout]   11:     0x64ff504d6b92 - core[df12db4294e9bfd3]::result::unwrap_failed
[INFO] [stdout]   12:     0x64ff504532ec - <rusoto_mock[1a9d6f9a77d5744d]::MockResponseReader as rusoto_mock[1a9d6f9a77d5744d]::ReadMockResponse>::read_response
[INFO] [stdout]   13:     0x64ff503f345d - rusoto_autoscaling[aad3dbf9175102be]::generated::protocol_tests::test_parse_valid_autoscaling_describe_launch_configurations::{closure#0}
[INFO] [stdout]   14:     0x64ff503f748d - <tokio[abcbcc4d3da30ef7]::macros::scoped_tls::ScopedKey<tokio[abcbcc4d3da30ef7]::runtime::basic_scheduler::Context>>::set::<tokio[abcbcc4d3da30ef7]::runtime::basic_scheduler::enter<<tokio[abcbcc4d3da30ef7]::runtime::basic_scheduler::BasicScheduler<tokio[abcbcc4d3da30ef7]::park::either::Either<tokio[abcbcc4d3da30ef7]::time::driver::Driver<tokio[abcbcc4d3da30ef7]::park::either::Either<tokio[abcbcc4d3da30ef7]::io::driver::Driver, tokio[abcbcc4d3da30ef7]::park::thread::ParkThread>>, tokio[abcbcc4d3da30ef7]::park::either::Either<tokio[abcbcc4d3da30ef7]::io::driver::Driver, tokio[abcbcc4d3da30ef7]::park::thread::ParkThread>>>>::block_on<rusoto_autoscaling[aad3dbf9175102be]::generated::protocol_tests::test_parse_valid_autoscaling_describe_launch_configurations::{closure#0}>::{closure#0}, (), tokio[abcbcc4d3da30ef7]::park::either::Either<tokio[abcbcc4d3da30ef7]::time::driver::Driver<tokio[abcbcc4d3da30ef7]::park::either::Either<tokio[abcbcc4d3da30ef7]::io::driver::Driver, tokio[abcbcc4d3da30ef7]::park::thread::ParkThread>>, tokio[abcbcc4d3da30ef7]::park::either::Either<tokio[abcbcc4d3da30ef7]::io::driver::Driver, tokio[abcbcc4d3da30ef7]::park::thread::ParkThread>>>::{closure#0}, ()>
[INFO] [stdout]   15:     0x64ff50402ae6 - tokio[abcbcc4d3da30ef7]::runtime::basic_scheduler::enter::<<tokio[abcbcc4d3da30ef7]::runtime::basic_scheduler::BasicScheduler<tokio[abcbcc4d3da30ef7]::park::either::Either<tokio[abcbcc4d3da30ef7]::time::driver::Driver<tokio[abcbcc4d3da30ef7]::park::either::Either<tokio[abcbcc4d3da30ef7]::io::driver::Driver, tokio[abcbcc4d3da30ef7]::park::thread::ParkThread>>, tokio[abcbcc4d3da30ef7]::park::either::Either<tokio[abcbcc4d3da30ef7]::io::driver::Driver, tokio[abcbcc4d3da30ef7]::park::thread::ParkThread>>>>::block_on<rusoto_autoscaling[aad3dbf9175102be]::generated::protocol_tests::test_parse_valid_autoscaling_describe_launch_configurations::{closure#0}>::{closure#0}, (), tokio[abcbcc4d3da30ef7]::park::either::Either<tokio[abcbcc4d3da30ef7]::time::driver::Driver<tokio[abcbcc4d3da30ef7]::park::either::Either<tokio[abcbcc4d3da30ef7]::io::driver::Driver, tokio[abcbcc4d3da30ef7]::park::thread::ParkThread>>, tokio[abcbcc4d3da30ef7]::park::either::Either<tokio[abcbcc4d3da30ef7]::io::driver::Driver, tokio[abcbcc4d3da30ef7]::park::thread::ParkThread>>>
[INFO] [stdout]   16:     0x64ff50408451 - tokio[abcbcc4d3da30ef7]::runtime::context::enter::<<tokio[abcbcc4d3da30ef7]::runtime::Runtime>::block_on<rusoto_autoscaling[aad3dbf9175102be]::generated::protocol_tests::test_parse_valid_autoscaling_describe_launch_configurations::{closure#0}>::{closure#0}, ()>
[INFO] [stdout]   17:     0x64ff5040f3a2 - rusoto_autoscaling[aad3dbf9175102be]::generated::protocol_tests::test_parse_valid_autoscaling_describe_launch_configurations
[INFO] [stdout]   18:     0x64ff50409009 - <rusoto_autoscaling[aad3dbf9175102be]::generated::protocol_tests::test_parse_valid_autoscaling_describe_launch_configurations::{closure#0} as core[df12db4294e9bfd3]::ops::function::FnOnce<()>>::call_once
[INFO] [stdout]   19:     0x64ff50410acb - test[9d35eded1c95d3be]::__rust_begin_short_backtrace::<core[df12db4294e9bfd3]::result::Result<(), alloc[2182bb758b4b3781]::string::String>, fn() -> core[df12db4294e9bfd3]::result::Result<(), alloc[2182bb758b4b3781]::string::String>>
[INFO] [stdout]   20:     0x64ff5041e135 - test[9d35eded1c95d3be]::run_test::{closure#0}
[INFO] [stdout]   21:     0x64ff504179f4 - std[70759c8f55707aa4]::sys::backtrace::__rust_begin_short_backtrace::<test[9d35eded1c95d3be]::run_test::{closure#1}, ()>
[INFO] [stdout]   22:     0x64ff50421292 - <std[70759c8f55707aa4]::thread::lifecycle::spawn_unchecked<test[9d35eded1c95d3be]::run_test::{closure#1}, ()>::{closure#1} as core[df12db4294e9bfd3]::ops::function::FnOnce<()>>::call_once::{shim:vtable#0}
[INFO] [stdout]   23:     0x64ff504c0809 - <std[70759c8f55707aa4]::sys::thread::unix::Thread>::new::thread_start
[INFO] [stdout]   24:     0x7d2f44c5ddfa - <unknown>
[INFO] [stdout]   25:     0x7d2f44cf13d4 - clone
[INFO] [stdout]   26:                0x0 - <unknown>
[INFO] [stdout] 
[INFO] [stdout] ---- generated::protocol_tests::test_parse_error_autoscaling_delete_policy stdout ----
[INFO] [stdout] 
[INFO] [stdout] thread 'generated::protocol_tests::test_parse_error_autoscaling_delete_policy' (1915) panicked at /opt/rustwide/cargo-home/registry/src/index.crates.io-1949cf8c6b5b557f/mz_rusoto_mock-0.46.0/src/lib.rs:175:53:
[INFO] [stdout] couldn't find file: Os { code: 2, kind: NotFound, message: "No such file or directory" }
[INFO] [stdout] stack backtrace:
[INFO] [stdout]    0:     0x64ff504c0f31 - <<std[70759c8f55707aa4]::sys::backtrace::BacktraceLock>::print::DisplayBacktrace as core[df12db4294e9bfd3]::fmt::Display>::fmt
[INFO] [stdout]    1:     0x64ff504d665a - core[df12db4294e9bfd3]::fmt::write
[INFO] [stdout]    2:     0x64ff504c550c - <alloc[2182bb758b4b3781]::vec::Vec<u8> as core[df12db4294e9bfd3]::io::write::Write>::write_fmt
[INFO] [stdout]    3:     0x64ff5049d1b6 - std[70759c8f55707aa4]::panicking::default_hook::{closure#0}
[INFO] [stdout]    4:     0x64ff504b95e9 - std[70759c8f55707aa4]::panicking::default_hook
[INFO] [stdout]    5:     0x64ff5041d7e0 - test[9d35eded1c95d3be]::test_main_inner::<test[9d35eded1c95d3be]::test_main_static::{closure#0}>::{closure#0}
[INFO] [stdout]    6:     0x64ff504b97a2 - std[70759c8f55707aa4]::panicking::panic_with_hook
[INFO] [stdout]    7:     0x64ff5049d262 - std[70759c8f55707aa4]::panicking::panic_handler::{closure#0}
[INFO] [stdout]    8:     0x64ff50495fb9 - std[70759c8f55707aa4]::sys::backtrace::__rust_end_short_backtrace::<std[70759c8f55707aa4]::panicking::panic_handler::{closure#0}, !>
[INFO] [stdout]    9:     0x64ff5049de5d - __rustc[8fa7c3cbc660c2b3]::rust_begin_unwind
[INFO] [stdout]   10:     0x64ff504d6dbc - core[df12db4294e9bfd3]::panicking::panic_fmt
[INFO] [stdout]   11:     0x64ff504d6b92 - core[df12db4294e9bfd3]::result::unwrap_failed
[INFO] [stdout]   12:     0x64ff504532ec - <rusoto_mock[1a9d6f9a77d5744d]::MockResponseReader as rusoto_mock[1a9d6f9a77d5744d]::ReadMockResponse>::read_response
[INFO] [stdout]   13:     0x64ff503f1b2d - rusoto_autoscaling[aad3dbf9175102be]::generated::protocol_tests::test_parse_error_autoscaling_delete_policy::{closure#0}
[INFO] [stdout]   14:     0x64ff503f534d - <tokio[abcbcc4d3da30ef7]::macros::scoped_tls::ScopedKey<tokio[abcbcc4d3da30ef7]::runtime::basic_scheduler::Context>>::set::<tokio[abcbcc4d3da30ef7]::runtime::basic_scheduler::enter<<tokio[abcbcc4d3da30ef7]::runtime::basic_scheduler::BasicScheduler<tokio[abcbcc4d3da30ef7]::park::either::Either<tokio[abcbcc4d3da30ef7]::time::driver::Driver<tokio[abcbcc4d3da30ef7]::park::either::Either<tokio[abcbcc4d3da30ef7]::io::driver::Driver, tokio[abcbcc4d3da30ef7]::park::thread::ParkThread>>, tokio[abcbcc4d3da30ef7]::park::either::Either<tokio[abcbcc4d3da30ef7]::io::driver::Driver, tokio[abcbcc4d3da30ef7]::park::thread::ParkThread>>>>::block_on<rusoto_autoscaling[aad3dbf9175102be]::generated::protocol_tests::test_parse_error_autoscaling_delete_policy::{closure#0}>::{closure#0}, (), tokio[abcbcc4d3da30ef7]::park::either::Either<tokio[abcbcc4d3da30ef7]::time::driver::Driver<tokio[abcbcc4d3da30ef7]::park::either::Either<tokio[abcbcc4d3da30ef7]::io::driver::Driver, tokio[abcbcc4d3da30ef7]::park::thread::ParkThread>>, tokio[abcbcc4d3da30ef7]::park::either::Either<tokio[abcbcc4d3da30ef7]::io::driver::Driver, tokio[abcbcc4d3da30ef7]::park::thread::ParkThread>>>::{closure#0}, ()>
[INFO] [stdout]   15:     0x64ff50402226 - tokio[abcbcc4d3da30ef7]::runtime::basic_scheduler::enter::<<tokio[abcbcc4d3da30ef7]::runtime::basic_scheduler::BasicScheduler<tokio[abcbcc4d3da30ef7]::park::either::Either<tokio[abcbcc4d3da30ef7]::time::driver::Driver<tokio[abcbcc4d3da30ef7]::park::either::Either<tokio[abcbcc4d3da30ef7]::io::driver::Driver, tokio[abcbcc4d3da30ef7]::park::thread::ParkThread>>, tokio[abcbcc4d3da30ef7]::park::either::Either<tokio[abcbcc4d3da30ef7]::io::driver::Driver, tokio[abcbcc4d3da30ef7]::park::thread::ParkThread>>>>::block_on<rusoto_autoscaling[aad3dbf9175102be]::generated::protocol_tests::test_parse_error_autoscaling_delete_policy::{closure#0}>::{closure#0}, (), tokio[abcbcc4d3da30ef7]::park::either::Either<tokio[abcbcc4d3da30ef7]::time::driver::Driver<tokio[abcbcc4d3da30ef7]::park::either::Either<tokio[abcbcc4d3da30ef7]::io::driver::Driver, tokio[abcbcc4d3da30ef7]::park::thread::ParkThread>>, tokio[abcbcc4d3da30ef7]::park::either::Either<tokio[abcbcc4d3da30ef7]::io::driver::Driver, tokio[abcbcc4d3da30ef7]::park::thread::ParkThread>>>
[INFO] [stdout]   16:     0x64ff50407c01 - tokio[abcbcc4d3da30ef7]::runtime::context::enter::<<tokio[abcbcc4d3da30ef7]::runtime::Runtime>::block_on<rusoto_autoscaling[aad3dbf9175102be]::generated::protocol_tests::test_parse_error_autoscaling_delete_policy::{closure#0}>::{closure#0}, ()>
[INFO] [stdout]   17:     0x64ff5040e762 - rusoto_autoscaling[aad3dbf9175102be]::generated::protocol_tests::test_parse_error_autoscaling_delete_policy
[INFO] [stdout]   18:     0x64ff50408f29 - <rusoto_autoscaling[aad3dbf9175102be]::generated::protocol_tests::test_parse_error_autoscaling_delete_policy::{closure#0} as core[df12db4294e9bfd3]::ops::function::FnOnce<()>>::call_once
[INFO] [stdout]   19:     0x64ff50410acb - test[9d35eded1c95d3be]::__rust_begin_short_backtrace::<core[df12db4294e9bfd3]::result::Result<(), alloc[2182bb758b4b3781]::string::String>, fn() -> core[df12db4294e9bfd3]::result::Result<(), alloc[2182bb758b4b3781]::string::String>>
[INFO] [stdout]   20:     0x64ff5041e135 - test[9d35eded1c95d3be]::run_test::{closure#0}
[INFO] [stdout]   21:     0x64ff504179f4 - std[70759c8f55707aa4]::sys::backtrace::__rust_begin_short_backtrace::<test[9d35eded1c95d3be]::run_test::{closure#1}, ()>
[INFO] [stdout]   22:     0x64ff50421292 - <std[70759c8f55707aa4]::thread::lifecycle::spawn_unchecked<test[9d35eded1c95d3be]::run_test::{closure#1}, ()>::{closure#1} as core[df12db4294e9bfd3]::ops::function::FnOnce<()>>::call_once::{shim:vtable#0}
[INFO] [stdout]   23:     0x64ff504c0809 - <std[70759c8f55707aa4]::sys::thread::unix::Thread>::new::thread_start
[INFO] [stdout]   24:     0x7d2f44c5ddfa - <unknown>
[INFO] [stdout]   25:     0x7d2f44cf13d4 - clone
[INFO] [stdout]   26:                0x0 - <unknown>
[INFO] [stdout] 
[INFO] [stdout] ---- generated::protocol_tests::test_parse_valid_autoscaling_describe_policies stdout ----
[INFO] [stdout] 
[INFO] [stdout] thread 'generated::protocol_tests::test_parse_valid_autoscaling_describe_policies' (1923) panicked at /opt/rustwide/cargo-home/registry/src/index.crates.io-1949cf8c6b5b557f/mz_rusoto_mock-0.46.0/src/lib.rs:175:53:
[INFO] [stdout] couldn't find file: Os { code: 2, kind: NotFound, message: "No such file or directory" }
[INFO] [stdout] stack backtrace:
[INFO] [stdout]    0:     0x64ff504c0f31 - <<std[70759c8f55707aa4]::sys::backtrace::BacktraceLock>::print::DisplayBacktrace as core[df12db4294e9bfd3]::fmt::Display>::fmt
[INFO] [stdout]    1:     0x64ff504d665a - core[df12db4294e9bfd3]::fmt::write
[INFO] [stdout]    2:     0x64ff504c550c - <alloc[2182bb758b4b3781]::vec::Vec<u8> as core[df12db4294e9bfd3]::io::write::Write>::write_fmt
[INFO] [stdout]    3:     0x64ff5049d1b6 - std[70759c8f55707aa4]::panicking::default_hook::{closure#0}
[INFO] [stdout]    4:     0x64ff504b95e9 - std[70759c8f55707aa4]::panicking::default_hook
[INFO] [stdout]    5:     0x64ff5041d7e0 - test[9d35eded1c95d3be]::test_main_inner::<test[9d35eded1c95d3be]::test_main_static::{closure#0}>::{closure#0}
[INFO] [stdout]    6:     0x64ff504b97a2 - std[70759c8f55707aa4]::panicking::panic_with_hook
[INFO] [stdout]    7:     0x64ff5049d262 - std[70759c8f55707aa4]::panicking::panic_handler::{closure#0}
[INFO] [stdout]    8:     0x64ff50495fb9 - std[70759c8f55707aa4]::sys::backtrace::__rust_end_short_backtrace::<std[70759c8f55707aa4]::panicking::panic_handler::{closure#0}, !>
[INFO] [stdout]    9:     0x64ff5049de5d - __rustc[8fa7c3cbc660c2b3]::rust_begin_unwind
[INFO] [stdout]   10:     0x64ff504d6dbc - core[df12db4294e9bfd3]::panicking::panic_fmt
[INFO] [stdout]   11:     0x64ff504d6b92 - core[df12db4294e9bfd3]::result::unwrap_failed
[INFO] [stdout]   12:     0x64ff504532ec - <rusoto_mock[1a9d6f9a77d5744d]::MockResponseReader as rusoto_mock[1a9d6f9a77d5744d]::ReadMockResponse>::read_response
[INFO] [stdout]   13:     0x64ff503f225d - rusoto_autoscaling[aad3dbf9175102be]::generated::protocol_tests::test_parse_valid_autoscaling_describe_policies::{closure#0}
[INFO] [stdout]   14:     0x64ff503f5ccd - <tokio[abcbcc4d3da30ef7]::macros::scoped_tls::ScopedKey<tokio[abcbcc4d3da30ef7]::runtime::basic_scheduler::Context>>::set::<tokio[abcbcc4d3da30ef7]::runtime::basic_scheduler::enter<<tokio[abcbcc4d3da30ef7]::runtime::basic_scheduler::BasicScheduler<tokio[abcbcc4d3da30ef7]::park::either::Either<tokio[abcbcc4d3da30ef7]::time::driver::Driver<tokio[abcbcc4d3da30ef7]::park::either::Either<tokio[abcbcc4d3da30ef7]::io::driver::Driver, tokio[abcbcc4d3da30ef7]::park::thread::ParkThread>>, tokio[abcbcc4d3da30ef7]::park::either::Either<tokio[abcbcc4d3da30ef7]::io::driver::Driver, tokio[abcbcc4d3da30ef7]::park::thread::ParkThread>>>>::block_on<rusoto_autoscaling[aad3dbf9175102be]::generated::protocol_tests::test_parse_valid_autoscaling_describe_policies::{closure#0}>::{closure#0}, (), tokio[abcbcc4d3da30ef7]::park::either::Either<tokio[abcbcc4d3da30ef7]::time::driver::Driver<tokio[abcbcc4d3da30ef7]::park::either::Either<tokio[abcbcc4d3da30ef7]::io::driver::Driver, tokio[abcbcc4d3da30ef7]::park::thread::ParkThread>>, tokio[abcbcc4d3da30ef7]::park::either::Either<tokio[abcbcc4d3da30ef7]::io::driver::Driver, tokio[abcbcc4d3da30ef7]::park::thread::ParkThread>>>::{closure#0}, ()>
[INFO] [stdout]   15:     0x64ff504024a6 - tokio[abcbcc4d3da30ef7]::runtime::basic_scheduler::enter::<<tokio[abcbcc4d3da30ef7]::runtime::basic_scheduler::BasicScheduler<tokio[abcbcc4d3da30ef7]::park::either::Either<tokio[abcbcc4d3da30ef7]::time::driver::Driver<tokio[abcbcc4d3da30ef7]::park::either::Either<tokio[abcbcc4d3da30ef7]::io::driver::Driver, tokio[abcbcc4d3da30ef7]::park::thread::ParkThread>>, tokio[abcbcc4d3da30ef7]::park::either::Either<tokio[abcbcc4d3da30ef7]::io::driver::Driver, tokio[abcbcc4d3da30ef7]::park::thread::ParkThread>>>>::block_on<rusoto_autoscaling[aad3dbf9175102be]::generated::protocol_tests::test_parse_valid_autoscaling_describe_policies::{closure#0}>::{closure#0}, (), tokio[abcbcc4d3da30ef7]::park::either::Either<tokio[abcbcc4d3da30ef7]::time::driver::Driver<tokio[abcbcc4d3da30ef7]::park::either::Either<tokio[abcbcc4d3da30ef7]::io::driver::Driver, tokio[abcbcc4d3da30ef7]::park::thread::ParkThread>>, tokio[abcbcc4d3da30ef7]::park::either::Either<tokio[abcbcc4d3da30ef7]::io::driver::Driver, tokio[abcbcc4d3da30ef7]::park::thread::ParkThread>>>
[INFO] [stdout]   16:     0x64ff50407e61 - tokio[abcbcc4d3da30ef7]::runtime::context::enter::<<tokio[abcbcc4d3da30ef7]::runtime::Runtime>::block_on<rusoto_autoscaling[aad3dbf9175102be]::generated::protocol_tests::test_parse_valid_autoscaling_describe_policies::{closure#0}>::{closure#0}, ()>
[INFO] [stdout]   17:     0x64ff5040eae2 - rusoto_autoscaling[aad3dbf9175102be]::generated::protocol_tests::test_parse_valid_autoscaling_describe_policies
[INFO] [stdout]   18:     0x64ff50408f69 - <rusoto_autoscaling[aad3dbf9175102be]::generated::protocol_tests::test_parse_valid_autoscaling_describe_policies::{closure#0} as core[df12db4294e9bfd3]::ops::function::FnOnce<()>>::call_once
[INFO] [stdout]   19:     0x64ff50410acb - test[9d35eded1c95d3be]::__rust_begin_short_backtrace::<core[df12db4294e9bfd3]::result::Result<(), alloc[2182bb758b4b3781]::string::String>, fn() -> core[df12db4294e9bfd3]::result::Result<(), alloc[2182bb758b4b3781]::string::String>>
[INFO] [stdout]   20:     0x64ff5041e135 - test[9d35eded1c95d3be]::run_test::{closure#0}
[INFO] [stdout]   21:     0x64ff504179f4 - std[70759c8f55707aa4]::sys::backtrace::__rust_begin_short_backtrace::<test[9d35eded1c95d3be]::run_test::{closure#1}, ()>
[INFO] [stdout]   22:     0x64ff50421292 - <std[70759c8f55707aa4]::thread::lifecycle::spawn_unchecked<test[9d35eded1c95d3be]::run_test::{closure#1}, ()>::{closure#1} as core[df12db4294e9bfd3]::ops::function::FnOnce<()>>::call_once::{shim:vtable#0}
[INFO] [stdout]   23:     0x64ff504c0809 - <std[70759c8f55707aa4]::sys::thread::unix::Thread>::new::thread_start
[INFO] [stdout]   24:     0x7d2f44c5ddfa - <unknown>
[INFO] [stdout]   25:     0x7d2f44cf13d4 - clone
[INFO] [stdout]   26:                0x0 - <unknown>
[INFO] [stdout] 
[INFO] [stdout] ---- generated::protocol_tests::test_parse_valid_autoscaling_describe_scheduled_actions stdout ----
[INFO] [stdout] 
[INFO] [stdout] thread 'generated::protocol_tests::test_parse_valid_autoscaling_describe_scheduled_actions' (1926) panicked at /opt/rustwide/cargo-home/registry/src/index.crates.io-1949cf8c6b5b557f/mz_rusoto_mock-0.46.0/src/lib.rs:175:53:
[INFO] [stdout] couldn't find file: Os { code: 2, kind: NotFound, message: "No such file or directory" }
[INFO] [stdout] stack backtrace:
[INFO] [stdout]    0:     0x64ff504c0f31 - <<std[70759c8f55707aa4]::sys::backtrace::BacktraceLock>::print::DisplayBacktrace as core[df12db4294e9bfd3]::fmt::Display>::fmt
[INFO] [stdout]    1:     0x64ff504d665a - core[df12db4294e9bfd3]::fmt::write
[INFO] [stdout]    2:     0x64ff504c550c - <alloc[2182bb758b4b3781]::vec::Vec<u8> as core[df12db4294e9bfd3]::io::write::Write>::write_fmt
[INFO] [stdout]    3:     0x64ff5049d1b6 - std[70759c8f55707aa4]::panicking::default_hook::{closure#0}
[INFO] [stdout]    4:     0x64ff504b95e9 - std[70759c8f55707aa4]::panicking::default_hook
[INFO] [stdout]    5:     0x64ff5041d7e0 - test[9d35eded1c95d3be]::test_main_inner::<test[9d35eded1c95d3be]::test_main_static::{closure#0}>::{closure#0}
[INFO] [stdout]    6:     0x64ff504b97a2 - std[70759c8f55707aa4]::panicking::panic_with_hook
[INFO] [stdout]    7:     0x64ff5049d262 - std[70759c8f55707aa4]::panicking::panic_handler::{closure#0}
[INFO] [stdout]    8:     0x64ff50495fb9 - std[70759c8f55707aa4]::sys::backtrace::__rust_end_short_backtrace::<std[70759c8f55707aa4]::panicking::panic_handler::{closure#0}, !>
[INFO] [stdout]    9:     0x64ff5049de5d - __rustc[8fa7c3cbc660c2b3]::rust_begin_unwind
[INFO] [stdout]   10:     0x64ff504d6dbc - core[df12db4294e9bfd3]::panicking::panic_fmt
[INFO] [stdout]   11:     0x64ff504d6b92 - core[df12db4294e9bfd3]::result::unwrap_failed
[INFO] [stdout]   12:     0x64ff504532ec - <rusoto_mock[1a9d6f9a77d5744d]::MockResponseReader as rusoto_mock[1a9d6f9a77d5744d]::ReadMockResponse>::read_response
[INFO] [stdout]   13:     0x64ff503f297d - rusoto_autoscaling[aad3dbf9175102be]::generated::protocol_tests::test_parse_valid_autoscaling_describe_scheduled_actions::{closure#0}
[INFO] [stdout]   14:     0x64ff503f664d - <tokio[abcbcc4d3da30ef7]::macros::scoped_tls::ScopedKey<tokio[abcbcc4d3da30ef7]::runtime::basic_scheduler::Context>>::set::<tokio[abcbcc4d3da30ef7]::runtime::basic_scheduler::enter<<tokio[abcbcc4d3da30ef7]::runtime::basic_scheduler::BasicScheduler<tokio[abcbcc4d3da30ef7]::park::either::Either<tokio[abcbcc4d3da30ef7]::time::driver::Driver<tokio[abcbcc4d3da30ef7]::park::either::Either<tokio[abcbcc4d3da30ef7]::io::driver::Driver, tokio[abcbcc4d3da30ef7]::park::thread::ParkThread>>, tokio[abcbcc4d3da30ef7]::park::either::Either<tokio[abcbcc4d3da30ef7]::io::driver::Driver, tokio[abcbcc4d3da30ef7]::park::thread::ParkThread>>>>::block_on<rusoto_autoscaling[aad3dbf9175102be]::generated::protocol_tests::test_parse_valid_autoscaling_describe_scheduled_actions::{closure#0}>::{closure#0}, (), tokio[abcbcc4d3da30ef7]::park::either::Either<tokio[abcbcc4d3da30ef7]::time::driver::Driver<tokio[abcbcc4d3da30ef7]::park::either::Either<tokio[abcbcc4d3da30ef7]::io::driver::Driver, tokio[abcbcc4d3da30ef7]::park::thread::ParkThread>>, tokio[abcbcc4d3da30ef7]::park::either::Either<tokio[abcbcc4d3da30ef7]::io::driver::Driver, tokio[abcbcc4d3da30ef7]::park::thread::ParkThread>>>::{closure#0}, ()>
[INFO] [stdout]   15:     0x64ff50402726 - tokio[abcbcc4d3da30ef7]::runtime::basic_scheduler::enter::<<tokio[abcbcc4d3da30ef7]::runtime::basic_scheduler::BasicScheduler<tokio[abcbcc4d3da30ef7]::park::either::Either<tokio[abcbcc4d3da30ef7]::time::driver::Driver<tokio[abcbcc4d3da30ef7]::park::either::Either<tokio[abcbcc4d3da30ef7]::io::driver::Driver, tokio[abcbcc4d3da30ef7]::park::thread::ParkThread>>, tokio[abcbcc4d3da30ef7]::park::either::Either<tokio[abcbcc4d3da30ef7]::io::driver::Driver, tokio[abcbcc4d3da30ef7]::park::thread::ParkThread>>>>::block_on<rusoto_autoscaling[aad3dbf9175102be]::generated::protocol_tests::test_parse_valid_autoscaling_describe_scheduled_actions::{closure#0}>::{closure#0}, (), tokio[abcbcc4d3da30ef7]::park::either::Either<tokio[abcbcc4d3da30ef7]::time::driver::Driver<tokio[abcbcc4d3da30ef7]::park::either::Either<tokio[abcbcc4d3da30ef7]::io::driver::Driver, tokio[abcbcc4d3da30ef7]::park::thread::ParkThread>>, tokio[abcbcc4d3da30ef7]::park::either::Either<tokio[abcbcc4d3da30ef7]::io::driver::Driver, tokio[abcbcc4d3da30ef7]::park::thread::ParkThread>>>
[INFO] [stdout]   16:     0x64ff504080c1 - tokio[abcbcc4d3da30ef7]::runtime::context::enter::<<tokio[abcbcc4d3da30ef7]::runtime::Runtime>::block_on<rusoto_autoscaling[aad3dbf9175102be]::generated::protocol_tests::test_parse_valid_autoscaling_describe_scheduled_actions::{closure#0}>::{closure#0}, ()>
[INFO] [stdout]   17:     0x64ff5040ee62 - rusoto_autoscaling[aad3dbf9175102be]::generated::protocol_tests::test_parse_valid_autoscaling_describe_scheduled_actions
[INFO] [stdout]   18:     0x64ff50408fa9 - <rusoto_autoscaling[aad3dbf9175102be]::generated::protocol_tests::test_parse_valid_autoscaling_describe_scheduled_actions::{closure#0} as core[df12db4294e9bfd3]::ops::function::FnOnce<()>>::call_once
[INFO] [stdout]   19:     0x64ff50410acb - test[9d35eded1c95d3be]::__rust_begin_short_backtrace::<core[df12db4294e9bfd3]::result::Result<(), alloc[2182bb758b4b3781]::string::String>, fn() -> core[df12db4294e9bfd3]::result::Result<(), alloc[2182bb758b4b3781]::string::String>>
[INFO] [stdout]   20:     0x64ff5041e135 - test[9d35eded1c95d3be]::run_test::{closure#0}
[INFO] [stdout]   21:     0x64ff504179f4 - std[70759c8f55707aa4]::sys::backtrace::__rust_begin_short_backtrace::<test[9d35eded1c95d3be]::run_test::{closure#1}, ()>
[INFO] [stdout]   22:     0x64ff50421292 - <std[70759c8f55707aa4]::thread::lifecycle::spawn_unchecked<test[9d35eded1c95d3be]::run_test::{closure#1}, ()>::{closure#1} as core[df12db4294e9bfd3]::ops::function::FnOnce<()>>::call_once::{shim:vtable#0}
[INFO] [stdout]   23:     0x64ff504c0809 - <std[70759c8f55707aa4]::sys::thread::unix::Thread>::new::thread_start
[INFO] [stdout]   24:     0x7d2f44c5ddfa - <unknown>
[INFO] [stdout]   25:     0x7d2f44cf13d4 - clone
[INFO] [stdout]   26:                0x0 - <unknown>
[INFO] [stdout] 
[INFO] [stdout] ---- generated::protocol_tests::test_parse_valid_autoscaling_describe_tags stdout ----
[INFO] [stdout] 
[INFO] [stdout] thread 'generated::protocol_tests::test_parse_valid_autoscaling_describe_tags' (1927) panicked at /opt/rustwide/cargo-home/registry/src/index.crates.io-1949cf8c6b5b557f/mz_rusoto_mock-0.46.0/src/lib.rs:175:53:
[INFO] [stdout] couldn't find file: Os { code: 2, kind: NotFound, message: "No such file or directory" }
[INFO] [stdout] stack backtrace:
[INFO] [stdout]    0:     0x64ff504c0f31 - <<std[70759c8f55707aa4]::sys::backtrace::BacktraceLock>::print::DisplayBacktrace as core[df12db4294e9bfd3]::fmt::Display>::fmt
[INFO] [stdout]    1:     0x64ff504d665a - core[df12db4294e9bfd3]::fmt::write
[INFO] [stdout]    2:     0x64ff504c550c - <alloc[2182bb758b4b3781]::vec::Vec<u8> as core[df12db4294e9bfd3]::io::write::Write>::write_fmt
[INFO] [stdout]    3:     0x64ff5049d1b6 - std[70759c8f55707aa4]::panicking::default_hook::{closure#0}
[INFO] [stdout]    4:     0x64ff504b95e9 - std[70759c8f55707aa4]::panicking::default_hook
[INFO] [stdout]    5:     0x64ff5041d7e0 - test[9d35eded1c95d3be]::test_main_inner::<test[9d35eded1c95d3be]::test_main_static::{closure#0}>::{closure#0}
[INFO] [stdout]    6:     0x64ff504b97a2 - std[70759c8f55707aa4]::panicking::panic_with_hook
[INFO] [stdout]    7:     0x64ff5049d262 - std[70759c8f55707aa4]::panicking::panic_handler::{closure#0}
[INFO] [stdout]    8:     0x64ff50495fb9 - std[70759c8f55707aa4]::sys::backtrace::__rust_end_short_backtrace::<std[70759c8f55707aa4]::panicking::panic_handler::{closure#0}, !>
[INFO] [stdout]    9:     0x64ff5049de5d - __rustc[8fa7c3cbc660c2b3]::rust_begin_unwind
[INFO] [stdout]   10:     0x64ff504d6dbc - core[df12db4294e9bfd3]::panicking::panic_fmt
[INFO] [stdout]   11:     0x64ff504d6b92 - core[df12db4294e9bfd3]::result::unwrap_failed
[INFO] [stdout]   12:     0x64ff504532ec - <rusoto_mock[1a9d6f9a77d5744d]::MockResponseReader as rusoto_mock[1a9d6f9a77d5744d]::ReadMockResponse>::read_response
[INFO] [stdout]   13:     0x64ff503f1ecd - rusoto_autoscaling[aad3dbf9175102be]::generated::protocol_tests::test_parse_valid_autoscaling_describe_tags::{closure#0}
[INFO] [stdout]   14:     0x64ff503f580d - <tokio[abcbcc4d3da30ef7]::macros::scoped_tls::ScopedKey<tokio[abcbcc4d3da30ef7]::runtime::basic_scheduler::Context>>::set::<tokio[abcbcc4d3da30ef7]::runtime::basic_scheduler::enter<<tokio[abcbcc4d3da30ef7]::runtime::basic_scheduler::BasicScheduler<tokio[abcbcc4d3da30ef7]::park::either::Either<tokio[abcbcc4d3da30ef7]::time::driver::Driver<tokio[abcbcc4d3da30ef7]::park::either::Either<tokio[abcbcc4d3da30ef7]::io::driver::Driver, tokio[abcbcc4d3da30ef7]::park::thread::ParkThread>>, tokio[abcbcc4d3da30ef7]::park::either::Either<tokio[abcbcc4d3da30ef7]::io::driver::Driver, tokio[abcbcc4d3da30ef7]::park::thread::ParkThread>>>>::block_on<rusoto_autoscaling[aad3dbf9175102be]::generated::protocol_tests::test_parse_valid_autoscaling_describe_tags::{closure#0}>::{closure#0}, (), tokio[abcbcc4d3da30ef7]::park::either::Either<tokio[abcbcc4d3da30ef7]::time::driver::Driver<tokio[abcbcc4d3da30ef7]::park::either::Either<tokio[abcbcc4d3da30ef7]::io::driver::Driver, tokio[abcbcc4d3da30ef7]::park::thread::ParkThread>>, tokio[abcbcc4d3da30ef7]::park::either::Either<tokio[abcbcc4d3da30ef7]::io::driver::Driver, tokio[abcbcc4d3da30ef7]::park::thread::ParkThread>>>::{closure#0}, ()>
[INFO] [stdout]   15:     0x64ff50402366 - tokio[abcbcc4d3da30ef7]::runtime::basic_scheduler::enter::<<tokio[abcbcc4d3da30ef7]::runtime::basic_scheduler::BasicScheduler<tokio[abcbcc4d3da30ef7]::park::either::Either<tokio[abcbcc4d3da30ef7]::time::driver::Driver<tokio[abcbcc4d3da30ef7]::park::either::Either<tokio[abcbcc4d3da30ef7]::io::driver::Driver, tokio[abcbcc4d3da30ef7]::park::thread::ParkThread>>, tokio[abcbcc4d3da30ef7]::park::either::Either<tokio[abcbcc4d3da30ef7]::io::driver::Driver, tokio[abcbcc4d3da30ef7]::park::thread::ParkThread>>>>::block_on<rusoto_autoscaling[aad3dbf9175102be]::generated::protocol_tests::test_parse_valid_autoscaling_describe_tags::{closure#0}>::{closure#0}, (), tokio[abcbcc4d3da30ef7]::park::either::Either<tokio[abcbcc4d3da30ef7]::time::driver::Driver<tokio[abcbcc4d3da30ef7]::park::either::Either<tokio[abcbcc4d3da30ef7]::io::driver::Driver, tokio[abcbcc4d3da30ef7]::park::thread::ParkThread>>, tokio[abcbcc4d3da30ef7]::park::either::Either<tokio[abcbcc4d3da30ef7]::io::driver::Driver, tokio[abcbcc4d3da30ef7]::park::thread::ParkThread>>>
[INFO] [stdout]   16:     0x64ff50407d31 - tokio[abcbcc4d3da30ef7]::runtime::context::enter::<<tokio[abcbcc4d3da30ef7]::runtime::Runtime>::block_on<rusoto_autoscaling[aad3dbf9175102be]::generated::protocol_tests::test_parse_valid_autoscaling_describe_tags::{closure#0}>::{closure#0}, ()>
[INFO] [stdout]   17:     0x64ff5040e922 - rusoto_autoscaling[aad3dbf9175102be]::generated::protocol_tests::test_parse_valid_autoscaling_describe_tags
[INFO] [stdout]   18:     0x64ff50408f49 - <rusoto_autoscaling[aad3dbf9175102be]::generated::protocol_tests::test_parse_valid_autoscaling_describe_tags::{closure#0} as core[df12db4294e9bfd3]::ops::function::FnOnce<()>>::call_once
[INFO] [stdout]   19:     0x64ff50410acb - test[9d35eded1c95d3be]::__rust_begin_short_backtrace::<core[df12db4294e9bfd3]::result::Result<(), alloc[2182bb758b4b3781]::string::String>, fn() -> core[df12db4294e9bfd3]::result::Result<(), alloc[2182bb758b4b3781]::string::String>>
[INFO] [stdout]   20:     0x64ff5041e135 - test[9d35eded1c95d3be]::run_test::{closure#0}
[INFO] [stdout]   21:     0x64ff504179f4 - std[70759c8f55707aa4]::sys::backtrace::__rust_begin_short_backtrace::<test[9d35eded1c95d3be]::run_test::{closure#1}, ()>
[INFO] [stdout]   22:     0x64ff50421292 - <std[70759c8f55707aa4]::thread::lifecycle::spawn_unchecked<test[9d35eded1c95d3be]::run_test::{closure#1}, ()>::{closure#1} as core[df12db4294e9bfd3]::ops::function::FnOnce<()>>::call_once::{shim:vtable#0}
[INFO] [stdout]   23:     0x64ff504c0809 - <std[70759c8f55707aa4]::sys::thread::unix::Thread>::new::thread_start
[INFO] [stdout]   24:     0x7d2f44c5ddfa - <unknown>
[INFO] [stdout]   25:     0x7d2f44cf13d4 - clone
[INFO] [stdout]   26:                0x0 - <unknown>
[INFO] [stdout] 
[INFO] [stdout] ---- generated::protocol_tests::test_parse_valid_autoscaling_describe_termination_policy_types stdout ----
[INFO] [stdout] 
[INFO] [stdout] thread 'generated::protocol_tests::test_parse_valid_autoscaling_describe_termination_policy_types' (1928) panicked at /opt/rustwide/cargo-home/registry/src/index.crates.io-1949cf8c6b5b557f/mz_rusoto_mock-0.46.0/src/lib.rs:175:53:
[INFO] [stdout] couldn't find file: Os { code: 2, kind: NotFound, message: "No such file or directory" }
[INFO] [stdout] stack backtrace:
[INFO] [stdout]    0:     0x64ff504c0f31 - <<std[70759c8f55707aa4]::sys::backtrace::BacktraceLock>::print::DisplayBacktrace as core[df12db4294e9bfd3]::fmt::Display>::fmt
[INFO] [stdout]    1:     0x64ff504d665a - core[df12db4294e9bfd3]::fmt::write
[INFO] [stdout]    2:     0x64ff504c550c - <alloc[2182bb758b4b3781]::vec::Vec<u8> as core[df12db4294e9bfd3]::io::write::Write>::write_fmt
[INFO] [stdout]    3:     0x64ff5049d1b6 - std[70759c8f55707aa4]::panicking::default_hook::{closure#0}
[INFO] [stdout]    4:     0x64ff504b95e9 - std[70759c8f55707aa4]::panicking::default_hook
[INFO] [stdout]    5:     0x64ff5041d7e0 - test[9d35eded1c95d3be]::test_main_inner::<test[9d35eded1c95d3be]::test_main_static::{closure#0}>::{closure#0}
[INFO] [stdout]    6:     0x64ff504b97a2 - std[70759c8f55707aa4]::panicking::panic_with_hook
[INFO] [stdout]    7:     0x64ff5049d262 - std[70759c8f55707aa4]::panicking::panic_handler::{closure#0}
[INFO] [stdout]    8:     0x64ff50495fb9 - std[70759c8f55707aa4]::sys::backtrace::__rust_end_short_backtrace::<std[70759c8f55707aa4]::panicking::panic_handler::{closure#0}, !>
[INFO] [stdout]    9:     0x64ff5049de5d - __rustc[8fa7c3cbc660c2b3]::rust_begin_unwind
[INFO] [stdout]   10:     0x64ff504d6dbc - core[df12db4294e9bfd3]::panicking::panic_fmt
[INFO] [stdout]   11:     0x64ff504d6b92 - core[df12db4294e9bfd3]::result::unwrap_failed
[INFO] [stdout]   12:     0x64ff504532ec - <rusoto_mock[1a9d6f9a77d5744d]::MockResponseReader as rusoto_mock[1a9d6f9a77d5744d]::ReadMockResponse>::read_response
[INFO] [stdout]   13:     0x64ff503f425d - rusoto_autoscaling[aad3dbf9175102be]::generated::protocol_tests::test_parse_valid_autoscaling_describe_termination_policy_types::{closure#0}
[INFO] [stdout]   14:     0x64ff503f878d - <tokio[abcbcc4d3da30ef7]::macros::scoped_tls::ScopedKey<tokio[abcbcc4d3da30ef7]::runtime::basic_scheduler::Context>>::set::<tokio[abcbcc4d3da30ef7]::runtime::basic_scheduler::enter<<tokio[abcbcc4d3da30ef7]::runtime::basic_scheduler::BasicScheduler<tokio[abcbcc4d3da30ef7]::park::either::Either<tokio[abcbcc4d3da30ef7]::time::driver::Driver<tokio[abcbcc4d3da30ef7]::park::either::Either<tokio[abcbcc4d3da30ef7]::io::driver::Driver, tokio[abcbcc4d3da30ef7]::park::thread::ParkThread>>, tokio[abcbcc4d3da30ef7]::park::either::Either<tokio[abcbcc4d3da30ef7]::io::driver::Driver, tokio[abcbcc4d3da30ef7]::park::thread::ParkThread>>>>::block_on<rusoto_autoscaling[aad3dbf9175102be]::generated::protocol_tests::test_parse_valid_autoscaling_describe_termination_policy_types::{closure#0}>::{closure#0}, (), tokio[abcbcc4d3da30ef7]::park::either::Either<tokio[abcbcc4d3da30ef7]::time::driver::Driver<tokio[abcbcc4d3da30ef7]::park::either::Either<tokio[abcbcc4d3da30ef7]::io::driver::Driver, tokio[abcbcc4d3da30ef7]::park::thread::ParkThread>>, tokio[abcbcc4d3da30ef7]::park::either::Either<tokio[abcbcc4d3da30ef7]::io::driver::Driver, tokio[abcbcc4d3da30ef7]::park::thread::ParkThread>>>::{closure#0}, ()>
[INFO] [stdout]   15:     0x64ff50402fe6 - tokio[abcbcc4d3da30ef7]::runtime::basic_scheduler::enter::<<tokio[abcbcc4d3da30ef7]::runtime::basic_scheduler::BasicScheduler<tokio[abcbcc4d3da30ef7]::park::either::Either<tokio[abcbcc4d3da30ef7]::time::driver::Driver<tokio[abcbcc4d3da30ef7]::park::either::Either<tokio[abcbcc4d3da30ef7]::io::driver::Driver, tokio[abcbcc4d3da30ef7]::park::thread::ParkThread>>, tokio[abcbcc4d3da30ef7]::park::either::Either<tokio[abcbcc4d3da30ef7]::io::driver::Driver, tokio[abcbcc4d3da30ef7]::park::thread::ParkThread>>>>::block_on<rusoto_autoscaling[aad3dbf9175102be]::generated::protocol_tests::test_parse_valid_autoscaling_describe_termination_policy_types::{closure#0}>::{closure#0}, (), tokio[abcbcc4d3da30ef7]::park::either::Either<tokio[abcbcc4d3da30ef7]::time::driver::Driver<tokio[abcbcc4d3da30ef7]::park::either::Either<tokio[abcbcc4d3da30ef7]::io::driver::Driver, tokio[abcbcc4d3da30ef7]::park::thread::ParkThread>>, tokio[abcbcc4d3da30ef7]::park::either::Either<tokio[abcbcc4d3da30ef7]::io::driver::Driver, tokio[abcbcc4d3da30ef7]::park::thread::ParkThread>>>
[INFO] [stdout]   16:     0x64ff50408911 - tokio[abcbcc4d3da30ef7]::runtime::context::enter::<<tokio[abcbcc4d3da30ef7]::runtime::Runtime>::block_on<rusoto_autoscaling[aad3dbf9175102be]::generated::protocol_tests::test_parse_valid_autoscaling_describe_termination_policy_types::{closure#0}>::{closure#0}, ()>
[INFO] [stdout]   17:     0x64ff5040faa2 - rusoto_autoscaling[aad3dbf9175102be]::generated::protocol_tests::test_parse_valid_autoscaling_describe_termination_policy_types
[INFO] [stdout]   18:     0x64ff50409089 - <rusoto_autoscaling[aad3dbf9175102be]::generated::protocol_tests::test_parse_valid_autoscaling_describe_termination_policy_types::{closure#0} as core[df12db4294e9bfd3]::ops::function::FnOnce<()>>::call_once
[INFO] [stdout]   19:     0x64ff50410acb - test[9d35eded1c95d3be]::__rust_begin_short_backtrace::<core[df12db4294e9bfd3]::result::Result<(), alloc[2182bb758b4b3781]::string::String>, fn() -> core[df12db4294e9bfd3]::result::Result<(), alloc[2182bb758b4b3781]::string::String>>
[INFO] [stdout]   20:     0x64ff5041e135 - test[9d35eded1c95d3be]::run_test::{closure#0}
[INFO] [stdout]   21:     0x64ff504179f4 - std[70759c8f55707aa4]::sys::backtrace::__rust_begin_short_backtrace::<test[9d35eded1c95d3be]::run_test::{closure#1}, ()>
[INFO] [stdout]   22:     0x64ff50421292 - <std[70759c8f55707aa4]::thread::lifecycle::spawn_unchecked<test[9d35eded1c95d3be]::run_test::{closure#1}, ()>::{closure#1} as core[df12db4294e9bfd3]::ops::function::FnOnce<()>>::call_once::{shim:vtable#0}
[INFO] [stdout]   23:     0x64ff504c0809 - <std[70759c8f55707aa4]::sys::thread::unix::Thread>::new::thread_start
[INFO] [stdout]   24:     0x7d2f44c5ddfa - <unknown>
[INFO] [stdout]   25:     0x7d2f44cf13d4 - clone
[INFO] [stdout]   26:                0x0 - <unknown>
[INFO] [stdout] 
[INFO] [stdout] ---- generated::protocol_tests::test_parse_valid_autoscaling_describe_scaling_process_types stdout ----
[INFO] [stdout] 
[INFO] [stdout] thread 'generated::protocol_tests::test_parse_valid_autoscaling_describe_scaling_process_types' (1925) panicked at /opt/rustwide/cargo-home/registry/src/index.crates.io-1949cf8c6b5b557f/mz_rusoto_mock-0.46.0/src/lib.rs:175:53:
[INFO] [stdout] couldn't find file: Os { code: 2, kind: NotFound, message: "No such file or directory" }
[INFO] [stdout] stack backtrace:
[INFO] [stdout]    0:     0x64ff504c0f31 - <<std[70759c8f55707aa4]::sys::backtrace::BacktraceLock>::print::DisplayBacktrace as core[df12db4294e9bfd3]::fmt::Display>::fmt
[INFO] [stdout]    1:     0x64ff504d665a - core[df12db4294e9bfd3]::fmt::write
[INFO] [stdout]    2:     0x64ff504c550c - <alloc[2182bb758b4b3781]::vec::Vec<u8> as core[df12db4294e9bfd3]::io::write::Write>::write_fmt
[INFO] [stdout]    3:     0x64ff5049d1b6 - std[70759c8f55707aa4]::panicking::default_hook::{closure#0}
[INFO] [stdout]    4:     0x64ff504b95e9 - std[70759c8f55707aa4]::panicking::default_hook
[INFO] [stdout]    5:     0x64ff5041d7e0 - test[9d35eded1c95d3be]::test_main_inner::<test[9d35eded1c95d3be]::test_main_static::{closure#0}>::{closure#0}
[INFO] [stdout]    6:     0x64ff504b97a2 - std[70759c8f55707aa4]::panicking::panic_with_hook
[INFO] [stdout]    7:     0x64ff5049d262 - std[70759c8f55707aa4]::panicking::panic_handler::{closure#0}
[INFO] [stdout]    8:     0x64ff50495fb9 - std[70759c8f55707aa4]::sys::backtrace::__rust_end_short_backtrace::<std[70759c8f55707aa4]::panicking::panic_handler::{closure#0}, !>
[INFO] [stdout]    9:     0x64ff5049de5d - __rustc[8fa7c3cbc660c2b3]::rust_begin_unwind
[INFO] [stdout]   10:     0x64ff504d6dbc - core[df12db4294e9bfd3]::panicking::panic_fmt
[INFO] [stdout]   11:     0x64ff504d6b92 - core[df12db4294e9bfd3]::result::unwrap_failed
[INFO] [stdout]   12:     0x64ff504532ec - <rusoto_mock[1a9d6f9a77d5744d]::MockResponseReader as rusoto_mock[1a9d6f9a77d5744d]::ReadMockResponse>::read_response
[INFO] [stdout]   13:     0x64ff503f37ed - rusoto_autoscaling[aad3dbf9175102be]::generated::protocol_tests::test_parse_valid_autoscaling_describe_scaling_process_types::{closure#0}
[INFO] [stdout]   14:     0x64ff503f794d - <tokio[abcbcc4d3da30ef7]::macros::scoped_tls::ScopedKey<tokio[abcbcc4d3da30ef7]::runtime::basic_scheduler::Context>>::set::<tokio[abcbcc4d3da30ef7]::runtime::basic_scheduler::enter<<tokio[abcbcc4d3da30ef7]::runtime::basic_scheduler::BasicScheduler<tokio[abcbcc4d3da30ef7]::park::either::Either<tokio[abcbcc4d3da30ef7]::time::driver::Driver<tokio[abcbcc4d3da30ef7]::park::either::Either<tokio[abcbcc4d3da30ef7]::io::driver::Driver, tokio[abcbcc4d3da30ef7]::park::thread::ParkThread>>, tokio[abcbcc4d3da30ef7]::park::either::Either<tokio[abcbcc4d3da30ef7]::io::driver::Driver, tokio[abcbcc4d3da30ef7]::park::thread::ParkThread>>>>::block_on<rusoto_autoscaling[aad3dbf9175102be]::generated::protocol_tests::test_parse_valid_autoscaling_describe_scaling_process_types::{closure#0}>::{closure#0}, (), tokio[abcbcc4d3da30ef7]::park::either::Either<tokio[abcbcc4d3da30ef7]::time::driver::Driver<tokio[abcbcc4d3da30ef7]::park::either::Either<tokio[abcbcc4d3da30ef7]::io::driver::Driver, tokio[abcbcc4d3da30ef7]::park::thread::ParkThread>>, tokio[abcbcc4d3da30ef7]::park::either::Either<tokio[abcbcc4d3da30ef7]::io::driver::Driver, tokio[abcbcc4d3da30ef7]::park::thread::ParkThread>>>::{closure#0}, ()>
[INFO] [stdout]   15:     0x64ff50402c26 - tokio[abcbcc4d3da30ef7]::runtime::basic_scheduler::enter::<<tokio[abcbcc4d3da30ef7]::runtime::basic_scheduler::BasicScheduler<tokio[abcbcc4d3da30ef7]::park::either::Either<tokio[abcbcc4d3da30ef7]::time::driver::Driver<tokio[abcbcc4d3da30ef7]::park::either::Either<tokio[abcbcc4d3da30ef7]::io::driver::Driver, tokio[abcbcc4d3da30ef7]::park::thread::ParkThread>>, tokio[abcbcc4d3da30ef7]::park::either::Either<tokio[abcbcc4d3da30ef7]::io::driver::Driver, tokio[abcbcc4d3da30ef7]::park::thread::ParkThread>>>>::block_on<rusoto_autoscaling[aad3dbf9175102be]::generated::protocol_tests::test_parse_valid_autoscaling_describe_scaling_process_types::{closure#0}>::{closure#0}, (), tokio[abcbcc4d3da30ef7]::park::either::Either<tokio[abcbcc4d3da30ef7]::time::driver::Driver<tokio[abcbcc4d3da30ef7]::park::either::Either<tokio[abcbcc4d3da30ef7]::io::driver::Driver, tokio[abcbcc4d3da30ef7]::park::thread::ParkThread>>, tokio[abcbcc4d3da30ef7]::park::either::Either<tokio[abcbcc4d3da30ef7]::io::driver::Driver, tokio[abcbcc4d3da30ef7]::park::thread::ParkThread>>>
[INFO] [stdout]   16:     0x64ff50408581 - tokio[abcbcc4d3da30ef7]::runtime::context::enter::<<tokio[abcbcc4d3da30ef7]::runtime::Runtime>::block_on<rusoto_autoscaling[aad3dbf9175102be]::generated::protocol_tests::test_parse_valid_autoscaling_describe_scaling_process_types::{closure#0}>::{closure#0}, ()>
[INFO] [stdout]   17:     0x64ff5040f562 - rusoto_autoscaling[aad3dbf9175102be]::generated::protocol_tests::test_parse_valid_autoscaling_describe_scaling_process_types
[INFO] [stdout]   18:     0x64ff50409029 - <rusoto_autoscaling[aad3dbf9175102be]::generated::protocol_tests::test_parse_valid_autoscaling_describe_scaling_process_types::{closure#0} as core[df12db4294e9bfd3]::ops::function::FnOnce<()>>::call_once
[INFO] [stdout]   19:     0x64ff50410acb - test[9d35eded1c95d3be]::__rust_begin_short_backtrace::<core[df12db4294e9bfd3]::result::Result<(), alloc[2182bb758b4b3781]::string::String>, fn() -> core[df12db4294e9bfd3]::result::Result<(), alloc[2182bb758b4b3781]::string::String>>
[INFO] [stdout]   20:     0x64ff5041e135 - test[9d35eded1c95d3be]::run_test::{closure#0}
[INFO] [stdout]   21:     0x64ff504179f4 - std[70759c8f55707aa4]::sys::backtrace::__rust_begin_short_backtrace::<test[9d35eded1c95d3be]::run_test::{closure#1}, ()>
[INFO] [stdout]   22:     0x64ff50421292 - <std[70759c8f55707aa4]::thread::lifecycle::spawn_unchecked<test[9d35eded1c95d3be]::run_test::{closure#1}, ()>::{closure#1} as core[df12db4294e9bfd3]::ops::function::FnOnce<()>>::call_once::{shim:vtable#0}
[INFO] [stdout]   23:     0x64ff504c0809 - <std[70759c8f55707aa4]::sys::thread::unix::Thread>::new::thread_start
[INFO] [stdout]   24:     0x7d2f44c5ddfa - <unknown>
[INFO] [stdout]   25:     0x7d2f44cf13d4 - clone
[INFO] [stdout]   26:                0x0 - <unknown>
[INFO] [stdout] 
[INFO] [stdout] ---- generated::protocol_tests::test_parse_valid_autoscaling_describe_scaling_activities stdout ----
[INFO] [stdout] 
[INFO] [stdout] thread 'generated::protocol_tests::test_parse_valid_autoscaling_describe_scaling_activities' (1924) panicked at /opt/rustwide/cargo-home/registry/src/index.crates.io-1949cf8c6b5b557f/mz_rusoto_mock-0.46.0/src/lib.rs:175:53:
[INFO] [stdout] couldn't find file: Os { code: 2, kind: NotFound, message: "No such file or directory" }
[INFO] [stdout] stack backtrace:
[INFO] [stdout]    0:     0x64ff504c0f31 - <<std[70759c8f55707aa4]::sys::backtrace::BacktraceLock>::print::DisplayBacktrace as core[df12db4294e9bfd3]::fmt::Display>::fmt
[INFO] [stdout]    1:     0x64ff504d665a - core[df12db4294e9bfd3]::fmt::write
[INFO] [stdout]    2:     0x64ff504c550c - <alloc[2182bb758b4b3781]::vec::Vec<u8> as core[df12db4294e9bfd3]::io::write::Write>::write_fmt
[INFO] [stdout]    3:     0x64ff5049d1b6 - std[70759c8f55707aa4]::panicking::default_hook::{closure#0}
[INFO] [stdout]    4:     0x64ff504b95e9 - std[70759c8f55707aa4]::panicking::default_hook
[INFO] [stdout]    5:     0x64ff5041d7e0 - test[9d35eded1c95d3be]::test_main_inner::<test[9d35eded1c95d3be]::test_main_static::{closure#0}>::{closure#0}
[INFO] [stdout]    6:     0x64ff504b97a2 - std[70759c8f55707aa4]::panicking::panic_with_hook
[INFO] [stdout]    7:     0x64ff5049d262 - std[70759c8f55707aa4]::panicking::panic_handler::{closure#0}
[INFO] [stdout]    8:     0x64ff50495fb9 - std[70759c8f55707aa4]::sys::backtrace::__rust_end_short_backtrace::<std[70759c8f55707aa4]::panicking::panic_handler::{closure#0}, !>
[INFO] [stdout]    9:     0x64ff5049de5d - __rustc[8fa7c3cbc660c2b3]::rust_begin_unwind
[INFO] [stdout]   10:     0x64ff504d6dbc - core[df12db4294e9bfd3]::panicking::panic_fmt
[INFO] [stdout]   11:     0x64ff504d6b92 - core[df12db4294e9bfd3]::result::unwrap_failed
[INFO] [stdout]   12:     0x64ff504532ec - <rusoto_mock[1a9d6f9a77d5744d]::MockResponseReader as rusoto_mock[1a9d6f9a77d5744d]::ReadMockResponse>::read_response
[INFO] [stdout]   13:     0x64ff503f2d2d - rusoto_autoscaling[aad3dbf9175102be]::generated::protocol_tests::test_parse_valid_autoscaling_describe_scaling_activities::{closure#0}
[INFO] [stdout]   14:     0x64ff503f6b0d - <tokio[abcbcc4d3da30ef7]::macros::scoped_tls::ScopedKey<tokio[abcbcc4d3da30ef7]::runtime::basic_scheduler::Context>>::set::<tokio[abcbcc4d3da30ef7]::runtime::basic_scheduler::enter<<tokio[abcbcc4d3da30ef7]::runtime::basic_scheduler::BasicScheduler<tokio[abcbcc4d3da30ef7]::park::either::Either<tokio[abcbcc4d3da30ef7]::time::driver::Driver<tokio[abcbcc4d3da30ef7]::park::either::Either<tokio[abcbcc4d3da30ef7]::io::driver::Driver, tokio[abcbcc4d3da30ef7]::park::thread::ParkThread>>, tokio[abcbcc4d3da30ef7]::park::either::Either<tokio[abcbcc4d3da30ef7]::io::driver::Driver, tokio[abcbcc4d3da30ef7]::park::thread::ParkThread>>>>::block_on<rusoto_autoscaling[aad3dbf9175102be]::generated::protocol_tests::test_parse_valid_autoscaling_describe_scaling_activities::{closure#0}>::{closure#0}, (), tokio[abcbcc4d3da30ef7]::park::either::Either<tokio[abcbcc4d3da30ef7]::time::driver::Driver<tokio[abcbcc4d3da30ef7]::park::either::Either<tokio[abcbcc4d3da30ef7]::io::driver::Driver, tokio[abcbcc4d3da30ef7]::park::thread::ParkThread>>, tokio[abcbcc4d3da30ef7]::park::either::Either<tokio[abcbcc4d3da30ef7]::io::driver::Driver, tokio[abcbcc4d3da30ef7]::park::thread::ParkThread>>>::{closure#0}, ()>
[INFO] [stdout]   15:     0x64ff50402866 - tokio[abcbcc4d3da30ef7]::runtime::basic_scheduler::enter::<<tokio[abcbcc4d3da30ef7]::runtime::basic_scheduler::BasicScheduler<tokio[abcbcc4d3da30ef7]::park::either::Either<tokio[abcbcc4d3da30ef7]::time::driver::Driver<tokio[abcbcc4d3da30ef7]::park::either::Either<tokio[abcbcc4d3da30ef7]::io::driver::Driver, tokio[abcbcc4d3da30ef7]::park::thread::ParkThread>>, tokio[abcbcc4d3da30ef7]::park::either::Either<tokio[abcbcc4d3da30ef7]::io::driver::Driver, tokio[abcbcc4d3da30ef7]::park::thread::ParkThread>>>>::block_on<rusoto_autoscaling[aad3dbf9175102be]::generated::protocol_tests::test_parse_valid_autoscaling_describe_scaling_activities::{closure#0}>::{closure#0}, (), tokio[abcbcc4d3da30ef7]::park::either::Either<tokio[abcbcc4d3da30ef7]::time::driver::Driver<tokio[abcbcc4d3da30ef7]::park::either::Either<tokio[abcbcc4d3da30ef7]::io::driver::Driver, tokio[abcbcc4d3da30ef7]::park::thread::ParkThread>>, tokio[abcbcc4d3da30ef7]::park::either::Either<tokio[abcbcc4d3da30ef7]::io::driver::Driver, tokio[abcbcc4d3da30ef7]::park::thread::ParkThread>>>
[INFO] [stdout]   16:     0x64ff504081f1 - tokio[abcbcc4d3da30ef7]::runtime::context::enter::<<tokio[abcbcc4d3da30ef7]::runtime::Runtime>::block_on<rusoto_autoscaling[aad3dbf9175102be]::generated::protocol_tests::test_parse_valid_autoscaling_describe_scaling_activities::{closure#0}>::{closure#0}, ()>
[INFO] [stdout]   17:     0x64ff5040f022 - rusoto_autoscaling[aad3dbf9175102be]::generated::protocol_tests::test_parse_valid_autoscaling_describe_scaling_activities
[INFO] [stdout]   18:     0x64ff50408fc9 - <rusoto_autoscaling[aad3dbf9175102be]::generated::protocol_tests::test_parse_valid_autoscaling_describe_scaling_activities::{closure#0} as core[df12db4294e9bfd3]::ops::function::FnOnce<()>>::call_once
[INFO] [stdout]   19:     0x64ff50410acb - test[9d35eded1c95d3be]::__rust_begin_short_backtrace::<core[df12db4294e9bfd3]::result::Result<(), alloc[2182bb758b4b3781]::string::String>, fn() -> core[df12db4294e9bfd3]::result::Result<(), alloc[2182bb758b4b3781]::string::String>>
[INFO] [stdout]   20:     0x64ff5041e135 - test[9d35eded1c95d3be]::run_test::{closure#0}
[INFO] [stdout]   21:     0x64ff504179f4 - std[70759c8f55707aa4]::sys::backtrace::__rust_begin_short_backtrace::<test[9d35eded1c95d3be]::run_test::{closure#1}, ()>
[INFO] [stdout]   22:     0x64ff50421292 - <std[70759c8f55707aa4]::thread::lifecycle::spawn_unchecked<test[9d35eded1c95d3be]::run_test::{closure#1}, ()>::{closure#1} as core[df12db4294e9bfd3]::ops::function::FnOnce<()>>::call_once::{shim:vtable#0}
[INFO] [stdout]   23:     0x64ff504c0809 - <std[70759c8f55707aa4]::sys::thread::unix::Thread>::new::thread_start
[INFO] [stdout]   24:     0x7d2f44c5ddfa - <unknown>
[INFO] [stdout]   25:     0x7d2f44cf13d4 - clone
[INFO] [stdout]   26:                0x0 - <unknown>
[INFO] [stdout] 
[INFO] [stdout] 
[INFO] [stdout] failures:
[INFO] [stdout]     generated::protocol_tests::test_parse_error_autoscaling_delete_policy
[INFO] [stdout]     generated::protocol_tests::test_parse_valid_autoscaling_describe_adjustment_types
[INFO] [stdout]     generated::protocol_tests::test_parse_valid_autoscaling_describe_auto_scaling_groups
[INFO] [stdout]     generated::protocol_tests::test_parse_valid_autoscaling_describe_auto_scaling_instances
[INFO] [stdout]     generated::protocol_tests::test_parse_valid_autoscaling_describe_auto_scaling_notification_types
[INFO] [stdout]     generated::protocol_tests::test_parse_valid_autoscaling_describe_launch_configurations
[INFO] [stdout]     generated::protocol_tests::test_parse_valid_autoscaling_describe_metric_collection_types
[INFO] [stdout]     generated::protocol_tests::test_parse_valid_autoscaling_describe_notification_configurations
[INFO] [stdout]     generated::protocol_tests::test_parse_valid_autoscaling_describe_policies
[INFO] [stdout]     generated::protocol_tests::test_parse_valid_autoscaling_describe_scaling_activities
[INFO] [stdout]     generated::protocol_tests::test_parse_valid_autoscaling_describe_scaling_process_types
[INFO] [stdout]     generated::protocol_tests::test_parse_valid_autoscaling_describe_scheduled_actions
[INFO] [stdout]     generated::protocol_tests::test_parse_valid_autoscaling_describe_tags
[INFO] [stdout]     generated::protocol_tests::test_parse_valid_autoscaling_describe_termination_policy_types
[INFO] [stdout] 
[INFO] [stdout] test result: FAILED. 0 passed; 14 failed; 0 ignored; 0 measured; 0 filtered out; finished in 0.01s
[INFO] [stdout] 
[INFO] [stderr] error: test failed, to rerun pass `--lib`
[INFO] running `Command { std: "docker" "inspect" "80fe02da0adb51c342fe89ac2d04cc32a8466847a6cbeb71564acd77648c99aa", kill_on_drop: false }`
[INFO] running `Command { std: "docker" "rm" "-f" "80fe02da0adb51c342fe89ac2d04cc32a8466847a6cbeb71564acd77648c99aa", kill_on_drop: false }`
[INFO] [stdout] 80fe02da0adb51c342fe89ac2d04cc32a8466847a6cbeb71564acd77648c99aa
