[INFO] fetching crate mystquarto 0.3.0...
[INFO] testing mystquarto-0.3.0 against 1.99.0-beta.8+cargoflags=--release for beta-release-1.100-2
[INFO] extracting crate mystquarto 0.3.0 into /workspace/builds/worker-2-tc1/source
[INFO] started tweaking crates.io crate mystquarto 0.3.0
[INFO] removed 0 missing tests
[INFO] finished tweaking crates.io crate mystquarto 0.3.0
[INFO] tweaked toml for crates.io crate mystquarto 0.3.0 written to /workspace/builds/worker-2-tc1/source/Cargo.toml
[INFO] validating manifest of crates.io crate mystquarto 0.3.0 on toolchain 1.99.0-beta.8
[INFO] running `Command { std: CARGO_HOME="/workspace/cargo-home" RUSTUP_HOME="/workspace/rustup-home" "/workspace/cargo-home/bin/cargo" "+1.99.0-beta.8" "metadata" "--manifest-path" "Cargo.toml" "--no-deps", kill_on_drop: false }`
[INFO] crate crates.io crate mystquarto 0.3.0 already has a lockfile, it will not be regenerated
[INFO] running `Command { std: CARGO_HOME="/workspace/cargo-home" RUSTUP_HOME="/workspace/rustup-home" "/workspace/cargo-home/bin/cargo" "+1.99.0-beta.8" "fetch" "--manifest-path" "Cargo.toml", kill_on_drop: false }`
[INFO] [stderr]     Updating crates.io index
[INFO] [stderr]     Blocking waiting for file lock on package cache
[INFO] [stderr]  Downloading crates ...
[INFO] [stderr]   Downloaded arraydeque v0.5.1
[INFO] [stderr]   Downloaded globset v0.4.20
[INFO] [stderr]   Downloaded mystquarto-core v0.3.0
[INFO] [stderr]   Downloaded saphyr v0.0.12
[INFO] [stderr]   Downloaded clap_derive v4.6.4
[INFO] [stderr]   Downloaded saphyr-parser v0.0.12
[INFO] [stderr]   Downloaded ignore v0.4.33
[INFO] [stderr]   Downloaded indexmap v2.14.1
[INFO] running `Command { std: "docker" "create" "-v" "/var/lib/crater-agent-workspace/builds/worker-2-tc1/source:/opt/rustwide/workdir:ro,Z" "-v" "/var/lib/crater-agent-workspace/builds/worker-2-tc1/target:/opt/rustwide/target:rw,Z" "-v" "/var/lib/crater-agent-workspace/cargo-home:/opt/rustwide/cargo-home:ro,Z" "-v" "/var/lib/crater-agent-workspace/rustup-home:/opt/rustwide/rustup-home:ro,Z" "-m" "1610612736" "--network" "none" "ghcr.io/rust-lang/crates-build-env/linux@sha256:77db811e55d90add9212f6832c23229e3de5f1c1f9905e8cb07319ea15df73ac" "sleep" "infinity", kill_on_drop: false }`
[INFO] [stdout] 169ed0d512b41081f663cf90f2d01ef8632763895b330c32a17a44cf969d6026
[INFO] running `Command { std: "docker" "start" "169ed0d512b41081f663cf90f2d01ef8632763895b330c32a17a44cf969d6026", kill_on_drop: false }`
[INFO] running `Command { std: "docker" "inspect" "169ed0d512b41081f663cf90f2d01ef8632763895b330c32a17a44cf969d6026", kill_on_drop: false }`
[INFO] running `Command { std: "docker" "exec" "-e" "SOURCE_DIR=/opt/rustwide/workdir" "-e" "CARGO_HOME=/opt/rustwide/cargo-home" "-e" "RUSTUP_HOME=/opt/rustwide/rustup-home" "-e" "CARGO_TARGET_DIR=/opt/rustwide/target" "-w" "/opt/rustwide/workdir" "--user" "0:0" "169ed0d512b41081f663cf90f2d01ef8632763895b330c32a17a44cf969d6026" "/opt/rustwide/cargo-home/bin/cargo" "+1.99.0-beta.8" "metadata" "--no-deps" "--format-version=1", kill_on_drop: false }`
[INFO] running `Command { std: "docker" "inspect" "169ed0d512b41081f663cf90f2d01ef8632763895b330c32a17a44cf969d6026", kill_on_drop: false }`
[INFO] running `Command { std: "docker" "exec" "-e" "SOURCE_DIR=/opt/rustwide/workdir" "-e" "CARGO_HOME=/opt/rustwide/cargo-home" "-e" "RUSTUP_HOME=/opt/rustwide/rustup-home" "-e" "CARGO_TARGET_DIR=/opt/rustwide/target" "-e" "CARGO_INCREMENTAL=0" "-e" "RUST_BACKTRACE=full" "-e" "RUSTFLAGS=--cap-lints=warn" "-e" "RUSTDOCFLAGS=--cap-lints=warn" "-w" "/opt/rustwide/workdir" "--user" "0:0" "169ed0d512b41081f663cf90f2d01ef8632763895b330c32a17a44cf969d6026" "/opt/rustwide/cargo-home/bin/cargo" "+1.99.0-beta.8" "build" "--frozen" "--message-format=json" "--release", kill_on_drop: false }`
[INFO] [stderr]    Compiling unicode-ident v1.0.24
[INFO] [stderr]    Compiling serde_core v1.0.229
[INFO] [stderr]    Compiling memchr v2.8.3
[INFO] [stderr]    Compiling serde v1.0.229
[INFO] [stderr]    Compiling crossbeam-utils v0.8.23
[INFO] [stderr]    Compiling thiserror v2.0.20
[INFO] [stderr]    Compiling zmij v1.0.23
[INFO] [stderr]    Compiling regex-syntax v0.8.11
[INFO] [stderr]    Compiling utf8parse v0.2.2
[INFO] [stderr]    Compiling equivalent v1.0.2
[INFO] [stderr]    Compiling hashbrown v0.17.1
[INFO] [stderr]    Compiling num-traits v0.2.19
[INFO] [stderr]    Compiling cfg-if v1.0.4
[INFO] [stderr]    Compiling same-file v1.0.6
[INFO] [stderr]    Compiling arraydeque v0.5.1
[INFO] [stderr]    Compiling winnow v0.7.15
[INFO] [stderr]    Compiling proc-macro2 v1.0.107
[INFO] [stderr]    Compiling is_terminal_polyfill v1.70.2
[INFO] [stderr]    Compiling anstyle-parse v1.0.0
[INFO] [stderr]    Compiling anstyle v1.0.14
[INFO] [stderr]    Compiling colorchoice v1.0.5
[INFO] [stderr]    Compiling anstyle-query v1.1.5
[INFO] [stderr]    Compiling serde_json v1.0.151
[INFO] [stderr]    Compiling toml_write v0.1.2
[INFO] [stderr]    Compiling walkdir v2.5.0
[INFO] [stderr]    Compiling encoding_rs v0.8.35
[INFO] [stderr]    Compiling itoa v1.0.18
[INFO] [stderr]    Compiling anstream v1.0.0
[INFO] [stderr]    Compiling heck v0.5.0
[INFO] [stderr]    Compiling anyhow v1.0.104
[INFO] [stderr]    Compiling strsim v0.11.1
[INFO] [stderr]    Compiling clap_lex v1.1.0
[INFO] [stderr]    Compiling quote v1.0.47
[INFO] [stderr]    Compiling clap_builder v4.6.6
[INFO] [stderr]    Compiling aho-corasick v1.1.5
[INFO] [stderr]    Compiling bstr v1.13.1
[INFO] [stderr]    Compiling syn v3.0.4
[INFO] [stderr]    Compiling crossbeam-epoch v0.9.21
[INFO] [stderr]    Compiling indexmap v2.14.1
[INFO] [stderr]    Compiling hashlink v0.12.1
[INFO] [stderr]    Compiling crossbeam-deque v0.8.8
[INFO] [stderr]    Compiling ordered-float v5.5.0
[INFO] [stderr]    Compiling regex-automata v0.4.18
[INFO] [stderr]    Compiling serde_derive v1.0.229
[INFO] [stderr]    Compiling thiserror-impl v2.0.20
[INFO] [stderr]    Compiling clap_derive v4.6.4
[INFO] [stderr]    Compiling saphyr-parser v0.0.12
[INFO] [stderr]    Compiling saphyr v0.0.12
[INFO] [stderr]    Compiling clap v4.6.6
[INFO] [stderr]    Compiling globset v0.4.20
[INFO] [stderr]    Compiling ignore v0.4.33
[INFO] [stderr]    Compiling toml_datetime v0.6.11
[INFO] [stderr]    Compiling serde_spanned v0.6.9
[INFO] [stderr]    Compiling toml_edit v0.22.27
[INFO] [stderr]    Compiling toml v0.8.23
[INFO] [stderr]    Compiling mystquarto-core v0.3.0
[INFO] [stderr]    Compiling mystquarto v0.3.0 (/opt/rustwide/workdir)
[INFO] [stderr]     Finished `release` profile [optimized] target(s) in 1m 08s
[INFO] running `Command { std: "docker" "inspect" "169ed0d512b41081f663cf90f2d01ef8632763895b330c32a17a44cf969d6026", kill_on_drop: false }`
[INFO] running `Command { std: "docker" "exec" "-e" "SOURCE_DIR=/opt/rustwide/workdir" "-e" "CARGO_HOME=/opt/rustwide/cargo-home" "-e" "RUSTUP_HOME=/opt/rustwide/rustup-home" "-e" "CARGO_TARGET_DIR=/opt/rustwide/target" "-e" "CARGO_INCREMENTAL=0" "-e" "RUST_BACKTRACE=full" "-e" "RUSTFLAGS=--cap-lints=warn" "-e" "RUSTDOCFLAGS=--cap-lints=warn" "-w" "/opt/rustwide/workdir" "--user" "0:0" "169ed0d512b41081f663cf90f2d01ef8632763895b330c32a17a44cf969d6026" "/opt/rustwide/cargo-home/bin/cargo" "+1.99.0-beta.8" "test" "--frozen" "--no-run" "--message-format=json" "--release", kill_on_drop: false }`
[INFO] [stderr]    Compiling regex-syntax v0.8.11
[INFO] [stderr]    Compiling getrandom v0.4.3
[INFO] [stderr]    Compiling rustix v1.1.4
[INFO] [stderr]    Compiling predicates-core v1.0.10
[INFO] [stderr]    Compiling float-cmp v0.10.0
[INFO] [stderr]    Compiling bitflags v2.13.1
[INFO] [stderr]    Compiling termtree v0.5.1
[INFO] [stderr]    Compiling normalize-line-endings v0.3.0
[INFO] [stderr]    Compiling linux-raw-sys v0.12.1
[INFO] [stderr]    Compiling difflib v0.4.0
[INFO] [stderr]    Compiling assert_cmd v2.2.2
[INFO] [stderr]    Compiling wait-timeout v0.2.1
[INFO] [stderr]    Compiling once_cell v1.21.4
[INFO] [stderr]    Compiling fastrand v2.5.0
[INFO] [stderr]    Compiling similar v2.7.0
[INFO] [stderr]    Compiling predicates-tree v1.0.13
[INFO] [stderr]    Compiling regex-automata v0.4.18
[INFO] [stderr]    Compiling tempfile v3.27.0
[INFO] [stderr]    Compiling bstr v1.13.1
[INFO] [stderr]    Compiling regex v1.13.1
[INFO] [stderr]    Compiling predicates v3.1.4
[INFO] [stderr]    Compiling globset v0.4.20
[INFO] [stderr]    Compiling ignore v0.4.33
[INFO] [stderr]    Compiling mystquarto-core v0.3.0
[INFO] [stderr]    Compiling mystquarto v0.3.0 (/opt/rustwide/workdir)
[INFO] [stderr]     Finished `release` profile [optimized] target(s) in 44.14s
[INFO] running `Command { std: "docker" "inspect" "169ed0d512b41081f663cf90f2d01ef8632763895b330c32a17a44cf969d6026", kill_on_drop: false }`
[INFO] running `Command { std: "docker" "exec" "-e" "SOURCE_DIR=/opt/rustwide/workdir" "-e" "CARGO_HOME=/opt/rustwide/cargo-home" "-e" "RUSTUP_HOME=/opt/rustwide/rustup-home" "-e" "CARGO_TARGET_DIR=/opt/rustwide/target" "-e" "CARGO_INCREMENTAL=0" "-e" "RUST_BACKTRACE=full" "-e" "RUSTFLAGS=--cap-lints=warn" "-e" "RUSTDOCFLAGS=--cap-lints=warn" "-w" "/opt/rustwide/workdir" "--user" "0:0" "169ed0d512b41081f663cf90f2d01ef8632763895b330c32a17a44cf969d6026" "/opt/rustwide/cargo-home/bin/cargo" "+1.99.0-beta.8" "test" "--frozen" "--release", kill_on_drop: false }`
[INFO] [stderr]     Finished `release` profile [optimized] target(s) in 0.11s
[INFO] [stderr]      Running unittests src/lib.rs (/opt/rustwide/target/release/deps/mystquarto-c098bbfc287da332)
[INFO] [stdout] 
[INFO] [stdout] running 23 tests
[INFO] [stdout] test orchestrate::tests::a_missing_output_is_an_error_that_suggests_a_path ... ok
[INFO] [stdout] test orchestrate::tests::an_existing_project_is_refused_as_output_even_with_force ... ok
[INFO] [stdout] test orchestrate::tests::in_place_is_refused_in_an_agent_science_kit_project ... ok
[INFO] [stdout] test orchestrate::tests::dry_run_writes_zero_bytes_across_flag_combinations ... ok
[INFO] [stdout] test orchestrate::tests::a_single_file_the_project_names_converts_the_project_closure ... ok
[INFO] [stdout] test orchestrate::tests::in_place_stops_the_batch_after_the_first_failure ... ok
[INFO] [stdout] test orchestrate::tests::a_stale_target_config_in_the_input_is_ignored_and_kept ... ok
[INFO] [stdout] test orchestrate::tests::a_single_file_outside_any_config_gets_a_synthesized_config ... ok
[INFO] [stdout] test orchestrate::tests::in_place_without_force_or_clean_git_refuses_to_run ... ok
[INFO] [stdout] test orchestrate::tests::output_pointed_at_the_input_tree_is_refused_before_anything_is_written ... ok
[INFO] [stdout] test orchestrate::tests::a_figure_in_the_raw_data_tier_fails_the_run_and_is_never_copied ... ok
[INFO] [stdout] test orchestrate::tests::citations_defined_in_a_project_or_page_bibliography_are_not_reported_missing ... ok
[INFO] [stdout] test orchestrate::tests::a_gitignored_output_inside_the_input_is_allowed ... ok
[INFO] [stdout] test orchestrate::tests::a_config_write_failure_is_a_failed_outcome_and_a_non_zero_exit ... ok
[INFO] [stdout] test orchestrate::tests::in_place_force_bypasses_the_vcs_gate ... ok
[INFO] [stdout] test orchestrate::tests::a_config_round_trip_restores_the_original_text_exactly ... ok
[INFO] [stdout] test orchestrate::tests::non_in_place_run_produces_an_outcome_per_discovered_content_file ... ok
[INFO] [stdout] test orchestrate::tests::a_previous_output_of_the_same_direction_is_reused_but_not_of_the_other ... ok
[INFO] [stdout] test orchestrate::tests::in_place_with_dirty_git_repo_refuses_to_run ... ok
[INFO] [stdout] test orchestrate::tests::in_place_refuses_rather_than_lose_preserved_content_without_force ... ok
[INFO] [stdout] test orchestrate::tests::in_place_with_force_writes_the_preservation_sidecar_and_proceeds ... ok
[INFO] [stdout] test orchestrate::tests::in_place_deletes_the_source_only_after_its_output_is_written ... ok
[INFO] [stdout] test orchestrate::tests::in_place_with_clean_git_repo_passes_the_vcs_gate ... ok
[INFO] [stdout] 
[INFO] [stdout] test result: ok. 23 passed; 0 failed; 0 ignored; 0 measured; 0 filtered out; finished in 0.18s
[INFO] [stdout] 
[INFO] [stderr]      Running unittests src/bin/myst2quarto.rs (/opt/rustwide/target/release/deps/myst2quarto-48adbf60e7433cfe)
[INFO] [stdout] 
[INFO] [stdout] running 0 tests
[INFO] [stdout] 
[INFO] [stdout] test result: ok. 0 passed; 0 failed; 0 ignored; 0 measured; 0 filtered out; finished in 0.00s
[INFO] [stdout] 
[INFO] [stderr]      Running unittests src/main.rs (/opt/rustwide/target/release/deps/mystquarto-2d79d6535b95631f)
[INFO] [stdout] 
[INFO] [stderr]      Running unittests src/bin/quarto2myst.rs (/opt/rustwide/target/release/deps/quarto2myst-26a4457984815922)
[INFO] [stdout] running 0 tests
[INFO] [stdout] 
[INFO] [stdout] test result: ok. 0 passed; 0 failed; 0 ignored; 0 measured; 0 filtered out; finished in 0.00s
[INFO] [stdout] 
[INFO] [stderr]      Running tests/cli.rs (/opt/rustwide/target/release/deps/cli-b55c37b67b218d3b)
[INFO] [stdout] 
[INFO] [stdout] running 0 tests
[INFO] [stdout] 
[INFO] [stdout] test result: ok. 0 passed; 0 failed; 0 ignored; 0 measured; 0 filtered out; finished in 0.00s
[INFO] [stdout] 
[INFO] [stdout] 
[INFO] [stdout] running 47 tests
[INFO] [stdout] test convert_directory::test_missing_output_is_refused_and_writes_nothing ... ok
[INFO] [stdout] test cli_options::test_dry_run ... ok
[INFO] [stdout] test convert_directory::test_dry_run_no_writes ... ok
[INFO] [stdout] test cli_options::test_output_option ... ok
[INFO] [stdout] test convert_directory::test_no_config ... ok
[INFO] [stdout] test cli_options::test_no_config ... ok
[INFO] [stdout] test convert_file::test_convert_file_dry_run ... ok
[INFO] [stdout] test cli_options::test_config_only ... ok
[INFO] [stdout] test convert_directory::test_config_only ... ok
[INFO] [stdout] test d16_fixture_does_not_recurse_into_nested_output ... FAILED
[INFO] [stdout] test cli_options::test_strict_mode ... ok
[INFO] [stdout] test convert_file::test_convert_file_nonexistent ... ok
[INFO] [stdout] test d12_fixture_strict_now_fails_on_real_warnings ... FAILED
[INFO] [stdout] test convert_directory::test_config_file_conversion ... ok
[INFO] [stdout] test convert_directory::test_file_extension_renaming_quarto_to_myst ... ok
[INFO] [stdout] test convert_directory::test_single_file_path ... ok
[INFO] [stdout] test discovery_and_asset_copy_exclude_an_output_dir_nested_inside_the_input ... ok
[INFO] [stdout] test convert_file::test_convert_single_file_myst_to_quarto ... ok
[INFO] [stdout] test convert_directory::test_convert_directory_creates_output ... ok
[INFO] [stdout] test convert_file::test_convert_single_file_quarto_to_myst ... ok
[INFO] [stdout] test in_place_dry_run_writes_zero_bytes ... ok
[INFO] [stdout] test every_binary_prints_its_version ... ok
[INFO] [stdout] test main_subcommands::test_main_no_subcommand ... ok
[INFO] [stdout] test convert_file::test_convert_file_with_frontmatter ... ok
[INFO] [stdout] test myst2quarto_cli::test_nonexistent_path ... ok
[INFO] [stdout] test foreign_dialect_preservation_sidecar_is_not_reparsed_by_the_cli ... ok
[INFO] [stdout] test help_flag_exits_zero_for_all_three_binaries ... ok
[INFO] [stdout] test convert_directory::test_quarto_config_file_conversion ... ok
[INFO] [stdout] test main_subcommands::test_main_to_myst_subcommand ... ok
[INFO] [stdout] test main_subcommands::test_main_to_quarto_subcommand ... ok
[INFO] [stdout] test myst2quarto_cli::test_myst2quarto_single_file ... ok
[INFO] [stdout] test dry_run_writes_zero_bytes_end_to_end_across_flag_combinations ... ok
[INFO] [stdout] test quarto2myst_cli::test_quarto2myst_directory ... ok
[INFO] [stdout] test quarto2myst_cli::test_quarto2myst_single_file ... ok
[INFO] [stdout] test include_traversal_is_preserved_with_a_strict_all_diagnostic ... ok
[INFO] [stdout] test warning_collector::test_report_format_prints_explicit_zero_counts_on_a_clean_run ... ok
[INFO] [stdout] test myst2quarto_cli::test_myst2quarto_directory ... ok
[INFO] [stdout] test cli_options::test_in_place_option ... ok
[INFO] [stdout] test warning_collector::test_has_errors_exit_code_reflects_a_real_file_failure_regardless_of_strict ... ok
[INFO] [stdout] test convert_directory::test_file_extension_renaming_myst_to_quarto ... ok
[INFO] [stdout] test symlink_assets_are_skipped_end_to_end ... ok
[INFO] [stdout] test warning_collector::test_warning_with_file_and_line_prints_in_the_diagnostic_line ... ok
[INFO] [stdout] test warning_collector::test_suppress_toml_baselines_a_code ... ok
[INFO] [stdout] test warning_collector::test_strict_all_also_promotes_expected_lossy ... ok
[INFO] [stdout] test warning_collector::test_strict_mode_warnings_become_errors ... ok
[INFO] [stdout] test convert_directory::test_in_place_modifies_source ... ok
[INFO] [stdout] test convert_directory::test_non_markdown_copied_as_assets ... ok
[INFO] [stdout] 
[INFO] [stdout] failures:
[INFO] [stdout] 
[INFO] [stdout] ---- d16_fixture_does_not_recurse_into_nested_output stdout ----
[INFO] [stdout] 
[INFO] [stdout] thread 'd16_fixture_does_not_recurse_into_nested_output' (2422) panicked at tests/cli.rs:1332:10:
[INFO] [stdout] called `Result::unwrap()` on an `Err` value: Os { code: 2, kind: NotFound, message: "No such file or directory" }
[INFO] [stdout] stack backtrace:
[INFO] [stdout]    0:     0x6241232b5eb1 - <<std[70759c8f55707aa4]::sys::backtrace::BacktraceLock>::print::DisplayBacktrace as core[df12db4294e9bfd3]::fmt::Display>::fmt
[INFO] [stdout]    1:     0x6241232cd3ba - core[df12db4294e9bfd3]::fmt::write
[INFO] [stdout]    2:     0x6241232bbb4c - <alloc[2182bb758b4b3781]::vec::Vec<u8> as core[df12db4294e9bfd3]::io::write::Write>::write_fmt
[INFO] [stdout]    3:     0x62412328e636 - std[70759c8f55707aa4]::panicking::default_hook::{closure#0}
[INFO] [stdout]    4:     0x6241232ac399 - std[70759c8f55707aa4]::panicking::default_hook
[INFO] [stdout]    5:     0x624123235970 - test[9d35eded1c95d3be]::test_main_inner::<test[9d35eded1c95d3be]::test_main_static::{closure#0}>::{closure#0}
[INFO] [stdout]    6:     0x6241232ac552 - std[70759c8f55707aa4]::panicking::panic_with_hook
[INFO] [stdout]    7:     0x62412328e6e2 - std[70759c8f55707aa4]::panicking::panic_handler::{closure#0}
[INFO] [stdout]    8:     0x6241232870b9 - std[70759c8f55707aa4]::sys::backtrace::__rust_end_short_backtrace::<std[70759c8f55707aa4]::panicking::panic_handler::{closure#0}, !>
[INFO] [stdout]    9:     0x62412328f3cd - __rustc[8fa7c3cbc660c2b3]::rust_begin_unwind
[INFO] [stdout]   10:     0x6241232cdb6c - core[df12db4294e9bfd3]::panicking::panic_fmt
[INFO] [stdout]   11:     0x6241232cd942 - core[df12db4294e9bfd3]::result::unwrap_failed
[INFO] [stdout]   12:     0x62412321086b - <cli[15b1160fc05b1e22]::d16_fixture_does_not_recurse_into_nested_output::{closure#0} as core[df12db4294e9bfd3]::ops::function::FnOnce<()>>::call_once
[INFO] [stdout]   13:     0x624123228c5b - test[9d35eded1c95d3be]::__rust_begin_short_backtrace::<core[df12db4294e9bfd3]::result::Result<(), alloc[2182bb758b4b3781]::string::String>, fn() -> core[df12db4294e9bfd3]::result::Result<(), alloc[2182bb758b4b3781]::string::String>>
[INFO] [stdout]   14:     0x6241232362c5 - test[9d35eded1c95d3be]::run_test::{closure#0}
[INFO] [stdout]   15:     0x62412322fb84 - std[70759c8f55707aa4]::sys::backtrace::__rust_begin_short_backtrace::<test[9d35eded1c95d3be]::run_test::{closure#1}, ()>
[INFO] [stdout]   16:     0x624123239422 - <std[70759c8f55707aa4]::thread::lifecycle::spawn_unchecked<test[9d35eded1c95d3be]::run_test::{closure#1}, ()>::{closure#1} as core[df12db4294e9bfd3]::ops::function::FnOnce<()>>::call_once::{shim:vtable#0}
[INFO] [stdout]   17:     0x6241232b4dc9 - <std[70759c8f55707aa4]::sys::thread::unix::Thread>::new::thread_start
[INFO] [stdout]   18:     0x77e43f7b0dfa - <unknown>
[INFO] [stdout]   19:     0x77e43f8443d4 - clone
[INFO] [stdout]   20:                0x0 - <unknown>
[INFO] [stdout] 
[INFO] [stdout] ---- d12_fixture_strict_now_fails_on_real_warnings stdout ----
[INFO] [stdout] 
[INFO] [stdout] thread 'd12_fixture_strict_now_fails_on_real_warnings' (2421) panicked at tests/cli.rs:1306:10:
[INFO] [stdout] called `Result::unwrap()` on an `Err` value: Os { code: 2, kind: NotFound, message: "No such file or directory" }
[INFO] [stdout] stack backtrace:
[INFO] [stdout]    0:     0x6241232b5eb1 - <<std[70759c8f55707aa4]::sys::backtrace::BacktraceLock>::print::DisplayBacktrace as core[df12db4294e9bfd3]::fmt::Display>::fmt
[INFO] [stdout]    1:     0x6241232cd3ba - core[df12db4294e9bfd3]::fmt::write
[INFO] [stdout]    2:     0x6241232bbb4c - <alloc[2182bb758b4b3781]::vec::Vec<u8> as core[df12db4294e9bfd3]::io::write::Write>::write_fmt
[INFO] [stdout]    3:     0x62412328e636 - std[70759c8f55707aa4]::panicking::default_hook::{closure#0}
[INFO] [stdout]    4:     0x6241232ac399 - std[70759c8f55707aa4]::panicking::default_hook
[INFO] [stdout]    5:     0x624123235970 - test[9d35eded1c95d3be]::test_main_inner::<test[9d35eded1c95d3be]::test_main_static::{closure#0}>::{closure#0}
[INFO] [stdout]    6:     0x6241232ac552 - std[70759c8f55707aa4]::panicking::panic_with_hook
[INFO] [stdout]    7:     0x62412328e6e2 - std[70759c8f55707aa4]::panicking::panic_handler::{closure#0}
[INFO] [stdout]    8:     0x6241232870b9 - std[70759c8f55707aa4]::sys::backtrace::__rust_end_short_backtrace::<std[70759c8f55707aa4]::panicking::panic_handler::{closure#0}, !>
[INFO] [stdout]    9:     0x62412328f3cd - __rustc[8fa7c3cbc660c2b3]::rust_begin_unwind
[INFO] [stdout]   10:     0x6241232cdb6c - core[df12db4294e9bfd3]::panicking::panic_fmt
[INFO] [stdout]   11:     0x6241232cd942 - core[df12db4294e9bfd3]::result::unwrap_failed
[INFO] [stdout]   12:     0x62412321002b - <cli[15b1160fc05b1e22]::d12_fixture_strict_now_fails_on_real_warnings::{closure#0} as core[df12db4294e9bfd3]::ops::function::FnOnce<()>>::call_once
[INFO] [stdout]   13:     0x624123228c5b - test[9d35eded1c95d3be]::__rust_begin_short_backtrace::<core[df12db4294e9bfd3]::result::Result<(), alloc[2182bb758b4b3781]::string::String>, fn() -> core[df12db4294e9bfd3]::result::Result<(), alloc[2182bb758b4b3781]::string::String>>
[INFO] [stdout]   14:     0x6241232362c5 - test[9d35eded1c95d3be]::run_test::{closure#0}
[INFO] [stdout]   15:     0x62412322fb84 - std[70759c8f55707aa4]::sys::backtrace::__rust_begin_short_backtrace::<test[9d35eded1c95d3be]::run_test::{closure#1}, ()>
[INFO] [stdout]   16:     0x624123239422 - <std[70759c8f55707aa4]::thread::lifecycle::spawn_unchecked<test[9d35eded1c95d3be]::run_test::{closure#1}, ()>::{closure#1} as core[df12db4294e9bfd3]::ops::function::FnOnce<()>>::call_once::{shim:vtable#0}
[INFO] [stdout]   17:     0x6241232b4dc9 - <std[70759c8f55707aa4]::sys::thread::unix::Thread>::new::thread_start
[INFO] [stdout]   18:     0x77e43f7b0dfa - <unknown>
[INFO] [stdout]   19:     0x77e43f8443d4 - clone
[INFO] [stdout]   20:                0x0 - <unknown>
[INFO] [stdout] 
[INFO] [stdout] 
[INFO] [stdout] failures:
[INFO] [stdout]     d12_fixture_strict_now_fails_on_real_warnings
[INFO] [stdout]     d16_fixture_does_not_recurse_into_nested_output
[INFO] [stdout] 
[INFO] [stdout] test result: FAILED. 45 passed; 2 failed; 0 ignored; 0 measured; 0 filtered out; finished in 0.25s
[INFO] [stdout] 
[INFO] [stderr] error: test failed, to rerun pass `--test cli`
[INFO] running `Command { std: "docker" "inspect" "169ed0d512b41081f663cf90f2d01ef8632763895b330c32a17a44cf969d6026", kill_on_drop: false }`
[INFO] running `Command { std: "docker" "rm" "-f" "169ed0d512b41081f663cf90f2d01ef8632763895b330c32a17a44cf969d6026", kill_on_drop: false }`
[INFO] [stdout] 169ed0d512b41081f663cf90f2d01ef8632763895b330c32a17a44cf969d6026
