[INFO] fetching crate mysql_async_uu 0.32.4...
[INFO] testing mysql_async_uu-0.32.4 against 1.100.0-beta.1+cargoflags=--release for beta-release-1.100-2
[INFO] extracting crate mysql_async_uu 0.32.4 into /workspace/builds/worker-2-tc2/source
[INFO] started tweaking crates.io crate mysql_async_uu 0.32.4
[INFO] finished tweaking crates.io crate mysql_async_uu 0.32.4
[INFO] tweaked toml for crates.io crate mysql_async_uu 0.32.4 written to /workspace/builds/worker-2-tc2/source/Cargo.toml
[INFO] validating manifest of crates.io crate mysql_async_uu 0.32.4 on toolchain 1.100.0-beta.1
[INFO] running `Command { std: CARGO_HOME="/workspace/cargo-home" RUSTUP_HOME="/workspace/rustup-home" "/workspace/cargo-home/bin/cargo" "+1.100.0-beta.1" "metadata" "--manifest-path" "Cargo.toml" "--no-deps", kill_on_drop: false }`
[INFO] running `Command { std: CARGO_HOME="/workspace/cargo-home" RUSTUP_HOME="/workspace/rustup-home" "/workspace/cargo-home/bin/cargo" "+1.100.0-beta.1" "generate-lockfile" "--manifest-path" "Cargo.toml", kill_on_drop: false }`
[INFO] [stderr]     Updating crates.io index
[INFO] [stderr]      Locking 268 packages to highest compatible versions
[INFO] [stderr]       Adding generic-array v0.14.7 (available: v0.14.9)
[INFO] [stderr]       Adding lru v0.10.1 (available: v0.18.5)
[INFO] [stderr]       Adding mio v0.8.11 (available: v1.2.4)
[INFO] [stderr]       Adding mysql_common v0.30.6 (available: v0.38.2)
[INFO] [stderr]       Adding pem v2.0.1 (available: v4.0.0)
[INFO] [stderr]       Adding rand v0.8.8 (available: v0.10.3)
[INFO] [stderr]       Adding rustls v0.21.12 (available: v0.23.46)
[INFO] [stderr]       Adding rustls-pemfile v1.0.4 (available: v2.2.0)
[INFO] [stderr]       Adding socket2 v0.5.10 (available: v0.6.5)
[INFO] [stderr]       Adding thiserror v1.0.69 (available: v2.0.21)
[INFO] [stderr]       Adding tokio-rustls v0.24.1 (available: v0.26.6)
[INFO] [stderr]       Adding twox-hash v1.6.3 (available: v2.1.5)
[INFO] [stderr]       Adding webpki-roots v0.23.1 (available: v1.0.9)
[INFO] running `Command { std: CARGO_HOME="/workspace/cargo-home" RUSTUP_HOME="/workspace/rustup-home" "/workspace/cargo-home/bin/cargo" "+1.100.0-beta.1" "fetch" "--manifest-path" "Cargo.toml", kill_on_drop: false }`
[INFO] running `Command { std: "docker" "create" "-v" "/var/lib/crater-agent-workspace/builds/worker-2-tc2/source:/opt/rustwide/workdir:ro,Z" "-v" "/var/lib/crater-agent-workspace/builds/worker-2-tc2/target:/opt/rustwide/target:rw,Z" "-v" "/var/lib/crater-agent-workspace/cargo-home:/opt/rustwide/cargo-home:ro,Z" "-v" "/var/lib/crater-agent-workspace/rustup-home:/opt/rustwide/rustup-home:ro,Z" "-m" "1610612736" "--network" "none" "ghcr.io/rust-lang/crates-build-env/linux@sha256:77db811e55d90add9212f6832c23229e3de5f1c1f9905e8cb07319ea15df73ac" "sleep" "infinity", kill_on_drop: false }`
[INFO] [stdout] 52564945bd14382dc4c6af16a6f70618cafbc0d07e31273681a1ca630afe45b2
[INFO] running `Command { std: "docker" "start" "52564945bd14382dc4c6af16a6f70618cafbc0d07e31273681a1ca630afe45b2", kill_on_drop: false }`
[INFO] running `Command { std: "docker" "inspect" "52564945bd14382dc4c6af16a6f70618cafbc0d07e31273681a1ca630afe45b2", kill_on_drop: false }`
[INFO] running `Command { std: "docker" "exec" "-e" "SOURCE_DIR=/opt/rustwide/workdir" "-e" "CARGO_HOME=/opt/rustwide/cargo-home" "-e" "RUSTUP_HOME=/opt/rustwide/rustup-home" "-e" "CARGO_TARGET_DIR=/opt/rustwide/target" "-w" "/opt/rustwide/workdir" "--user" "0:0" "52564945bd14382dc4c6af16a6f70618cafbc0d07e31273681a1ca630afe45b2" "/opt/rustwide/cargo-home/bin/cargo" "+1.100.0-beta.1" "metadata" "--no-deps" "--format-version=1", kill_on_drop: false }`
[INFO] running `Command { std: "docker" "inspect" "52564945bd14382dc4c6af16a6f70618cafbc0d07e31273681a1ca630afe45b2", kill_on_drop: false }`
[INFO] running `Command { std: "docker" "exec" "-e" "SOURCE_DIR=/opt/rustwide/workdir" "-e" "CARGO_HOME=/opt/rustwide/cargo-home" "-e" "RUSTUP_HOME=/opt/rustwide/rustup-home" "-e" "CARGO_TARGET_DIR=/opt/rustwide/target" "-e" "CARGO_INCREMENTAL=0" "-e" "RUST_BACKTRACE=full" "-e" "RUSTFLAGS=--cap-lints=warn" "-e" "RUSTDOCFLAGS=--cap-lints=warn" "-w" "/opt/rustwide/workdir" "--user" "0:0" "52564945bd14382dc4c6af16a6f70618cafbc0d07e31273681a1ca630afe45b2" "/opt/rustwide/cargo-home/bin/cargo" "+1.100.0-beta.1" "build" "--frozen" "--message-format=json" "--release", kill_on_drop: false }`
[INFO] [stderr]    Compiling num-traits v0.2.19
[INFO] [stderr]    Compiling openssl-sys v0.9.117
[INFO] [stderr]    Compiling syn v3.0.9
[INFO] [stderr]    Compiling lexical-util v0.8.5
[INFO] [stderr]    Compiling clang-sys v1.9.1
[INFO] [stderr]    Compiling regex-automata v0.4.18
[INFO] [stderr]    Compiling frunk_core v0.5.0
[INFO] [stderr]    Compiling bindgen v0.73.2
[INFO] [stderr]    Compiling smallvec v1.16.3
[INFO] [stderr]    Compiling darling_core v0.20.11
[INFO] [stderr]    Compiling lexical-write-integer v0.8.5
[INFO] [stderr]    Compiling lexical-parse-integer v0.8.6
[INFO] [stderr]    Compiling rand_core v0.6.4
[INFO] [stderr]    Compiling ppv-lite86 v0.2.21
[INFO] [stderr]    Compiling thiserror-impl v1.0.69
[INFO] [stderr]    Compiling libz-sys v1.1.30
[INFO] [stderr]    Compiling ahash v0.8.12
[INFO] [stderr]    Compiling openssl v0.10.81
[INFO] [stderr]    Compiling bitflags v2.13.2
[INFO] [stderr]    Compiling radium v0.7.0
[INFO] [stderr]    Compiling winnow v0.5.40
[INFO] [stderr]    Compiling crc32fast v1.5.2
[INFO] [stderr]    Compiling toml_datetime v0.6.11
[INFO] [stderr]    Compiling num-integer v0.1.47
[INFO] [stderr]    Compiling frunk_proc_macro_helpers v0.1.5
[INFO] [stderr]    Compiling regex v1.13.1
[INFO] [stderr]    Compiling rand_chacha v0.3.1
[INFO] [stderr]    Compiling lexical-parse-float v0.8.5
[INFO] [stderr]    Compiling lexical-write-float v0.8.5
[INFO] [stderr]    Compiling darling_macro v0.20.11
[INFO] [stderr]    Compiling syn v1.0.109
[INFO] [stderr]    Compiling aho-corasick v1.1.5
[INFO] [stderr]    Compiling subprocess v0.2.15
[INFO] [stderr]    Compiling openssl-macros v0.1.1
[INFO] [stderr]    Compiling toml_edit v0.19.15
[INFO] [stderr]    Compiling crossbeam-deque v0.8.8
[INFO] [stderr]    Compiling native-tls v0.2.18
[INFO] [stderr]    Compiling tap v1.0.1
[INFO] [stderr]    Compiling wyz v0.5.1
[INFO] [stderr]    Compiling tokio v1.53.3
[INFO] [stderr]    Compiling proc-macro-error v1.0.4
[INFO] [stderr]    Compiling thiserror v1.0.69
[INFO] [stderr]    Compiling lexical-core v0.8.5
[INFO] [stderr]    Compiling darling v0.20.11
[INFO] [stderr]    Compiling num-bigint v0.4.8
[INFO] [stderr]    Compiling rand v0.8.8
[INFO] [stderr]    Compiling frunk_derives v0.4.4
[INFO] [stderr]    Compiling synstructure v0.14.0
[INFO] [stderr]    Compiling zerofrom-derive v0.1.8
[INFO] [stderr]    Compiling yoke-derive v0.8.4
[INFO] [stderr]    Compiling zerofrom v0.1.8
[INFO] [stderr]    Compiling zerovec-derive v0.11.6
[INFO] [stderr]    Compiling yoke v0.8.3
[INFO] [stderr]    Compiling displaydoc v0.2.7
[INFO] [stderr]    Compiling zerotrie v0.2.5
[INFO] [stderr]    Compiling zerovec v0.11.8
[INFO] [stderr]    Compiling serde_derive v1.0.229
[INFO] [stderr]    Compiling tinystr v0.8.4
[INFO] [stderr]    Compiling icu_locale_core v2.3.0
[INFO] [stderr]    Compiling potential_utf v0.1.6
[INFO] [stderr]    Compiling icu_collections v2.3.0
[INFO] [stderr]    Compiling icu_provider v2.3.1
[INFO] [stderr]    Compiling proc-macro-crate v1.3.1
[INFO] [stderr]    Compiling icu_normalizer v2.3.0
[INFO] [stderr]    Compiling icu_properties v2.3.0
[INFO] [stderr]    Compiling mysql_common v0.30.6
[INFO] [stderr]    Compiling frunk_proc_macros v0.1.5
[INFO] [stderr]    Compiling serde v1.0.229
[INFO] [stderr]    Compiling crossbeam-epoch v0.9.21
[INFO] [stderr]    Compiling idna_adapter v1.2.2
[INFO] [stderr]    Compiling funty v2.0.0
[INFO] [stderr]    Compiling frunk_core v0.4.4
[INFO] [stderr]    Compiling deranged v0.5.9
[INFO] [stderr]    Compiling num-conv v0.2.2
[INFO] [stderr]    Compiling powerfmt v0.2.1
[INFO] [stderr]    Compiling equivalent v1.0.3
[INFO] [stderr]    Compiling time-core v0.1.9
[INFO] [stderr]    Compiling indexmap v2.14.2
[INFO] [stderr]    Compiling bitvec v1.1.1
[INFO] [stderr]    Compiling mysql-common-derive v0.30.2
[INFO] [stderr]    Compiling time v0.3.55
[INFO] [stderr]    Compiling chrono v0.4.45
[INFO] [stderr]    Compiling rust_decimal v1.43.0
[INFO] [stderr]    Compiling flate2 v1.1.10
[INFO] [stderr]    Compiling frunk v0.4.4
[INFO] [stderr]    Compiling idna v1.1.0
[INFO] [stderr]    Compiling futures-macro v0.3.34
[INFO] [stderr]    Compiling bigdecimal v0.3.1
[INFO] [stderr]    Compiling lexical v6.1.1
[INFO] [stderr]    Compiling hashbrown v0.13.2
[INFO] [stderr]    Compiling sha1 v0.10.7
[INFO] [stderr]    Compiling crossbeam-queue v0.3.14
[INFO] [stderr]    Compiling crossbeam-channel v0.5.17
[INFO] [stderr]    Compiling pin-project-internal v1.1.13
[INFO] [stderr]    Compiling uuid v1.28.0
[INFO] [stderr]    Compiling saturating v0.1.0
[INFO] [stderr]    Compiling lru v0.10.1
[INFO] [stderr]    Compiling futures-util v0.3.34
[INFO] [stderr]    Compiling crossbeam v0.8.5
[INFO] [stderr]    Compiling tokio-util v0.7.20
[INFO] [stderr]    Compiling url v2.5.8
[INFO] [stderr]    Compiling keyed_priority_queue v0.4.2
[INFO] [stderr]    Compiling tokio-native-tls v0.3.1
[INFO] [stderr]    Compiling pem v2.0.1
[INFO] [stderr]    Compiling pin-project v1.1.13
[INFO] [stderr]    Compiling twox-hash v1.6.3
[INFO] [stderr]    Compiling mio v0.8.11
[INFO] [stderr]    Compiling socket2 v0.5.10
[INFO] [stderr]    Compiling mysql_async_uu v0.32.4 (/opt/rustwide/workdir)
[INFO] [stdout] warning: unused import: `mysql_common::named_params`
[INFO] [stdout]   --> src/conn/mod.rs:10:9
[INFO] [stdout]    |
[INFO] [stdout] 10 | pub use mysql_common::named_params;
[INFO] [stdout]    |         ^^^^^^^^^^^^^^^^^^^^^^^^^^
[INFO] [stdout]    |
[INFO] [stdout]    = note: `#[warn(unused_imports)]` (part of `#[warn(unused)]`) on by default
[INFO] [stdout] 
[INFO] [stdout] 
[INFO] [stderr] warning: unused dependency `mio`
[INFO] [stderr]   --> Cargo.toml:29:15
[INFO] [stderr]    |
[INFO] [stderr] 29 | [dependencies.mio]
[INFO] [stderr]    |               ^^^^
[INFO] [stderr]    |
[INFO] [stderr]    = note: `cargo::unused_dependencies` is set to `warn` by default
[INFO] [stderr] help: consider removing the dependency on `mio`
[INFO] [stderr] warning: `mysql_async_uu` (manifest) generated 1 warning
[INFO] [stderr]     Finished `release` profile [optimized] target(s) in 3m 05s
[INFO] running `Command { std: "docker" "inspect" "52564945bd14382dc4c6af16a6f70618cafbc0d07e31273681a1ca630afe45b2", kill_on_drop: false }`
[INFO] running `Command { std: "docker" "exec" "-e" "SOURCE_DIR=/opt/rustwide/workdir" "-e" "CARGO_HOME=/opt/rustwide/cargo-home" "-e" "RUSTUP_HOME=/opt/rustwide/rustup-home" "-e" "CARGO_TARGET_DIR=/opt/rustwide/target" "-e" "CARGO_INCREMENTAL=0" "-e" "RUST_BACKTRACE=full" "-e" "RUSTFLAGS=--cap-lints=warn" "-e" "RUSTDOCFLAGS=--cap-lints=warn" "-w" "/opt/rustwide/workdir" "--user" "0:0" "52564945bd14382dc4c6af16a6f70618cafbc0d07e31273681a1ca630afe45b2" "/opt/rustwide/cargo-home/bin/cargo" "+1.100.0-beta.1" "test" "--frozen" "--no-run" "--message-format=json" "--release", kill_on_drop: false }`
[INFO] [stderr]    Compiling tokio-macros v2.7.2
[INFO] [stderr]    Compiling openssl v0.10.81
[INFO] [stderr]    Compiling mysql_common v0.30.6
[INFO] [stderr]    Compiling getrandom v0.4.3
[INFO] [stderr]    Compiling socket2 v0.5.10
[INFO] [stderr]    Compiling tempfile v3.27.0
[INFO] [stderr]    Compiling tokio v1.53.3
[INFO] [stderr]    Compiling native-tls v0.2.18
[INFO] [stderr]    Compiling tokio-native-tls v0.3.1
[INFO] [stderr]    Compiling tokio-util v0.7.20
[INFO] [stderr]    Compiling mysql_async_uu v0.32.4 (/opt/rustwide/workdir)
[INFO] [stdout] warning: unused import: `mysql_common::named_params`
[INFO] [stdout]   --> src/conn/mod.rs:10:9
[INFO] [stdout]    |
[INFO] [stdout] 10 | pub use mysql_common::named_params;
[INFO] [stdout]    |         ^^^^^^^^^^^^^^^^^^^^^^^^^^
[INFO] [stdout]    |
[INFO] [stdout]    = note: `#[warn(unused_imports)]` (part of `#[warn(unused)]`) on by default
[INFO] [stdout] 
[INFO] [stdout] 
[INFO] [stdout] warning: unused import: `mysql_common::named_params`
[INFO] [stdout]   --> src/conn/mod.rs:10:9
[INFO] [stdout]    |
[INFO] [stdout] 10 | pub use mysql_common::named_params;
[INFO] [stdout]    |         ^^^^^^^^^^^^^^^^^^^^^^^^^^
[INFO] [stdout]    |
[INFO] [stdout]    = note: `#[warn(unused_imports)]` (part of `#[warn(unused)]`) on by default
[INFO] [stdout] 
[INFO] [stdout] 
[INFO] [stderr] warning: unused dependency `mio`
[INFO] [stderr]   --> Cargo.toml:29:15
[INFO] [stderr]    |
[INFO] [stderr] 29 | [dependencies.mio]
[INFO] [stderr]    |               ^^^^
[INFO] [stderr]    |
[INFO] [stderr]    = note: `cargo::unused_dependencies` is set to `warn` by default
[INFO] [stderr] help: consider removing the dependency on `mio`
[INFO] [stderr] warning: `mysql_async_uu` (manifest) generated 1 warning
[INFO] [stderr]     Finished `release` profile [optimized] target(s) in 2m 01s
[INFO] running `Command { std: "docker" "inspect" "52564945bd14382dc4c6af16a6f70618cafbc0d07e31273681a1ca630afe45b2", kill_on_drop: false }`
[INFO] running `Command { std: "docker" "exec" "-e" "SOURCE_DIR=/opt/rustwide/workdir" "-e" "CARGO_HOME=/opt/rustwide/cargo-home" "-e" "RUSTUP_HOME=/opt/rustwide/rustup-home" "-e" "CARGO_TARGET_DIR=/opt/rustwide/target" "-e" "CARGO_INCREMENTAL=0" "-e" "RUST_BACKTRACE=full" "-e" "RUSTFLAGS=--cap-lints=warn" "-e" "RUSTDOCFLAGS=--cap-lints=warn" "-w" "/opt/rustwide/workdir" "--user" "0:0" "52564945bd14382dc4c6af16a6f70618cafbc0d07e31273681a1ca630afe45b2" "/opt/rustwide/cargo-home/bin/cargo" "+1.100.0-beta.1" "test" "--frozen" "--release", kill_on_drop: false }`
[INFO] [stderr] warning: unused import: `mysql_common::named_params`
[INFO] [stderr]   --> src/conn/mod.rs:10:9
[INFO] [stderr]    |
[INFO] [stderr] 10 | pub use mysql_common::named_params;
[INFO] [stderr]    |         ^^^^^^^^^^^^^^^^^^^^^^^^^^
[INFO] [stderr]    |
[INFO] [stderr]    = note: `#[warn(unused_imports)]` (part of `#[warn(unused)]`) on by default
[INFO] [stderr] 
[INFO] [stderr] warning: `mysql_async_uu` (lib) generated 1 warning (run `cargo fix --lib -p mysql_async_uu` to apply 1 suggestion)
[INFO] [stderr] warning: `mysql_async_uu` (lib test) generated 1 warning (1 duplicate)
[INFO] [stderr] warning: unused dependency `mio`
[INFO] [stderr]   --> Cargo.toml:29:15
[INFO] [stderr]    |
[INFO] [stderr] 29 | [dependencies.mio]
[INFO] [stderr]    |               ^^^^
[INFO] [stderr]    |
[INFO] [stderr]    = note: `cargo::unused_dependencies` is set to `warn` by default
[INFO] [stderr] help: consider removing the dependency on `mio`
[INFO] [stderr] warning: `mysql_async_uu` (manifest) generated 1 warning
[INFO] [stderr]     Finished `release` profile [optimized] target(s) in 0.39s
[INFO] [stderr]      Running unittests src/lib.rs (/opt/rustwide/target/release/build/mysql_async_uu/da5fd125b999f1b9/out/mysql_async-da5fd125b999f1b9)
[INFO] [stdout] 
[INFO] [stdout] running 73 tests
[INFO] [stdout] test conn::pool::test::can_handle_the_pressure ... ignored
[INFO] [stdout] test conn::pool::test::should_hold_bounds_on_error ... ok
[INFO] [stdout] test conn::pool::test::should_hold_bounds1 ... FAILED
[INFO] [stdout] test conn::pool::test::should_ignore_non_fatal_errors_while_returning_to_a_pool ... FAILED
[INFO] [stdout] test conn::pool::test::should_connect ... FAILED
[INFO] [stdout] test conn::pool::test::should_opt_out_of_connection_reset ... FAILED
[INFO] [stdout] test conn::pool::test::should_not_hang ... ok
[INFO] [stdout] test conn::pool::test::should_check_inactive_connection_ttl ... FAILED
[INFO] [stdout] test conn::pool::test::issue_126_should_cleanup_errors_in_multiresult_sets ... FAILED
[INFO] [stdout] test conn::pool::test::drop_impl_for_conn_should_not_panic_within_unwind ... FAILED
[INFO] [stdout] test conn::pool::test::should_reuse_connections ... FAILED
[INFO] [stdout] test conn::pool::test::should_reconnect ... FAILED
[INFO] [stdout] test conn::pool::test::droptest ... FAILED
[INFO] [stdout] test conn::pool::test::should_perform_clean_shutdown ... FAILED
[INFO] [stdout] test conn::pool::test::aa_should_hold_bounds2 ... FAILED
[INFO] [stdout] test conn::pool::test::should_track_conn_if_disconnected_outside_of_a_pool ... FAILED
[INFO] [stdout] test conn::pool::test::waitlist_integrity ... ok
[INFO] [stdout] test conn::test::opts_should_satisfy_send_and_sync ... ok
[INFO] [stdout] test conn::pool::test::should_remove_waker_of_cancelled_task ... FAILED
[INFO] [stdout] test conn::pool::test::should_not_panic_on_unclean_shutdown ... FAILED
[INFO] [stdout] test conn::pool::test::should_start_transaction ... FAILED
[INFO] [stdout] test conn::pool::test::zz_should_check_wait_timeout_on_get_conn ... FAILED
[INFO] [stdout] test conn::test::issue_107 ... FAILED
[INFO] [stdout] test conn::test::should_change_user ... FAILED
[INFO] [stdout] test conn::pool::test::should_work_if_pooled_connection_operation_is_cancelled ... FAILED
[INFO] [stdout] test conn::test::should_first_exec_statement ... FAILED
[INFO] [stdout] test conn::test::should_handle_binary_multiresult_set_with_error ... FAILED
[INFO] [stdout] test conn::test::should_execute_init_queries_on_new_connection ... FAILED
[INFO] [stdout] test conn::test::should_execute_setup_queries_on_reset ... FAILED
[INFO] [stdout] test conn::test::should_handle_local_infile_globally ... FAILED
[INFO] [stdout] test conn::test::should_handle_multiresult_set_with_error ... FAILED
[INFO] [stdout] test conn::test::should_clean_state_if_wrapper_is_dropeed ... FAILED
[INFO] [stdout] test conn::test::should_connect_without_database ... FAILED
[INFO] [stdout] test conn::test::should_connect ... FAILED
[INFO] [stdout] test conn::test::should_handle_multiresult_set_with_local_infile ... FAILED
[INFO] [stdout] test conn::test::should_not_return_found_rows_if_flag_is_not_set ... FAILED
[INFO] [stdout] test conn::test::should_not_cache_statements_if_stmt_cache_size_is_zero ... FAILED
[INFO] [stdout] test conn::test::should_expose_query_result_metadata ... FAILED
[INFO] [stdout] test conn::test::should_perform_queries ... FAILED
[INFO] [stdout] test conn::test::should_hold_stmt_cache_size_bound ... FAILED
[INFO] [stdout] test conn::test::should_query_drop ... FAILED
[INFO] [stdout] test conn::test::should_not_panic_if_dropped_without_tokio_runtime ... FAILED
[INFO] [stdout] test conn::test::should_provide_multiresult_set_metadata ... FAILED
[INFO] [stdout] test conn::test::should_handle_local_infile_locally ... FAILED
[INFO] [stdout] test conn::test::should_prepare_statement ... FAILED
[INFO] [stdout] test conn::test::should_reset_the_connection ... FAILED
[INFO] [stdout] test conn::test::should_run_transactions ... FAILED
[INFO] [stdout] test conn::test::should_return_found_rows_if_flag_is_set ... FAILED
[INFO] [stdout] test opts::test::should_panic_on_invalid_scheme - should panic ... ok
[INFO] [stdout] test opts::test::should_convert_ipv6_url_into_opts ... ok
[INFO] [stdout] test opts::test::should_panic_on_invalid_url - should panic ... ok
[INFO] [stdout] test opts::test::should_panic_on_unknown_query_param - should panic ... ok
[INFO] [stdout] test opts::test::should_parse_compression ... ok
[INFO] [stdout] test opts::test::should_parse_ssl_params ... ok
[INFO] [stdout] test opts::test::test_builder_eq_url ... ok
[INFO] [stdout] test io::test::should_connect_with_keepalive ... FAILED
[INFO] [stdout] test opts::test::should_convert_url_into_opts ... ok
[INFO] [stdout] test conn::test::should_prep_exec_statement ... FAILED
[INFO] [stdout] test query::tests::should_run_text_query ... FAILED
[INFO] [stdout] test conn::test::should_read_binlog ... FAILED
[INFO] [stdout] test queryable::query_result::tests::dropped_query_result_should_emit_errors_on_cleanup ... FAILED
[INFO] [stdout] test queryable::query_result::tests::should_handle_multi_result_sets_where_some_results_have_no_output ... FAILED
[INFO] [stdout] test queryable::query_result::tests::should_map_resultset ... FAILED
[INFO] [stdout] test queryable::query_result::tests::should_reduce_resultset ... FAILED
[INFO] [stdout] test queryable::query_result::tests::should_stream_binary_result_sets ... FAILED
[INFO] [stdout] test queryable::query_result::tests::should_try_collect ... FAILED
[INFO] [stdout] test queryable::query_result::tests::should_iterate_over_resultset ... FAILED
[INFO] [stdout] test queryable::query_result::tests::should_stream_text_result_sets ... FAILED
[INFO] [stdout] test queryable::query_result::tests::should_try_collect_and_drop ... FAILED
[INFO] [stdout] test query::tests::should_run_bin_query ... FAILED
[INFO] [stdout] test queryable::tests::should_prep ... FAILED
[INFO] [stdout] test queryable::query_result::tests::should_handle_mutliresult_set ... FAILED
[INFO] [stdout] test conn::test::should_execute_statement ... FAILED
[INFO] [stdout] 
[INFO] [stdout] failures:
[INFO] [stdout] 
[INFO] [stdout] ---- conn::pool::test::should_hold_bounds1 stdout ----
[INFO] [stdout] 
[INFO] [stdout] thread 'conn::pool::test::should_hold_bounds1' (2353) panicked at src/conn/pool/mod.rs:734:74:
[INFO] [stdout] called `Result::unwrap()` on an `Err` value: Io(Io(Os { code: 111, kind: ConnectionRefused, message: "Connection refused" }))
[INFO] [stdout] stack backtrace:
[INFO] [stdout]    0:     0x63bd515c51b1 - <<std[617be2ca0a6fd877]::sys::backtrace::BacktraceLock>::print::DisplayBacktrace as core[a373ad73a504971]::fmt::Display>::fmt
[INFO] [stdout]    1:     0x63bd515dca4a - core[a373ad73a504971]::fmt::write
[INFO] [stdout]    2:     0x63bd515c9dec - <alloc[2e1b2a31b91974c5]::vec::Vec<u8> as core[a373ad73a504971]::io::write::Write>::write_fmt
[INFO] [stdout]    3:     0x63bd5159f506 - std[617be2ca0a6fd877]::panicking::default_hook::{closure#0}
[INFO] [stdout]    4:     0x63bd515bc5e9 - std[617be2ca0a6fd877]::panicking::default_hook
[INFO] [stdout]    5:     0x63bd514089e0 - test[aada8e7e76ba119b]::test_main_inner::{closure#0}
[INFO] [stdout]    6:     0x63bd515bc912 - std[617be2ca0a6fd877]::panicking::panic_with_hook
[INFO] [stdout]    7:     0x63bd5159f5b2 - std[617be2ca0a6fd877]::panicking::panic_handler::{closure#0}
[INFO] [stdout]    8:     0x63bd51597fa9 - std[617be2ca0a6fd877]::sys::backtrace::__rust_end_short_backtrace::<std[617be2ca0a6fd877]::panicking::panic_handler::{closure#0}, !>
[INFO] [stdout]    9:     0x63bd515a03ad - __rustc[ea4f61d10b84890b]::rust_begin_unwind
[INFO] [stdout]   10:     0x63bd515dd22c - core[a373ad73a504971]::panicking::panic_fmt
[INFO] [stdout]   11:     0x63bd515dd002 - core[a373ad73a504971]::result::unwrap_failed
[INFO] [stdout]   12:     0x63bd513368c3 - mysql_async[b4b84080dfd3dbf9]::conn::pool::test::should_hold_bounds1::{closure#0}
[INFO] [stdout]   13:     0x63bd5135d04d - <tokio[124b49c62014fbbd]::runtime::scheduler::current_thread::Context>::enter::<core[a373ad73a504971]::task::poll::Poll<core[a373ad73a504971]::result::Result<(), mysql_async[b4b84080dfd3dbf9]::error::Error>>, <tokio[124b49c62014fbbd]::runtime::scheduler::current_thread::CoreGuard>::block_on<core[a373ad73a504971]::pin::Pin<&mut core[a373ad73a504971]::pin::Pin<&mut dyn core[a373ad73a504971]::future::future::Future<Output = core[a373ad73a504971]::result::Result<(), mysql_async[b4b84080dfd3dbf9]::error::Error>>>>>::{closure#0}::{closure#0}>
[INFO] [stdout]   14:     0x63bd513288ca - <tokio[124b49c62014fbbd]::runtime::context::scoped::Scoped<tokio[124b49c62014fbbd]::runtime::scheduler::Context>>::set::<<tokio[124b49c62014fbbd]::runtime::scheduler::current_thread::CoreGuard>::enter<<tokio[124b49c62014fbbd]::runtime::scheduler::current_thread::CoreGuard>::block_on<core[a373ad73a504971]::pin::Pin<&mut core[a373ad73a504971]::pin::Pin<&mut dyn core[a373ad73a504971]::future::future::Future<Output = core[a373ad73a504971]::result::Result<(), mysql_async[b4b84080dfd3dbf9]::error::Error>>>>>::{closure#0}, core[a373ad73a504971]::option::Option<core[a373ad73a504971]::result::Result<(), mysql_async[b4b84080dfd3dbf9]::error::Error>>>::{closure#0}, (alloc[2e1b2a31b91974c5]::boxed::Box<tokio[124b49c62014fbbd]::runtime::scheduler::current_thread::Core>, core[a373ad73a504971]::option::Option<core[a373ad73a504971]::result::Result<(), mysql_async[b4b84080dfd3dbf9]::error::Error>>)>
[INFO] [stdout]   15:     0x63bd5135e8d9 - <tokio[124b49c62014fbbd]::runtime::scheduler::current_thread::CoreGuard>::block_on::<core[a373ad73a504971]::pin::Pin<&mut core[a373ad73a504971]::pin::Pin<&mut dyn core[a373ad73a504971]::future::future::Future<Output = core[a373ad73a504971]::result::Result<(), mysql_async[b4b84080dfd3dbf9]::error::Error>>>>>
[INFO] [stdout]   16:     0x63bd5131d232 - tokio[124b49c62014fbbd]::runtime::context::runtime::enter_runtime::<<tokio[124b49c62014fbbd]::runtime::scheduler::current_thread::CurrentThread>::block_on<core[a373ad73a504971]::pin::Pin<&mut dyn core[a373ad73a504971]::future::future::Future<Output = core[a373ad73a504971]::result::Result<(), mysql_async[b4b84080dfd3dbf9]::error::Error>>>>::{closure#0}, core[a373ad73a504971]::result::Result<(), mysql_async[b4b84080dfd3dbf9]::error::Error>>
[INFO] [stdout]   17:     0x63bd513e45fa - <tokio[124b49c62014fbbd]::runtime::runtime::Runtime>::block_on::<core[a373ad73a504971]::pin::Pin<&mut dyn core[a373ad73a504971]::future::future::Future<Output = core[a373ad73a504971]::result::Result<(), mysql_async[b4b84080dfd3dbf9]::error::Error>>>>
[INFO] [stdout]   18:     0x63bd51342f62 - <mysql_async[b4b84080dfd3dbf9]::conn::pool::test::should_hold_bounds1::{closure#0} as core[a373ad73a504971]::ops::function::FnOnce<()>>::call_once
[INFO] [stdout]   19:     0x63bd513fbe2b - test[aada8e7e76ba119b]::__rust_begin_short_backtrace::<core[a373ad73a504971]::result::Result<(), alloc[2e1b2a31b91974c5]::string::String>, fn() -> core[a373ad73a504971]::result::Result<(), alloc[2e1b2a31b91974c5]::string::String>>
[INFO] [stdout]   20:     0x63bd51409005 - test[aada8e7e76ba119b]::run_test::{closure#0}
[INFO] [stdout]   21:     0x63bd514028f4 - std[617be2ca0a6fd877]::sys::backtrace::__rust_begin_short_backtrace::<test[aada8e7e76ba119b]::run_test::{closure#1}, ()>
[INFO] [stdout]   22:     0x63bd5140c092 - <std[617be2ca0a6fd877]::thread::lifecycle::spawn_unchecked<test[aada8e7e76ba119b]::run_test::{closure#1}, ()>::{closure#1} as core[a373ad73a504971]::ops::function::FnOnce<()>>::call_once::{shim:vtable#0}
[INFO] [stdout]   23:     0x63bd515c3d1f - <std[617be2ca0a6fd877]::sys::thread::unix::Thread>::new::thread_start
[INFO] [stdout]   24:     0x7f56fb2e2dfa - <unknown>
[INFO] [stdout]   25:     0x7f56fb3763d4 - clone
[INFO] [stdout]   26:                0x0 - <unknown>
[INFO] [stdout] 
[INFO] [stdout] ---- conn::pool::test::should_ignore_non_fatal_errors_while_returning_to_a_pool stdout ----
[INFO] [stdout] Error: Io(Io(Os { code: 111, kind: ConnectionRefused, message: "Connection refused" }))
[INFO] [stdout] 
[INFO] [stdout] ---- conn::pool::test::should_connect stdout ----
[INFO] [stdout] Error: Io(Io(Os { code: 111, kind: ConnectionRefused, message: "Connection refused" }))
[INFO] [stdout] 
[INFO] [stdout] ---- conn::pool::test::should_opt_out_of_connection_reset stdout ----
[INFO] [stdout] 
[INFO] [stdout] thread 'conn::pool::test::should_opt_out_of_connection_reset' (2401) panicked at src/conn/pool/mod.rs:421:46:
[INFO] [stdout] called `Result::unwrap()` on an `Err` value: Io(Io(Os { code: 111, kind: ConnectionRefused, message: "Connection refused" }))
[INFO] [stdout] stack backtrace:
[INFO] [stdout]    0:     0x63bd515c51b1 - <<std[617be2ca0a6fd877]::sys::backtrace::BacktraceLock>::print::DisplayBacktrace as core[a373ad73a504971]::fmt::Display>::fmt
[INFO] [stdout]    1:     0x63bd515dca4a - core[a373ad73a504971]::fmt::write
[INFO] [stdout]    2:     0x63bd515c9dec - <alloc[2e1b2a31b91974c5]::vec::Vec<u8> as core[a373ad73a504971]::io::write::Write>::write_fmt
[INFO] [stdout]    3:     0x63bd5159f506 - std[617be2ca0a6fd877]::panicking::default_hook::{closure#0}
[INFO] [stdout]    4:     0x63bd515bc5e9 - std[617be2ca0a6fd877]::panicking::default_hook
[INFO] [stdout]    5:     0x63bd514089e0 - test[aada8e7e76ba119b]::test_main_inner::{closure#0}
[INFO] [stdout]    6:     0x63bd515bc912 - std[617be2ca0a6fd877]::panicking::panic_with_hook
[INFO] [stdout]    7:     0x63bd5159f5b2 - std[617be2ca0a6fd877]::panicking::panic_handler::{closure#0}
[INFO] [stdout]    8:     0x63bd51597fa9 - std[617be2ca0a6fd877]::sys::backtrace::__rust_end_short_backtrace::<std[617be2ca0a6fd877]::panicking::panic_handler::{closure#0}, !>
[INFO] [stdout]    9:     0x63bd515a03ad - __rustc[ea4f61d10b84890b]::rust_begin_unwind
[INFO] [stdout]   10:     0x63bd515dd22c - core[a373ad73a504971]::panicking::panic_fmt
[INFO] [stdout]   11:     0x63bd515dd002 - core[a373ad73a504971]::result::unwrap_failed
[INFO] [stdout]   12:     0x63bd5133c158 - mysql_async[b4b84080dfd3dbf9]::conn::pool::test::should_opt_out_of_connection_reset::{closure#0}
[INFO] [stdout]   13:     0x63bd5135d04d - <tokio[124b49c62014fbbd]::runtime::scheduler::current_thread::Context>::enter::<core[a373ad73a504971]::task::poll::Poll<core[a373ad73a504971]::result::Result<(), mysql_async[b4b84080dfd3dbf9]::error::Error>>, <tokio[124b49c62014fbbd]::runtime::scheduler::current_thread::CoreGuard>::block_on<core[a373ad73a504971]::pin::Pin<&mut core[a373ad73a504971]::pin::Pin<&mut dyn core[a373ad73a504971]::future::future::Future<Output = core[a373ad73a504971]::result::Result<(), mysql_async[b4b84080dfd3dbf9]::error::Error>>>>>::{closure#0}::{closure#0}>
[INFO] [stdout]   14:     0x63bd513288ca - <tokio[124b49c62014fbbd]::runtime::context::scoped::Scoped<tokio[124b49c62014fbbd]::runtime::scheduler::Context>>::set::<<tokio[124b49c62014fbbd]::runtime::scheduler::current_thread::CoreGuard>::enter<<tokio[124b49c62014fbbd]::runtime::scheduler::current_thread::CoreGuard>::block_on<core[a373ad73a504971]::pin::Pin<&mut core[a373ad73a504971]::pin::Pin<&mut dyn core[a373ad73a504971]::future::future::Future<Output = core[a373ad73a504971]::result::Result<(), mysql_async[b4b84080dfd3dbf9]::error::Error>>>>>::{closure#0}, core[a373ad73a504971]::option::Option<core[a373ad73a504971]::result::Result<(), mysql_async[b4b84080dfd3dbf9]::error::Error>>>::{closure#0}, (alloc[2e1b2a31b91974c5]::boxed::Box<tokio[124b49c62014fbbd]::runtime::scheduler::current_thread::Core>, core[a373ad73a504971]::option::Option<core[a373ad73a504971]::result::Result<(), mysql_async[b4b84080dfd3dbf9]::error::Error>>)>
[INFO] [stdout]   15:     0x63bd5135e8d9 - <tokio[124b49c62014fbbd]::runtime::scheduler::current_thread::CoreGuard>::block_on::<core[a373ad73a504971]::pin::Pin<&mut core[a373ad73a504971]::pin::Pin<&mut dyn core[a373ad73a504971]::future::future::Future<Output = core[a373ad73a504971]::result::Result<(), mysql_async[b4b84080dfd3dbf9]::error::Error>>>>>
[INFO] [stdout]   16:     0x63bd5131d232 - tokio[124b49c62014fbbd]::runtime::context::runtime::enter_runtime::<<tokio[124b49c62014fbbd]::runtime::scheduler::current_thread::CurrentThread>::block_on<core[a373ad73a504971]::pin::Pin<&mut dyn core[a373ad73a504971]::future::future::Future<Output = core[a373ad73a504971]::result::Result<(), mysql_async[b4b84080dfd3dbf9]::error::Error>>>>::{closure#0}, core[a373ad73a504971]::result::Result<(), mysql_async[b4b84080dfd3dbf9]::error::Error>>
[INFO] [stdout]   17:     0x63bd513e45fa - <tokio[124b49c62014fbbd]::runtime::runtime::Runtime>::block_on::<core[a373ad73a504971]::pin::Pin<&mut dyn core[a373ad73a504971]::future::future::Future<Output = core[a373ad73a504971]::result::Result<(), mysql_async[b4b84080dfd3dbf9]::error::Error>>>>
[INFO] [stdout]   18:     0x63bd51343ed2 - <mysql_async[b4b84080dfd3dbf9]::conn::pool::test::should_opt_out_of_connection_reset::{closure#0} as core[a373ad73a504971]::ops::function::FnOnce<()>>::call_once
[INFO] [stdout]   19:     0x63bd513fbe2b - test[aada8e7e76ba119b]::__rust_begin_short_backtrace::<core[a373ad73a504971]::result::Result<(), alloc[2e1b2a31b91974c5]::string::String>, fn() -> core[a373ad73a504971]::result::Result<(), alloc[2e1b2a31b91974c5]::string::String>>
[INFO] [stdout]   20:     0x63bd51409005 - test[aada8e7e76ba119b]::run_test::{closure#0}
[INFO] [stdout]   21:     0x63bd514028f4 - std[617be2ca0a6fd877]::sys::backtrace::__rust_begin_short_backtrace::<test[aada8e7e76ba119b]::run_test::{closure#1}, ()>
[INFO] [stdout]   22:     0x63bd5140c092 - <std[617be2ca0a6fd877]::thread::lifecycle::spawn_unchecked<test[aada8e7e76ba119b]::run_test::{closure#1}, ()>::{closure#1} as core[a373ad73a504971]::ops::function::FnOnce<()>>::call_once::{shim:vtable#0}
[INFO] [stdout]   23:     0x63bd515c3d1f - <std[617be2ca0a6fd877]::sys::thread::unix::Thread>::new::thread_start
[INFO] [stdout]   24:     0x7f56fb2e2dfa - <unknown>
[INFO] [stdout]   25:     0x7f56fb3763d4 - clone
[INFO] [stdout]   26:                0x0 - <unknown>
[INFO] [stdout] 
[INFO] [stdout] ---- conn::pool::test::should_check_inactive_connection_ttl stdout ----
[INFO] [stdout] Error: Io(Io(Os { code: 111, kind: ConnectionRefused, message: "Connection refused" }))
[INFO] [stdout] 
[INFO] [stdout] ---- conn::pool::test::issue_126_should_cleanup_errors_in_multiresult_sets stdout ----
[INFO] [stdout] Error: Io(Io(Os { code: 111, kind: ConnectionRefused, message: "Connection refused" }))
[INFO] [stdout] 
[INFO] [stdout] ---- conn::pool::test::drop_impl_for_conn_should_not_panic_within_unwind stdout ----
[INFO] [stdout] 
[INFO] [stdout] thread 'conn::pool::test::drop_impl_for_conn_should_not_panic_within_unwind' (2348) panicked at src/conn/pool/mod.rs:830:55:
[INFO] [stdout] called `Result::unwrap()` on an `Err` value: Io(Io(Os { code: 111, kind: ConnectionRefused, message: "Connection refused" }))
[INFO] [stdout] stack backtrace:
[INFO] [stdout]    0:     0x63bd515c51b1 - <<std[617be2ca0a6fd877]::sys::backtrace::BacktraceLock>::print::DisplayBacktrace as core[a373ad73a504971]::fmt::Display>::fmt
[INFO] [stdout]    1:     0x63bd515dca4a - core[a373ad73a504971]::fmt::write
[INFO] [stdout]    2:     0x63bd515c9dec - <alloc[2e1b2a31b91974c5]::vec::Vec<u8> as core[a373ad73a504971]::io::write::Write>::write_fmt
[INFO] [stdout]    3:     0x63bd5159f506 - std[617be2ca0a6fd877]::panicking::default_hook::{closure#0}
[INFO] [stdout]    4:     0x63bd515bc5e9 - std[617be2ca0a6fd877]::panicking::default_hook
[INFO] [stdout]    5:     0x63bd514089e0 - test[aada8e7e76ba119b]::test_main_inner::{closure#0}
[INFO] [stdout]    6:     0x63bd515bc912 - std[617be2ca0a6fd877]::panicking::panic_with_hook
[INFO] [stdout]    7:     0x63bd5159f5b2 - std[617be2ca0a6fd877]::panicking::panic_handler::{closure#0}
[INFO] [stdout]    8:     0x63bd51597fa9 - std[617be2ca0a6fd877]::sys::backtrace::__rust_end_short_backtrace::<std[617be2ca0a6fd877]::panicking::panic_handler::{closure#0}, !>
[INFO] [stdout]    9:     0x63bd515a03ad - __rustc[ea4f61d10b84890b]::rust_begin_unwind
[INFO] [stdout]   10:     0x63bd515dd22c - core[a373ad73a504971]::panicking::panic_fmt
[INFO] [stdout]   11:     0x63bd515dd002 - core[a373ad73a504971]::result::unwrap_failed
[INFO] [stdout]   12:     0x63bd513a2c78 - mysql_async[b4b84080dfd3dbf9]::conn::pool::test::drop_impl_for_conn_should_not_panic_within_unwind::{closure#0}::{closure#0}
[INFO] [stdout]   13:     0x63bd5135daa1 - <tokio[124b49c62014fbbd]::runtime::scheduler::current_thread::Context>::enter::<core[a373ad73a504971]::task::poll::Poll<!>, <tokio[124b49c62014fbbd]::runtime::scheduler::current_thread::CoreGuard>::block_on<core[a373ad73a504971]::pin::Pin<&mut mysql_async[b4b84080dfd3dbf9]::conn::pool::test::drop_impl_for_conn_should_not_panic_within_unwind::{closure#0}::{closure#0}>>::{closure#0}::{closure#0}>
[INFO] [stdout]   14:     0x63bd51328ecc - <tokio[124b49c62014fbbd]::runtime::context::scoped::Scoped<tokio[124b49c62014fbbd]::runtime::scheduler::Context>>::set::<<tokio[124b49c62014fbbd]::runtime::scheduler::current_thread::CoreGuard>::enter<<tokio[124b49c62014fbbd]::runtime::scheduler::current_thread::CoreGuard>::block_on<core[a373ad73a504971]::pin::Pin<&mut mysql_async[b4b84080dfd3dbf9]::conn::pool::test::drop_impl_for_conn_should_not_panic_within_unwind::{closure#0}::{closure#0}>>::{closure#0}, core[a373ad73a504971]::option::Option<!>>::{closure#0}, (alloc[2e1b2a31b91974c5]::boxed::Box<tokio[124b49c62014fbbd]::runtime::scheduler::current_thread::Core>, core[a373ad73a504971]::option::Option<!>)>
[INFO] [stdout]   15:     0x63bd5135e6f2 - <tokio[124b49c62014fbbd]::runtime::scheduler::current_thread::CoreGuard>::enter::<<tokio[124b49c62014fbbd]::runtime::scheduler::current_thread::CoreGuard>::block_on<core[a373ad73a504971]::pin::Pin<&mut mysql_async[b4b84080dfd3dbf9]::conn::pool::test::drop_impl_for_conn_should_not_panic_within_unwind::{closure#0}::{closure#0}>>::{closure#0}, core[a373ad73a504971]::option::Option<!>>
[INFO] [stdout]   16:     0x63bd5135ef49 - <tokio[124b49c62014fbbd]::runtime::scheduler::current_thread::CoreGuard>::block_on::<core[a373ad73a504971]::pin::Pin<&mut mysql_async[b4b84080dfd3dbf9]::conn::pool::test::drop_impl_for_conn_should_not_panic_within_unwind::{closure#0}::{closure#0}>>
[INFO] [stdout]   17:     0x63bd5131f9d8 - <tokio[124b49c62014fbbd]::runtime::scheduler::current_thread::CurrentThread>::block_on::<mysql_async[b4b84080dfd3dbf9]::conn::pool::test::drop_impl_for_conn_should_not_panic_within_unwind::{closure#0}::{closure#0}>::{closure#0}
[INFO] [stdout]   18:     0x63bd5131e1ef - tokio[124b49c62014fbbd]::runtime::context::runtime::enter_runtime::<<tokio[124b49c62014fbbd]::runtime::scheduler::current_thread::CurrentThread>::block_on<mysql_async[b4b84080dfd3dbf9]::conn::pool::test::drop_impl_for_conn_should_not_panic_within_unwind::{closure#0}::{closure#0}>::{closure#0}, !>
[INFO] [stdout]   19:     0x63bd5135c83c - <tokio[124b49c62014fbbd]::runtime::scheduler::current_thread::CurrentThread>::block_on::<mysql_async[b4b84080dfd3dbf9]::conn::pool::test::drop_impl_for_conn_should_not_panic_within_unwind::{closure#0}::{closure#0}>
[INFO] [stdout]   20:     0x63bd513e448f - <tokio[124b49c62014fbbd]::runtime::runtime::Runtime>::block_on_inner::<mysql_async[b4b84080dfd3dbf9]::conn::pool::test::drop_impl_for_conn_should_not_panic_within_unwind::{closure#0}::{closure#0}>
[INFO] [stdout]   21:     0x63bd513e4939 - <tokio[124b49c62014fbbd]::runtime::runtime::Runtime>::block_on::<mysql_async[b4b84080dfd3dbf9]::conn::pool::test::drop_impl_for_conn_should_not_panic_within_unwind::{closure#0}::{closure#0}>
[INFO] [stdout]   22:     0x63bd5132f80b - std[617be2ca0a6fd877]::panicking::catch_unwind::do_call::<mysql_async[b4b84080dfd3dbf9]::conn::pool::test::drop_impl_for_conn_should_not_panic_within_unwind::{closure#0}, ()>
[INFO] [stdout]   23:     0x63bd513454a1 - <mysql_async[b4b84080dfd3dbf9]::conn::pool::test::drop_impl_for_conn_should_not_panic_within_unwind::{closure#0} as core[a373ad73a504971]::ops::function::FnOnce<()>>::call_once
[INFO] [stdout]   24:     0x63bd513fbe2b - test[aada8e7e76ba119b]::__rust_begin_short_backtrace::<core[a373ad73a504971]::result::Result<(), alloc[2e1b2a31b91974c5]::string::String>, fn() -> core[a373ad73a504971]::result::Result<(), alloc[2e1b2a31b91974c5]::string::String>>
[INFO] [stdout]   25:     0x63bd51409005 - test[aada8e7e76ba119b]::run_test::{closure#0}
[INFO] [stdout]   26:     0x63bd514028f4 - std[617be2ca0a6fd877]::sys::backtrace::__rust_begin_short_backtrace::<test[aada8e7e76ba119b]::run_test::{closure#1}, ()>
[INFO] [stdout]   27:     0x63bd5140c092 - <std[617be2ca0a6fd877]::thread::lifecycle::spawn_unchecked<test[aada8e7e76ba119b]::run_test::{closure#1}, ()>::{closure#1} as core[a373ad73a504971]::ops::function::FnOnce<()>>::call_once::{shim:vtable#0}
[INFO] [stdout]   28:     0x63bd515c3d1f - <std[617be2ca0a6fd877]::sys::thread::unix::Thread>::new::thread_start
[INFO] [stdout]   29:     0x7f56fb2e2dfa - <unknown>
[INFO] [stdout]   30:     0x7f56fb3763d4 - clone
[INFO] [stdout]   31:                0x0 - <unknown>
[INFO] [stdout] 
[INFO] [stdout] thread 'conn::pool::test::drop_impl_for_conn_should_not_panic_within_unwind' (2348) panicked at src/conn/pool/mod.rs:836:53:
[INFO] [stdout] called `Result::unwrap()` on an `Err` value: Any { .. }
[INFO] [stdout] stack backtrace:
[INFO] [stdout]    0:     0x63bd515c51b1 - <<std[617be2ca0a6fd877]::sys::backtrace::BacktraceLock>::print::DisplayBacktrace as core[a373ad73a504971]::fmt::Display>::fmt
[INFO] [stdout]    1:     0x63bd515dca4a - core[a373ad73a504971]::fmt::write
[INFO] [stdout]    2:     0x63bd515c9dec - <alloc[2e1b2a31b91974c5]::vec::Vec<u8> as core[a373ad73a504971]::io::write::Write>::write_fmt
[INFO] [stdout]    3:     0x63bd5159f506 - std[617be2ca0a6fd877]::panicking::default_hook::{closure#0}
[INFO] [stdout]    4:     0x63bd515bc5e9 - std[617be2ca0a6fd877]::panicking::default_hook
[INFO] [stdout]    5:     0x63bd514089e0 - test[aada8e7e76ba119b]::test_main_inner::{closure#0}
[INFO] [stdout]    6:     0x63bd515bc912 - std[617be2ca0a6fd877]::panicking::panic_with_hook
[INFO] [stdout]    7:     0x63bd5159f5b2 - std[617be2ca0a6fd877]::panicking::panic_handler::{closure#0}
[INFO] [stdout]    8:     0x63bd51597fa9 - std[617be2ca0a6fd877]::sys::backtrace::__rust_end_short_backtrace::<std[617be2ca0a6fd877]::panicking::panic_handler::{closure#0}, !>
[INFO] [stdout]    9:     0x63bd515a03ad - __rustc[ea4f61d10b84890b]::rust_begin_unwind
[INFO] [stdout]   10:     0x63bd515dd22c - core[a373ad73a504971]::panicking::panic_fmt
[INFO] [stdout]   11:     0x63bd515dd002 - core[a373ad73a504971]::result::unwrap_failed
[INFO] [stdout]   12:     0x63bd51345579 - <mysql_async[b4b84080dfd3dbf9]::conn::pool::test::drop_impl_for_conn_should_not_panic_within_unwind::{closure#0} as core[a373ad73a504971]::ops::function::FnOnce<()>>::call_once
[INFO] [stdout]   13:     0x63bd513fbe2b - test[aada8e7e76ba119b]::__rust_begin_short_backtrace::<core[a373ad73a504971]::result::Result<(), alloc[2e1b2a31b91974c5]::string::String>, fn() -> core[a373ad73a504971]::result::Result<(), alloc[2e1b2a31b91974c5]::string::String>>
[INFO] [stdout]   14:     0x63bd51409005 - test[aada8e7e76ba119b]::run_test::{closure#0}
[INFO] [stdout]   15:     0x63bd514028f4 - std[617be2ca0a6fd877]::sys::backtrace::__rust_begin_short_backtrace::<test[aada8e7e76ba119b]::run_test::{closure#1}, ()>
[INFO] [stdout]   16:     0x63bd5140c092 - <std[617be2ca0a6fd877]::thread::lifecycle::spawn_unchecked<test[aada8e7e76ba119b]::run_test::{closure#1}, ()>::{closure#1} as core[a373ad73a504971]::ops::function::FnOnce<()>>::call_once::{shim:vtable#0}
[INFO] [stdout]   17:     0x63bd515c3d1f - <std[617be2ca0a6fd877]::sys::thread::unix::Thread>::new::thread_start
[INFO] [stdout]   18:     0x7f56fb2e2dfa - <unknown>
[INFO] [stdout]   19:     0x7f56fb3763d4 - clone
[INFO] [stdout]   20:                0x0 - <unknown>
[INFO] [stdout] 
[INFO] [stdout] ---- conn::pool::test::should_reuse_connections stdout ----
[INFO] [stdout] Error: Io(Io(Os { code: 111, kind: ConnectionRefused, message: "Connection refused" }))
[INFO] [stdout] 
[INFO] [stdout] ---- conn::pool::test::should_reconnect stdout ----
[INFO] [stdout] Error: Io(Io(Os { code: 111, kind: ConnectionRefused, message: "Connection refused" }))
[INFO] [stdout] 
[INFO] [stdout] ---- conn::pool::test::droptest stdout ----
[INFO] [stdout] 
[INFO] [stdout] thread 'conn::pool::test::droptest' (2349) panicked at src/conn/pool/mod.rs:804:14:
[INFO] [stdout] called `Result::unwrap()` on an `Err` value: Io(Io(Os { code: 111, kind: ConnectionRefused, message: "Connection refused" }))
[INFO] [stdout] stack backtrace:
[INFO] [stdout]    0:     0x63bd515c51b1 - <<std[617be2ca0a6fd877]::sys::backtrace::BacktraceLock>::print::DisplayBacktrace as core[a373ad73a504971]::fmt::Display>::fmt
[INFO] [stdout]    1:     0x63bd515dca4a - core[a373ad73a504971]::fmt::write
[INFO] [stdout]    2:     0x63bd515c9dec - <alloc[2e1b2a31b91974c5]::vec::Vec<u8> as core[a373ad73a504971]::io::write::Write>::write_fmt
[INFO] [stdout]    3:     0x63bd5159f506 - std[617be2ca0a6fd877]::panicking::default_hook::{closure#0}
[INFO] [stdout]    4:     0x63bd515bc5e9 - std[617be2ca0a6fd877]::panicking::default_hook
[INFO] [stdout]    5:     0x63bd514089e0 - test[aada8e7e76ba119b]::test_main_inner::{closure#0}
[INFO] [stdout]    6:     0x63bd515bc912 - std[617be2ca0a6fd877]::panicking::panic_with_hook
[INFO] [stdout]    7:     0x63bd5159f5b2 - std[617be2ca0a6fd877]::panicking::panic_handler::{closure#0}
[INFO] [stdout]    8:     0x63bd51597fa9 - std[617be2ca0a6fd877]::sys::backtrace::__rust_end_short_backtrace::<std[617be2ca0a6fd877]::panicking::panic_handler::{closure#0}, !>
[INFO] [stdout]    9:     0x63bd515a03ad - __rustc[ea4f61d10b84890b]::rust_begin_unwind
[INFO] [stdout]   10:     0x63bd515dd22c - core[a373ad73a504971]::panicking::panic_fmt
[INFO] [stdout]   11:     0x63bd515dd002 - core[a373ad73a504971]::result::unwrap_failed
[INFO] [stdout]   12:     0x63bd51341745 - mysql_async[b4b84080dfd3dbf9]::conn::pool::test::droptest::{closure#0}
[INFO] [stdout]   13:     0x63bd5135d04d - <tokio[124b49c62014fbbd]::runtime::scheduler::current_thread::Context>::enter::<core[a373ad73a504971]::task::poll::Poll<core[a373ad73a504971]::result::Result<(), mysql_async[b4b84080dfd3dbf9]::error::Error>>, <tokio[124b49c62014fbbd]::runtime::scheduler::current_thread::CoreGuard>::block_on<core[a373ad73a504971]::pin::Pin<&mut core[a373ad73a504971]::pin::Pin<&mut dyn core[a373ad73a504971]::future::future::Future<Output = core[a373ad73a504971]::result::Result<(), mysql_async[b4b84080dfd3dbf9]::error::Error>>>>>::{closure#0}::{closure#0}>
[INFO] [stdout]   14:     0x63bd513288ca - <tokio[124b49c62014fbbd]::runtime::context::scoped::Scoped<tokio[124b49c62014fbbd]::runtime::scheduler::Context>>::set::<<tokio[124b49c62014fbbd]::runtime::scheduler::current_thread::CoreGuard>::enter<<tokio[124b49c62014fbbd]::runtime::scheduler::current_thread::CoreGuard>::block_on<core[a373ad73a504971]::pin::Pin<&mut core[a373ad73a504971]::pin::Pin<&mut dyn core[a373ad73a504971]::future::future::Future<Output = core[a373ad73a504971]::result::Result<(), mysql_async[b4b84080dfd3dbf9]::error::Error>>>>>::{closure#0}, core[a373ad73a504971]::option::Option<core[a373ad73a504971]::result::Result<(), mysql_async[b4b84080dfd3dbf9]::error::Error>>>::{closure#0}, (alloc[2e1b2a31b91974c5]::boxed::Box<tokio[124b49c62014fbbd]::runtime::scheduler::current_thread::Core>, core[a373ad73a504971]::option::Option<core[a373ad73a504971]::result::Result<(), mysql_async[b4b84080dfd3dbf9]::error::Error>>)>
[INFO] [stdout]   15:     0x63bd5135e8d9 - <tokio[124b49c62014fbbd]::runtime::scheduler::current_thread::CoreGuard>::block_on::<core[a373ad73a504971]::pin::Pin<&mut core[a373ad73a504971]::pin::Pin<&mut dyn core[a373ad73a504971]::future::future::Future<Output = core[a373ad73a504971]::result::Result<(), mysql_async[b4b84080dfd3dbf9]::error::Error>>>>>
[INFO] [stdout]   16:     0x63bd5131d232 - tokio[124b49c62014fbbd]::runtime::context::runtime::enter_runtime::<<tokio[124b49c62014fbbd]::runtime::scheduler::current_thread::CurrentThread>::block_on<core[a373ad73a504971]::pin::Pin<&mut dyn core[a373ad73a504971]::future::future::Future<Output = core[a373ad73a504971]::result::Result<(), mysql_async[b4b84080dfd3dbf9]::error::Error>>>>::{closure#0}, core[a373ad73a504971]::result::Result<(), mysql_async[b4b84080dfd3dbf9]::error::Error>>
[INFO] [stdout]   17:     0x63bd513e45fa - <tokio[124b49c62014fbbd]::runtime::runtime::Runtime>::block_on::<core[a373ad73a504971]::pin::Pin<&mut dyn core[a373ad73a504971]::future::future::Future<Output = core[a373ad73a504971]::result::Result<(), mysql_async[b4b84080dfd3dbf9]::error::Error>>>>
[INFO] [stdout]   18:     0x63bd51345f32 - <mysql_async[b4b84080dfd3dbf9]::conn::pool::test::droptest::{closure#0} as core[a373ad73a504971]::ops::function::FnOnce<()>>::call_once
[INFO] [stdout]   19:     0x63bd513fbe2b - test[aada8e7e76ba119b]::__rust_begin_short_backtrace::<core[a373ad73a504971]::result::Result<(), alloc[2e1b2a31b91974c5]::string::String>, fn() -> core[a373ad73a504971]::result::Result<(), alloc[2e1b2a31b91974c5]::string::String>>
[INFO] [stdout]   20:     0x63bd51409005 - test[aada8e7e76ba119b]::run_test::{closure#0}
[INFO] [stdout]   21:     0x63bd514028f4 - std[617be2ca0a6fd877]::sys::backtrace::__rust_begin_short_backtrace::<test[aada8e7e76ba119b]::run_test::{closure#1}, ()>
[INFO] [stdout]   22:     0x63bd5140c092 - <std[617be2ca0a6fd877]::thread::lifecycle::spawn_unchecked<test[aada8e7e76ba119b]::run_test::{closure#1}, ()>::{closure#1} as core[a373ad73a504971]::ops::function::FnOnce<()>>::call_once::{shim:vtable#0}
[INFO] [stdout]   23:     0x63bd515c3d1f - <std[617be2ca0a6fd877]::sys::thread::unix::Thread>::new::thread_start
[INFO] [stdout]   24:     0x7f56fb2e2dfa - <unknown>
[INFO] [stdout]   25:     0x7f56fb3763d4 - clone
[INFO] [stdout]   26:                0x0 - <unknown>
[INFO] [stdout] 
[INFO] [stdout] ---- conn::pool::test::should_perform_clean_shutdown stdout ----
[INFO] [stdout] 
[INFO] [stdout] thread 'tokio-rt-worker' (2409) panicked at src/conn/pool/mod.rs:869:51:
[INFO] [stdout] called `Result::unwrap()` on an `Err` value: Io(Io(Os { code: 111, kind: ConnectionRefused, message: "Connection refused" }))
[INFO] [stdout] stack backtrace:
[INFO] [stdout]    0:     0x63bd515c51b1 - <<std[617be2ca0a6fd877]::sys::backtrace::BacktraceLock>::print::DisplayBacktrace as core[a373ad73a504971]::fmt::Display>::fmt
[INFO] [stdout]    1:     0x63bd515dca4a - core[a373ad73a504971]::fmt::write
[INFO] [stdout]    2:     0x63bd515c9dec - <alloc[2e1b2a31b91974c5]::vec::Vec<u8> as core[a373ad73a504971]::io::write::Write>::write_fmt
[INFO] [stdout]    3:     0x63bd5159f506 - std[617be2ca0a6fd877]::panicking::default_hook::{closure#0}
[INFO] [stdout]    4:     0x63bd515bc5e9 - std[617be2ca0a6fd877]::panicking::default_hook
[INFO] [stdout]    5:     0x63bd514089e0 - test[aada8e7e76ba119b]::test_main_inner::{closure#0}
[INFO] [stdout]    6:     0x63bd515bc912 - std[617be2ca0a6fd877]::panicking::panic_with_hook
[INFO] [stdout]    7:     0x63bd5159f5b2 - std[617be2ca0a6fd877]::panicking::panic_handler::{closure#0}
[INFO] [stdout]    8:     0x63bd51597fa9 - std[617be2ca0a6fd877]::sys::backtrace::__rust_end_short_backtrace::<std[617be2ca0a6fd877]::panicking::panic_handler::{closure#0}, !>
[INFO] [stdout]    9:     0x63bd515a03ad - __rustc[ea4f61d10b84890b]::rust_begin_unwind
[INFO] [stdout]   10:     0x63bd515dd22c - core[a373ad73a504971]::panicking::panic_fmt
[INFO] [stdout]   11:     0x63bd515dd002 - core[a373ad73a504971]::result::unwrap_failed
[INFO] [stdout]   12:     0x63bd513f1be9 - mysql_async[b4b84080dfd3dbf9]::conn::pool::test::should_perform_clean_shutdown::{closure#0}
[INFO] [stdout]   13:     0x63bd513f5273 - <tokio[124b49c62014fbbd]::runtime::task::core::Core<mysql_async[b4b84080dfd3dbf9]::conn::pool::test::should_perform_clean_shutdown::{closure#0}, alloc[2e1b2a31b91974c5]::sync::Arc<tokio[124b49c62014fbbd]::runtime::scheduler::multi_thread::handle::Handle>>>::poll
[INFO] [stdout]   14:     0x63bd5131499f - <tokio[124b49c62014fbbd]::runtime::task::harness::Harness<mysql_async[b4b84080dfd3dbf9]::conn::pool::test::should_perform_clean_shutdown::{closure#0}, alloc[2e1b2a31b91974c5]::sync::Arc<tokio[124b49c62014fbbd]::runtime::scheduler::multi_thread::handle::Handle>>>::poll
[INFO] [stdout]   15:     0x63bd5147666a - <tokio[124b49c62014fbbd]::runtime::scheduler::multi_thread::worker::Context>::run_task
[INFO] [stdout]   16:     0x63bd51475db0 - <tokio[124b49c62014fbbd]::runtime::scheduler::multi_thread::worker::Context>::run
[INFO] [stdout]   17:     0x63bd514623cc - tokio[124b49c62014fbbd]::runtime::context::runtime::enter_runtime::<tokio[124b49c62014fbbd]::runtime::scheduler::multi_thread::worker::run::{closure#0}, ()>
[INFO] [stdout]   18:     0x63bd51476b1d - tokio[124b49c62014fbbd]::runtime::scheduler::multi_thread::worker::run
[INFO] [stdout]   19:     0x63bd514694ac - <tokio[124b49c62014fbbd]::runtime::blocking::task::BlockingTask<<tokio[124b49c62014fbbd]::runtime::scheduler::multi_thread::worker::Launch>::launch::{closure#0}> as core[a373ad73a504971]::future::future::Future>::poll
[INFO] [stdout]   20:     0x63bd5147f0b5 - <tokio[124b49c62014fbbd]::runtime::task::core::Core<tokio[124b49c62014fbbd]::runtime::blocking::task::BlockingTask<<tokio[124b49c62014fbbd]::runtime::scheduler::multi_thread::worker::Launch>::launch::{closure#0}>, tokio[124b49c62014fbbd]::runtime::blocking::schedule::BlockingSchedule>>::poll
[INFO] [stdout]   21:     0x63bd5145e7a1 - <tokio[124b49c62014fbbd]::runtime::task::harness::Harness<tokio[124b49c62014fbbd]::runtime::blocking::task::BlockingTask<<tokio[124b49c62014fbbd]::runtime::scheduler::multi_thread::worker::Launch>::launch::{closure#0}>, tokio[124b49c62014fbbd]::runtime::blocking::schedule::BlockingSchedule>>::poll
[INFO] [stdout]   22:     0x63bd5146fa5c - <tokio[124b49c62014fbbd]::runtime::blocking::pool::Inner>::run
[INFO] [stdout]   23:     0x63bd51464b61 - std[617be2ca0a6fd877]::sys::backtrace::__rust_begin_short_backtrace::<<tokio[124b49c62014fbbd]::runtime::blocking::pool::Spawner>::spawn_thread::{closure#0}, ()>
[INFO] [stdout]   24:     0x63bd5146a913 - <std[617be2ca0a6fd877]::thread::lifecycle::spawn_unchecked<<tokio[124b49c62014fbbd]::runtime::blocking::pool::Spawner>::spawn_thread::{closure#0}, ()>::{closure#1} as core[a373ad73a504971]::ops::function::FnOnce<()>>::call_once::{shim:vtable#0}
[INFO] [stdout]   25:     0x63bd515c3d1f - <std[617be2ca0a6fd877]::sys::thread::unix::Thread>::new::thread_start
[INFO] [stdout]   26:     0x7f56fb2e2dfa - <unknown>
[INFO] [stdout]   27:     0x7f56fb3763d4 - clone
[INFO] [stdout]   28:                0x0 - <unknown>
[INFO] [stdout] 
[INFO] [stdout] thread 'conn::pool::test::should_perform_clean_shutdown' (2403) panicked at src/conn/pool/mod.rs:877:29:
[INFO] [stdout] called `Result::unwrap()` on an `Err` value: JoinError::Panic(Id(64), "called `Result::unwrap()` on an `Err` value: Io(Io(Os { code: 111, kind: ConnectionRefused, message: \"Connection refused\" }))", ...)
[INFO] [stdout] stack backtrace:
[INFO] [stdout]    0:     0x63bd515c51b1 - <<std[617be2ca0a6fd877]::sys::backtrace::BacktraceLock>::print::DisplayBacktrace as core[a373ad73a504971]::fmt::Display>::fmt
[INFO] [stdout]    1:     0x63bd515dca4a - core[a373ad73a504971]::fmt::write
[INFO] [stdout]    2:     0x63bd515c9dec - <alloc[2e1b2a31b91974c5]::vec::Vec<u8> as core[a373ad73a504971]::io::write::Write>::write_fmt
[INFO] [stdout]    3:     0x63bd5159f506 - std[617be2ca0a6fd877]::panicking::default_hook::{closure#0}
[INFO] [stdout]    4:     0x63bd515bc5e9 - std[617be2ca0a6fd877]::panicking::default_hook
[INFO] [stdout]    5:     0x63bd514089e0 - test[aada8e7e76ba119b]::test_main_inner::{closure#0}
[INFO] [stdout]    6:     0x63bd515bc912 - std[617be2ca0a6fd877]::panicking::panic_with_hook
[INFO] [stdout]    7:     0x63bd5159f5b2 - std[617be2ca0a6fd877]::panicking::panic_handler::{closure#0}
[INFO] [stdout]    8:     0x63bd51597fa9 - std[617be2ca0a6fd877]::sys::backtrace::__rust_end_short_backtrace::<std[617be2ca0a6fd877]::panicking::panic_handler::{closure#0}, !>
[INFO] [stdout]    9:     0x63bd515a03ad - __rustc[ea4f61d10b84890b]::rust_begin_unwind
[INFO] [stdout]   10:     0x63bd515dd22c - core[a373ad73a504971]::panicking::panic_fmt
[INFO] [stdout]   11:     0x63bd515dd002 - core[a373ad73a504971]::result::unwrap_failed
[INFO] [stdout]   12:     0x63bd51343d9d - <mysql_async[b4b84080dfd3dbf9]::conn::pool::test::should_perform_clean_shutdown::{closure#0} as core[a373ad73a504971]::ops::function::FnOnce<()>>::call_once
[INFO] [stdout]   13:     0x63bd513fbe2b - test[aada8e7e76ba119b]::__rust_begin_short_backtrace::<core[a373ad73a504971]::result::Result<(), alloc[2e1b2a31b91974c5]::string::String>, fn() -> core[a373ad73a504971]::result::Result<(), alloc[2e1b2a31b91974c5]::string::String>>
[INFO] [stdout]   14:     0x63bd51409005 - test[aada8e7e76ba119b]::run_test::{closure#0}
[INFO] [stdout]   15:     0x63bd514028f4 - std[617be2ca0a6fd877]::sys::backtrace::__rust_begin_short_backtrace::<test[aada8e7e76ba119b]::run_test::{closure#1}, ()>
[INFO] [stdout]   16:     0x63bd5140c092 - <std[617be2ca0a6fd877]::thread::lifecycle::spawn_unchecked<test[aada8e7e76ba119b]::run_test::{closure#1}, ()>::{closure#1} as core[a373ad73a504971]::ops::function::FnOnce<()>>::call_once::{shim:vtable#0}
[INFO] [stdout]   17:     0x63bd515c3d1f - <std[617be2ca0a6fd877]::sys::thread::unix::Thread>::new::thread_start
[INFO] [stdout]   18:     0x7f56fb2e2dfa - <unknown>
[INFO] [stdout]   19:     0x7f56fb3763d4 - clone
[INFO] [stdout]   20:                0x0 - <unknown>
[INFO] [stdout] 
[INFO] [stdout] ---- conn::pool::test::aa_should_hold_bounds2 stdout ----
[INFO] [stdout] Error: Io(Io(Os { code: 111, kind: ConnectionRefused, message: "Connection refused" }))
[INFO] [stdout] 
[INFO] [stdout] ---- conn::pool::test::should_track_conn_if_disconnected_outside_of_a_pool stdout ----
[INFO] [stdout] Error: Io(Io(Os { code: 111, kind: ConnectionRefused, message: "Connection refused" }))
[INFO] [stdout] 
[INFO] [stdout] ---- conn::pool::test::should_remove_waker_of_cancelled_task stdout ----
[INFO] [stdout] 
[INFO] [stdout] thread 'conn::pool::test::should_remove_waker_of_cancelled_task' (2424) panicked at src/conn/pool/mod.rs:922:47:
[INFO] [stdout] called `Result::unwrap()` on an `Err` value: Io(Io(Os { code: 111, kind: ConnectionRefused, message: "Connection refused" }))
[INFO] [stdout] stack backtrace:
[INFO] [stdout]    0:     0x63bd515c51b1 - <<std[617be2ca0a6fd877]::sys::backtrace::BacktraceLock>::print::DisplayBacktrace as core[a373ad73a504971]::fmt::Display>::fmt
[INFO] [stdout]    1:     0x63bd515dca4a - core[a373ad73a504971]::fmt::write
[INFO] [stdout]    2:     0x63bd515c9dec - <alloc[2e1b2a31b91974c5]::vec::Vec<u8> as core[a373ad73a504971]::io::write::Write>::write_fmt
[INFO] [stdout]    3:     0x63bd5159f506 - std[617be2ca0a6fd877]::panicking::default_hook::{closure#0}
[INFO] [stdout]    4:     0x63bd515bc5e9 - std[617be2ca0a6fd877]::panicking::default_hook
[INFO] [stdout]    5:     0x63bd514089e0 - test[aada8e7e76ba119b]::test_main_inner::{closure#0}
[INFO] [stdout]    6:     0x63bd515bc912 - std[617be2ca0a6fd877]::panicking::panic_with_hook
[INFO] [stdout]    7:     0x63bd5159f5b2 - std[617be2ca0a6fd877]::panicking::panic_handler::{closure#0}
[INFO] [stdout]    8:     0x63bd51597fa9 - std[617be2ca0a6fd877]::sys::backtrace::__rust_end_short_backtrace::<std[617be2ca0a6fd877]::panicking::panic_handler::{closure#0}, !>
[INFO] [stdout]    9:     0x63bd515a03ad - __rustc[ea4f61d10b84890b]::rust_begin_unwind
[INFO] [stdout]   10:     0x63bd515dd22c - core[a373ad73a504971]::panicking::panic_fmt
[INFO] [stdout]   11:     0x63bd515dd002 - core[a373ad73a504971]::result::unwrap_failed
[INFO] [stdout]   12:     0x63bd5133ddf5 - mysql_async[b4b84080dfd3dbf9]::conn::pool::test::should_remove_waker_of_cancelled_task::{closure#0}
[INFO] [stdout]   13:     0x63bd5135d5e3 - <tokio[124b49c62014fbbd]::runtime::scheduler::current_thread::Context>::enter::<core[a373ad73a504971]::task::poll::Poll<()>, <tokio[124b49c62014fbbd]::runtime::scheduler::current_thread::CoreGuard>::block_on<core[a373ad73a504971]::pin::Pin<&mut core[a373ad73a504971]::pin::Pin<&mut dyn core[a373ad73a504971]::future::future::Future<Output = ()>>>>::{closure#0}::{closure#0}>
[INFO] [stdout]   14:     0x63bd51328adc - <tokio[124b49c62014fbbd]::runtime::context::scoped::Scoped<tokio[124b49c62014fbbd]::runtime::scheduler::Context>>::set::<<tokio[124b49c62014fbbd]::runtime::scheduler::current_thread::CoreGuard>::enter<<tokio[124b49c62014fbbd]::runtime::scheduler::current_thread::CoreGuard>::block_on<core[a373ad73a504971]::pin::Pin<&mut core[a373ad73a504971]::pin::Pin<&mut dyn core[a373ad73a504971]::future::future::Future<Output = ()>>>>::{closure#0}, core[a373ad73a504971]::option::Option<()>>::{closure#0}, (alloc[2e1b2a31b91974c5]::boxed::Box<tokio[124b49c62014fbbd]::runtime::scheduler::current_thread::Core>, core[a373ad73a504971]::option::Option<()>)>
[INFO] [stdout]   15:     0x63bd5135eb77 - <tokio[124b49c62014fbbd]::runtime::scheduler::current_thread::CoreGuard>::block_on::<core[a373ad73a504971]::pin::Pin<&mut core[a373ad73a504971]::pin::Pin<&mut dyn core[a373ad73a504971]::future::future::Future<Output = ()>>>>
[INFO] [stdout]   16:     0x63bd5131d7cd - tokio[124b49c62014fbbd]::runtime::context::runtime::enter_runtime::<<tokio[124b49c62014fbbd]::runtime::scheduler::current_thread::CurrentThread>::block_on<core[a373ad73a504971]::pin::Pin<&mut dyn core[a373ad73a504971]::future::future::Future<Output = ()>>>::{closure#0}, ()>
[INFO] [stdout]   17:     0x63bd513e4705 - <tokio[124b49c62014fbbd]::runtime::runtime::Runtime>::block_on::<core[a373ad73a504971]::pin::Pin<&mut dyn core[a373ad73a504971]::future::future::Future<Output = ()>>>
[INFO] [stdout]   18:     0x63bd5134519e - <mysql_async[b4b84080dfd3dbf9]::conn::pool::test::should_remove_waker_of_cancelled_task::{closure#0} as core[a373ad73a504971]::ops::function::FnOnce<()>>::call_once
[INFO] [stdout]   19:     0x63bd513fbe2b - test[aada8e7e76ba119b]::__rust_begin_short_backtrace::<core[a373ad73a504971]::result::Result<(), alloc[2e1b2a31b91974c5]::string::String>, fn() -> core[a373ad73a504971]::result::Result<(), alloc[2e1b2a31b91974c5]::string::String>>
[INFO] [stdout]   20:     0x63bd51409005 - test[aada8e7e76ba119b]::run_test::{closure#0}
[INFO] [stdout]   21:     0x63bd514028f4 - std[617be2ca0a6fd877]::sys::backtrace::__rust_begin_short_backtrace::<test[aada8e7e76ba119b]::run_test::{closure#1}, ()>
[INFO] [stdout]   22:     0x63bd5140c092 - <std[617be2ca0a6fd877]::thread::lifecycle::spawn_unchecked<test[aada8e7e76ba119b]::run_test::{closure#1}, ()>::{closure#1} as core[a373ad73a504971]::ops::function::FnOnce<()>>::call_once::{shim:vtable#0}
[INFO] [stdout]   23:     0x63bd515c3d1f - <std[617be2ca0a6fd877]::sys::thread::unix::Thread>::new::thread_start
[INFO] [stdout]   24:     0x7f56fb2e2dfa - <unknown>
[INFO] [stdout]   25:     0x7f56fb3763d4 - clone
[INFO] [stdout]   26:                0x0 - <unknown>
[INFO] [stdout] 
[INFO] [stdout] ---- conn::pool::test::should_not_panic_on_unclean_shutdown stdout ----
[INFO] [stdout] 
[INFO] [stdout] thread 'conn::pool::test::should_not_panic_on_unclean_shutdown' (2398) panicked at src/conn/pool/mod.rs:849:51:
[INFO] [stdout] called `Result::unwrap()` on an `Err` value: Io(Io(Os { code: 111, kind: ConnectionRefused, message: "Connection refused" }))
[INFO] [stdout] stack backtrace:
[INFO] [stdout]    0:     0x63bd515c51b1 - <<std[617be2ca0a6fd877]::sys::backtrace::BacktraceLock>::print::DisplayBacktrace as core[a373ad73a504971]::fmt::Display>::fmt
[INFO] [stdout]    1:     0x63bd515dca4a - core[a373ad73a504971]::fmt::write
[INFO] [stdout]    2:     0x63bd515c9dec - <alloc[2e1b2a31b91974c5]::vec::Vec<u8> as core[a373ad73a504971]::io::write::Write>::write_fmt
[INFO] [stdout]    3:     0x63bd5159f506 - std[617be2ca0a6fd877]::panicking::default_hook::{closure#0}
[INFO] [stdout]    4:     0x63bd515bc5e9 - std[617be2ca0a6fd877]::panicking::default_hook
[INFO] [stdout]    5:     0x63bd514089e0 - test[aada8e7e76ba119b]::test_main_inner::{closure#0}
[INFO] [stdout]    6:     0x63bd515bc912 - std[617be2ca0a6fd877]::panicking::panic_with_hook
[INFO] [stdout]    7:     0x63bd5159f5b2 - std[617be2ca0a6fd877]::panicking::panic_handler::{closure#0}
[INFO] [stdout]    8:     0x63bd51597fa9 - std[617be2ca0a6fd877]::sys::backtrace::__rust_end_short_backtrace::<std[617be2ca0a6fd877]::panicking::panic_handler::{closure#0}, !>
[INFO] [stdout]    9:     0x63bd515a03ad - __rustc[ea4f61d10b84890b]::rust_begin_unwind
[INFO] [stdout]   10:     0x63bd515dd22c - core[a373ad73a504971]::panicking::panic_fmt
[INFO] [stdout]   11:     0x63bd515dd002 - core[a373ad73a504971]::result::unwrap_failed
[INFO] [stdout]   12:     0x63bd5131cb8d - tokio[124b49c62014fbbd]::runtime::context::runtime::enter_runtime::<<tokio[124b49c62014fbbd]::runtime::scheduler::multi_thread::MultiThread>::block_on<mysql_async[b4b84080dfd3dbf9]::conn::pool::test::should_not_panic_on_unclean_shutdown::{closure#0}>::{closure#0}, ()>
[INFO] [stdout]   13:     0x63bd513e4d21 - <tokio[124b49c62014fbbd]::runtime::runtime::Runtime>::block_on::<mysql_async[b4b84080dfd3dbf9]::conn::pool::test::should_not_panic_on_unclean_shutdown::{closure#0}>
[INFO] [stdout]   14:     0x63bd51344386 - <mysql_async[b4b84080dfd3dbf9]::conn::pool::test::should_not_panic_on_unclean_shutdown::{closure#0} as core[a373ad73a504971]::ops::function::FnOnce<()>>::call_once
[INFO] [stdout]   15:     0x63bd513fbe2b - test[aada8e7e76ba119b]::__rust_begin_short_backtrace::<core[a373ad73a504971]::result::Result<(), alloc[2e1b2a31b91974c5]::string::String>, fn() -> core[a373ad73a504971]::result::Result<(), alloc[2e1b2a31b91974c5]::string::String>>
[INFO] [stdout]   16:     0x63bd51409005 - test[aada8e7e76ba119b]::run_test::{closure#0}
[INFO] [stdout]   17:     0x63bd514028f4 - std[617be2ca0a6fd877]::sys::backtrace::__rust_begin_short_backtrace::<test[aada8e7e76ba119b]::run_test::{closure#1}, ()>
[INFO] [stdout]   18:     0x63bd5140c092 - <std[617be2ca0a6fd877]::thread::lifecycle::spawn_unchecked<test[aada8e7e76ba119b]::run_test::{closure#1}, ()>::{closure#1} as core[a373ad73a504971]::ops::function::FnOnce<()>>::call_once::{shim:vtable#0}
[INFO] [stdout]   19:     0x63bd515c3d1f - <std[617be2ca0a6fd877]::sys::thread::unix::Thread>::new::thread_start
[INFO] [stdout]   20:     0x7f56fb2e2dfa - <unknown>
[INFO] [stdout]   21:     0x7f56fb3763d4 - clone
[INFO] [stdout]   22:                0x0 - <unknown>
[INFO] [stdout] 
[INFO] [stdout] ---- conn::pool::test::should_start_transaction stdout ----
[INFO] [stdout] Error: Io(Io(Os { code: 111, kind: ConnectionRefused, message: "Connection refused" }))
[INFO] [stdout] 
[INFO] [stdout] ---- conn::pool::test::zz_should_check_wait_timeout_on_get_conn stdout ----
[INFO] [stdout] Error: Io(Io(Os { code: 111, kind: ConnectionRefused, message: "Connection refused" }))
[INFO] [stdout] 
[INFO] [stdout] ---- conn::test::issue_107 stdout ----
[INFO] [stdout] Error: Io(Io(Os { code: 111, kind: ConnectionRefused, message: "Connection refused" }))
[INFO] [stdout] 
[INFO] [stdout] ---- conn::test::should_change_user stdout ----
[INFO] [stdout] Error: Io(Io(Os { code: 111, kind: ConnectionRefused, message: "Connection refused" }))
[INFO] [stdout] 
[INFO] [stdout] ---- conn::pool::test::should_work_if_pooled_connection_operation_is_cancelled stdout ----
[INFO] [stdout] 
[INFO] [stdout] thread 'conn::pool::test::should_work_if_pooled_connection_operation_is_cancelled' (2433) panicked at src/conn/pool/mod.rs:949:18:
[INFO] [stdout] called `Result::unwrap()` on an `Err` value: Io(Io(Os { code: 111, kind: ConnectionRefused, message: "Connection refused" }))
[INFO] [stdout] stack backtrace:
[INFO] [stdout]    0:     0x63bd515c51b1 - <<std[617be2ca0a6fd877]::sys::backtrace::BacktraceLock>::print::DisplayBacktrace as core[a373ad73a504971]::fmt::Display>::fmt
[INFO] [stdout]    1:     0x63bd515dca4a - core[a373ad73a504971]::fmt::write
[INFO] [stdout]    2:     0x63bd515c9dec - <alloc[2e1b2a31b91974c5]::vec::Vec<u8> as core[a373ad73a504971]::io::write::Write>::write_fmt
[INFO] [stdout]    3:     0x63bd5159f506 - std[617be2ca0a6fd877]::panicking::default_hook::{closure#0}
[INFO] [stdout]    4:     0x63bd515bc5e9 - std[617be2ca0a6fd877]::panicking::default_hook
[INFO] [stdout]    5:     0x63bd514089e0 - test[aada8e7e76ba119b]::test_main_inner::{closure#0}
[INFO] [stdout]    6:     0x63bd515bc912 - std[617be2ca0a6fd877]::panicking::panic_with_hook
[INFO] [stdout]    7:     0x63bd5159f5b2 - std[617be2ca0a6fd877]::panicking::panic_handler::{closure#0}
[INFO] [stdout]    8:     0x63bd51597fa9 - std[617be2ca0a6fd877]::sys::backtrace::__rust_end_short_backtrace::<std[617be2ca0a6fd877]::panicking::panic_handler::{closure#0}, !>
[INFO] [stdout]    9:     0x63bd515a03ad - __rustc[ea4f61d10b84890b]::rust_begin_unwind
[INFO] [stdout]   10:     0x63bd515dd22c - core[a373ad73a504971]::panicking::panic_fmt
[INFO] [stdout]   11:     0x63bd515dd002 - core[a373ad73a504971]::result::unwrap_failed
[INFO] [stdout]   12:     0x63bd51340401 - mysql_async[b4b84080dfd3dbf9]::conn::pool::test::should_work_if_pooled_connection_operation_is_cancelled::{closure#0}
[INFO] [stdout]   13:     0x63bd5135d04d - <tokio[124b49c62014fbbd]::runtime::scheduler::current_thread::Context>::enter::<core[a373ad73a504971]::task::poll::Poll<core[a373ad73a504971]::result::Result<(), mysql_async[b4b84080dfd3dbf9]::error::Error>>, <tokio[124b49c62014fbbd]::runtime::scheduler::current_thread::CoreGuard>::block_on<core[a373ad73a504971]::pin::Pin<&mut core[a373ad73a504971]::pin::Pin<&mut dyn core[a373ad73a504971]::future::future::Future<Output = core[a373ad73a504971]::result::Result<(), mysql_async[b4b84080dfd3dbf9]::error::Error>>>>>::{closure#0}::{closure#0}>
[INFO] [stdout]   14:     0x63bd513288ca - <tokio[124b49c62014fbbd]::runtime::context::scoped::Scoped<tokio[124b49c62014fbbd]::runtime::scheduler::Context>>::set::<<tokio[124b49c62014fbbd]::runtime::scheduler::current_thread::CoreGuard>::enter<<tokio[124b49c62014fbbd]::runtime::scheduler::current_thread::CoreGuard>::block_on<core[a373ad73a504971]::pin::Pin<&mut core[a373ad73a504971]::pin::Pin<&mut dyn core[a373ad73a504971]::future::future::Future<Output = core[a373ad73a504971]::result::Result<(), mysql_async[b4b84080dfd3dbf9]::error::Error>>>>>::{closure#0}, core[a373ad73a504971]::option::Option<core[a373ad73a504971]::result::Result<(), mysql_async[b4b84080dfd3dbf9]::error::Error>>>::{closure#0}, (alloc[2e1b2a31b91974c5]::boxed::Box<tokio[124b49c62014fbbd]::runtime::scheduler::current_thread::Core>, core[a373ad73a504971]::option::Option<core[a373ad73a504971]::result::Result<(), mysql_async[b4b84080dfd3dbf9]::error::Error>>)>
[INFO] [stdout]   15:     0x63bd5135e8d9 - <tokio[124b49c62014fbbd]::runtime::scheduler::current_thread::CoreGuard>::block_on::<core[a373ad73a504971]::pin::Pin<&mut core[a373ad73a504971]::pin::Pin<&mut dyn core[a373ad73a504971]::future::future::Future<Output = core[a373ad73a504971]::result::Result<(), mysql_async[b4b84080dfd3dbf9]::error::Error>>>>>
[INFO] [stdout]   16:     0x63bd5131d232 - tokio[124b49c62014fbbd]::runtime::context::runtime::enter_runtime::<<tokio[124b49c62014fbbd]::runtime::scheduler::current_thread::CurrentThread>::block_on<core[a373ad73a504971]::pin::Pin<&mut dyn core[a373ad73a504971]::future::future::Future<Output = core[a373ad73a504971]::result::Result<(), mysql_async[b4b84080dfd3dbf9]::error::Error>>>>::{closure#0}, core[a373ad73a504971]::result::Result<(), mysql_async[b4b84080dfd3dbf9]::error::Error>>
[INFO] [stdout]   17:     0x63bd513e45fa - <tokio[124b49c62014fbbd]::runtime::runtime::Runtime>::block_on::<core[a373ad73a504971]::pin::Pin<&mut dyn core[a373ad73a504971]::future::future::Future<Output = core[a373ad73a504971]::result::Result<(), mysql_async[b4b84080dfd3dbf9]::error::Error>>>>
[INFO] [stdout]   18:     0x63bd51345ad2 - <mysql_async[b4b84080dfd3dbf9]::conn::pool::test::should_work_if_pooled_connection_operation_is_cancelled::{closure#0} as core[a373ad73a504971]::ops::function::FnOnce<()>>::call_once
[INFO] [stdout]   19:     0x63bd513fbe2b - test[aada8e7e76ba119b]::__rust_begin_short_backtrace::<core[a373ad73a504971]::result::Result<(), alloc[2e1b2a31b91974c5]::string::String>, fn() -> core[a373ad73a504971]::result::Result<(), alloc[2e1b2a31b91974c5]::string::String>>
[INFO] [stdout]   20:     0x63bd51409005 - test[aada8e7e76ba119b]::run_test::{closure#0}
[INFO] [stdout]   21:     0x63bd514028f4 - std[617be2ca0a6fd877]::sys::backtrace::__rust_begin_short_backtrace::<test[aada8e7e76ba119b]::run_test::{closure#1}, ()>
[INFO] [stdout]   22:     0x63bd5140c092 - <std[617be2ca0a6fd877]::thread::lifecycle::spawn_unchecked<test[aada8e7e76ba119b]::run_test::{closure#1}, ()>::{closure#1} as core[a373ad73a504971]::ops::function::FnOnce<()>>::call_once::{shim:vtable#0}
[INFO] [stdout]   23:     0x63bd515c3d1f - <std[617be2ca0a6fd877]::sys::thread::unix::Thread>::new::thread_start
[INFO] [stdout]   24:     0x7f56fb2e2dfa - <unknown>
[INFO] [stdout]   25:     0x7f56fb3763d4 - clone
[INFO] [stdout]   26:                0x0 - <unknown>
[INFO] [stdout] 
[INFO] [stdout] ---- conn::test::should_first_exec_statement stdout ----
[INFO] [stdout] Error: Io(Io(Os { code: 111, kind: ConnectionRefused, message: "Connection refused" }))
[INFO] [stdout] 
[INFO] [stdout] ---- conn::test::should_handle_binary_multiresult_set_with_error stdout ----
[INFO] [stdout] 
[INFO] [stdout] thread 'conn::test::should_handle_binary_multiresult_set_with_error' (2464) panicked at src/conn/mod.rs:2133:52:
[INFO] [stdout] called `Result::unwrap()` on an `Err` value: Io(Io(Os { code: 111, kind: ConnectionRefused, message: "Connection refused" }))
[INFO] [stdout] stack backtrace:
[INFO] [stdout]    0:     0x63bd515c51b1 - <<std[617be2ca0a6fd877]::sys::backtrace::BacktraceLock>::print::DisplayBacktrace as core[a373ad73a504971]::fmt::Display>::fmt
[INFO] [stdout]    1:     0x63bd515dca4a - core[a373ad73a504971]::fmt::write
[INFO] [stdout]    2:     0x63bd515c9dec - <alloc[2e1b2a31b91974c5]::vec::Vec<u8> as core[a373ad73a504971]::io::write::Write>::write_fmt
[INFO] [stdout]    3:     0x63bd5159f506 - std[617be2ca0a6fd877]::panicking::default_hook::{closure#0}
[INFO] [stdout]    4:     0x63bd515bc5e9 - std[617be2ca0a6fd877]::panicking::default_hook
[INFO] [stdout]    5:     0x63bd514089e0 - test[aada8e7e76ba119b]::test_main_inner::{closure#0}
[INFO] [stdout]    6:     0x63bd515bc912 - std[617be2ca0a6fd877]::panicking::panic_with_hook
[INFO] [stdout]    7:     0x63bd5159f5b2 - std[617be2ca0a6fd877]::panicking::panic_handler::{closure#0}
[INFO] [stdout]    8:     0x63bd51597fa9 - std[617be2ca0a6fd877]::sys::backtrace::__rust_end_short_backtrace::<std[617be2ca0a6fd877]::panicking::panic_handler::{closure#0}, !>
[INFO] [stdout]    9:     0x63bd515a03ad - __rustc[ea4f61d10b84890b]::rust_begin_unwind
[INFO] [stdout]   10:     0x63bd515dd22c - core[a373ad73a504971]::panicking::panic_fmt
[INFO] [stdout]   11:     0x63bd515dd002 - core[a373ad73a504971]::result::unwrap_failed
[INFO] [stdout]   12:     0x63bd512b0496 - mysql_async[b4b84080dfd3dbf9]::conn::test::should_handle_binary_multiresult_set_with_error::{closure#0}
[INFO] [stdout]   13:     0x63bd5135d04d - <tokio[124b49c62014fbbd]::runtime::scheduler::current_thread::Context>::enter::<core[a373ad73a504971]::task::poll::Poll<core[a373ad73a504971]::result::Result<(), mysql_async[b4b84080dfd3dbf9]::error::Error>>, <tokio[124b49c62014fbbd]::runtime::scheduler::current_thread::CoreGuard>::block_on<core[a373ad73a504971]::pin::Pin<&mut core[a373ad73a504971]::pin::Pin<&mut dyn core[a373ad73a504971]::future::future::Future<Output = core[a373ad73a504971]::result::Result<(), mysql_async[b4b84080dfd3dbf9]::error::Error>>>>>::{closure#0}::{closure#0}>
[INFO] [stdout]   14:     0x63bd513288ca - <tokio[124b49c62014fbbd]::runtime::context::scoped::Scoped<tokio[124b49c62014fbbd]::runtime::scheduler::Context>>::set::<<tokio[124b49c62014fbbd]::runtime::scheduler::current_thread::CoreGuard>::enter<<tokio[124b49c62014fbbd]::runtime::scheduler::current_thread::CoreGuard>::block_on<core[a373ad73a504971]::pin::Pin<&mut core[a373ad73a504971]::pin::Pin<&mut dyn core[a373ad73a504971]::future::future::Future<Output = core[a373ad73a504971]::result::Result<(), mysql_async[b4b84080dfd3dbf9]::error::Error>>>>>::{closure#0}, core[a373ad73a504971]::option::Option<core[a373ad73a504971]::result::Result<(), mysql_async[b4b84080dfd3dbf9]::error::Error>>>::{closure#0}, (alloc[2e1b2a31b91974c5]::boxed::Box<tokio[124b49c62014fbbd]::runtime::scheduler::current_thread::Core>, core[a373ad73a504971]::option::Option<core[a373ad73a504971]::result::Result<(), mysql_async[b4b84080dfd3dbf9]::error::Error>>)>
[INFO] [stdout]   15:     0x63bd5135e8d9 - <tokio[124b49c62014fbbd]::runtime::scheduler::current_thread::CoreGuard>::block_on::<core[a373ad73a504971]::pin::Pin<&mut core[a373ad73a504971]::pin::Pin<&mut dyn core[a373ad73a504971]::future::future::Future<Output = core[a373ad73a504971]::result::Result<(), mysql_async[b4b84080dfd3dbf9]::error::Error>>>>>
[INFO] [stdout]   16:     0x63bd5131d232 - tokio[124b49c62014fbbd]::runtime::context::runtime::enter_runtime::<<tokio[124b49c62014fbbd]::runtime::scheduler::current_thread::CurrentThread>::block_on<core[a373ad73a504971]::pin::Pin<&mut dyn core[a373ad73a504971]::future::future::Future<Output = core[a373ad73a504971]::result::Result<(), mysql_async[b4b84080dfd3dbf9]::error::Error>>>>::{closure#0}, core[a373ad73a504971]::result::Result<(), mysql_async[b4b84080dfd3dbf9]::error::Error>>
[INFO] [stdout]   17:     0x63bd513e45fa - <tokio[124b49c62014fbbd]::runtime::runtime::Runtime>::block_on::<core[a373ad73a504971]::pin::Pin<&mut dyn core[a373ad73a504971]::future::future::Future<Output = core[a373ad73a504971]::result::Result<(), mysql_async[b4b84080dfd3dbf9]::error::Error>>>>
[INFO] [stdout]   18:     0x63bd512b7db2 - <mysql_async[b4b84080dfd3dbf9]::conn::test::should_handle_binary_multiresult_set_with_error::{closure#0} as core[a373ad73a504971]::ops::function::FnOnce<()>>::call_once
[INFO] [stdout]   19:     0x63bd513fbe2b - test[aada8e7e76ba119b]::__rust_begin_short_backtrace::<core[a373ad73a504971]::result::Result<(), alloc[2e1b2a31b91974c5]::string::String>, fn() -> core[a373ad73a504971]::result::Result<(), alloc[2e1b2a31b91974c5]::string::String>>
[INFO] [stdout]   20:     0x63bd51409005 - test[aada8e7e76ba119b]::run_test::{closure#0}
[INFO] [stdout]   21:     0x63bd514028f4 - std[617be2ca0a6fd877]::sys::backtrace::__rust_begin_short_backtrace::<test[aada8e7e76ba119b]::run_test::{closure#1}, ()>
[INFO] [stdout]   22:     0x63bd5140c092 - <std[617be2ca0a6fd877]::thread::lifecycle::spawn_unchecked<test[aada8e7e76ba119b]::run_test::{closure#1}, ()>::{closure#1} as core[a373ad73a504971]::ops::function::FnOnce<()>>::call_once::{shim:vtable#0}
[INFO] [stdout]   23:     0x63bd515c3d1f - <std[617be2ca0a6fd877]::sys::thread::unix::Thread>::new::thread_start
[INFO] [stdout]   24:     0x7f56fb2e2dfa - <unknown>
[INFO] [stdout]   25:     0x7f56fb3763d4 - clone
[INFO] [stdout]   26:                0x0 - <unknown>
[INFO] [stdout] 
[INFO] [stdout] ---- conn::test::should_execute_init_queries_on_new_connection stdout ----
[INFO] [stdout] Error: Io(Io(Os { code: 111, kind: ConnectionRefused, message: "Connection refused" }))
[INFO] [stdout] 
[INFO] [stdout] ---- conn::test::should_execute_setup_queries_on_reset stdout ----
[INFO] [stdout] Error: Io(Io(Os { code: 111, kind: ConnectionRefused, message: "Connection refused" }))
[INFO] [stdout] 
[INFO] [stdout] ---- conn::test::should_handle_local_infile_globally stdout ----
[INFO] [stdout] 
[INFO] [stdout] thread 'conn::test::should_handle_local_infile_globally' (2466) panicked at src/conn/mod.rs:2345:66:
[INFO] [stdout] called `Result::unwrap()` on an `Err` value: Custom { kind: ReadOnlyFilesystem, error: PathError { path: "/opt/rustwide/workdir/.tmpDCadBJ", err: Os { code: 30, kind: ReadOnlyFilesystem, message: "Read-only file system" } } }
[INFO] [stdout] stack backtrace:
[INFO] [stdout]    0:     0x63bd515c51b1 - <<std[617be2ca0a6fd877]::sys::backtrace::BacktraceLock>::print::DisplayBacktrace as core[a373ad73a504971]::fmt::Display>::fmt
[INFO] [stdout]    1:     0x63bd515dca4a - core[a373ad73a504971]::fmt::write
[INFO] [stdout]    2:     0x63bd515c9dec - <alloc[2e1b2a31b91974c5]::vec::Vec<u8> as core[a373ad73a504971]::io::write::Write>::write_fmt
[INFO] [stdout]    3:     0x63bd5159f506 - std[617be2ca0a6fd877]::panicking::default_hook::{closure#0}
[INFO] [stdout]    4:     0x63bd515bc5e9 - std[617be2ca0a6fd877]::panicking::default_hook
[INFO] [stdout]    5:     0x63bd514089e0 - test[aada8e7e76ba119b]::test_main_inner::{closure#0}
[INFO] [stdout]    6:     0x63bd515bc912 - std[617be2ca0a6fd877]::panicking::panic_with_hook
[INFO] [stdout]    7:     0x63bd5159f5b2 - std[617be2ca0a6fd877]::panicking::panic_handler::{closure#0}
[INFO] [stdout]    8:     0x63bd51597fa9 - std[617be2ca0a6fd877]::sys::backtrace::__rust_end_short_backtrace::<std[617be2ca0a6fd877]::panicking::panic_handler::{closure#0}, !>
[INFO] [stdout]    9:     0x63bd515a03ad - __rustc[ea4f61d10b84890b]::rust_begin_unwind
[INFO] [stdout]   10:     0x63bd515dd22c - core[a373ad73a504971]::panicking::panic_fmt
[INFO] [stdout]   11:     0x63bd515dd002 - core[a373ad73a504971]::result::unwrap_failed
[INFO] [stdout]   12:     0x63bd512aa5e4 - mysql_async[b4b84080dfd3dbf9]::conn::test::should_handle_local_infile_globally::{closure#0}
[INFO] [stdout]   13:     0x63bd5135d04d - <tokio[124b49c62014fbbd]::runtime::scheduler::current_thread::Context>::enter::<core[a373ad73a504971]::task::poll::Poll<core[a373ad73a504971]::result::Result<(), mysql_async[b4b84080dfd3dbf9]::error::Error>>, <tokio[124b49c62014fbbd]::runtime::scheduler::current_thread::CoreGuard>::block_on<core[a373ad73a504971]::pin::Pin<&mut core[a373ad73a504971]::pin::Pin<&mut dyn core[a373ad73a504971]::future::future::Future<Output = core[a373ad73a504971]::result::Result<(), mysql_async[b4b84080dfd3dbf9]::error::Error>>>>>::{closure#0}::{closure#0}>
[INFO] [stdout]   14:     0x63bd513288ca - <tokio[124b49c62014fbbd]::runtime::context::scoped::Scoped<tokio[124b49c62014fbbd]::runtime::scheduler::Context>>::set::<<tokio[124b49c62014fbbd]::runtime::scheduler::current_thread::CoreGuard>::enter<<tokio[124b49c62014fbbd]::runtime::scheduler::current_thread::CoreGuard>::block_on<core[a373ad73a504971]::pin::Pin<&mut core[a373ad73a504971]::pin::Pin<&mut dyn core[a373ad73a504971]::future::future::Future<Output = core[a373ad73a504971]::result::Result<(), mysql_async[b4b84080dfd3dbf9]::error::Error>>>>>::{closure#0}, core[a373ad73a504971]::option::Option<core[a373ad73a504971]::result::Result<(), mysql_async[b4b84080dfd3dbf9]::error::Error>>>::{closure#0}, (alloc[2e1b2a31b91974c5]::boxed::Box<tokio[124b49c62014fbbd]::runtime::scheduler::current_thread::Core>, core[a373ad73a504971]::option::Option<core[a373ad73a504971]::result::Result<(), mysql_async[b4b84080dfd3dbf9]::error::Error>>)>
[INFO] [stdout]   15:     0x63bd5135e8d9 - <tokio[124b49c62014fbbd]::runtime::scheduler::current_thread::CoreGuard>::block_on::<core[a373ad73a504971]::pin::Pin<&mut core[a373ad73a504971]::pin::Pin<&mut dyn core[a373ad73a504971]::future::future::Future<Output = core[a373ad73a504971]::result::Result<(), mysql_async[b4b84080dfd3dbf9]::error::Error>>>>>
[INFO] [stdout]   16:     0x63bd5131d232 - tokio[124b49c62014fbbd]::runtime::context::runtime::enter_runtime::<<tokio[124b49c62014fbbd]::runtime::scheduler::current_thread::CurrentThread>::block_on<core[a373ad73a504971]::pin::Pin<&mut dyn core[a373ad73a504971]::future::future::Future<Output = core[a373ad73a504971]::result::Result<(), mysql_async[b4b84080dfd3dbf9]::error::Error>>>>::{closure#0}, core[a373ad73a504971]::result::Result<(), mysql_async[b4b84080dfd3dbf9]::error::Error>>
[INFO] [stdout]   17:     0x63bd513e45fa - <tokio[124b49c62014fbbd]::runtime::runtime::Runtime>::block_on::<core[a373ad73a504971]::pin::Pin<&mut dyn core[a373ad73a504971]::future::future::Future<Output = core[a373ad73a504971]::result::Result<(), mysql_async[b4b84080dfd3dbf9]::error::Error>>>>
[INFO] [stdout]   18:     0x63bd512b6e85 - <mysql_async[b4b84080dfd3dbf9]::conn::test::should_handle_local_infile_globally::{closure#0} as core[a373ad73a504971]::ops::function::FnOnce<()>>::call_once
[INFO] [stdout]   19:     0x63bd513fbe2b - test[aada8e7e76ba119b]::__rust_begin_short_backtrace::<core[a373ad73a504971]::result::Result<(), alloc[2e1b2a31b91974c5]::string::String>, fn() -> core[a373ad73a504971]::result::Result<(), alloc[2e1b2a31b91974c5]::string::String>>
[INFO] [stdout]   20:     0x63bd51409005 - test[aada8e7e76ba119b]::run_test::{closure#0}
[INFO] [stdout]   21:     0x63bd514028f4 - std[617be2ca0a6fd877]::sys::backtrace::__rust_begin_short_backtrace::<test[aada8e7e76ba119b]::run_test::{closure#1}, ()>
[INFO] [stdout]   22:     0x63bd5140c092 - <std[617be2ca0a6fd877]::thread::lifecycle::spawn_unchecked<test[aada8e7e76ba119b]::run_test::{closure#1}, ()>::{closure#1} as core[a373ad73a504971]::ops::function::FnOnce<()>>::call_once::{shim:vtable#0}
[INFO] [stdout]   23:     0x63bd515c3d1f - <std[617be2ca0a6fd877]::sys::thread::unix::Thread>::new::thread_start
[INFO] [stdout]   24:     0x7f56fb2e2dfa - <unknown>
[INFO] [stdout]   25:     0x7f56fb3763d4 - clone
[INFO] [stdout]   26:                0x0 - <unknown>
[INFO] [stdout] 
[INFO] [stdout] ---- conn::test::should_handle_multiresult_set_with_error stdout ----
[INFO] [stdout] 
[INFO] [stdout] thread 'conn::test::should_handle_multiresult_set_with_error' (2469) panicked at src/conn/mod.rs:2101:52:
[INFO] [stdout] called `Result::unwrap()` on an `Err` value: Io(Io(Os { code: 111, kind: ConnectionRefused, message: "Connection refused" }))
[INFO] [stdout] stack backtrace:
[INFO] [stdout]    0:     0x63bd515c51b1 - <<std[617be2ca0a6fd877]::sys::backtrace::BacktraceLock>::print::DisplayBacktrace as core[a373ad73a504971]::fmt::Display>::fmt
[INFO] [stdout]    1:     0x63bd515dca4a - core[a373ad73a504971]::fmt::write
[INFO] [stdout]    2:     0x63bd515c9dec - <alloc[2e1b2a31b91974c5]::vec::Vec<u8> as core[a373ad73a504971]::io::write::Write>::write_fmt
[INFO] [stdout]    3:     0x63bd5159f506 - std[617be2ca0a6fd877]::panicking::default_hook::{closure#0}
[INFO] [stdout]    4:     0x63bd515bc5e9 - std[617be2ca0a6fd877]::panicking::default_hook
[INFO] [stdout]    5:     0x63bd514089e0 - test[aada8e7e76ba119b]::test_main_inner::{closure#0}
[INFO] [stdout]    6:     0x63bd515bc912 - std[617be2ca0a6fd877]::panicking::panic_with_hook
[INFO] [stdout]    7:     0x63bd5159f5b2 - std[617be2ca0a6fd877]::panicking::panic_handler::{closure#0}
[INFO] [stdout]    8:     0x63bd51597fa9 - std[617be2ca0a6fd877]::sys::backtrace::__rust_end_short_backtrace::<std[617be2ca0a6fd877]::panicking::panic_handler::{closure#0}, !>
[INFO] [stdout]    9:     0x63bd515a03ad - __rustc[ea4f61d10b84890b]::rust_begin_unwind
[INFO] [stdout]   10:     0x63bd515dd22c - core[a373ad73a504971]::panicking::panic_fmt
[INFO] [stdout]   11:     0x63bd515dd002 - core[a373ad73a504971]::result::unwrap_failed
[INFO] [stdout]   12:     0x63bd512ae842 - mysql_async[b4b84080dfd3dbf9]::conn::test::should_handle_multiresult_set_with_error::{closure#0}
[INFO] [stdout]   13:     0x63bd5135d04d - <tokio[124b49c62014fbbd]::runtime::scheduler::current_thread::Context>::enter::<core[a373ad73a504971]::task::poll::Poll<core[a373ad73a504971]::result::Result<(), mysql_async[b4b84080dfd3dbf9]::error::Error>>, <tokio[124b49c62014fbbd]::runtime::scheduler::current_thread::CoreGuard>::block_on<core[a373ad73a504971]::pin::Pin<&mut core[a373ad73a504971]::pin::Pin<&mut dyn core[a373ad73a504971]::future::future::Future<Output = core[a373ad73a504971]::result::Result<(), mysql_async[b4b84080dfd3dbf9]::error::Error>>>>>::{closure#0}::{closure#0}>
[INFO] [stdout]   14:     0x63bd513288ca - <tokio[124b49c62014fbbd]::runtime::context::scoped::Scoped<tokio[124b49c62014fbbd]::runtime::scheduler::Context>>::set::<<tokio[124b49c62014fbbd]::runtime::scheduler::current_thread::CoreGuard>::enter<<tokio[124b49c62014fbbd]::runtime::scheduler::current_thread::CoreGuard>::block_on<core[a373ad73a504971]::pin::Pin<&mut core[a373ad73a504971]::pin::Pin<&mut dyn core[a373ad73a504971]::future::future::Future<Output = core[a373ad73a504971]::result::Result<(), mysql_async[b4b84080dfd3dbf9]::error::Error>>>>>::{closure#0}, core[a373ad73a504971]::option::Option<core[a373ad73a504971]::result::Result<(), mysql_async[b4b84080dfd3dbf9]::error::Error>>>::{closure#0}, (alloc[2e1b2a31b91974c5]::boxed::Box<tokio[124b49c62014fbbd]::runtime::scheduler::current_thread::Core>, core[a373ad73a504971]::option::Option<core[a373ad73a504971]::result::Result<(), mysql_async[b4b84080dfd3dbf9]::error::Error>>)>
[INFO] [stdout]   15:     0x63bd5135e8d9 - <tokio[124b49c62014fbbd]::runtime::scheduler::current_thread::CoreGuard>::block_on::<core[a373ad73a504971]::pin::Pin<&mut core[a373ad73a504971]::pin::Pin<&mut dyn core[a373ad73a504971]::future::future::Future<Output = core[a373ad73a504971]::result::Result<(), mysql_async[b4b84080dfd3dbf9]::error::Error>>>>>
[INFO] [stdout]   16:     0x63bd5131d232 - tokio[124b49c62014fbbd]::runtime::context::runtime::enter_runtime::<<tokio[124b49c62014fbbd]::runtime::scheduler::current_thread::CurrentThread>::block_on<core[a373ad73a504971]::pin::Pin<&mut dyn core[a373ad73a504971]::future::future::Future<Output = core[a373ad73a504971]::result::Result<(), mysql_async[b4b84080dfd3dbf9]::error::Error>>>>::{closure#0}, core[a373ad73a504971]::result::Result<(), mysql_async[b4b84080dfd3dbf9]::error::Error>>
[INFO] [stdout]   17:     0x63bd513e45fa - <tokio[124b49c62014fbbd]::runtime::runtime::Runtime>::block_on::<core[a373ad73a504971]::pin::Pin<&mut dyn core[a373ad73a504971]::future::future::Future<Output = core[a373ad73a504971]::result::Result<(), mysql_async[b4b84080dfd3dbf9]::error::Error>>>>
[INFO] [stdout]   18:     0x63bd512b7952 - <mysql_async[b4b84080dfd3dbf9]::conn::test::should_handle_multiresult_set_with_error::{closure#0} as core[a373ad73a504971]::ops::function::FnOnce<()>>::call_once
[INFO] [stdout]   19:     0x63bd513fbe2b - test[aada8e7e76ba119b]::__rust_begin_short_backtrace::<core[a373ad73a504971]::result::Result<(), alloc[2e1b2a31b91974c5]::string::String>, fn() -> core[a373ad73a504971]::result::Result<(), alloc[2e1b2a31b91974c5]::string::String>>
[INFO] [stdout]   20:     0x63bd51409005 - test[aada8e7e76ba119b]::run_test::{closure#0}
[INFO] [stdout]   21:     0x63bd514028f4 - std[617be2ca0a6fd877]::sys::backtrace::__rust_begin_short_backtrace::<test[aada8e7e76ba119b]::run_test::{closure#1}, ()>
[INFO] [stdout]   22:     0x63bd5140c092 - <std[617be2ca0a6fd877]::thread::lifecycle::spawn_unchecked<test[aada8e7e76ba119b]::run_test::{closure#1}, ()>::{closure#1} as core[a373ad73a504971]::ops::function::FnOnce<()>>::call_once::{shim:vtable#0}
[INFO] [stdout]   23:     0x63bd515c3d1f - <std[617be2ca0a6fd877]::sys::thread::unix::Thread>::new::thread_start
[INFO] [stdout]   24:     0x7f56fb2e2dfa - <unknown>
[INFO] [stdout]   25:     0x7f56fb3763d4 - clone
[INFO] [stdout]   26:                0x0 - <unknown>
[INFO] [stdout] 
[INFO] [stdout] ---- conn::test::should_clean_state_if_wrapper_is_dropeed stdout ----
[INFO] [stdout] Error: Io(Io(Os { code: 111, kind: ConnectionRefused, message: "Connection refused" }))
[INFO] [stdout] 
[INFO] [stdout] ---- conn::test::should_connect_without_database stdout ----
[INFO] [stdout] Error: Io(Io(Os { code: 111, kind: ConnectionRefused, message: "Connection refused" }))
[INFO] [stdout] 
[INFO] [stdout] ---- conn::test::should_connect stdout ----
[INFO] [stdout] Error: Io(Io(Os { code: 111, kind: ConnectionRefused, message: "Connection refused" }))
[INFO] [stdout] 
[INFO] [stdout] ---- conn::test::should_handle_multiresult_set_with_local_infile stdout ----
[INFO] [stdout] 
[INFO] [stdout] thread 'conn::test::should_handle_multiresult_set_with_local_infile' (2474) panicked at src/conn/mod.rs:2170:66:
[INFO] [stdout] called `Result::unwrap()` on an `Err` value: Custom { kind: ReadOnlyFilesystem, error: PathError { path: "/opt/rustwide/workdir/.tmp55om1G", err: Os { code: 30, kind: ReadOnlyFilesystem, message: "Read-only file system" } } }
[INFO] [stdout] stack backtrace:
[INFO] [stdout]    0:     0x63bd515c51b1 - <<std[617be2ca0a6fd877]::sys::backtrace::BacktraceLock>::print::DisplayBacktrace as core[a373ad73a504971]::fmt::Display>::fmt
[INFO] [stdout]    1:     0x63bd515dca4a - core[a373ad73a504971]::fmt::write
[INFO] [stdout]    2:     0x63bd515c9dec - <alloc[2e1b2a31b91974c5]::vec::Vec<u8> as core[a373ad73a504971]::io::write::Write>::write_fmt
[INFO] [stdout]    3:     0x63bd5159f506 - std[617be2ca0a6fd877]::panicking::default_hook::{closure#0}
[INFO] [stdout]    4:     0x63bd515bc5e9 - std[617be2ca0a6fd877]::panicking::default_hook
[INFO] [stdout]    5:     0x63bd514089e0 - test[aada8e7e76ba119b]::test_main_inner::{closure#0}
[INFO] [stdout]    6:     0x63bd515bc912 - std[617be2ca0a6fd877]::panicking::panic_with_hook
[INFO] [stdout]    7:     0x63bd5159f5b2 - std[617be2ca0a6fd877]::panicking::panic_handler::{closure#0}
[INFO] [stdout]    8:     0x63bd51597fa9 - std[617be2ca0a6fd877]::sys::backtrace::__rust_end_short_backtrace::<std[617be2ca0a6fd877]::panicking::panic_handler::{closure#0}, !>
[INFO] [stdout]    9:     0x63bd515a03ad - __rustc[ea4f61d10b84890b]::rust_begin_unwind
[INFO] [stdout]   10:     0x63bd515dd22c - core[a373ad73a504971]::panicking::panic_fmt
[INFO] [stdout]   11:     0x63bd515dd002 - core[a373ad73a504971]::result::unwrap_failed
[INFO] [stdout]   12:     0x63bd512b114d - mysql_async[b4b84080dfd3dbf9]::conn::test::should_handle_multiresult_set_with_local_infile::{closure#0}
[INFO] [stdout]   13:     0x63bd5135d04d - <tokio[124b49c62014fbbd]::runtime::scheduler::current_thread::Context>::enter::<core[a373ad73a504971]::task::poll::Poll<core[a373ad73a504971]::result::Result<(), mysql_async[b4b84080dfd3dbf9]::error::Error>>, <tokio[124b49c62014fbbd]::runtime::scheduler::current_thread::CoreGuard>::block_on<core[a373ad73a504971]::pin::Pin<&mut core[a373ad73a504971]::pin::Pin<&mut dyn core[a373ad73a504971]::future::future::Future<Output = core[a373ad73a504971]::result::Result<(), mysql_async[b4b84080dfd3dbf9]::error::Error>>>>>::{closure#0}::{closure#0}>
[INFO] [stdout]   14:     0x63bd513288ca - <tokio[124b49c62014fbbd]::runtime::context::scoped::Scoped<tokio[124b49c62014fbbd]::runtime::scheduler::Context>>::set::<<tokio[124b49c62014fbbd]::runtime::scheduler::current_thread::CoreGuard>::enter<<tokio[124b49c62014fbbd]::runtime::scheduler::current_thread::CoreGuard>::block_on<core[a373ad73a504971]::pin::Pin<&mut core[a373ad73a504971]::pin::Pin<&mut dyn core[a373ad73a504971]::future::future::Future<Output = core[a373ad73a504971]::result::Result<(), mysql_async[b4b84080dfd3dbf9]::error::Error>>>>>::{closure#0}, core[a373ad73a504971]::option::Option<core[a373ad73a504971]::result::Result<(), mysql_async[b4b84080dfd3dbf9]::error::Error>>>::{closure#0}, (alloc[2e1b2a31b91974c5]::boxed::Box<tokio[124b49c62014fbbd]::runtime::scheduler::current_thread::Core>, core[a373ad73a504971]::option::Option<core[a373ad73a504971]::result::Result<(), mysql_async[b4b84080dfd3dbf9]::error::Error>>)>
[INFO] [stdout]   15:     0x63bd5135e8d9 - <tokio[124b49c62014fbbd]::runtime::scheduler::current_thread::CoreGuard>::block_on::<core[a373ad73a504971]::pin::Pin<&mut core[a373ad73a504971]::pin::Pin<&mut dyn core[a373ad73a504971]::future::future::Future<Output = core[a373ad73a504971]::result::Result<(), mysql_async[b4b84080dfd3dbf9]::error::Error>>>>>
[INFO] [stdout]   16:     0x63bd5131d232 - tokio[124b49c62014fbbd]::runtime::context::runtime::enter_runtime::<<tokio[124b49c62014fbbd]::runtime::scheduler::current_thread::CurrentThread>::block_on<core[a373ad73a504971]::pin::Pin<&mut dyn core[a373ad73a504971]::future::future::Future<Output = core[a373ad73a504971]::result::Result<(), mysql_async[b4b84080dfd3dbf9]::error::Error>>>>::{closure#0}, core[a373ad73a504971]::result::Result<(), mysql_async[b4b84080dfd3dbf9]::error::Error>>
[INFO] [stdout]   17:     0x63bd513e45fa - <tokio[124b49c62014fbbd]::runtime::runtime::Runtime>::block_on::<core[a373ad73a504971]::pin::Pin<&mut dyn core[a373ad73a504971]::future::future::Future<Output = core[a373ad73a504971]::result::Result<(), mysql_async[b4b84080dfd3dbf9]::error::Error>>>>
[INFO] [stdout]   18:     0x63bd512b7fe2 - <mysql_async[b4b84080dfd3dbf9]::conn::test::should_handle_multiresult_set_with_local_infile::{closure#0} as core[a373ad73a504971]::ops::function::FnOnce<()>>::call_once
[INFO] [stdout]   19:     0x63bd513fbe2b - test[aada8e7e76ba119b]::__rust_begin_short_backtrace::<core[a373ad73a504971]::result::Result<(), alloc[2e1b2a31b91974c5]::string::String>, fn() -> core[a373ad73a504971]::result::Result<(), alloc[2e1b2a31b91974c5]::string::String>>
[INFO] [stdout]   20:     0x63bd51409005 - test[aada8e7e76ba119b]::run_test::{closure#0}
[INFO] [stdout]   21:     0x63bd514028f4 - std[617be2ca0a6fd877]::sys::backtrace::__rust_begin_short_backtrace::<test[aada8e7e76ba119b]::run_test::{closure#1}, ()>
[INFO] [stdout]   22:     0x63bd5140c092 - <std[617be2ca0a6fd877]::thread::lifecycle::spawn_unchecked<test[aada8e7e76ba119b]::run_test::{closure#1}, ()>::{closure#1} as core[a373ad73a504971]::ops::function::FnOnce<()>>::call_once::{shim:vtable#0}
[INFO] [stdout]   23:     0x63bd515c3d1f - <std[617be2ca0a6fd877]::sys::thread::unix::Thread>::new::thread_start
[INFO] [stdout]   24:     0x7f56fb2e2dfa - <unknown>
[INFO] [stdout]   25:     0x7f56fb3763d4 - clone
[INFO] [stdout]   26:                0x0 - <unknown>
[INFO] [stdout] 
[INFO] [stdout] ---- conn::test::should_not_return_found_rows_if_flag_is_not_set stdout ----
[INFO] [stdout] 
[INFO] [stdout] thread 'conn::test::should_not_return_found_rows_if_flag_is_not_set' (2478) panicked at src/conn/mod.rs:1391:52:
[INFO] [stdout] called `Result::unwrap()` on an `Err` value: Io(Io(Os { code: 111, kind: ConnectionRefused, message: "Connection refused" }))
[INFO] [stdout] stack backtrace:
[INFO] [stdout]    0:     0x63bd515c51b1 - <<std[617be2ca0a6fd877]::sys::backtrace::BacktraceLock>::print::DisplayBacktrace as core[a373ad73a504971]::fmt::Display>::fmt
[INFO] [stdout]    1:     0x63bd515dca4a - core[a373ad73a504971]::fmt::write
[INFO] [stdout]    2:     0x63bd515c9dec - <alloc[2e1b2a31b91974c5]::vec::Vec<u8> as core[a373ad73a504971]::io::write::Write>::write_fmt
[INFO] [stdout]    3:     0x63bd5159f506 - std[617be2ca0a6fd877]::panicking::default_hook::{closure#0}
[INFO] [stdout]    4:     0x63bd515bc5e9 - std[617be2ca0a6fd877]::panicking::default_hook
[INFO] [stdout]    5:     0x63bd514089e0 - test[aada8e7e76ba119b]::test_main_inner::{closure#0}
[INFO] [stdout]    6:     0x63bd515bc912 - std[617be2ca0a6fd877]::panicking::panic_with_hook
[INFO] [stdout]    7:     0x63bd5159f5b2 - std[617be2ca0a6fd877]::panicking::panic_handler::{closure#0}
[INFO] [stdout]    8:     0x63bd51597fa9 - std[617be2ca0a6fd877]::sys::backtrace::__rust_end_short_backtrace::<std[617be2ca0a6fd877]::panicking::panic_handler::{closure#0}, !>
[INFO] [stdout]    9:     0x63bd515a03ad - __rustc[ea4f61d10b84890b]::rust_begin_unwind
[INFO] [stdout]   10:     0x63bd515dd22c - core[a373ad73a504971]::panicking::panic_fmt
[INFO] [stdout]   11:     0x63bd515dd002 - core[a373ad73a504971]::result::unwrap_failed
[INFO] [stdout]   12:     0x63bd512b252d - mysql_async[b4b84080dfd3dbf9]::conn::test::should_not_return_found_rows_if_flag_is_not_set::{closure#0}
[INFO] [stdout]   13:     0x63bd5135d04d - <tokio[124b49c62014fbbd]::runtime::scheduler::current_thread::Context>::enter::<core[a373ad73a504971]::task::poll::Poll<core[a373ad73a504971]::result::Result<(), mysql_async[b4b84080dfd3dbf9]::error::Error>>, <tokio[124b49c62014fbbd]::runtime::scheduler::current_thread::CoreGuard>::block_on<core[a373ad73a504971]::pin::Pin<&mut core[a373ad73a504971]::pin::Pin<&mut dyn core[a373ad73a504971]::future::future::Future<Output = core[a373ad73a504971]::result::Result<(), mysql_async[b4b84080dfd3dbf9]::error::Error>>>>>::{closure#0}::{closure#0}>
[INFO] [stdout]   14:     0x63bd513288ca - <tokio[124b49c62014fbbd]::runtime::context::scoped::Scoped<tokio[124b49c62014fbbd]::runtime::scheduler::Context>>::set::<<tokio[124b49c62014fbbd]::runtime::scheduler::current_thread::CoreGuard>::enter<<tokio[124b49c62014fbbd]::runtime::scheduler::current_thread::CoreGuard>::block_on<core[a373ad73a504971]::pin::Pin<&mut core[a373ad73a504971]::pin::Pin<&mut dyn core[a373ad73a504971]::future::future::Future<Output = core[a373ad73a504971]::result::Result<(), mysql_async[b4b84080dfd3dbf9]::error::Error>>>>>::{closure#0}, core[a373ad73a504971]::option::Option<core[a373ad73a504971]::result::Result<(), mysql_async[b4b84080dfd3dbf9]::error::Error>>>::{closure#0}, (alloc[2e1b2a31b91974c5]::boxed::Box<tokio[124b49c62014fbbd]::runtime::scheduler::current_thread::Core>, core[a373ad73a504971]::option::Option<core[a373ad73a504971]::result::Result<(), mysql_async[b4b84080dfd3dbf9]::error::Error>>)>
[INFO] [stdout]   15:     0x63bd5135e8d9 - <tokio[124b49c62014fbbd]::runtime::scheduler::current_thread::CoreGuard>::block_on::<core[a373ad73a504971]::pin::Pin<&mut core[a373ad73a504971]::pin::Pin<&mut dyn core[a373ad73a504971]::future::future::Future<Output = core[a373ad73a504971]::result::Result<(), mysql_async[b4b84080dfd3dbf9]::error::Error>>>>>
[INFO] [stdout]   16:     0x63bd5131d232 - tokio[124b49c62014fbbd]::runtime::context::runtime::enter_runtime::<<tokio[124b49c62014fbbd]::runtime::scheduler::current_thread::CurrentThread>::block_on<core[a373ad73a504971]::pin::Pin<&mut dyn core[a373ad73a504971]::future::future::Future<Output = core[a373ad73a504971]::result::Result<(), mysql_async[b4b84080dfd3dbf9]::error::Error>>>>::{closure#0}, core[a373ad73a504971]::result::Result<(), mysql_async[b4b84080dfd3dbf9]::error::Error>>
[INFO] [stdout]   17:     0x63bd513e45fa - <tokio[124b49c62014fbbd]::runtime::runtime::Runtime>::block_on::<core[a373ad73a504971]::pin::Pin<&mut dyn core[a373ad73a504971]::future::future::Future<Output = core[a373ad73a504971]::result::Result<(), mysql_async[b4b84080dfd3dbf9]::error::Error>>>>
[INFO] [stdout]   18:     0x63bd512b8215 - <mysql_async[b4b84080dfd3dbf9]::conn::test::should_not_return_found_rows_if_flag_is_not_set::{closure#0} as core[a373ad73a504971]::ops::function::FnOnce<()>>::call_once
[INFO] [stdout]   19:     0x63bd513fbe2b - test[aada8e7e76ba119b]::__rust_begin_short_backtrace::<core[a373ad73a504971]::result::Result<(), alloc[2e1b2a31b91974c5]::string::String>, fn() -> core[a373ad73a504971]::result::Result<(), alloc[2e1b2a31b91974c5]::string::String>>
[INFO] [stdout]   20:     0x63bd51409005 - test[aada8e7e76ba119b]::run_test::{closure#0}
[INFO] [stdout]   21:     0x63bd514028f4 - std[617be2ca0a6fd877]::sys::backtrace::__rust_begin_short_backtrace::<test[aada8e7e76ba119b]::run_test::{closure#1}, ()>
[INFO] [stdout]   22:     0x63bd5140c092 - <std[617be2ca0a6fd877]::thread::lifecycle::spawn_unchecked<test[aada8e7e76ba119b]::run_test::{closure#1}, ()>::{closure#1} as core[a373ad73a504971]::ops::function::FnOnce<()>>::call_once::{shim:vtable#0}
[INFO] [stdout]   23:     0x63bd515c3d1f - <std[617be2ca0a6fd877]::sys::thread::unix::Thread>::new::thread_start
[INFO] [stdout]   24:     0x7f56fb2e2dfa - <unknown>
[INFO] [stdout]   25:     0x7f56fb3763d4 - clone
[INFO] [stdout]   26:                0x0 - <unknown>
[INFO] [stdout] 
[INFO] [stdout] ---- conn::test::should_not_cache_statements_if_stmt_cache_size_is_zero stdout ----
[INFO] [stdout] Error: Io(Io(Os { code: 111, kind: ConnectionRefused, message: "Connection refused" }))
[INFO] [stdout] 
[INFO] [stdout] ---- conn::test::should_expose_query_result_metadata stdout ----
[INFO] [stdout] Error: Io(Io(Os { code: 111, kind: ConnectionRefused, message: "Connection refused" }))
[INFO] [stdout] 
[INFO] [stdout] ---- conn::test::should_perform_queries stdout ----
[INFO] [stdout] Error: Io(Io(Os { code: 111, kind: ConnectionRefused, message: "Connection refused" }))
[INFO] [stdout] 
[INFO] [stdout] ---- conn::test::should_hold_stmt_cache_size_bound stdout ----
[INFO] [stdout] Error: Io(Io(Os { code: 111, kind: ConnectionRefused, message: "Connection refused" }))
[INFO] [stdout] 
[INFO] [stdout] ---- conn::test::should_query_drop stdout ----
[INFO] [stdout] Error: Io(Io(Os { code: 111, kind: ConnectionRefused, message: "Connection refused" }))
[INFO] [stdout] 
[INFO] [stdout] ---- conn::test::should_not_panic_if_dropped_without_tokio_runtime stdout ----
[INFO] [stdout] 
[INFO] [stdout] thread 'conn::test::should_not_panic_if_dropped_without_tokio_runtime' (2477) panicked at src/conn/mod.rs:1646:23:
[INFO] [stdout] called `Result::unwrap()` on an `Err` value: Io(Io(Os { code: 111, kind: ConnectionRefused, message: "Connection refused" }))
[INFO] [stdout] stack backtrace:
[INFO] [stdout]    0:     0x63bd515c51b1 - <<std[617be2ca0a6fd877]::sys::backtrace::BacktraceLock>::print::DisplayBacktrace as core[a373ad73a504971]::fmt::Display>::fmt
[INFO] [stdout]    1:     0x63bd515dca4a - core[a373ad73a504971]::fmt::write
[INFO] [stdout]    2:     0x63bd515c9dec - <alloc[2e1b2a31b91974c5]::vec::Vec<u8> as core[a373ad73a504971]::io::write::Write>::write_fmt
[INFO] [stdout]    3:     0x63bd5159f506 - std[617be2ca0a6fd877]::panicking::default_hook::{closure#0}
[INFO] [stdout]    4:     0x63bd515bc5e9 - std[617be2ca0a6fd877]::panicking::default_hook
[INFO] [stdout]    5:     0x63bd514089e0 - test[aada8e7e76ba119b]::test_main_inner::{closure#0}
[INFO] [stdout]    6:     0x63bd515bc912 - std[617be2ca0a6fd877]::panicking::panic_with_hook
[INFO] [stdout]    7:     0x63bd5159f5b2 - std[617be2ca0a6fd877]::panicking::panic_handler::{closure#0}
[INFO] [stdout]    8:     0x63bd51597fa9 - std[617be2ca0a6fd877]::sys::backtrace::__rust_end_short_backtrace::<std[617be2ca0a6fd877]::panicking::panic_handler::{closure#0}, !>
[INFO] [stdout]    9:     0x63bd515a03ad - __rustc[ea4f61d10b84890b]::rust_begin_unwind
[INFO] [stdout]   10:     0x63bd515dd22c - core[a373ad73a504971]::panicking::panic_fmt
[INFO] [stdout]   11:     0x63bd515dd002 - core[a373ad73a504971]::result::unwrap_failed
[INFO] [stdout]   12:     0x63bd5131c58b - tokio[124b49c62014fbbd]::runtime::context::runtime::enter_runtime::<<tokio[124b49c62014fbbd]::runtime::scheduler::multi_thread::MultiThread>::block_on<mysql_async[b4b84080dfd3dbf9]::conn::test::should_not_panic_if_dropped_without_tokio_runtime::{closure#0}>::{closure#0}, ()>
[INFO] [stdout]   13:     0x63bd513e4b3e - <tokio[124b49c62014fbbd]::runtime::runtime::Runtime>::block_on::<mysql_async[b4b84080dfd3dbf9]::conn::test::should_not_panic_if_dropped_without_tokio_runtime::{closure#0}>
[INFO] [stdout]   14:     0x63bd512b8426 - <mysql_async[b4b84080dfd3dbf9]::conn::test::should_not_panic_if_dropped_without_tokio_runtime::{closure#0} as core[a373ad73a504971]::ops::function::FnOnce<()>>::call_once
[INFO] [stdout]   15:     0x63bd513fbe2b - test[aada8e7e76ba119b]::__rust_begin_short_backtrace::<core[a373ad73a504971]::result::Result<(), alloc[2e1b2a31b91974c5]::string::String>, fn() -> core[a373ad73a504971]::result::Result<(), alloc[2e1b2a31b91974c5]::string::String>>
[INFO] [stdout]   16:     0x63bd51409005 - test[aada8e7e76ba119b]::run_test::{closure#0}
[INFO] [stdout]   17:     0x63bd514028f4 - std[617be2ca0a6fd877]::sys::backtrace::__rust_begin_short_backtrace::<test[aada8e7e76ba119b]::run_test::{closure#1}, ()>
[INFO] [stdout]   18:     0x63bd5140c092 - <std[617be2ca0a6fd877]::thread::lifecycle::spawn_unchecked<test[aada8e7e76ba119b]::run_test::{closure#1}, ()>::{closure#1} as core[a373ad73a504971]::ops::function::FnOnce<()>>::call_once::{shim:vtable#0}
[INFO] [stdout]   19:     0x63bd515c3d1f - <std[617be2ca0a6fd877]::sys::thread::unix::Thread>::new::thread_start
[INFO] [stdout]   20:     0x7f56fb2e2dfa - <unknown>
[INFO] [stdout]   21:     0x7f56fb3763d4 - clone
[INFO] [stdout]   22:                0x0 - <unknown>
[INFO] [stdout] 
[INFO] [stdout] ---- conn::test::should_provide_multiresult_set_metadata stdout ----
[INFO] [stdout] Error: Io(Io(Os { code: 111, kind: ConnectionRefused, message: "Connection refused" }))
[INFO] [stdout] 
[INFO] [stdout] ---- conn::test::should_handle_local_infile_locally stdout ----
[INFO] [stdout] 
[INFO] [stdout] thread 'conn::test::should_handle_local_infile_locally' (2467) panicked at src/conn/mod.rs:2302:52:
[INFO] [stdout] called `Result::unwrap()` on an `Err` value: Io(Io(Os { code: 111, kind: ConnectionRefused, message: "Connection refused" }))
[INFO] [stdout] stack backtrace:
[INFO] [stdout]    0:     0x63bd515c51b1 - <<std[617be2ca0a6fd877]::sys::backtrace::BacktraceLock>::print::DisplayBacktrace as core[a373ad73a504971]::fmt::Display>::fmt
[INFO] [stdout]    1:     0x63bd515dca4a - core[a373ad73a504971]::fmt::write
[INFO] [stdout]    2:     0x63bd515c9dec - <alloc[2e1b2a31b91974c5]::vec::Vec<u8> as core[a373ad73a504971]::io::write::Write>::write_fmt
[INFO] [stdout]    3:     0x63bd5159f506 - std[617be2ca0a6fd877]::panicking::default_hook::{closure#0}
[INFO] [stdout]    4:     0x63bd515bc5e9 - std[617be2ca0a6fd877]::panicking::default_hook
[INFO] [stdout]    5:     0x63bd514089e0 - test[aada8e7e76ba119b]::test_main_inner::{closure#0}
[INFO] [stdout]    6:     0x63bd515bc912 - std[617be2ca0a6fd877]::panicking::panic_with_hook
[INFO] [stdout]    7:     0x63bd5159f5b2 - std[617be2ca0a6fd877]::panicking::panic_handler::{closure#0}
[INFO] [stdout]    8:     0x63bd51597fa9 - std[617be2ca0a6fd877]::sys::backtrace::__rust_end_short_backtrace::<std[617be2ca0a6fd877]::panicking::panic_handler::{closure#0}, !>
[INFO] [stdout]    9:     0x63bd515a03ad - __rustc[ea4f61d10b84890b]::rust_begin_unwind
[INFO] [stdout]   10:     0x63bd515dd22c - core[a373ad73a504971]::panicking::panic_fmt
[INFO] [stdout]   11:     0x63bd515dd002 - core[a373ad73a504971]::result::unwrap_failed
[INFO] [stdout]   12:     0x63bd512a8cfa - mysql_async[b4b84080dfd3dbf9]::conn::test::should_handle_local_infile_locally::{closure#0}
[INFO] [stdout]   13:     0x63bd5135d04d - <tokio[124b49c62014fbbd]::runtime::scheduler::current_thread::Context>::enter::<core[a373ad73a504971]::task::poll::Poll<core[a373ad73a504971]::result::Result<(), mysql_async[b4b84080dfd3dbf9]::error::Error>>, <tokio[124b49c62014fbbd]::runtime::scheduler::current_thread::CoreGuard>::block_on<core[a373ad73a504971]::pin::Pin<&mut core[a373ad73a504971]::pin::Pin<&mut dyn core[a373ad73a504971]::future::future::Future<Output = core[a373ad73a504971]::result::Result<(), mysql_async[b4b84080dfd3dbf9]::error::Error>>>>>::{closure#0}::{closure#0}>
[INFO] [stdout]   14:     0x63bd513288ca - <tokio[124b49c62014fbbd]::runtime::context::scoped::Scoped<tokio[124b49c62014fbbd]::runtime::scheduler::Context>>::set::<<tokio[124b49c62014fbbd]::runtime::scheduler::current_thread::CoreGuard>::enter<<tokio[124b49c62014fbbd]::runtime::scheduler::current_thread::CoreGuard>::block_on<core[a373ad73a504971]::pin::Pin<&mut core[a373ad73a504971]::pin::Pin<&mut dyn core[a373ad73a504971]::future::future::Future<Output = core[a373ad73a504971]::result::Result<(), mysql_async[b4b84080dfd3dbf9]::error::Error>>>>>::{closure#0}, core[a373ad73a504971]::option::Option<core[a373ad73a504971]::result::Result<(), mysql_async[b4b84080dfd3dbf9]::error::Error>>>::{closure#0}, (alloc[2e1b2a31b91974c5]::boxed::Box<tokio[124b49c62014fbbd]::runtime::scheduler::current_thread::Core>, core[a373ad73a504971]::option::Option<core[a373ad73a504971]::result::Result<(), mysql_async[b4b84080dfd3dbf9]::error::Error>>)>
[INFO] [stdout]   15:     0x63bd5135e8d9 - <tokio[124b49c62014fbbd]::runtime::scheduler::current_thread::CoreGuard>::block_on::<core[a373ad73a504971]::pin::Pin<&mut core[a373ad73a504971]::pin::Pin<&mut dyn core[a373ad73a504971]::future::future::Future<Output = core[a373ad73a504971]::result::Result<(), mysql_async[b4b84080dfd3dbf9]::error::Error>>>>>
[INFO] [stdout]   16:     0x63bd5131d232 - tokio[124b49c62014fbbd]::runtime::context::runtime::enter_runtime::<<tokio[124b49c62014fbbd]::runtime::scheduler::current_thread::CurrentThread>::block_on<core[a373ad73a504971]::pin::Pin<&mut dyn core[a373ad73a504971]::future::future::Future<Output = core[a373ad73a504971]::result::Result<(), mysql_async[b4b84080dfd3dbf9]::error::Error>>>>::{closure#0}, core[a373ad73a504971]::result::Result<(), mysql_async[b4b84080dfd3dbf9]::error::Error>>
[INFO] [stdout]   17:     0x63bd513e45fa - <tokio[124b49c62014fbbd]::runtime::runtime::Runtime>::block_on::<core[a373ad73a504971]::pin::Pin<&mut dyn core[a373ad73a504971]::future::future::Future<Output = core[a373ad73a504971]::result::Result<(), mysql_async[b4b84080dfd3dbf9]::error::Error>>>>
[INFO] [stdout]   18:     0x63bd512b6a35 - <mysql_async[b4b84080dfd3dbf9]::conn::test::should_handle_local_infile_locally::{closure#0} as core[a373ad73a504971]::ops::function::FnOnce<()>>::call_once
[INFO] [stdout]   19:     0x63bd513fbe2b - test[aada8e7e76ba119b]::__rust_begin_short_backtrace::<core[a373ad73a504971]::result::Result<(), alloc[2e1b2a31b91974c5]::string::String>, fn() -> core[a373ad73a504971]::result::Result<(), alloc[2e1b2a31b91974c5]::string::String>>
[INFO] [stdout]   20:     0x63bd51409005 - test[aada8e7e76ba119b]::run_test::{closure#0}
[INFO] [stdout]   21:     0x63bd514028f4 - std[617be2ca0a6fd877]::sys::backtrace::__rust_begin_short_backtrace::<test[aada8e7e76ba119b]::run_test::{closure#1}, ()>
[INFO] [stdout]   22:     0x63bd5140c092 - <std[617be2ca0a6fd877]::thread::lifecycle::spawn_unchecked<test[aada8e7e76ba119b]::run_test::{closure#1}, ()>::{closure#1} as core[a373ad73a504971]::ops::function::FnOnce<()>>::call_once::{shim:vtable#0}
[INFO] [stdout]   23:     0x63bd515c3d1f - <std[617be2ca0a6fd877]::sys::thread::unix::Thread>::new::thread_start
[INFO] [stdout]   24:     0x7f56fb2e2dfa - <unknown>
[INFO] [stdout]   25:     0x7f56fb3763d4 - clone
[INFO] [stdout]   26:                0x0 - <unknown>
[INFO] [stdout] 
[INFO] [stdout] ---- conn::test::should_prepare_statement stdout ----
[INFO] [stdout] Error: Io(Io(Os { code: 111, kind: ConnectionRefused, message: "Connection refused" }))
[INFO] [stdout] 
[INFO] [stdout] ---- conn::test::should_reset_the_connection stdout ----
[INFO] [stdout] Error: Io(Io(Os { code: 111, kind: ConnectionRefused, message: "Connection refused" }))
[INFO] [stdout] 
[INFO] [stdout] ---- conn::test::should_run_transactions stdout ----
[INFO] [stdout] Error: Io(Io(Os { code: 111, kind: ConnectionRefused, message: "Connection refused" }))
[INFO] [stdout] 
[INFO] [stdout] ---- conn::test::should_return_found_rows_if_flag_is_set stdout ----
[INFO] [stdout] 
[INFO] [stdout] thread 'conn::test::should_return_found_rows_if_flag_is_set' (2503) panicked at src/conn/mod.rs:1365:46:
[INFO] [stdout] called `Result::unwrap()` on an `Err` value: Io(Io(Os { code: 111, kind: ConnectionRefused, message: "Connection refused" }))
[INFO] [stdout] stack backtrace:
[INFO] [stdout]    0:     0x63bd515c51b1 - <<std[617be2ca0a6fd877]::sys::backtrace::BacktraceLock>::print::DisplayBacktrace as core[a373ad73a504971]::fmt::Display>::fmt
[INFO] [stdout]    1:     0x63bd515dca4a - core[a373ad73a504971]::fmt::write
[INFO] [stdout]    2:     0x63bd515c9dec - <alloc[2e1b2a31b91974c5]::vec::Vec<u8> as core[a373ad73a504971]::io::write::Write>::write_fmt
[INFO] [stdout]    3:     0x63bd5159f506 - std[617be2ca0a6fd877]::panicking::default_hook::{closure#0}
[INFO] [stdout]    4:     0x63bd515bc5e9 - std[617be2ca0a6fd877]::panicking::default_hook
[INFO] [stdout]    5:     0x63bd514089e0 - test[aada8e7e76ba119b]::test_main_inner::{closure#0}
[INFO] [stdout]    6:     0x63bd515bc912 - std[617be2ca0a6fd877]::panicking::panic_with_hook
[INFO] [stdout]    7:     0x63bd5159f5b2 - std[617be2ca0a6fd877]::panicking::panic_handler::{closure#0}
[INFO] [stdout]    8:     0x63bd51597fa9 - std[617be2ca0a6fd877]::sys::backtrace::__rust_end_short_backtrace::<std[617be2ca0a6fd877]::panicking::panic_handler::{closure#0}, !>
[INFO] [stdout]    9:     0x63bd515a03ad - __rustc[ea4f61d10b84890b]::rust_begin_unwind
[INFO] [stdout]   10:     0x63bd515dd22c - core[a373ad73a504971]::panicking::panic_fmt
[INFO] [stdout]   11:     0x63bd515dd002 - core[a373ad73a504971]::result::unwrap_failed
[INFO] [stdout]   12:     0x63bd512acc93 - mysql_async[b4b84080dfd3dbf9]::conn::test::should_return_found_rows_if_flag_is_set::{closure#0}
[INFO] [stdout]   13:     0x63bd5135d04d - <tokio[124b49c62014fbbd]::runtime::scheduler::current_thread::Context>::enter::<core[a373ad73a504971]::task::poll::Poll<core[a373ad73a504971]::result::Result<(), mysql_async[b4b84080dfd3dbf9]::error::Error>>, <tokio[124b49c62014fbbd]::runtime::scheduler::current_thread::CoreGuard>::block_on<core[a373ad73a504971]::pin::Pin<&mut core[a373ad73a504971]::pin::Pin<&mut dyn core[a373ad73a504971]::future::future::Future<Output = core[a373ad73a504971]::result::Result<(), mysql_async[b4b84080dfd3dbf9]::error::Error>>>>>::{closure#0}::{closure#0}>
[INFO] [stdout]   14:     0x63bd513288ca - <tokio[124b49c62014fbbd]::runtime::context::scoped::Scoped<tokio[124b49c62014fbbd]::runtime::scheduler::Context>>::set::<<tokio[124b49c62014fbbd]::runtime::scheduler::current_thread::CoreGuard>::enter<<tokio[124b49c62014fbbd]::runtime::scheduler::current_thread::CoreGuard>::block_on<core[a373ad73a504971]::pin::Pin<&mut core[a373ad73a504971]::pin::Pin<&mut dyn core[a373ad73a504971]::future::future::Future<Output = core[a373ad73a504971]::result::Result<(), mysql_async[b4b84080dfd3dbf9]::error::Error>>>>>::{closure#0}, core[a373ad73a504971]::option::Option<core[a373ad73a504971]::result::Result<(), mysql_async[b4b84080dfd3dbf9]::error::Error>>>::{closure#0}, (alloc[2e1b2a31b91974c5]::boxed::Box<tokio[124b49c62014fbbd]::runtime::scheduler::current_thread::Core>, core[a373ad73a504971]::option::Option<core[a373ad73a504971]::result::Result<(), mysql_async[b4b84080dfd3dbf9]::error::Error>>)>
[INFO] [stdout]   15:     0x63bd5135e8d9 - <tokio[124b49c62014fbbd]::runtime::scheduler::current_thread::CoreGuard>::block_on::<core[a373ad73a504971]::pin::Pin<&mut core[a373ad73a504971]::pin::Pin<&mut dyn core[a373ad73a504971]::future::future::Future<Output = core[a373ad73a504971]::result::Result<(), mysql_async[b4b84080dfd3dbf9]::error::Error>>>>>
[INFO] [stdout]   16:     0x63bd5131d232 - tokio[124b49c62014fbbd]::runtime::context::runtime::enter_runtime::<<tokio[124b49c62014fbbd]::runtime::scheduler::current_thread::CurrentThread>::block_on<core[a373ad73a504971]::pin::Pin<&mut dyn core[a373ad73a504971]::future::future::Future<Output = core[a373ad73a504971]::result::Result<(), mysql_async[b4b84080dfd3dbf9]::error::Error>>>>::{closure#0}, core[a373ad73a504971]::result::Result<(), mysql_async[b4b84080dfd3dbf9]::error::Error>>
[INFO] [stdout]   17:     0x63bd513e45fa - <tokio[124b49c62014fbbd]::runtime::runtime::Runtime>::block_on::<core[a373ad73a504971]::pin::Pin<&mut dyn core[a373ad73a504971]::future::future::Future<Output = core[a373ad73a504971]::result::Result<(), mysql_async[b4b84080dfd3dbf9]::error::Error>>>>
[INFO] [stdout]   18:     0x63bd512b7505 - <mysql_async[b4b84080dfd3dbf9]::conn::test::should_return_found_rows_if_flag_is_set::{closure#0} as core[a373ad73a504971]::ops::function::FnOnce<()>>::call_once
[INFO] [stdout]   19:     0x63bd513fbe2b - test[aada8e7e76ba119b]::__rust_begin_short_backtrace::<core[a373ad73a504971]::result::Result<(), alloc[2e1b2a31b91974c5]::string::String>, fn() -> core[a373ad73a504971]::result::Result<(), alloc[2e1b2a31b91974c5]::string::String>>
[INFO] [stdout]   20:     0x63bd51409005 - test[aada8e7e76ba119b]::run_test::{closure#0}
[INFO] [stdout]   21:     0x63bd514028f4 - std[617be2ca0a6fd877]::sys::backtrace::__rust_begin_short_backtrace::<test[aada8e7e76ba119b]::run_test::{closure#1}, ()>
[INFO] [stdout]   22:     0x63bd5140c092 - <std[617be2ca0a6fd877]::thread::lifecycle::spawn_unchecked<test[aada8e7e76ba119b]::run_test::{closure#1}, ()>::{closure#1} as core[a373ad73a504971]::ops::function::FnOnce<()>>::call_once::{shim:vtable#0}
[INFO] [stdout]   23:     0x63bd515c3d1f - <std[617be2ca0a6fd877]::sys::thread::unix::Thread>::new::thread_start
[INFO] [stdout]   24:     0x7f56fb2e2dfa - <unknown>
[INFO] [stdout]   25:     0x7f56fb3763d4 - clone
[INFO] [stdout]   26:                0x0 - <unknown>
[INFO] [stdout] 
[INFO] [stdout] ---- io::test::should_connect_with_keepalive stdout ----
[INFO] [stdout] 
[INFO] [stdout] thread 'io::test::should_connect_with_keepalive' (2508) panicked at src/io/mod.rs:498:52:
[INFO] [stdout] called `Result::unwrap()` on an `Err` value: Io(Io(Os { code: 111, kind: ConnectionRefused, message: "Connection refused" }))
[INFO] [stdout] stack backtrace:
[INFO] [stdout]    0:     0x63bd515c51b1 - <<std[617be2ca0a6fd877]::sys::backtrace::BacktraceLock>::print::DisplayBacktrace as core[a373ad73a504971]::fmt::Display>::fmt
[INFO] [stdout]    1:     0x63bd515dca4a - core[a373ad73a504971]::fmt::write
[INFO] [stdout]    2:     0x63bd515c9dec - <alloc[2e1b2a31b91974c5]::vec::Vec<u8> as core[a373ad73a504971]::io::write::Write>::write_fmt
[INFO] [stdout]    3:     0x63bd5159f506 - std[617be2ca0a6fd877]::panicking::default_hook::{closure#0}
[INFO] [stdout]    4:     0x63bd515bc5e9 - std[617be2ca0a6fd877]::panicking::default_hook
[INFO] [stdout]    5:     0x63bd514089e0 - test[aada8e7e76ba119b]::test_main_inner::{closure#0}
[INFO] [stdout]    6:     0x63bd515bc912 - std[617be2ca0a6fd877]::panicking::panic_with_hook
[INFO] [stdout]    7:     0x63bd5159f5b2 - std[617be2ca0a6fd877]::panicking::panic_handler::{closure#0}
[INFO] [stdout]    8:     0x63bd51597fa9 - std[617be2ca0a6fd877]::sys::backtrace::__rust_end_short_backtrace::<std[617be2ca0a6fd877]::panicking::panic_handler::{closure#0}, !>
[INFO] [stdout]    9:     0x63bd515a03ad - __rustc[ea4f61d10b84890b]::rust_begin_unwind
[INFO] [stdout]   10:     0x63bd515dd22c - core[a373ad73a504971]::panicking::panic_fmt
[INFO] [stdout]   11:     0x63bd515dd002 - core[a373ad73a504971]::result::unwrap_failed
[INFO] [stdout]   12:     0x63bd513a8169 - mysql_async[b4b84080dfd3dbf9]::io::test::should_connect_with_keepalive::{closure#0}
[INFO] [stdout]   13:     0x63bd5135d5e3 - <tokio[124b49c62014fbbd]::runtime::scheduler::current_thread::Context>::enter::<core[a373ad73a504971]::task::poll::Poll<()>, <tokio[124b49c62014fbbd]::runtime::scheduler::current_thread::CoreGuard>::block_on<core[a373ad73a504971]::pin::Pin<&mut core[a373ad73a504971]::pin::Pin<&mut dyn core[a373ad73a504971]::future::future::Future<Output = ()>>>>::{closure#0}::{closure#0}>
[INFO] [stdout]   14:     0x63bd51328adc - <tokio[124b49c62014fbbd]::runtime::context::scoped::Scoped<tokio[124b49c62014fbbd]::runtime::scheduler::Context>>::set::<<tokio[124b49c62014fbbd]::runtime::scheduler::current_thread::CoreGuard>::enter<<tokio[124b49c62014fbbd]::runtime::scheduler::current_thread::CoreGuard>::block_on<core[a373ad73a504971]::pin::Pin<&mut core[a373ad73a504971]::pin::Pin<&mut dyn core[a373ad73a504971]::future::future::Future<Output = ()>>>>::{closure#0}, core[a373ad73a504971]::option::Option<()>>::{closure#0}, (alloc[2e1b2a31b91974c5]::boxed::Box<tokio[124b49c62014fbbd]::runtime::scheduler::current_thread::Core>, core[a373ad73a504971]::option::Option<()>)>
[INFO] [stdout]   15:     0x63bd5135eb77 - <tokio[124b49c62014fbbd]::runtime::scheduler::current_thread::CoreGuard>::block_on::<core[a373ad73a504971]::pin::Pin<&mut core[a373ad73a504971]::pin::Pin<&mut dyn core[a373ad73a504971]::future::future::Future<Output = ()>>>>
[INFO] [stdout]   16:     0x63bd5131d7cd - tokio[124b49c62014fbbd]::runtime::context::runtime::enter_runtime::<<tokio[124b49c62014fbbd]::runtime::scheduler::current_thread::CurrentThread>::block_on<core[a373ad73a504971]::pin::Pin<&mut dyn core[a373ad73a504971]::future::future::Future<Output = ()>>>::{closure#0}, ()>
[INFO] [stdout]   17:     0x63bd513e4705 - <tokio[124b49c62014fbbd]::runtime::runtime::Runtime>::block_on::<core[a373ad73a504971]::pin::Pin<&mut dyn core[a373ad73a504971]::future::future::Future<Output = ()>>>
[INFO] [stdout]   18:     0x63bd513adf72 - <mysql_async[b4b84080dfd3dbf9]::io::test::should_connect_with_keepalive::{closure#0} as core[a373ad73a504971]::ops::function::FnOnce<()>>::call_once
[INFO] [stdout]   19:     0x63bd513fbe2b - test[aada8e7e76ba119b]::__rust_begin_short_backtrace::<core[a373ad73a504971]::result::Result<(), alloc[2e1b2a31b91974c5]::string::String>, fn() -> core[a373ad73a504971]::result::Result<(), alloc[2e1b2a31b91974c5]::string::String>>
[INFO] [stdout]   20:     0x63bd51409005 - test[aada8e7e76ba119b]::run_test::{closure#0}
[INFO] [stdout]   21:     0x63bd514028f4 - std[617be2ca0a6fd877]::sys::backtrace::__rust_begin_short_backtrace::<test[aada8e7e76ba119b]::run_test::{closure#1}, ()>
[INFO] [stdout]   22:     0x63bd5140c092 - <std[617be2ca0a6fd877]::thread::lifecycle::spawn_unchecked<test[aada8e7e76ba119b]::run_test::{closure#1}, ()>::{closure#1} as core[a373ad73a504971]::ops::function::FnOnce<()>>::call_once::{shim:vtable#0}
[INFO] [stdout]   23:     0x63bd515c3d1f - <std[617be2ca0a6fd877]::sys::thread::unix::Thread>::new::thread_start
[INFO] [stdout]   24:     0x7f56fb2e2dfa - <unknown>
[INFO] [stdout]   25:     0x7f56fb3763d4 - clone
[INFO] [stdout]   26:                0x0 - <unknown>
[INFO] [stdout] 
[INFO] [stdout] ---- conn::test::should_prep_exec_statement stdout ----
[INFO] [stdout] Error: Io(Io(Os { code: 111, kind: ConnectionRefused, message: "Connection refused" }))
[INFO] [stdout] 
[INFO] [stderr] error: test failed, to rerun pass `--lib`
[INFO] [stdout] ---- query::tests::should_run_text_query stdout ----
[INFO] [stdout] Error: Io(Io(Os { code: 111, kind: ConnectionRefused, message: "Connection refused" }))
[INFO] [stdout] 
[INFO] [stdout] ---- conn::test::should_read_binlog stdout ----
[INFO] [stdout] 
[INFO] [stdout] thread 'conn::test::should_read_binlog' (2500) panicked at src/conn/mod.rs:1317:49:
[INFO] [stdout] called `Result::unwrap()` on an `Err` value: Io(Io(Os { code: 111, kind: ConnectionRefused, message: "Connection refused" }))
[INFO] [stdout] stack backtrace:
[INFO] [stdout]    0:     0x63bd515c51b1 - <<std[617be2ca0a6fd877]::sys::backtrace::BacktraceLock>::print::DisplayBacktrace as core[a373ad73a504971]::fmt::Display>::fmt
[INFO] [stdout]    1:     0x63bd515dca4a - core[a373ad73a504971]::fmt::write
[INFO] [stdout]    2:     0x63bd515c9dec - <alloc[2e1b2a31b91974c5]::vec::Vec<u8> as core[a373ad73a504971]::io::write::Write>::write_fmt
[INFO] [stdout]    3:     0x63bd5159f506 - std[617be2ca0a6fd877]::panicking::default_hook::{closure#0}
[INFO] [stdout]    4:     0x63bd515bc5e9 - std[617be2ca0a6fd877]::panicking::default_hook
[INFO] [stdout]    5:     0x63bd514089e0 - test[aada8e7e76ba119b]::test_main_inner::{closure#0}
[INFO] [stdout]    6:     0x63bd515bc912 - std[617be2ca0a6fd877]::panicking::panic_with_hook
[INFO] [stdout]    7:     0x63bd5159f5b2 - std[617be2ca0a6fd877]::panicking::panic_handler::{closure#0}
[INFO] [stdout]    8:     0x63bd51597fa9 - std[617be2ca0a6fd877]::sys::backtrace::__rust_end_short_backtrace::<std[617be2ca0a6fd877]::panicking::panic_handler::{closure#0}, !>
[INFO] [stdout]    9:     0x63bd515a03ad - __rustc[ea4f61d10b84890b]::rust_begin_unwind
[INFO] [stdout]   10:     0x63bd515dd22c - core[a373ad73a504971]::panicking::panic_fmt
[INFO] [stdout]   11:     0x63bd515dd002 - core[a373ad73a504971]::result::unwrap_failed
[INFO] [stdout]   12:     0x63bd51293d1b - mysql_async[b4b84080dfd3dbf9]::conn::test::create_binlog_stream_conn::{closure#0}
[INFO] [stdout]   13:     0x63bd5129461b - mysql_async[b4b84080dfd3dbf9]::conn::test::read_binlog_streams_and_close_their_connections::{closure#0}
[INFO] [stdout]   14:     0x63bd5129bc53 - mysql_async[b4b84080dfd3dbf9]::conn::test::should_read_binlog::{closure#0}
[INFO] [stdout]   15:     0x63bd5135d04d - <tokio[124b49c62014fbbd]::runtime::scheduler::current_thread::Context>::enter::<core[a373ad73a504971]::task::poll::Poll<core[a373ad73a504971]::result::Result<(), mysql_async[b4b84080dfd3dbf9]::error::Error>>, <tokio[124b49c62014fbbd]::runtime::scheduler::current_thread::CoreGuard>::block_on<core[a373ad73a504971]::pin::Pin<&mut core[a373ad73a504971]::pin::Pin<&mut dyn core[a373ad73a504971]::future::future::Future<Output = core[a373ad73a504971]::result::Result<(), mysql_async[b4b84080dfd3dbf9]::error::Error>>>>>::{closure#0}::{closure#0}>
[INFO] [stdout]   16:     0x63bd513288ca - <tokio[124b49c62014fbbd]::runtime::context::scoped::Scoped<tokio[124b49c62014fbbd]::runtime::scheduler::Context>>::set::<<tokio[124b49c62014fbbd]::runtime::scheduler::current_thread::CoreGuard>::enter<<tokio[124b49c62014fbbd]::runtime::scheduler::current_thread::CoreGuard>::block_on<core[a373ad73a504971]::pin::Pin<&mut core[a373ad73a504971]::pin::Pin<&mut dyn core[a373ad73a504971]::future::future::Future<Output = core[a373ad73a504971]::result::Result<(), mysql_async[b4b84080dfd3dbf9]::error::Error>>>>>::{closure#0}, core[a373ad73a504971]::option::Option<core[a373ad73a504971]::result::Result<(), mysql_async[b4b84080dfd3dbf9]::error::Error>>>::{closure#0}, (alloc[2e1b2a31b91974c5]::boxed::Box<tokio[124b49c62014fbbd]::runtime::scheduler::current_thread::Core>, core[a373ad73a504971]::option::Option<core[a373ad73a504971]::result::Result<(), mysql_async[b4b84080dfd3dbf9]::error::Error>>)>
[INFO] [stdout]   17:     0x63bd5135e8d9 - <tokio[124b49c62014fbbd]::runtime::scheduler::current_thread::CoreGuard>::block_on::<core[a373ad73a504971]::pin::Pin<&mut core[a373ad73a504971]::pin::Pin<&mut dyn core[a373ad73a504971]::future::future::Future<Output = core[a373ad73a504971]::result::Result<(), mysql_async[b4b84080dfd3dbf9]::error::Error>>>>>
[INFO] [stdout]   18:     0x63bd5131d232 - tokio[124b49c62014fbbd]::runtime::context::runtime::enter_runtime::<<tokio[124b49c62014fbbd]::runtime::scheduler::current_thread::CurrentThread>::block_on<core[a373ad73a504971]::pin::Pin<&mut dyn core[a373ad73a504971]::future::future::Future<Output = core[a373ad73a504971]::result::Result<(), mysql_async[b4b84080dfd3dbf9]::error::Error>>>>::{closure#0}, core[a373ad73a504971]::result::Result<(), mysql_async[b4b84080dfd3dbf9]::error::Error>>
[INFO] [stdout]   19:     0x63bd513e45fa - <tokio[124b49c62014fbbd]::runtime::runtime::Runtime>::block_on::<core[a373ad73a504971]::pin::Pin<&mut dyn core[a373ad73a504971]::future::future::Future<Output = core[a373ad73a504971]::result::Result<(), mysql_async[b4b84080dfd3dbf9]::error::Error>>>>
[INFO] [stdout]   20:     0x63bd512b5412 - <mysql_async[b4b84080dfd3dbf9]::conn::test::should_read_binlog::{closure#0} as core[a373ad73a504971]::ops::function::FnOnce<()>>::call_once
[INFO] [stdout]   21:     0x63bd513fbe2b - test[aada8e7e76ba119b]::__rust_begin_short_backtrace::<core[a373ad73a504971]::result::Result<(), alloc[2e1b2a31b91974c5]::string::String>, fn() -> core[a373ad73a504971]::result::Result<(), alloc[2e1b2a31b91974c5]::string::String>>
[INFO] [stdout]   22:     0x63bd51409005 - test[aada8e7e76ba119b]::run_test::{closure#0}
[INFO] [stdout]   23:     0x63bd514028f4 - std[617be2ca0a6fd877]::sys::backtrace::__rust_begin_short_backtrace::<test[aada8e7e76ba119b]::run_test::{closure#1}, ()>
[INFO] [stdout]   24:     0x63bd5140c092 - <std[617be2ca0a6fd877]::thread::lifecycle::spawn_unchecked<test[aada8e7e76ba119b]::run_test::{closure#1}, ()>::{closure#1} as core[a373ad73a504971]::ops::function::FnOnce<()>>::call_once::{shim:vtable#0}
[INFO] [stdout]   25:     0x63bd515c3d1f - <std[617be2ca0a6fd877]::sys::thread::unix::Thread>::new::thread_start
[INFO] [stdout]   26:     0x7f56fb2e2dfa - <unknown>
[INFO] [stdout]   27:     0x7f56fb3763d4 - clone
[INFO] [stdout]   28:                0x0 - <unknown>
[INFO] [stdout] 
[INFO] [stdout] ---- queryable::query_result::tests::dropped_query_result_should_emit_errors_on_cleanup stdout ----
[INFO] [stdout] Error: Io(Io(Os { code: 111, kind: ConnectionRefused, message: "Connection refused" }))
[INFO] [stdout] 
[INFO] [stdout] ---- queryable::query_result::tests::should_handle_multi_result_sets_where_some_results_have_no_output stdout ----
[INFO] [stdout] Error: Io(Io(Os { code: 111, kind: ConnectionRefused, message: "Connection refused" }))
[INFO] [stdout] 
[INFO] [stdout] ---- queryable::query_result::tests::should_map_resultset stdout ----
[INFO] [stdout] Error: Io(Io(Os { code: 111, kind: ConnectionRefused, message: "Connection refused" }))
[INFO] [stdout] 
[INFO] [stdout] ---- queryable::query_result::tests::should_reduce_resultset stdout ----
[INFO] [stdout] Error: Io(Io(Os { code: 111, kind: ConnectionRefused, message: "Connection refused" }))
[INFO] [stdout] 
[INFO] [stdout] ---- queryable::query_result::tests::should_stream_binary_result_sets stdout ----
[INFO] [stdout] Error: Io(Io(Os { code: 111, kind: ConnectionRefused, message: "Connection refused" }))
[INFO] [stdout] 
[INFO] [stdout] ---- queryable::query_result::tests::should_try_collect stdout ----
[INFO] [stdout] Error: Io(Io(Os { code: 111, kind: ConnectionRefused, message: "Connection refused" }))
[INFO] [stdout] 
[INFO] [stdout] ---- queryable::query_result::tests::should_iterate_over_resultset stdout ----
[INFO] [stdout] Error: Io(Io(Os { code: 111, kind: ConnectionRefused, message: "Connection refused" }))
[INFO] [stdout] 
[INFO] [stdout] ---- queryable::query_result::tests::should_stream_text_result_sets stdout ----
[INFO] [stdout] Error: Io(Io(Os { code: 111, kind: ConnectionRefused, message: "Connection refused" }))
[INFO] [stdout] 
[INFO] [stdout] ---- queryable::query_result::tests::should_try_collect_and_drop stdout ----
[INFO] [stdout] Error: Io(Io(Os { code: 111, kind: ConnectionRefused, message: "Connection refused" }))
[INFO] [stdout] 
[INFO] [stdout] ---- query::tests::should_run_bin_query stdout ----
[INFO] [stdout] Error: Io(Io(Os { code: 111, kind: ConnectionRefused, message: "Connection refused" }))
[INFO] [stdout] 
[INFO] [stdout] ---- queryable::tests::should_prep stdout ----
[INFO] [stdout] Error: Io(Io(Os { code: 111, kind: ConnectionRefused, message: "Connection refused" }))
[INFO] [stdout] 
[INFO] [stdout] ---- queryable::query_result::tests::should_handle_mutliresult_set stdout ----
[INFO] [stdout] Error: Io(Io(Os { code: 111, kind: ConnectionRefused, message: "Connection refused" }))
[INFO] [stdout] 
[INFO] [stdout] ---- conn::test::should_execute_statement stdout ----
[INFO] [stdout] Error: Io(Io(Os { code: 111, kind: ConnectionRefused, message: "Connection refused" }))
[INFO] [stdout] 
[INFO] [stdout] 
[INFO] [stdout] failures:
[INFO] [stdout]     conn::pool::test::aa_should_hold_bounds2
[INFO] [stdout]     conn::pool::test::drop_impl_for_conn_should_not_panic_within_unwind
[INFO] [stdout]     conn::pool::test::droptest
[INFO] [stdout]     conn::pool::test::issue_126_should_cleanup_errors_in_multiresult_sets
[INFO] [stdout]     conn::pool::test::should_check_inactive_connection_ttl
[INFO] [stdout]     conn::pool::test::should_connect
[INFO] [stdout]     conn::pool::test::should_hold_bounds1
[INFO] [stdout]     conn::pool::test::should_ignore_non_fatal_errors_while_returning_to_a_pool
[INFO] [stdout]     conn::pool::test::should_not_panic_on_unclean_shutdown
[INFO] [stdout]     conn::pool::test::should_opt_out_of_connection_reset
[INFO] [stdout]     conn::pool::test::should_perform_clean_shutdown
[INFO] [stdout]     conn::pool::test::should_reconnect
[INFO] [stdout]     conn::pool::test::should_remove_waker_of_cancelled_task
[INFO] [stdout]     conn::pool::test::should_reuse_connections
[INFO] [stdout]     conn::pool::test::should_start_transaction
[INFO] [stdout]     conn::pool::test::should_track_conn_if_disconnected_outside_of_a_pool
[INFO] [stdout]     conn::pool::test::should_work_if_pooled_connection_operation_is_cancelled
[INFO] [stdout]     conn::pool::test::zz_should_check_wait_timeout_on_get_conn
[INFO] [stdout]     conn::test::issue_107
[INFO] [stdout]     conn::test::should_change_user
[INFO] [stdout]     conn::test::should_clean_state_if_wrapper_is_dropeed
[INFO] [stdout]     conn::test::should_connect
[INFO] [stdout]     conn::test::should_connect_without_database
[INFO] [stdout]     conn::test::should_execute_init_queries_on_new_connection
[INFO] [stdout]     conn::test::should_execute_setup_queries_on_reset
[INFO] [stdout]     conn::test::should_execute_statement
[INFO] [stdout]     conn::test::should_expose_query_result_metadata
[INFO] [stdout]     conn::test::should_first_exec_statement
[INFO] [stdout]     conn::test::should_handle_binary_multiresult_set_with_error
[INFO] [stdout]     conn::test::should_handle_local_infile_globally
[INFO] [stdout]     conn::test::should_handle_local_infile_locally
[INFO] [stdout]     conn::test::should_handle_multiresult_set_with_error
[INFO] [stdout]     conn::test::should_handle_multiresult_set_with_local_infile
[INFO] [stdout]     conn::test::should_hold_stmt_cache_size_bound
[INFO] [stdout]     conn::test::should_not_cache_statements_if_stmt_cache_size_is_zero
[INFO] [stdout]     conn::test::should_not_panic_if_dropped_without_tokio_runtime
[INFO] [stdout]     conn::test::should_not_return_found_rows_if_flag_is_not_set
[INFO] [stdout]     conn::test::should_perform_queries
[INFO] [stdout]     conn::test::should_prep_exec_statement
[INFO] [stdout]     conn::test::should_prepare_statement
[INFO] [stdout]     conn::test::should_provide_multiresult_set_metadata
[INFO] [stdout]     conn::test::should_query_drop
[INFO] [stdout]     conn::test::should_read_binlog
[INFO] [stdout]     conn::test::should_reset_the_connection
[INFO] [stdout]     conn::test::should_return_found_rows_if_flag_is_set
[INFO] [stdout]     conn::test::should_run_transactions
[INFO] [stdout]     io::test::should_connect_with_keepalive
[INFO] [stdout]     query::tests::should_run_bin_query
[INFO] [stdout]     query::tests::should_run_text_query
[INFO] [stdout]     queryable::query_result::tests::dropped_query_result_should_emit_errors_on_cleanup
[INFO] [stdout]     queryable::query_result::tests::should_handle_multi_result_sets_where_some_results_have_no_output
[INFO] [stdout]     queryable::query_result::tests::should_handle_mutliresult_set
[INFO] [stdout]     queryable::query_result::tests::should_iterate_over_resultset
[INFO] [stdout]     queryable::query_result::tests::should_map_resultset
[INFO] [stdout]     queryable::query_result::tests::should_reduce_resultset
[INFO] [stdout]     queryable::query_result::tests::should_stream_binary_result_sets
[INFO] [stdout]     queryable::query_result::tests::should_stream_text_result_sets
[INFO] [stdout]     queryable::query_result::tests::should_try_collect
[INFO] [stdout]     queryable::query_result::tests::should_try_collect_and_drop
[INFO] [stdout]     queryable::tests::should_prep
[INFO] [stdout] 
[INFO] [stdout] test result: FAILED. 12 passed; 60 failed; 1 ignored; 0 measured; 0 filtered out; finished in 0.13s
[INFO] [stdout] 
[INFO] running `Command { std: "docker" "inspect" "52564945bd14382dc4c6af16a6f70618cafbc0d07e31273681a1ca630afe45b2", kill_on_drop: false }`
[INFO] running `Command { std: "docker" "rm" "-f" "52564945bd14382dc4c6af16a6f70618cafbc0d07e31273681a1ca630afe45b2", kill_on_drop: false }`
[INFO] [stdout] 52564945bd14382dc4c6af16a6f70618cafbc0d07e31273681a1ca630afe45b2
