[INFO] fetching crate mysql 28.0.3...
[INFO] testing mysql-28.0.3 against 1.100.0-beta.1+cargoflags=--release for beta-release-1.100-2
[INFO] extracting crate mysql 28.0.3 into /workspace/builds/worker-3-tc2/source
[INFO] started tweaking crates.io crate mysql 28.0.3
[INFO] finished tweaking crates.io crate mysql 28.0.3
[INFO] tweaked toml for crates.io crate mysql 28.0.3 written to /workspace/builds/worker-3-tc2/source/Cargo.toml
[INFO] validating manifest of crates.io crate mysql 28.0.3 on toolchain 1.100.0-beta.1
[INFO] running `Command { std: CARGO_HOME="/workspace/cargo-home" RUSTUP_HOME="/workspace/rustup-home" "/workspace/cargo-home/bin/cargo" "+1.100.0-beta.1" "metadata" "--manifest-path" "Cargo.toml" "--no-deps", kill_on_drop: false }`
[INFO] crate crates.io crate mysql 28.0.3 already has a lockfile, it will not be regenerated
[INFO] running `Command { std: CARGO_HOME="/workspace/cargo-home" RUSTUP_HOME="/workspace/rustup-home" "/workspace/cargo-home/bin/cargo" "+1.100.0-beta.1" "fetch" "--manifest-path" "Cargo.toml", kill_on_drop: false }`
[INFO] running `Command { std: "docker" "create" "-v" "/var/lib/crater-agent-workspace/builds/worker-3-tc2/source:/opt/rustwide/workdir:ro,Z" "-v" "/var/lib/crater-agent-workspace/builds/worker-3-tc2/target:/opt/rustwide/target:rw,Z" "-v" "/var/lib/crater-agent-workspace/cargo-home:/opt/rustwide/cargo-home:ro,Z" "-v" "/var/lib/crater-agent-workspace/rustup-home:/opt/rustwide/rustup-home:ro,Z" "-m" "1610612736" "--network" "none" "ghcr.io/rust-lang/crates-build-env/linux@sha256:77db811e55d90add9212f6832c23229e3de5f1c1f9905e8cb07319ea15df73ac" "sleep" "infinity", kill_on_drop: false }`
[INFO] [stdout] 4819e1d5058db846b184732f0204beb688b0badf443cb8ab4fee2273114e7679
[INFO] running `Command { std: "docker" "start" "4819e1d5058db846b184732f0204beb688b0badf443cb8ab4fee2273114e7679", kill_on_drop: false }`
[INFO] running `Command { std: "docker" "inspect" "4819e1d5058db846b184732f0204beb688b0badf443cb8ab4fee2273114e7679", kill_on_drop: false }`
[INFO] running `Command { std: "docker" "exec" "-e" "SOURCE_DIR=/opt/rustwide/workdir" "-e" "CARGO_HOME=/opt/rustwide/cargo-home" "-e" "RUSTUP_HOME=/opt/rustwide/rustup-home" "-e" "CARGO_TARGET_DIR=/opt/rustwide/target" "-w" "/opt/rustwide/workdir" "--user" "0:0" "4819e1d5058db846b184732f0204beb688b0badf443cb8ab4fee2273114e7679" "/opt/rustwide/cargo-home/bin/cargo" "+1.100.0-beta.1" "metadata" "--no-deps" "--format-version=1", kill_on_drop: false }`
[INFO] running `Command { std: "docker" "inspect" "4819e1d5058db846b184732f0204beb688b0badf443cb8ab4fee2273114e7679", kill_on_drop: false }`
[INFO] running `Command { std: "docker" "exec" "-e" "SOURCE_DIR=/opt/rustwide/workdir" "-e" "CARGO_HOME=/opt/rustwide/cargo-home" "-e" "RUSTUP_HOME=/opt/rustwide/rustup-home" "-e" "CARGO_TARGET_DIR=/opt/rustwide/target" "-e" "CARGO_INCREMENTAL=0" "-e" "RUST_BACKTRACE=full" "-e" "RUSTFLAGS=--cap-lints=warn" "-e" "RUSTDOCFLAGS=--cap-lints=warn" "-w" "/opt/rustwide/workdir" "--user" "0:0" "4819e1d5058db846b184732f0204beb688b0badf443cb8ab4fee2273114e7679" "/opt/rustwide/cargo-home/bin/cargo" "+1.100.0-beta.1" "build" "--frozen" "--message-format=json" "--release", kill_on_drop: false }`
[INFO] [stderr]    Compiling unicode-ident v1.0.26
[INFO] [stderr]    Compiling litemap v0.8.3
[INFO] [stderr]    Compiling writeable v0.6.4
[INFO] [stderr]    Compiling typenum v1.20.1
[INFO] [stderr]    Compiling icu_properties_data v2.3.0
[INFO] [stderr]    Compiling icu_normalizer_data v2.3.0
[INFO] [stderr]    Compiling find-msvc-tools v0.1.13
[INFO] [stderr]    Compiling generic-array v0.14.7
[INFO] [stderr]    Compiling num-traits v0.2.19
[INFO] [stderr]    Compiling vcpkg v0.2.15
[INFO] [stderr]    Compiling smallvec v1.16.1
[INFO] [stderr]    Compiling crc32fast v1.5.2
[INFO] [stderr]    Compiling thiserror v2.0.20
[INFO] [stderr]    Compiling aho-corasick v1.1.5
[INFO] [stderr]    Compiling cpufeatures v0.2.17
[INFO] [stderr]    Compiling proc-macro2 v1.0.107
[INFO] [stderr]    Compiling mysql_common v0.37.3
[INFO] [stderr]    Compiling num-bigint v0.4.8
[INFO] [stderr]    Compiling getrandom v0.3.4
[INFO] [stderr]    Compiling btoi v0.5.0
[INFO] [stderr]    Compiling cc v1.4.7
[INFO] [stderr]    Compiling base64 v0.23.1
[INFO] [stderr]    Compiling uuid v1.26.1
[INFO] [stderr]    Compiling saturating v0.1.0
[INFO] [stderr]    Compiling mysql v28.0.3 (/opt/rustwide/workdir)
[INFO] [stderr]    Compiling arc-swap v1.9.2
[INFO] [stderr]    Compiling socket2 v0.6.5
[INFO] [stderr]    Compiling bufstream v0.1.4
[INFO] [stderr]    Compiling lru v0.18.5
[INFO] [stderr]    Compiling twox-hash v2.1.4
[INFO] [stderr]    Compiling quote v1.0.47
[INFO] [stderr]    Compiling pem v4.0.0
[INFO] [stderr]    Compiling syn v3.0.6
[INFO] [stderr]    Compiling syn v2.0.119
[INFO] [stderr]    Compiling proc-macro-utils v0.10.0
[INFO] [stderr]    Compiling num-integer v0.1.47
[INFO] [stderr]    Compiling manyhow-macros v0.11.4
[INFO] [stderr]    Compiling libz-sys v1.1.29
[INFO] [stderr]    Compiling regex-automata v0.4.18
[INFO] [stderr]    Compiling block-buffer v0.10.4
[INFO] [stderr]    Compiling crypto-common v0.1.7
[INFO] [stderr]    Compiling digest v0.10.7
[INFO] [stderr]    Compiling flate2 v1.1.10
[INFO] [stderr]    Compiling sha2 v0.10.9
[INFO] [stderr]    Compiling sha1 v0.10.7
[INFO] [stderr]    Compiling synstructure v0.14.0
[INFO] [stderr]    Compiling zerovec-derive v0.11.6
[INFO] [stderr]    Compiling displaydoc v0.2.7
[INFO] [stderr]    Compiling thiserror-impl v2.0.20
[INFO] [stderr]    Compiling serde_derive v1.0.229
[INFO] [stderr]    Compiling zerofrom-derive v0.1.8
[INFO] [stderr]    Compiling yoke-derive v0.8.3
[INFO] [stderr]    Compiling zerofrom v0.1.8
[INFO] [stderr]    Compiling yoke v0.8.3
[INFO] [stderr]    Compiling zerotrie v0.2.5
[INFO] [stderr]    Compiling zerovec v0.11.8
[INFO] [stderr]    Compiling darling_core v0.23.0
[INFO] [stderr]    Compiling manyhow v0.11.4
[INFO] [stderr]    Compiling derive_utils v0.15.1
[INFO] [stderr]    Compiling io-enum v1.2.1
[INFO] [stderr]    Compiling tinystr v0.8.4
[INFO] [stderr]    Compiling potential_utf v0.1.6
[INFO] [stderr]    Compiling icu_collections v2.3.0
[INFO] [stderr]    Compiling regex v1.13.1
[INFO] [stderr]    Compiling icu_locale_core v2.3.0
[INFO] [stderr]    Compiling serde v1.0.229
[INFO] [stderr]    Compiling icu_provider v2.3.1
[INFO] [stderr]    Compiling icu_properties v2.3.0
[INFO] [stderr]    Compiling icu_normalizer v2.3.0
[INFO] [stderr]    Compiling darling_macro v0.23.0
[INFO] [stderr]    Compiling darling v0.23.0
[INFO] [stderr]    Compiling mysql-common-derive v0.32.2
[INFO] [stderr]    Compiling idna_adapter v1.2.2
[INFO] [stderr]    Compiling idna v1.1.0
[INFO] [stderr]    Compiling url v2.5.8
[INFO] [stderr] warning: unused dependency `pem`
[INFO] [stderr]   --> Cargo.toml:40:15
[INFO] [stderr]    |
[INFO] [stderr] 40 | [dependencies.pem]
[INFO] [stderr]    |               ^^^^
[INFO] [stderr]    |
[INFO] [stderr]    = note: `cargo::unused_dependencies` is set to `warn` by default
[INFO] [stderr] help: consider removing the dependency on `pem`
[INFO] [stderr] warning: `mysql` (manifest) generated 1 warning
[INFO] [stderr]     Finished `release` profile [optimized] target(s) in 54.93s
[INFO] running `Command { std: "docker" "inspect" "4819e1d5058db846b184732f0204beb688b0badf443cb8ab4fee2273114e7679", kill_on_drop: false }`
[INFO] running `Command { std: "docker" "exec" "-e" "SOURCE_DIR=/opt/rustwide/workdir" "-e" "CARGO_HOME=/opt/rustwide/cargo-home" "-e" "RUSTUP_HOME=/opt/rustwide/rustup-home" "-e" "CARGO_TARGET_DIR=/opt/rustwide/target" "-e" "CARGO_INCREMENTAL=0" "-e" "RUST_BACKTRACE=full" "-e" "RUSTFLAGS=--cap-lints=warn" "-e" "RUSTDOCFLAGS=--cap-lints=warn" "-w" "/opt/rustwide/workdir" "--user" "0:0" "4819e1d5058db846b184732f0204beb688b0badf443cb8ab4fee2273114e7679" "/opt/rustwide/cargo-home/bin/cargo" "+1.100.0-beta.1" "test" "--frozen" "--no-run" "--message-format=json" "--release", kill_on_drop: false }`
[INFO] [stderr]    Compiling frunk_core v0.5.0
[INFO] [stderr]    Compiling openssl-sys v0.9.117
[INFO] [stderr]    Compiling time-core v0.1.9
[INFO] [stderr]    Compiling num-conv v0.2.2
[INFO] [stderr]    Compiling getrandom v0.4.3
[INFO] [stderr]    Compiling frunk_core v0.4.4
[INFO] [stderr]    Compiling mysql_common v0.37.3
[INFO] [stderr]    Compiling rand_core v0.10.1
[INFO] [stderr]    Compiling foreign-types-shared v0.1.1
[INFO] [stderr]    Compiling openssl v0.10.81
[INFO] [stderr]    Compiling cpufeatures v0.3.1
[INFO] [stderr]    Compiling openssl-macros v0.1.1
[INFO] [stderr]    Compiling foreign-types v0.3.2
[INFO] [stderr]    Compiling chacha20 v0.10.2
[INFO] [stderr]    Compiling time-macros v0.2.32
[INFO] [stderr]    Compiling rand v0.10.3
[INFO] [stderr]    Compiling time v0.3.55
[INFO] [stderr]    Compiling frunk_proc_macro_helpers v0.1.5
[INFO] [stderr]    Compiling frunk_derives v0.4.4
[INFO] [stderr]    Compiling frunk_proc_macros v0.1.5
[INFO] [stderr]    Compiling frunk v0.4.4
[INFO] [stderr]    Compiling mysql v28.0.3 (/opt/rustwide/workdir)
[INFO] [stderr] warning: unused dependency `pem`
[INFO] [stderr]   --> Cargo.toml:40:15
[INFO] [stderr]    |
[INFO] [stderr] 40 | [dependencies.pem]
[INFO] [stderr]    |               ^^^^
[INFO] [stderr]    |
[INFO] [stderr]    = note: `cargo::unused_dependencies` is set to `warn` by default
[INFO] [stderr] help: consider removing the dependency on `pem`
[INFO] [stderr] warning: `mysql` (manifest) generated 1 warning
[INFO] [stderr]     Finished `release` profile [optimized] target(s) in 28.85s
[INFO] running `Command { std: "docker" "inspect" "4819e1d5058db846b184732f0204beb688b0badf443cb8ab4fee2273114e7679", kill_on_drop: false }`
[INFO] running `Command { std: "docker" "exec" "-e" "SOURCE_DIR=/opt/rustwide/workdir" "-e" "CARGO_HOME=/opt/rustwide/cargo-home" "-e" "RUSTUP_HOME=/opt/rustwide/rustup-home" "-e" "CARGO_TARGET_DIR=/opt/rustwide/target" "-e" "CARGO_INCREMENTAL=0" "-e" "RUST_BACKTRACE=full" "-e" "RUSTFLAGS=--cap-lints=warn" "-e" "RUSTDOCFLAGS=--cap-lints=warn" "-w" "/opt/rustwide/workdir" "--user" "0:0" "4819e1d5058db846b184732f0204beb688b0badf443cb8ab4fee2273114e7679" "/opt/rustwide/cargo-home/bin/cargo" "+1.100.0-beta.1" "test" "--frozen" "--release", kill_on_drop: false }`
[INFO] [stderr] warning: unused dependency `pem`
[INFO] [stderr]   --> Cargo.toml:40:15
[INFO] [stderr]    |
[INFO] [stderr] 40 | [dependencies.pem]
[INFO] [stderr]    |               ^^^^
[INFO] [stderr]    |
[INFO] [stderr]    = note: `cargo::unused_dependencies` is set to `warn` by default
[INFO] [stderr] help: consider removing the dependency on `pem`
[INFO] [stderr] warning: `mysql` (manifest) generated 1 warning
[INFO] [stderr]     Finished `release` profile [optimized] target(s) in 0.18s
[INFO] [stderr]      Running unittests src/lib.rs (/opt/rustwide/target/release/build/mysql/38d69b177338e75b/out/mysql-38d69b177338e75b)
[INFO] [stdout] 
[INFO] [stdout] running 67 tests
[INFO] [stdout] test conn::opts::test::should_have_url_err ... ok
[INFO] [stdout] test conn::opts::test::should_convert_url_into_opts ... ok
[INFO] [stdout] test conn::opts::test::danger_accept_invalid_certs_invalid_value ... ok
[INFO] [stdout] test conn::opts::test::danger_skip_domain_validation ... ok
[INFO] [stdout] test conn::opts::test::should_read_hashmap_into_opts ... ok
[INFO] [stdout] test conn::opts::test::danger_accept_invalid_certs ... ok
[INFO] [stdout] test conn::opts::test::danger_skip_domain_validation_invalid_value ... ok
[INFO] [stdout] test conn::opts::test::should_report_empty_url_database_as_none ... ok
[INFO] [stdout] test conn::opts::test::root_cert_path ... ok
[INFO] [stdout] test conn::pool::test::pool::should_be_none_if_pool_size_zero_zero ... ok
[INFO] [stdout] test conn::opts::test::should_panic_on_invalid_scheme - should panic ... ok
[INFO] [stdout] test conn::pool::test::pool::should_panic_if_pool_size_zero_zero - should panic ... ok
[INFO] [stdout] test conn::opts::test::should_panic_on_unknown_query_param - should panic ... ok
[INFO] [stdout] test conn::opts::test::should_panic_on_invalid_url - should panic ... ok
[INFO] [stdout] test conn::pool::test::pool::should_start_transaction_on_PooledConn ... FAILED
[INFO] [stdout] test conn::pool::test::pool::should_fix_connectivity_errors_on_prepare ... FAILED
[INFO] [stdout] test conn::pool::test::pool::should_reuse_connections ... FAILED
[INFO] [stdout] test conn::pool::test::pool::should_fix_connectivity_errors_on_start_transaction ... FAILED
[INFO] [stdout] test conn::test::my_conn::mysql_async_issue_107 ... FAILED
[INFO] [stdout] test conn::pool::test::pool::should_execute_statements_on_PooledConn ... FAILED
[INFO] [stdout] test conn::test::my_conn::manually_closed_stmt ... FAILED
[INFO] [stdout] test conn::pool::test::pool::multiple_pools_should_work ... FAILED
[INFO] [stdout] test conn::pool::test::pool::should_timeout_if_no_connections_available ... FAILED
[INFO] [stdout] test conn::test::my_conn::issue_273 ... FAILED
[INFO] [stdout] test conn::pool::test::pool::should_fix_connectivity_errors_on_prep_exec ... FAILED
[INFO] [stdout] test conn::test::my_conn::issue_285 ... FAILED
[INFO] [stdout] test conn::test::my_conn::query_traits ... FAILED
[INFO] [stdout] test conn::pool::test::pool::should_execute_queries_on_PooledConn ... FAILED
[INFO] [stdout] test conn::pool::test::pool::should_opt_out_of_connection_reset ... FAILED
[INFO] [stdout] test conn::test::my_conn::should_connect ... FAILED
[INFO] [stdout] test conn::pool::test::pool::should_start_transaction_on_Pool ... FAILED
[INFO] [stdout] test conn::test::my_conn::prep_exec ... FAILED
[INFO] [stdout] test conn::test::my_conn::should_change_user ... FAILED
[INFO] [stdout] test conn::test::my_conn::should_connect_with_database ... FAILED
[INFO] [stdout] test conn::test::my_conn::should_bind_before_connect_with_timeout ... FAILED
[INFO] [stdout] test conn::test::my_conn::reset_does_work ... FAILED
[INFO] [stdout] test conn::test::my_conn::should_connect_via_socket_for_127_0_0_1 ... FAILED
[INFO] [stdout] test conn::test::my_conn::should_execute_statements_and_parse_results ... FAILED
[INFO] [stdout] test conn::test::my_conn::should_execute_queries_and_parse_results ... FAILED
[INFO] [stdout] test conn::test::my_conn::should_handle_LOCAL_INFILE_with_custom_handler ... FAILED
[INFO] [stdout] test conn::test::my_conn::should_connect_by_hostname ... FAILED
[INFO] [stdout] test conn::test::my_conn::should_drop_multi_result_set ... FAILED
[INFO] [stdout] test conn::test::my_conn::should_handle_json_columns ... FAILED
[INFO] [stdout] test conn::test::my_conn::should_fail_on_wrong_socket_path - should panic ... ok
[INFO] [stdout] test conn::test::my_conn::should_parse_large_binary_result ... FAILED
[INFO] [stdout] test conn::test::my_conn::should_reset_connection ... FAILED
[INFO] [stdout] test conn::test::my_conn::should_parse_large_text_result ... FAILED
[INFO] [stdout] test conn::test::my_conn::should_fallback_to_tcp_if_cant_switch_to_socket ... FAILED
[INFO] [stdout] test conn::test::my_conn::should_select_db ... FAILED
[INFO] [stdout] test conn::test::my_conn::should_set_additional_capabilities ... FAILED
[INFO] [stdout] test conn::test::my_conn::should_return_error_on_missing_named_parameter ... FAILED
[INFO] [stdout] test conn::test::my_conn::should_set_connect_attrs ... FAILED
[INFO] [stdout] test conn::test::my_conn::should_return_error_on_named_params_for_positional_statement ... FAILED
[INFO] [stdout] test conn::test::my_conn::should_connect_via_socket_localhost ... FAILED
[INFO] [stdout] test conn::test::my_conn::should_not_cache_statements_if_stmt_cache_size_is_zero ... FAILED
[INFO] [stdout] test conn::test::my_conn::should_work_with_named_params ... FAILED
[INFO] [stdout] test conn::test::my_conn::should_hold_stmt_cache_size_bounds ... FAILED
[INFO] [stdout] test conn::test::my_conn::should_start_commit_and_rollback_transactions ... FAILED
[INFO] [stdout] test conn::test::my_conn::should_handle_multi_result_set ... FAILED
[INFO] [stdout] test conn::test::my_conn::should_handle_tcp_connect_timeout ... FAILED
[INFO] [stdout] test conn::test::my_conn::test_exec_batch_large ... FAILED
[INFO] [stdout] test conn::test::my_conn::test_exec_batch ... FAILED
[INFO] [stdout] test conn::test::my_conn::test_exec_batch_no_params ... FAILED
[INFO] [stdout] test conn::test::my_conn::test_metadata_caching ... FAILED
[INFO] [stdout] test conn::test::my_conn::should_bind_before_connect ... FAILED
[INFO] [stdout] test conn::stmt::tests::reader_keeps_columns_alive_while_writer_replaces_them ... ok
[INFO] [stdout] test conn::test::my_conn::issue_306 ... FAILED
[INFO] [stdout] 
[INFO] [stdout] failures:
[INFO] [stdout] 
[INFO] [stdout] ---- conn::pool::test::pool::should_start_transaction_on_PooledConn stdout ----
[INFO] [stdout] 
[INFO] [stdout] thread 'conn::pool::test::pool::should_start_transaction_on_PooledConn' (2097) panicked at src/conn/pool/mod.rs:639:46:
[INFO] [stdout] called `Result::unwrap()` on an `Err` value: DriverError { Could not connect to address `localhost:3307': Connection refused (os error 111) }
[INFO] [stdout] stack backtrace:
[INFO] [stdout]    0:     0x576f64e22f31 - <<std[617be2ca0a6fd877]::sys::backtrace::BacktraceLock>::print::DisplayBacktrace as core[a373ad73a504971]::fmt::Display>::fmt
[INFO] [stdout]    1:     0x576f64e3a95a - core[a373ad73a504971]::fmt::write
[INFO] [stdout]    2:     0x576f64e277ec - <alloc[2e1b2a31b91974c5]::vec::Vec<u8> as core[a373ad73a504971]::io::write::Write>::write_fmt
[INFO] [stdout]    3:     0x576f64dfde66 - std[617be2ca0a6fd877]::panicking::default_hook::{closure#0}
[INFO] [stdout]    4:     0x576f64e1ab89 - std[617be2ca0a6fd877]::panicking::default_hook
[INFO] [stdout]    5:     0x576f64c8a6c0 - test[aada8e7e76ba119b]::test_main_inner::{closure#0}
[INFO] [stdout]    6:     0x576f64e1ad42 - std[617be2ca0a6fd877]::panicking::panic_with_hook
[INFO] [stdout]    7:     0x576f64dfdf12 - std[617be2ca0a6fd877]::panicking::panic_handler::{closure#0}
[INFO] [stdout]    8:     0x576f64df6b79 - std[617be2ca0a6fd877]::sys::backtrace::__rust_end_short_backtrace::<std[617be2ca0a6fd877]::panicking::panic_handler::{closure#0}, !>
[INFO] [stdout]    9:     0x576f64dfed0d - __rustc[ea4f61d10b84890b]::rust_begin_unwind
[INFO] [stdout]   10:     0x576f64e3b13c - core[a373ad73a504971]::panicking::panic_fmt
[INFO] [stdout]   11:     0x576f64e3af12 - core[a373ad73a504971]::result::unwrap_failed
[INFO] [stdout]   12:     0x576f64c6569a - <mysql[729a7c11be98db0f]::conn::pool::test::pool::should_start_transaction_on_PooledConn::{closure#0} as core[a373ad73a504971]::ops::function::FnOnce<()>>::call_once
[INFO] [stdout]   13:     0x576f64c7db0b - test[aada8e7e76ba119b]::__rust_begin_short_backtrace::<core[a373ad73a504971]::result::Result<(), alloc[2e1b2a31b91974c5]::string::String>, fn() -> core[a373ad73a504971]::result::Result<(), alloc[2e1b2a31b91974c5]::string::String>>
[INFO] [stdout]   14:     0x576f64c8ace5 - test[aada8e7e76ba119b]::run_test::{closure#0}
[INFO] [stdout]   15:     0x576f64c845d4 - std[617be2ca0a6fd877]::sys::backtrace::__rust_begin_short_backtrace::<test[aada8e7e76ba119b]::run_test::{closure#1}, ()>
[INFO] [stdout]   16:     0x576f64c8dd72 - <std[617be2ca0a6fd877]::thread::lifecycle::spawn_unchecked<test[aada8e7e76ba119b]::run_test::{closure#1}, ()>::{closure#1} as core[a373ad73a504971]::ops::function::FnOnce<()>>::call_once::{shim:vtable#0}
[INFO] [stdout]   17:     0x576f64e21fcf - <std[617be2ca0a6fd877]::sys::thread::unix::Thread>::new::thread_start
[INFO] [stdout]   18:     0x741914c00dfa - <unknown>
[INFO] [stdout]   19:     0x741914c943d4 - clone
[INFO] [stdout]   20:                0x0 - <unknown>
[INFO] [stdout] 
[INFO] [stdout] ---- conn::pool::test::pool::should_fix_connectivity_errors_on_prepare stdout ----
[INFO] [stdout] 
[INFO] [stdout] thread 'conn::pool::test::pool::should_fix_connectivity_errors_on_prepare' (2091) panicked at src/conn/pool/mod.rs:418:14:
[INFO] [stdout] called `Result::unwrap()` on an `Err` value: DriverError { Could not connect to address `localhost:3307': Connection refused (os error 111) }
[INFO] [stdout] stack backtrace:
[INFO] [stdout]    0:     0x576f64e22f31 - <<std[617be2ca0a6fd877]::sys::backtrace::BacktraceLock>::print::DisplayBacktrace as core[a373ad73a504971]::fmt::Display>::fmt
[INFO] [stdout]    1:     0x576f64e3a95a - core[a373ad73a504971]::fmt::write
[INFO] [stdout]    2:     0x576f64e277ec - <alloc[2e1b2a31b91974c5]::vec::Vec<u8> as core[a373ad73a504971]::io::write::Write>::write_fmt
[INFO] [stdout]    3:     0x576f64dfde66 - std[617be2ca0a6fd877]::panicking::default_hook::{closure#0}
[INFO] [stdout]    4:     0x576f64e1ab89 - std[617be2ca0a6fd877]::panicking::default_hook
[INFO] [stdout]    5:     0x576f64c8a6c0 - test[aada8e7e76ba119b]::test_main_inner::{closure#0}
[INFO] [stdout]    6:     0x576f64e1ad42 - std[617be2ca0a6fd877]::panicking::panic_with_hook
[INFO] [stdout]    7:     0x576f64dfdf12 - std[617be2ca0a6fd877]::panicking::panic_handler::{closure#0}
[INFO] [stdout]    8:     0x576f64df6b79 - std[617be2ca0a6fd877]::sys::backtrace::__rust_end_short_backtrace::<std[617be2ca0a6fd877]::panicking::panic_handler::{closure#0}, !>
[INFO] [stdout]    9:     0x576f64dfed0d - __rustc[ea4f61d10b84890b]::rust_begin_unwind
[INFO] [stdout]   10:     0x576f64e3b13c - core[a373ad73a504971]::panicking::panic_fmt
[INFO] [stdout]   11:     0x576f64e3af12 - core[a373ad73a504971]::result::unwrap_failed
[INFO] [stdout]   12:     0x576f64c677f2 - <mysql[729a7c11be98db0f]::conn::pool::test::pool::should_fix_connectivity_errors_on_prepare::{closure#0} as core[a373ad73a504971]::ops::function::FnOnce<()>>::call_once
[INFO] [stdout]   13:     0x576f64c7db0b - test[aada8e7e76ba119b]::__rust_begin_short_backtrace::<core[a373ad73a504971]::result::Result<(), alloc[2e1b2a31b91974c5]::string::String>, fn() -> core[a373ad73a504971]::result::Result<(), alloc[2e1b2a31b91974c5]::string::String>>
[INFO] [stdout]   14:     0x576f64c8ace5 - test[aada8e7e76ba119b]::run_test::{closure#0}
[INFO] [stdout]   15:     0x576f64c845d4 - std[617be2ca0a6fd877]::sys::backtrace::__rust_begin_short_backtrace::<test[aada8e7e76ba119b]::run_test::{closure#1}, ()>
[INFO] [stdout]   16:     0x576f64c8dd72 - <std[617be2ca0a6fd877]::thread::lifecycle::spawn_unchecked<test[aada8e7e76ba119b]::run_test::{closure#1}, ()>::{closure#1} as core[a373ad73a504971]::ops::function::FnOnce<()>>::call_once::{shim:vtable#0}
[INFO] [stdout]   17:     0x576f64e21fcf - <std[617be2ca0a6fd877]::sys::thread::unix::Thread>::new::thread_start
[INFO] [stdout]   18:     0x741914c00dfa - <unknown>
[INFO] [stdout]   19:     0x741914c943d4 - clone
[INFO] [stdout]   20:                0x0 - <unknown>
[INFO] [stdout] 
[INFO] [stdout] ---- conn::pool::test::pool::should_reuse_connections stdout ----
[INFO] [stdout] Error: DriverError { Could not connect to address `localhost:3307': Connection refused (os error 111) }
[INFO] [stdout] 
[INFO] [stdout] ---- conn::pool::test::pool::should_fix_connectivity_errors_on_start_transaction stdout ----
[INFO] [stdout] 
[INFO] [stdout] thread 'conn::pool::test::pool::should_fix_connectivity_errors_on_start_transaction' (2092) panicked at src/conn/pool/mod.rs:463:14:
[INFO] [stdout] called `Result::unwrap()` on an `Err` value: DriverError { Could not connect to address `localhost:3307': Connection refused (os error 111) }
[INFO] [stdout] stack backtrace:
[INFO] [stdout]    0:     0x576f64e22f31 - <<std[617be2ca0a6fd877]::sys::backtrace::BacktraceLock>::print::DisplayBacktrace as core[a373ad73a504971]::fmt::Display>::fmt
[INFO] [stdout]    1:     0x576f64e3a95a - core[a373ad73a504971]::fmt::write
[INFO] [stdout]    2:     0x576f64e277ec - <alloc[2e1b2a31b91974c5]::vec::Vec<u8> as core[a373ad73a504971]::io::write::Write>::write_fmt
[INFO] [stdout]    3:     0x576f64dfde66 - std[617be2ca0a6fd877]::panicking::default_hook::{closure#0}
[INFO] [stdout]    4:     0x576f64e1ab89 - std[617be2ca0a6fd877]::panicking::default_hook
[INFO] [stdout]    5:     0x576f64c8a6c0 - test[aada8e7e76ba119b]::test_main_inner::{closure#0}
[INFO] [stdout]    6:     0x576f64e1ad42 - std[617be2ca0a6fd877]::panicking::panic_with_hook
[INFO] [stdout]    7:     0x576f64dfdf12 - std[617be2ca0a6fd877]::panicking::panic_handler::{closure#0}
[INFO] [stdout]    8:     0x576f64df6b79 - std[617be2ca0a6fd877]::sys::backtrace::__rust_end_short_backtrace::<std[617be2ca0a6fd877]::panicking::panic_handler::{closure#0}, !>
[INFO] [stdout]    9:     0x576f64dfed0d - __rustc[ea4f61d10b84890b]::rust_begin_unwind
[INFO] [stdout]   10:     0x576f64e3b13c - core[a373ad73a504971]::panicking::panic_fmt
[INFO] [stdout]   11:     0x576f64e3af12 - core[a373ad73a504971]::result::unwrap_failed
[INFO] [stdout]   12:     0x576f64c68a67 - <mysql[729a7c11be98db0f]::conn::pool::test::pool::should_fix_connectivity_errors_on_start_transaction::{closure#0} as core[a373ad73a504971]::ops::function::FnOnce<()>>::call_once
[INFO] [stdout]   13:     0x576f64c7db0b - test[aada8e7e76ba119b]::__rust_begin_short_backtrace::<core[a373ad73a504971]::result::Result<(), alloc[2e1b2a31b91974c5]::string::String>, fn() -> core[a373ad73a504971]::result::Result<(), alloc[2e1b2a31b91974c5]::string::String>>
[INFO] [stdout]   14:     0x576f64c8ace5 - test[aada8e7e76ba119b]::run_test::{closure#0}
[INFO] [stdout]   15:     0x576f64c845d4 - std[617be2ca0a6fd877]::sys::backtrace::__rust_begin_short_backtrace::<test[aada8e7e76ba119b]::run_test::{closure#1}, ()>
[INFO] [stdout]   16:     0x576f64c8dd72 - <std[617be2ca0a6fd877]::thread::lifecycle::spawn_unchecked<test[aada8e7e76ba119b]::run_test::{closure#1}, ()>::{closure#1} as core[a373ad73a504971]::ops::function::FnOnce<()>>::call_once::{shim:vtable#0}
[INFO] [stdout]   17:     0x576f64e21fcf - <std[617be2ca0a6fd877]::sys::thread::unix::Thread>::new::thread_start
[INFO] [stdout]   18:     0x741914c00dfa - <unknown>
[INFO] [stdout]   19:     0x741914c943d4 - clone
[INFO] [stdout]   20:                0x0 - <unknown>
[INFO] [stdout] 
[INFO] [stdout] ---- conn::test::my_conn::mysql_async_issue_107 stdout ----
[INFO] [stdout] Error: DriverError { Could not connect to address `localhost:3307': Connection refused (os error 111) }
[INFO] [stdout] 
[INFO] [stdout] ---- conn::pool::test::pool::should_execute_statements_on_PooledConn stdout ----
[INFO] [stdout] 
[INFO] [stdout] thread 'conn::pool::test::pool::should_execute_statements_on_PooledConn' (2089) panicked at src/conn/pool/mod.rs:525:46:
[INFO] [stdout] called `Result::unwrap()` on an `Err` value: DriverError { Could not connect to address `localhost:3307': Connection refused (os error 111) }
[INFO] [stdout] stack backtrace:
[INFO] [stdout]    0:     0x576f64e22f31 - <<std[617be2ca0a6fd877]::sys::backtrace::BacktraceLock>::print::DisplayBacktrace as core[a373ad73a504971]::fmt::Display>::fmt
[INFO] [stdout]    1:     0x576f64e3a95a - core[a373ad73a504971]::fmt::write
[INFO] [stdout]    2:     0x576f64e277ec - <alloc[2e1b2a31b91974c5]::vec::Vec<u8> as core[a373ad73a504971]::io::write::Write>::write_fmt
[INFO] [stdout]    3:     0x576f64dfde66 - std[617be2ca0a6fd877]::panicking::default_hook::{closure#0}
[INFO] [stdout]    4:     0x576f64e1ab89 - std[617be2ca0a6fd877]::panicking::default_hook
[INFO] [stdout]    5:     0x576f64c8a6c0 - test[aada8e7e76ba119b]::test_main_inner::{closure#0}
[INFO] [stdout]    6:     0x576f64e1ad42 - std[617be2ca0a6fd877]::panicking::panic_with_hook
[INFO] [stdout]    7:     0x576f64dfdf12 - std[617be2ca0a6fd877]::panicking::panic_handler::{closure#0}
[INFO] [stdout]    8:     0x576f64df6b79 - std[617be2ca0a6fd877]::sys::backtrace::__rust_end_short_backtrace::<std[617be2ca0a6fd877]::panicking::panic_handler::{closure#0}, !>
[INFO] [stdout]    9:     0x576f64dfed0d - __rustc[ea4f61d10b84890b]::rust_begin_unwind
[INFO] [stdout]   10:     0x576f64e3b13c - core[a373ad73a504971]::panicking::panic_fmt
[INFO] [stdout]   11:     0x576f64e3af12 - core[a373ad73a504971]::result::unwrap_failed
[INFO] [stdout]   12:     0x576f64c6714c - <mysql[729a7c11be98db0f]::conn::pool::test::pool::should_execute_statements_on_PooledConn::{closure#0} as core[a373ad73a504971]::ops::function::FnOnce<()>>::call_once
[INFO] [stdout]   13:     0x576f64c7db0b - test[aada8e7e76ba119b]::__rust_begin_short_backtrace::<core[a373ad73a504971]::result::Result<(), alloc[2e1b2a31b91974c5]::string::String>, fn() -> core[a373ad73a504971]::result::Result<(), alloc[2e1b2a31b91974c5]::string::String>>
[INFO] [stdout]   14:     0x576f64c8ace5 - test[aada8e7e76ba119b]::run_test::{closure#0}
[INFO] [stdout]   15:     0x576f64c845d4 - std[617be2ca0a6fd877]::sys::backtrace::__rust_begin_short_backtrace::<test[aada8e7e76ba119b]::run_test::{closure#1}, ()>
[INFO] [stdout]   16:     0x576f64c8dd72 - <std[617be2ca0a6fd877]::thread::lifecycle::spawn_unchecked<test[aada8e7e76ba119b]::run_test::{closure#1}, ()>::{closure#1} as core[a373ad73a504971]::ops::function::FnOnce<()>>::call_once::{shim:vtable#0}
[INFO] [stdout]   17:     0x576f64e21fcf - <std[617be2ca0a6fd877]::sys::thread::unix::Thread>::new::thread_start
[INFO] [stdout]   18:     0x741914c00dfa - <unknown>
[INFO] [stdout]   19:     0x741914c943d4 - clone
[INFO] [stdout]   20:                0x0 - <unknown>
[INFO] [stdout] 
[INFO] [stdout] ---- conn::test::my_conn::manually_closed_stmt stdout ----
[INFO] [stdout] 
[INFO] [stdout] thread 'conn::test::my_conn::manually_closed_stmt' (2109) panicked at src/conn/mod.rs:1864:44:
[INFO] [stdout] called `Result::unwrap()` on an `Err` value: DriverError { Could not connect to address `localhost:3307': Connection refused (os error 111) }
[INFO] [stdout] stack backtrace:
[INFO] [stdout]    0:     0x576f64e22f31 - <<std[617be2ca0a6fd877]::sys::backtrace::BacktraceLock>::print::DisplayBacktrace as core[a373ad73a504971]::fmt::Display>::fmt
[INFO] [stdout]    1:     0x576f64e3a95a - core[a373ad73a504971]::fmt::write
[INFO] [stdout]    2:     0x576f64e277ec - <alloc[2e1b2a31b91974c5]::vec::Vec<u8> as core[a373ad73a504971]::io::write::Write>::write_fmt
[INFO] [stdout]    3:     0x576f64dfde66 - std[617be2ca0a6fd877]::panicking::default_hook::{closure#0}
[INFO] [stdout]    4:     0x576f64e1ab89 - std[617be2ca0a6fd877]::panicking::default_hook
[INFO] [stdout]    5:     0x576f64c8a6c0 - test[aada8e7e76ba119b]::test_main_inner::{closure#0}
[INFO] [stdout]    6:     0x576f64e1ad42 - std[617be2ca0a6fd877]::panicking::panic_with_hook
[INFO] [stdout]    7:     0x576f64dfdf12 - std[617be2ca0a6fd877]::panicking::panic_handler::{closure#0}
[INFO] [stdout]    8:     0x576f64df6b79 - std[617be2ca0a6fd877]::sys::backtrace::__rust_end_short_backtrace::<std[617be2ca0a6fd877]::panicking::panic_handler::{closure#0}, !>
[INFO] [stdout]    9:     0x576f64dfed0d - __rustc[ea4f61d10b84890b]::rust_begin_unwind
[INFO] [stdout]   10:     0x576f64e3b13c - core[a373ad73a504971]::panicking::panic_fmt
[INFO] [stdout]   11:     0x576f64e3af12 - core[a373ad73a504971]::result::unwrap_failed
[INFO] [stdout]   12:     0x576f64bf8ae6 - <mysql[729a7c11be98db0f]::conn::test::my_conn::manually_closed_stmt::{closure#0} as core[a373ad73a504971]::ops::function::FnOnce<()>>::call_once
[INFO] [stdout]   13:     0x576f64c7db0b - test[aada8e7e76ba119b]::__rust_begin_short_backtrace::<core[a373ad73a504971]::result::Result<(), alloc[2e1b2a31b91974c5]::string::String>, fn() -> core[a373ad73a504971]::result::Result<(), alloc[2e1b2a31b91974c5]::string::String>>
[INFO] [stdout]   14:     0x576f64c8ace5 - test[aada8e7e76ba119b]::run_test::{closure#0}
[INFO] [stdout]   15:     0x576f64c845d4 - std[617be2ca0a6fd877]::sys::backtrace::__rust_begin_short_backtrace::<test[aada8e7e76ba119b]::run_test::{closure#1}, ()>
[INFO] [stdout]   16:     0x576f64c8dd72 - <std[617be2ca0a6fd877]::thread::lifecycle::spawn_unchecked<test[aada8e7e76ba119b]::run_test::{closure#1}, ()>::{closure#1} as core[a373ad73a504971]::ops::function::FnOnce<()>>::call_once::{shim:vtable#0}
[INFO] [stdout]   17:     0x576f64e21fcf - <std[617be2ca0a6fd877]::sys::thread::unix::Thread>::new::thread_start
[INFO] [stdout]   18:     0x741914c00dfa - <unknown>
[INFO] [stdout]   19:     0x741914c943d4 - clone
[INFO] [stdout]   20:                0x0 - <unknown>
[INFO] [stdout] 
[INFO] [stdout] ---- conn::pool::test::pool::multiple_pools_should_work stdout ----
[INFO] [stdout] 
[INFO] [stdout] thread 'conn::pool::test::pool::multiple_pools_should_work' (2086) panicked at src/conn/pool/mod.rs:366:46:
[INFO] [stdout] called `Result::unwrap()` on an `Err` value: DriverError { Could not connect to address `localhost:3307': Connection refused (os error 111) }
[INFO] [stdout] stack backtrace:
[INFO] [stdout]    0:     0x576f64e22f31 - <<std[617be2ca0a6fd877]::sys::backtrace::BacktraceLock>::print::DisplayBacktrace as core[a373ad73a504971]::fmt::Display>::fmt
[INFO] [stdout]    1:     0x576f64e3a95a - core[a373ad73a504971]::fmt::write
[INFO] [stdout]    2:     0x576f64e277ec - <alloc[2e1b2a31b91974c5]::vec::Vec<u8> as core[a373ad73a504971]::io::write::Write>::write_fmt
[INFO] [stdout]    3:     0x576f64dfde66 - std[617be2ca0a6fd877]::panicking::default_hook::{closure#0}
[INFO] [stdout]    4:     0x576f64e1ab89 - std[617be2ca0a6fd877]::panicking::default_hook
[INFO] [stdout]    5:     0x576f64c8a6c0 - test[aada8e7e76ba119b]::test_main_inner::{closure#0}
[INFO] [stdout]    6:     0x576f64e1ad42 - std[617be2ca0a6fd877]::panicking::panic_with_hook
[INFO] [stdout]    7:     0x576f64dfdf12 - std[617be2ca0a6fd877]::panicking::panic_handler::{closure#0}
[INFO] [stdout]    8:     0x576f64df6b79 - std[617be2ca0a6fd877]::sys::backtrace::__rust_end_short_backtrace::<std[617be2ca0a6fd877]::panicking::panic_handler::{closure#0}, !>
[INFO] [stdout]    9:     0x576f64dfed0d - __rustc[ea4f61d10b84890b]::rust_begin_unwind
[INFO] [stdout]   10:     0x576f64e3b13c - core[a373ad73a504971]::panicking::panic_fmt
[INFO] [stdout]   11:     0x576f64e3af12 - core[a373ad73a504971]::result::unwrap_failed
[INFO] [stdout]   12:     0x576f64c60c88 - <mysql[729a7c11be98db0f]::conn::pool::test::pool::multiple_pools_should_work::{closure#0} as core[a373ad73a504971]::ops::function::FnOnce<()>>::call_once
[INFO] [stdout]   13:     0x576f64c7db0b - test[aada8e7e76ba119b]::__rust_begin_short_backtrace::<core[a373ad73a504971]::result::Result<(), alloc[2e1b2a31b91974c5]::string::String>, fn() -> core[a373ad73a504971]::result::Result<(), alloc[2e1b2a31b91974c5]::string::String>>
[INFO] [stdout]   14:     0x576f64c8ace5 - test[aada8e7e76ba119b]::run_test::{closure#0}
[INFO] [stdout]   15:     0x576f64c845d4 - std[617be2ca0a6fd877]::sys::backtrace::__rust_begin_short_backtrace::<test[aada8e7e76ba119b]::run_test::{closure#1}, ()>
[INFO] [stdout]   16:     0x576f64c8dd72 - <std[617be2ca0a6fd877]::thread::lifecycle::spawn_unchecked<test[aada8e7e76ba119b]::run_test::{closure#1}, ()>::{closure#1} as core[a373ad73a504971]::ops::function::FnOnce<()>>::call_once::{shim:vtable#0}
[INFO] [stdout]   17:     0x576f64e21fcf - <std[617be2ca0a6fd877]::sys::thread::unix::Thread>::new::thread_start
[INFO] [stdout]   18:     0x741914c00dfa - <unknown>
[INFO] [stdout]   19:     0x741914c943d4 - clone
[INFO] [stdout]   20:                0x0 - <unknown>
[INFO] [stdout] 
[INFO] [stdout] ---- conn::pool::test::pool::should_timeout_if_no_connections_available stdout ----
[INFO] [stdout] 
[INFO] [stdout] thread 'conn::pool::test::pool::should_timeout_if_no_connections_available' (2098) panicked at src/conn/pool/mod.rs:500:71:
[INFO] [stdout] called `Result::unwrap()` on an `Err` value: DriverError { Could not connect to address `localhost:3307': Connection refused (os error 111) }
[INFO] [stdout] stack backtrace:
[INFO] [stdout]    0:     0x576f64e22f31 - <<std[617be2ca0a6fd877]::sys::backtrace::BacktraceLock>::print::DisplayBacktrace as core[a373ad73a504971]::fmt::Display>::fmt
[INFO] [stdout]    1:     0x576f64e3a95a - core[a373ad73a504971]::fmt::write
[INFO] [stdout]    2:     0x576f64e277ec - <alloc[2e1b2a31b91974c5]::vec::Vec<u8> as core[a373ad73a504971]::io::write::Write>::write_fmt
[INFO] [stdout]    3:     0x576f64dfde66 - std[617be2ca0a6fd877]::panicking::default_hook::{closure#0}
[INFO] [stdout]    4:     0x576f64e1ab89 - std[617be2ca0a6fd877]::panicking::default_hook
[INFO] [stdout]    5:     0x576f64c8a6c0 - test[aada8e7e76ba119b]::test_main_inner::{closure#0}
[INFO] [stdout]    6:     0x576f64e1ad42 - std[617be2ca0a6fd877]::panicking::panic_with_hook
[INFO] [stdout]    7:     0x576f64dfdf12 - std[617be2ca0a6fd877]::panicking::panic_handler::{closure#0}
[INFO] [stdout]    8:     0x576f64df6b79 - std[617be2ca0a6fd877]::sys::backtrace::__rust_end_short_backtrace::<std[617be2ca0a6fd877]::panicking::panic_handler::{closure#0}, !>
[INFO] [stdout]    9:     0x576f64dfed0d - __rustc[ea4f61d10b84890b]::rust_begin_unwind
[INFO] [stdout]   10:     0x576f64e3b13c - core[a373ad73a504971]::panicking::panic_fmt
[INFO] [stdout]   11:     0x576f64e3af12 - core[a373ad73a504971]::result::unwrap_failed
[INFO] [stdout]   12:     0x576f64c67e03 - <mysql[729a7c11be98db0f]::conn::pool::test::pool::should_timeout_if_no_connections_available::{closure#0} as core[a373ad73a504971]::ops::function::FnOnce<()>>::call_once
[INFO] [stdout]   13:     0x576f64c7db0b - test[aada8e7e76ba119b]::__rust_begin_short_backtrace::<core[a373ad73a504971]::result::Result<(), alloc[2e1b2a31b91974c5]::string::String>, fn() -> core[a373ad73a504971]::result::Result<(), alloc[2e1b2a31b91974c5]::string::String>>
[INFO] [stdout]   14:     0x576f64c8ace5 - test[aada8e7e76ba119b]::run_test::{closure#0}
[INFO] [stdout]   15:     0x576f64c845d4 - std[617be2ca0a6fd877]::sys::backtrace::__rust_begin_short_backtrace::<test[aada8e7e76ba119b]::run_test::{closure#1}, ()>
[INFO] [stdout]   16:     0x576f64c8dd72 - <std[617be2ca0a6fd877]::thread::lifecycle::spawn_unchecked<test[aada8e7e76ba119b]::run_test::{closure#1}, ()>::{closure#1} as core[a373ad73a504971]::ops::function::FnOnce<()>>::call_once::{shim:vtable#0}
[INFO] [stdout]   17:     0x576f64e21fcf - <std[617be2ca0a6fd877]::sys::thread::unix::Thread>::new::thread_start
[INFO] [stdout]   18:     0x741914c00dfa - <unknown>
[INFO] [stdout]   19:     0x741914c943d4 - clone
[INFO] [stdout]   20:                0x0 - <unknown>
[INFO] [stdout] 
[INFO] [stdout] ---- conn::test::my_conn::issue_273 stdout ----
[INFO] [stdout] 
[INFO] [stdout] thread 'conn::test::my_conn::issue_273' (2100) panicked at src/conn/mod.rs:2355:44:
[INFO] [stdout] called `Result::unwrap()` on an `Err` value: DriverError { Could not connect to address `localhost:3307': Connection refused (os error 111) }
[INFO] [stdout] stack backtrace:
[INFO] [stdout]    0:     0x576f64e22f31 - <<std[617be2ca0a6fd877]::sys::backtrace::BacktraceLock>::print::DisplayBacktrace as core[a373ad73a504971]::fmt::Display>::fmt
[INFO] [stdout]    1:     0x576f64e3a95a - core[a373ad73a504971]::fmt::write
[INFO] [stdout]    2:     0x576f64e277ec - <alloc[2e1b2a31b91974c5]::vec::Vec<u8> as core[a373ad73a504971]::io::write::Write>::write_fmt
[INFO] [stdout]    3:     0x576f64dfde66 - std[617be2ca0a6fd877]::panicking::default_hook::{closure#0}
[INFO] [stdout]    4:     0x576f64e1ab89 - std[617be2ca0a6fd877]::panicking::default_hook
[INFO] [stdout]    5:     0x576f64c8a6c0 - test[aada8e7e76ba119b]::test_main_inner::{closure#0}
[INFO] [stdout]    6:     0x576f64e1ad42 - std[617be2ca0a6fd877]::panicking::panic_with_hook
[INFO] [stdout]    7:     0x576f64dfdf12 - std[617be2ca0a6fd877]::panicking::panic_handler::{closure#0}
[INFO] [stdout]    8:     0x576f64df6b79 - std[617be2ca0a6fd877]::sys::backtrace::__rust_end_short_backtrace::<std[617be2ca0a6fd877]::panicking::panic_handler::{closure#0}, !>
[INFO] [stdout]    9:     0x576f64dfed0d - __rustc[ea4f61d10b84890b]::rust_begin_unwind
[INFO] [stdout]   10:     0x576f64e3b13c - core[a373ad73a504971]::panicking::panic_fmt
[INFO] [stdout]   11:     0x576f64e3af12 - core[a373ad73a504971]::result::unwrap_failed
[INFO] [stdout]   12:     0x576f64c0d24e - <mysql[729a7c11be98db0f]::conn::test::my_conn::issue_273::{closure#0} as core[a373ad73a504971]::ops::function::FnOnce<()>>::call_once
[INFO] [stdout]   13:     0x576f64c7db0b - test[aada8e7e76ba119b]::__rust_begin_short_backtrace::<core[a373ad73a504971]::result::Result<(), alloc[2e1b2a31b91974c5]::string::String>, fn() -> core[a373ad73a504971]::result::Result<(), alloc[2e1b2a31b91974c5]::string::String>>
[INFO] [stdout]   14:     0x576f64c8ace5 - test[aada8e7e76ba119b]::run_test::{closure#0}
[INFO] [stdout]   15:     0x576f64c845d4 - std[617be2ca0a6fd877]::sys::backtrace::__rust_begin_short_backtrace::<test[aada8e7e76ba119b]::run_test::{closure#1}, ()>
[INFO] [stdout]   16:     0x576f64c8dd72 - <std[617be2ca0a6fd877]::thread::lifecycle::spawn_unchecked<test[aada8e7e76ba119b]::run_test::{closure#1}, ()>::{closure#1} as core[a373ad73a504971]::ops::function::FnOnce<()>>::call_once::{shim:vtable#0}
[INFO] [stdout]   17:     0x576f64e21fcf - <std[617be2ca0a6fd877]::sys::thread::unix::Thread>::new::thread_start
[INFO] [stdout]   18:     0x741914c00dfa - <unknown>
[INFO] [stdout]   19:     0x741914c943d4 - clone
[INFO] [stdout]   20:                0x0 - <unknown>
[INFO] [stdout] 
[INFO] [stdout] ---- conn::pool::test::pool::should_fix_connectivity_errors_on_prep_exec stdout ----
[INFO] [stdout] 
[INFO] [stdout] thread 'conn::pool::test::pool::should_fix_connectivity_errors_on_prep_exec' (2090) panicked at src/conn/pool/mod.rs:441:14:
[INFO] [stdout] called `Result::unwrap()` on an `Err` value: DriverError { Could not connect to address `localhost:3307': Connection refused (os error 111) }
[INFO] [stdout] stack backtrace:
[INFO] [stdout]    0:     0x576f64e22f31 - <<std[617be2ca0a6fd877]::sys::backtrace::BacktraceLock>::print::DisplayBacktrace as core[a373ad73a504971]::fmt::Display>::fmt
[INFO] [stdout]    1:     0x576f64e3a95a - core[a373ad73a504971]::fmt::write
[INFO] [stdout]    2:     0x576f64e277ec - <alloc[2e1b2a31b91974c5]::vec::Vec<u8> as core[a373ad73a504971]::io::write::Write>::write_fmt
[INFO] [stdout]    3:     0x576f64dfde66 - std[617be2ca0a6fd877]::panicking::default_hook::{closure#0}
[INFO] [stdout]    4:     0x576f64e1ab89 - std[617be2ca0a6fd877]::panicking::default_hook
[INFO] [stdout]    5:     0x576f64c8a6c0 - test[aada8e7e76ba119b]::test_main_inner::{closure#0}
[INFO] [stdout]    6:     0x576f64e1ad42 - std[617be2ca0a6fd877]::panicking::panic_with_hook
[INFO] [stdout]    7:     0x576f64dfdf12 - std[617be2ca0a6fd877]::panicking::panic_handler::{closure#0}
[INFO] [stdout]    8:     0x576f64df6b79 - std[617be2ca0a6fd877]::sys::backtrace::__rust_end_short_backtrace::<std[617be2ca0a6fd877]::panicking::panic_handler::{closure#0}, !>
[INFO] [stdout]    9:     0x576f64dfed0d - __rustc[ea4f61d10b84890b]::rust_begin_unwind
[INFO] [stdout]   10:     0x576f64e3b13c - core[a373ad73a504971]::panicking::panic_fmt
[INFO] [stdout]   11:     0x576f64e3af12 - core[a373ad73a504971]::result::unwrap_failed
[INFO] [stdout]   12:     0x576f64c6834b - <mysql[729a7c11be98db0f]::conn::pool::test::pool::should_fix_connectivity_errors_on_prep_exec::{closure#0} as core[a373ad73a504971]::ops::function::FnOnce<()>>::call_once
[INFO] [stdout]   13:     0x576f64c7db0b - test[aada8e7e76ba119b]::__rust_begin_short_backtrace::<core[a373ad73a504971]::result::Result<(), alloc[2e1b2a31b91974c5]::string::String>, fn() -> core[a373ad73a504971]::result::Result<(), alloc[2e1b2a31b91974c5]::string::String>>
[INFO] [stdout]   14:     0x576f64c8ace5 - test[aada8e7e76ba119b]::run_test::{closure#0}
[INFO] [stdout]   15:     0x576f64c845d4 - std[617be2ca0a6fd877]::sys::backtrace::__rust_begin_short_backtrace::<test[aada8e7e76ba119b]::run_test::{closure#1}, ()>
[INFO] [stdout]   16:     0x576f64c8dd72 - <std[617be2ca0a6fd877]::thread::lifecycle::spawn_unchecked<test[aada8e7e76ba119b]::run_test::{closure#1}, ()>::{closure#1} as core[a373ad73a504971]::ops::function::FnOnce<()>>::call_once::{shim:vtable#0}
[INFO] [stdout]   17:     0x576f64e21fcf - <std[617be2ca0a6fd877]::sys::thread::unix::Thread>::new::thread_start
[INFO] [stdout]   18:     0x741914c00dfa - <unknown>
[INFO] [stdout]   19:     0x741914c943d4 - clone
[INFO] [stdout]   20:                0x0 - <unknown>
[INFO] [stdout] 
[INFO] [stdout] ---- conn::test::my_conn::issue_285 stdout ----
[INFO] [stdout] 
[INFO] [stdout] thread '<unnamed>' (2102) panicked at src/conn/mod.rs:2377:54:
[INFO] [stdout] called `Result::unwrap()` on an `Err` value: DriverError { Could not connect to address `localhost:3307': Connection refused (os error 111) }
[INFO] [stdout] stack backtrace:
[INFO] [stdout]    0:     0x576f64e22f31 - <<std[617be2ca0a6fd877]::sys::backtrace::BacktraceLock>::print::DisplayBacktrace as core[a373ad73a504971]::fmt::Display>::fmt
[INFO] [stdout]    1:     0x576f64e3a95a - core[a373ad73a504971]::fmt::write
[INFO] [stdout]    2:     0x576f64e277ec - <alloc[2e1b2a31b91974c5]::vec::Vec<u8> as core[a373ad73a504971]::io::write::Write>::write_fmt
[INFO] [stdout]    3:     0x576f64dfde66 - std[617be2ca0a6fd877]::panicking::default_hook::{closure#0}
[INFO] [stdout]    4:     0x576f64e1ab89 - std[617be2ca0a6fd877]::panicking::default_hook
[INFO] [stdout]    5:     0x576f64c8a6c0 - test[aada8e7e76ba119b]::test_main_inner::{closure#0}
[INFO] [stdout]    6:     0x576f64e1ad42 - std[617be2ca0a6fd877]::panicking::panic_with_hook
[INFO] [stdout]    7:     0x576f64dfdf12 - std[617be2ca0a6fd877]::panicking::panic_handler::{closure#0}
[INFO] [stdout]    8:     0x576f64df6b79 - std[617be2ca0a6fd877]::sys::backtrace::__rust_end_short_backtrace::<std[617be2ca0a6fd877]::panicking::panic_handler::{closure#0}, !>
[INFO] [stdout]    9:     0x576f64dfed0d - __rustc[ea4f61d10b84890b]::rust_begin_unwind
[INFO] [stdout]   10:     0x576f64e3b13c - core[a373ad73a504971]::panicking::panic_fmt
[INFO] [stdout]   11:     0x576f64e3af12 - core[a373ad73a504971]::result::unwrap_failed
[INFO] [stdout]   12:     0x576f64c57849 - std[617be2ca0a6fd877]::sys::backtrace::__rust_begin_short_backtrace::<mysql[729a7c11be98db0f]::conn::test::my_conn::issue_285::{closure#0}, ()>
[INFO] [stdout]   13:     0x576f64c3db2b - <std[617be2ca0a6fd877]::thread::lifecycle::spawn_unchecked<mysql[729a7c11be98db0f]::conn::test::my_conn::issue_285::{closure#0}, ()>::{closure#1} as core[a373ad73a504971]::ops::function::FnOnce<()>>::call_once::{shim:vtable#0}
[INFO] [stdout]   14:     0x576f64e21fcf - <std[617be2ca0a6fd877]::sys::thread::unix::Thread>::new::thread_start
[INFO] [stdout]   15:     0x741914c00dfa - <unknown>
[INFO] [stdout]   16:     0x741914c943d4 - clone
[INFO] [stdout]   17:                0x0 - <unknown>
[INFO] [stdout] 
[INFO] [stdout] thread 'conn::test::my_conn::issue_285' (2101) panicked at src/conn/mod.rs:2397:27:
[INFO] [stdout] test failed
[INFO] [stdout] stack backtrace:
[INFO] [stdout]    0:     0x576f64e22f31 - <<std[617be2ca0a6fd877]::sys::backtrace::BacktraceLock>::print::DisplayBacktrace as core[a373ad73a504971]::fmt::Display>::fmt
[INFO] [stdout]    1:     0x576f64e3a95a - core[a373ad73a504971]::fmt::write
[INFO] [stdout]    2:     0x576f64e277ec - <alloc[2e1b2a31b91974c5]::vec::Vec<u8> as core[a373ad73a504971]::io::write::Write>::write_fmt
[INFO] [stdout]    3:     0x576f64dfde66 - std[617be2ca0a6fd877]::panicking::default_hook::{closure#0}
[INFO] [stdout]    4:     0x576f64e1ab89 - std[617be2ca0a6fd877]::panicking::default_hook
[INFO] [stdout]    5:     0x576f64c8a6c0 - test[aada8e7e76ba119b]::test_main_inner::{closure#0}
[INFO] [stdout]    6:     0x576f64e1ad42 - std[617be2ca0a6fd877]::panicking::panic_with_hook
[INFO] [stdout]    7:     0x576f64dfdf44 - std[617be2ca0a6fd877]::panicking::panic_handler::{closure#0}
[INFO] [stdout]    8:     0x576f64df6b79 - std[617be2ca0a6fd877]::sys::backtrace::__rust_end_short_backtrace::<std[617be2ca0a6fd877]::panicking::panic_handler::{closure#0}, !>
[INFO] [stdout]    9:     0x576f64dfed0d - __rustc[ea4f61d10b84890b]::rust_begin_unwind
[INFO] [stdout]   10:     0x576f64e3b13c - core[a373ad73a504971]::panicking::panic_fmt
[INFO] [stdout]   11:     0x576f64c0d4e9 - <mysql[729a7c11be98db0f]::conn::test::my_conn::issue_285::{closure#0} as core[a373ad73a504971]::ops::function::FnOnce<()>>::call_once
[INFO] [stdout]   12:     0x576f64c7db0b - test[aada8e7e76ba119b]::__rust_begin_short_backtrace::<core[a373ad73a504971]::result::Result<(), alloc[2e1b2a31b91974c5]::string::String>, fn() -> core[a373ad73a504971]::result::Result<(), alloc[2e1b2a31b91974c5]::string::String>>
[INFO] [stdout]   13:     0x576f64c8ace5 - test[aada8e7e76ba119b]::run_test::{closure#0}
[INFO] [stdout]   14:     0x576f64c845d4 - std[617be2ca0a6fd877]::sys::backtrace::__rust_begin_short_backtrace::<test[aada8e7e76ba119b]::run_test::{closure#1}, ()>
[INFO] [stdout]   15:     0x576f64c8dd72 - <std[617be2ca0a6fd877]::thread::lifecycle::spawn_unchecked<test[aada8e7e76ba119b]::run_test::{closure#1}, ()>::{closure#1} as core[a373ad73a504971]::ops::function::FnOnce<()>>::call_once::{shim:vtable#0}
[INFO] [stdout]   16:     0x576f64e21fcf - <std[617be2ca0a6fd877]::sys::thread::unix::Thread>::new::thread_start
[INFO] [stdout]   17:     0x741914c00dfa - <unknown>
[INFO] [stdout]   18:     0x741914c943d4 - clone
[INFO] [stdout]   19:                0x0 - <unknown>
[INFO] [stdout] 
[INFO] [stdout] ---- conn::test::my_conn::query_traits stdout ----
[INFO] [stdout] Error: DriverError { Could not connect to address `localhost:3307': Connection refused (os error 111) }
[INFO] [stdout] 
[INFO] [stdout] ---- conn::pool::test::pool::should_execute_queries_on_PooledConn stdout ----
[INFO] [stdout] 
[INFO] [stdout] thread 'conn::pool::test::pool::should_execute_queries_on_PooledConn' (2088) panicked at src/conn/pool/mod.rs:479:46:
[INFO] [stdout] called `Result::unwrap()` on an `Err` value: DriverError { Could not connect to address `localhost:3307': Connection refused (os error 111) }
[INFO] [stdout] stack backtrace:
[INFO] [stdout]    0:     0x576f64e22f31 - <<std[617be2ca0a6fd877]::sys::backtrace::BacktraceLock>::print::DisplayBacktrace as core[a373ad73a504971]::fmt::Display>::fmt
[INFO] [stdout]    1:     0x576f64e3a95a - core[a373ad73a504971]::fmt::write
[INFO] [stdout]    2:     0x576f64e277ec - <alloc[2e1b2a31b91974c5]::vec::Vec<u8> as core[a373ad73a504971]::io::write::Write>::write_fmt
[INFO] [stdout]    3:     0x576f64dfde66 - std[617be2ca0a6fd877]::panicking::default_hook::{closure#0}
[INFO] [stdout]    4:     0x576f64e1ab89 - std[617be2ca0a6fd877]::panicking::default_hook
[INFO] [stdout]    5:     0x576f64c8a6c0 - test[aada8e7e76ba119b]::test_main_inner::{closure#0}
[INFO] [stdout]    6:     0x576f64e1ad42 - std[617be2ca0a6fd877]::panicking::panic_with_hook
[INFO] [stdout]    7:     0x576f64dfdf12 - std[617be2ca0a6fd877]::panicking::panic_handler::{closure#0}
[INFO] [stdout]    8:     0x576f64df6b79 - std[617be2ca0a6fd877]::sys::backtrace::__rust_end_short_backtrace::<std[617be2ca0a6fd877]::panicking::panic_handler::{closure#0}, !>
[INFO] [stdout]    9:     0x576f64dfed0d - __rustc[ea4f61d10b84890b]::rust_begin_unwind
[INFO] [stdout]   10:     0x576f64e3b13c - core[a373ad73a504971]::panicking::panic_fmt
[INFO] [stdout]   11:     0x576f64e3af12 - core[a373ad73a504971]::result::unwrap_failed
[INFO] [stdout]   12:     0x576f64c64408 - <mysql[729a7c11be98db0f]::conn::pool::test::pool::should_execute_queries_on_PooledConn::{closure#0} as core[a373ad73a504971]::ops::function::FnOnce<()>>::call_once
[INFO] [stdout]   13:     0x576f64c7db0b - test[aada8e7e76ba119b]::__rust_begin_short_backtrace::<core[a373ad73a504971]::result::Result<(), alloc[2e1b2a31b91974c5]::string::String>, fn() -> core[a373ad73a504971]::result::Result<(), alloc[2e1b2a31b91974c5]::string::String>>
[INFO] [stdout]   14:     0x576f64c8ace5 - test[aada8e7e76ba119b]::run_test::{closure#0}
[INFO] [stdout]   15:     0x576f64c845d4 - std[617be2ca0a6fd877]::sys::backtrace::__rust_begin_short_backtrace::<test[aada8e7e76ba119b]::run_test::{closure#1}, ()>
[INFO] [stdout]   16:     0x576f64c8dd72 - <std[617be2ca0a6fd877]::thread::lifecycle::spawn_unchecked<test[aada8e7e76ba119b]::run_test::{closure#1}, ()>::{closure#1} as core[a373ad73a504971]::ops::function::FnOnce<()>>::call_once::{shim:vtable#0}
[INFO] [stdout]   17:     0x576f64e21fcf - <std[617be2ca0a6fd877]::sys::thread::unix::Thread>::new::thread_start
[INFO] [stdout]   18:     0x741914c00dfa - <unknown>
[INFO] [stdout]   19:     0x741914c943d4 - clone
[INFO] [stdout]   20:                0x0 - <unknown>
[INFO] [stdout] 
[INFO] [stdout] ---- conn::pool::test::pool::should_opt_out_of_connection_reset stdout ----
[INFO] [stdout] 
[INFO] [stdout] thread 'conn::pool::test::pool::should_opt_out_of_connection_reset' (2093) panicked at src/conn/pool/mod.rs:682:48:
[INFO] [stdout] called `Result::unwrap()` on an `Err` value: DriverError { Could not connect to address `localhost:3307': Connection refused (os error 111) }
[INFO] [stdout] stack backtrace:
[INFO] [stdout]    0:     0x576f64e22f31 - <<std[617be2ca0a6fd877]::sys::backtrace::BacktraceLock>::print::DisplayBacktrace as core[a373ad73a504971]::fmt::Display>::fmt
[INFO] [stdout]    1:     0x576f64e3a95a - core[a373ad73a504971]::fmt::write
[INFO] [stdout]    2:     0x576f64e277ec - <alloc[2e1b2a31b91974c5]::vec::Vec<u8> as core[a373ad73a504971]::io::write::Write>::write_fmt
[INFO] [stdout]    3:     0x576f64dfde66 - std[617be2ca0a6fd877]::panicking::default_hook::{closure#0}
[INFO] [stdout]    4:     0x576f64e1ab89 - std[617be2ca0a6fd877]::panicking::default_hook
[INFO] [stdout]    5:     0x576f64c8a6c0 - test[aada8e7e76ba119b]::test_main_inner::{closure#0}
[INFO] [stdout]    6:     0x576f64e1ad42 - std[617be2ca0a6fd877]::panicking::panic_with_hook
[INFO] [stdout]    7:     0x576f64dfdf12 - std[617be2ca0a6fd877]::panicking::panic_handler::{closure#0}
[INFO] [stdout]    8:     0x576f64df6b79 - std[617be2ca0a6fd877]::sys::backtrace::__rust_end_short_backtrace::<std[617be2ca0a6fd877]::panicking::panic_handler::{closure#0}, !>
[INFO] [stdout]    9:     0x576f64dfed0d - __rustc[ea4f61d10b84890b]::rust_begin_unwind
[INFO] [stdout]   10:     0x576f64e3b13c - core[a373ad73a504971]::panicking::panic_fmt
[INFO] [stdout]   11:     0x576f64e3af12 - core[a373ad73a504971]::result::unwrap_failed
[INFO] [stdout]   12:     0x576f64c63483 - <mysql[729a7c11be98db0f]::conn::pool::test::pool::should_opt_out_of_connection_reset::{closure#0} as core[a373ad73a504971]::ops::function::FnOnce<()>>::call_once
[INFO] [stdout]   13:     0x576f64c7db0b - test[aada8e7e76ba119b]::__rust_begin_short_backtrace::<core[a373ad73a504971]::result::Result<(), alloc[2e1b2a31b91974c5]::string::String>, fn() -> core[a373ad73a504971]::result::Result<(), alloc[2e1b2a31b91974c5]::string::String>>
[INFO] [stdout]   14:     0x576f64c8ace5 - test[aada8e7e76ba119b]::run_test::{closure#0}
[INFO] [stdout]   15:     0x576f64c845d4 - std[617be2ca0a6fd877]::sys::backtrace::__rust_begin_short_backtrace::<test[aada8e7e76ba119b]::run_test::{closure#1}, ()>
[INFO] [stdout]   16:     0x576f64c8dd72 - <std[617be2ca0a6fd877]::thread::lifecycle::spawn_unchecked<test[aada8e7e76ba119b]::run_test::{closure#1}, ()>::{closure#1} as core[a373ad73a504971]::ops::function::FnOnce<()>>::call_once::{shim:vtable#0}
[INFO] [stdout]   17:     0x576f64e21fcf - <std[617be2ca0a6fd877]::sys::thread::unix::Thread>::new::thread_start
[INFO] [stdout]   18:     0x741914c00dfa - <unknown>
[INFO] [stdout]   19:     0x741914c943d4 - clone
[INFO] [stdout]   20:                0x0 - <unknown>
[INFO] [stdout] 
[INFO] [stdout] ---- conn::test::my_conn::should_connect stdout ----
[INFO] [stdout] 
[INFO] [stdout] thread 'conn::test::my_conn::should_connect' (2118) panicked at src/conn/mod.rs:1531:50:
[INFO] [stdout] called `Result::unwrap()` on an `Err` value: DriverError { Could not connect to address `localhost:3307': Connection refused (os error 111) }
[INFO] [stdout] stack backtrace:
[INFO] [stdout]    0:     0x576f64e22f31 - <<std[617be2ca0a6fd877]::sys::backtrace::BacktraceLock>::print::DisplayBacktrace as core[a373ad73a504971]::fmt::Display>::fmt
[INFO] [stdout]    1:     0x576f64e3a95a - core[a373ad73a504971]::fmt::write
[INFO] [stdout]    2:     0x576f64e277ec - <alloc[2e1b2a31b91974c5]::vec::Vec<u8> as core[a373ad73a504971]::io::write::Write>::write_fmt
[INFO] [stdout]    3:     0x576f64dfde66 - std[617be2ca0a6fd877]::panicking::default_hook::{closure#0}
[INFO] [stdout]    4:     0x576f64e1ab89 - std[617be2ca0a6fd877]::panicking::default_hook
[INFO] [stdout]    5:     0x576f64c8a6c0 - test[aada8e7e76ba119b]::test_main_inner::{closure#0}
[INFO] [stdout]    6:     0x576f64e1ad42 - std[617be2ca0a6fd877]::panicking::panic_with_hook
[INFO] [stdout]    7:     0x576f64dfdf12 - std[617be2ca0a6fd877]::panicking::panic_handler::{closure#0}
[INFO] [stdout]    8:     0x576f64df6b79 - std[617be2ca0a6fd877]::sys::backtrace::__rust_end_short_backtrace::<std[617be2ca0a6fd877]::panicking::panic_handler::{closure#0}, !>
[INFO] [stdout]    9:     0x576f64dfed0d - __rustc[ea4f61d10b84890b]::rust_begin_unwind
[INFO] [stdout]   10:     0x576f64e3b13c - core[a373ad73a504971]::panicking::panic_fmt
[INFO] [stdout]   11:     0x576f64e3af12 - core[a373ad73a504971]::result::unwrap_failed
[INFO] [stdout]   12:     0x576f64bf5795 - <mysql[729a7c11be98db0f]::conn::test::my_conn::should_connect::{closure#0} as core[a373ad73a504971]::ops::function::FnOnce<()>>::call_once
[INFO] [stdout]   13:     0x576f64c7db0b - test[aada8e7e76ba119b]::__rust_begin_short_backtrace::<core[a373ad73a504971]::result::Result<(), alloc[2e1b2a31b91974c5]::string::String>, fn() -> core[a373ad73a504971]::result::Result<(), alloc[2e1b2a31b91974c5]::string::String>>
[INFO] [stdout]   14:     0x576f64c8ace5 - test[aada8e7e76ba119b]::run_test::{closure#0}
[INFO] [stdout]   15:     0x576f64c845d4 - std[617be2ca0a6fd877]::sys::backtrace::__rust_begin_short_backtrace::<test[aada8e7e76ba119b]::run_test::{closure#1}, ()>
[INFO] [stdout]   16:     0x576f64c8dd72 - <std[617be2ca0a6fd877]::thread::lifecycle::spawn_unchecked<test[aada8e7e76ba119b]::run_test::{closure#1}, ()>::{closure#1} as core[a373ad73a504971]::ops::function::FnOnce<()>>::call_once::{shim:vtable#0}
[INFO] [stdout]   17:     0x576f64e21fcf - <std[617be2ca0a6fd877]::sys::thread::unix::Thread>::new::thread_start
[INFO] [stdout]   18:     0x741914c00dfa - <unknown>
[INFO] [stdout]   19:     0x741914c943d4 - clone
[INFO] [stdout]   20:                0x0 - <unknown>
[INFO] [stdout] 
[INFO] [stdout] ---- conn::pool::test::pool::should_start_transaction_on_Pool stdout ----
[INFO] [stdout] 
[INFO] [stdout] thread 'conn::pool::test::pool::should_start_transaction_on_Pool' (2096) panicked at src/conn/pool/mod.rs:563:14:
[INFO] [stdout] called `Result::unwrap()` on an `Err` value: DriverError { Could not connect to address `localhost:3307': Connection refused (os error 111) }
[INFO] [stdout] stack backtrace:
[INFO] [stdout]    0:     0x576f64e22f31 - <<std[617be2ca0a6fd877]::sys::backtrace::BacktraceLock>::print::DisplayBacktrace as core[a373ad73a504971]::fmt::Display>::fmt
[INFO] [stdout]    1:     0x576f64e3a95a - core[a373ad73a504971]::fmt::write
[INFO] [stdout]    2:     0x576f64e277ec - <alloc[2e1b2a31b91974c5]::vec::Vec<u8> as core[a373ad73a504971]::io::write::Write>::write_fmt
[INFO] [stdout]    3:     0x576f64dfde66 - std[617be2ca0a6fd877]::panicking::default_hook::{closure#0}
[INFO] [stdout]    4:     0x576f64e1ab89 - std[617be2ca0a6fd877]::panicking::default_hook
[INFO] [stdout]    5:     0x576f64c8a6c0 - test[aada8e7e76ba119b]::test_main_inner::{closure#0}
[INFO] [stdout]    6:     0x576f64e1ad42 - std[617be2ca0a6fd877]::panicking::panic_with_hook
[INFO] [stdout]    7:     0x576f64dfdf12 - std[617be2ca0a6fd877]::panicking::panic_handler::{closure#0}
[INFO] [stdout]    8:     0x576f64df6b79 - std[617be2ca0a6fd877]::sys::backtrace::__rust_end_short_backtrace::<std[617be2ca0a6fd877]::panicking::panic_handler::{closure#0}, !>
[INFO] [stdout]    9:     0x576f64dfed0d - __rustc[ea4f61d10b84890b]::rust_begin_unwind
[INFO] [stdout]   10:     0x576f64e3b13c - core[a373ad73a504971]::panicking::panic_fmt
[INFO] [stdout]   11:     0x576f64e3af12 - core[a373ad73a504971]::result::unwrap_failed
[INFO] [stdout]   12:     0x576f64c621ac - <mysql[729a7c11be98db0f]::conn::pool::test::pool::should_start_transaction_on_Pool::{closure#0} as core[a373ad73a504971]::ops::function::FnOnce<()>>::call_once
[INFO] [stdout]   13:     0x576f64c7db0b - test[aada8e7e76ba119b]::__rust_begin_short_backtrace::<core[a373ad73a504971]::result::Result<(), alloc[2e1b2a31b91974c5]::string::String>, fn() -> core[a373ad73a504971]::result::Result<(), alloc[2e1b2a31b91974c5]::string::String>>
[INFO] [stdout]   14:     0x576f64c8ace5 - test[aada8e7e76ba119b]::run_test::{closure#0}
[INFO] [stdout]   15:     0x576f64c845d4 - std[617be2ca0a6fd877]::sys::backtrace::__rust_begin_short_backtrace::<test[aada8e7e76ba119b]::run_test::{closure#1}, ()>
[INFO] [stdout]   16:     0x576f64c8dd72 - <std[617be2ca0a6fd877]::thread::lifecycle::spawn_unchecked<test[aada8e7e76ba119b]::run_test::{closure#1}, ()>::{closure#1} as core[a373ad73a504971]::ops::function::FnOnce<()>>::call_once::{shim:vtable#0}
[INFO] [stdout]   17:     0x576f64e21fcf - <std[617be2ca0a6fd877]::sys::thread::unix::Thread>::new::thread_start
[INFO] [stdout]   18:     0x741914c00dfa - <unknown>
[INFO] [stdout]   19:     0x741914c943d4 - clone
[INFO] [stdout]   20:                0x0 - <unknown>
[INFO] [stdout] 
[INFO] [stdout] ---- conn::test::my_conn::prep_exec stdout ----
[INFO] [stdout] 
[INFO] [stdout] thread 'conn::test::my_conn::prep_exec' (2112) panicked at src/conn/mod.rs:2168:50:
[INFO] [stdout] called `Result::unwrap()` on an `Err` value: DriverError { Could not connect to address `localhost:3307': Connection refused (os error 111) }
[INFO] [stdout] stack backtrace:
[INFO] [stdout]    0:     0x576f64e22f31 - <<std[617be2ca0a6fd877]::sys::backtrace::BacktraceLock>::print::DisplayBacktrace as core[a373ad73a504971]::fmt::Display>::fmt
[INFO] [stdout]    1:     0x576f64e3a95a - core[a373ad73a504971]::fmt::write
[INFO] [stdout]    2:     0x576f64e277ec - <alloc[2e1b2a31b91974c5]::vec::Vec<u8> as core[a373ad73a504971]::io::write::Write>::write_fmt
[INFO] [stdout]    3:     0x576f64dfde66 - std[617be2ca0a6fd877]::panicking::default_hook::{closure#0}
[INFO] [stdout]    4:     0x576f64e1ab89 - std[617be2ca0a6fd877]::panicking::default_hook
[INFO] [stdout]    5:     0x576f64c8a6c0 - test[aada8e7e76ba119b]::test_main_inner::{closure#0}
[INFO] [stdout]    6:     0x576f64e1ad42 - std[617be2ca0a6fd877]::panicking::panic_with_hook
[INFO] [stdout]    7:     0x576f64dfdf12 - std[617be2ca0a6fd877]::panicking::panic_handler::{closure#0}
[INFO] [stdout]    8:     0x576f64df6b79 - std[617be2ca0a6fd877]::sys::backtrace::__rust_end_short_backtrace::<std[617be2ca0a6fd877]::panicking::panic_handler::{closure#0}, !>
[INFO] [stdout]    9:     0x576f64dfed0d - __rustc[ea4f61d10b84890b]::rust_begin_unwind
[INFO] [stdout]   10:     0x576f64e3b13c - core[a373ad73a504971]::panicking::panic_fmt
[INFO] [stdout]   11:     0x576f64e3af12 - core[a373ad73a504971]::result::unwrap_failed
[INFO] [stdout]   12:     0x576f64c0df78 - <mysql[729a7c11be98db0f]::conn::test::my_conn::prep_exec::{closure#0} as core[a373ad73a504971]::ops::function::FnOnce<()>>::call_once
[INFO] [stdout]   13:     0x576f64c7db0b - test[aada8e7e76ba119b]::__rust_begin_short_backtrace::<core[a373ad73a504971]::result::Result<(), alloc[2e1b2a31b91974c5]::string::String>, fn() -> core[a373ad73a504971]::result::Result<(), alloc[2e1b2a31b91974c5]::string::String>>
[INFO] [stdout]   14:     0x576f64c8ace5 - test[aada8e7e76ba119b]::run_test::{closure#0}
[INFO] [stdout]   15:     0x576f64c845d4 - std[617be2ca0a6fd877]::sys::backtrace::__rust_begin_short_backtrace::<test[aada8e7e76ba119b]::run_test::{closure#1}, ()>
[INFO] [stdout]   16:     0x576f64c8dd72 - <std[617be2ca0a6fd877]::thread::lifecycle::spawn_unchecked<test[aada8e7e76ba119b]::run_test::{closure#1}, ()>::{closure#1} as core[a373ad73a504971]::ops::function::FnOnce<()>>::call_once::{shim:vtable#0}
[INFO] [stdout]   17:     0x576f64e21fcf - <std[617be2ca0a6fd877]::sys::thread::unix::Thread>::new::thread_start
[INFO] [stdout]   18:     0x741914c00dfa - <unknown>
[INFO] [stdout]   19:     0x741914c943d4 - clone
[INFO] [stdout]   20:                0x0 - <unknown>
[INFO] [stdout] 
[INFO] [stdout] ---- conn::test::my_conn::should_change_user stdout ----
[INFO] [stdout] 
[INFO] [stdout] thread 'conn::test::my_conn::should_change_user' (2117) panicked at src/conn/mod.rs:2100:50:
[INFO] [stdout] called `Result::unwrap()` on an `Err` value: DriverError { Could not connect to address `localhost:3307': Connection refused (os error 111) }
[INFO] [stdout] stack backtrace:
[INFO] [stdout]    0:     0x576f64e22f31 - <<std[617be2ca0a6fd877]::sys::backtrace::BacktraceLock>::print::DisplayBacktrace as core[a373ad73a504971]::fmt::Display>::fmt
[INFO] [stdout]    1:     0x576f64e3a95a - core[a373ad73a504971]::fmt::write
[INFO] [stdout]    2:     0x576f64e277ec - <alloc[2e1b2a31b91974c5]::vec::Vec<u8> as core[a373ad73a504971]::io::write::Write>::write_fmt
[INFO] [stdout]    3:     0x576f64dfde66 - std[617be2ca0a6fd877]::panicking::default_hook::{closure#0}
[INFO] [stdout]    4:     0x576f64e1ab89 - std[617be2ca0a6fd877]::panicking::default_hook
[INFO] [stdout]    5:     0x576f64c8a6c0 - test[aada8e7e76ba119b]::test_main_inner::{closure#0}
[INFO] [stdout]    6:     0x576f64e1ad42 - std[617be2ca0a6fd877]::panicking::panic_with_hook
[INFO] [stdout]    7:     0x576f64dfdf12 - std[617be2ca0a6fd877]::panicking::panic_handler::{closure#0}
[INFO] [stdout]    8:     0x576f64df6b79 - std[617be2ca0a6fd877]::sys::backtrace::__rust_end_short_backtrace::<std[617be2ca0a6fd877]::panicking::panic_handler::{closure#0}, !>
[INFO] [stdout]    9:     0x576f64dfed0d - __rustc[ea4f61d10b84890b]::rust_begin_unwind
[INFO] [stdout]   10:     0x576f64e3b13c - core[a373ad73a504971]::panicking::panic_fmt
[INFO] [stdout]   11:     0x576f64e3af12 - core[a373ad73a504971]::result::unwrap_failed
[INFO] [stdout]   12:     0x576f64bf7fb4 - <mysql[729a7c11be98db0f]::conn::test::my_conn::should_change_user::{closure#0} as core[a373ad73a504971]::ops::function::FnOnce<()>>::call_once
[INFO] [stdout]   13:     0x576f64c7db0b - test[aada8e7e76ba119b]::__rust_begin_short_backtrace::<core[a373ad73a504971]::result::Result<(), alloc[2e1b2a31b91974c5]::string::String>, fn() -> core[a373ad73a504971]::result::Result<(), alloc[2e1b2a31b91974c5]::string::String>>
[INFO] [stdout]   14:     0x576f64c8ace5 - test[aada8e7e76ba119b]::run_test::{closure#0}
[INFO] [stdout]   15:     0x576f64c845d4 - std[617be2ca0a6fd877]::sys::backtrace::__rust_begin_short_backtrace::<test[aada8e7e76ba119b]::run_test::{closure#1}, ()>
[INFO] [stdout]   16:     0x576f64c8dd72 - <std[617be2ca0a6fd877]::thread::lifecycle::spawn_unchecked<test[aada8e7e76ba119b]::run_test::{closure#1}, ()>::{closure#1} as core[a373ad73a504971]::ops::function::FnOnce<()>>::call_once::{shim:vtable#0}
[INFO] [stdout]   17:     0x576f64e21fcf - <std[617be2ca0a6fd877]::sys::thread::unix::Thread>::new::thread_start
[INFO] [stdout]   18:     0x741914c00dfa - <unknown>
[INFO] [stdout]   19:     0x741914c943d4 - clone
[INFO] [stdout]   20:                0x0 - <unknown>
[INFO] [stdout] 
[INFO] [stdout] ---- conn::test::my_conn::should_connect_with_database stdout ----
[INFO] [stdout] 
[INFO] [stdout] thread 'conn::test::my_conn::should_connect_with_database' (2122) panicked at src/conn/mod.rs:1692:44:
[INFO] [stdout] called `Result::unwrap()` on an `Err` value: DriverError { Could not connect to address `localhost:3307': Connection refused (os error 111) }
[INFO] [stdout] stack backtrace:
[INFO] [stdout]    0:     0x576f64e22f31 - <<std[617be2ca0a6fd877]::sys::backtrace::BacktraceLock>::print::DisplayBacktrace as core[a373ad73a504971]::fmt::Display>::fmt
[INFO] [stdout]    1:     0x576f64e3a95a - core[a373ad73a504971]::fmt::write
[INFO] [stdout]    2:     0x576f64e277ec - <alloc[2e1b2a31b91974c5]::vec::Vec<u8> as core[a373ad73a504971]::io::write::Write>::write_fmt
[INFO] [stdout]    3:     0x576f64dfde66 - std[617be2ca0a6fd877]::panicking::default_hook::{closure#0}
[INFO] [stdout]    4:     0x576f64e1ab89 - std[617be2ca0a6fd877]::panicking::default_hook
[INFO] [stdout]    5:     0x576f64c8a6c0 - test[aada8e7e76ba119b]::test_main_inner::{closure#0}
[INFO] [stdout]    6:     0x576f64e1ad42 - std[617be2ca0a6fd877]::panicking::panic_with_hook
[INFO] [stdout]    7:     0x576f64dfdf12 - std[617be2ca0a6fd877]::panicking::panic_handler::{closure#0}
[INFO] [stdout]    8:     0x576f64df6b79 - std[617be2ca0a6fd877]::sys::backtrace::__rust_end_short_backtrace::<std[617be2ca0a6fd877]::panicking::panic_handler::{closure#0}, !>
[INFO] [stdout]    9:     0x576f64dfed0d - __rustc[ea4f61d10b84890b]::rust_begin_unwind
[INFO] [stdout]   10:     0x576f64e3b13c - core[a373ad73a504971]::panicking::panic_fmt
[INFO] [stdout]   11:     0x576f64e3af12 - core[a373ad73a504971]::result::unwrap_failed
[INFO] [stdout]   12:     0x576f64bff5e1 - <mysql[729a7c11be98db0f]::conn::test::my_conn::should_connect_with_database::{closure#0} as core[a373ad73a504971]::ops::function::FnOnce<()>>::call_once
[INFO] [stdout]   13:     0x576f64c7db0b - test[aada8e7e76ba119b]::__rust_begin_short_backtrace::<core[a373ad73a504971]::result::Result<(), alloc[2e1b2a31b91974c5]::string::String>, fn() -> core[a373ad73a504971]::result::Result<(), alloc[2e1b2a31b91974c5]::string::String>>
[INFO] [stdout]   14:     0x576f64c8ace5 - test[aada8e7e76ba119b]::run_test::{closure#0}
[INFO] [stdout]   15:     0x576f64c845d4 - std[617be2ca0a6fd877]::sys::backtrace::__rust_begin_short_backtrace::<test[aada8e7e76ba119b]::run_test::{closure#1}, ()>
[INFO] [stdout]   16:     0x576f64c8dd72 - <std[617be2ca0a6fd877]::thread::lifecycle::spawn_unchecked<test[aada8e7e76ba119b]::run_test::{closure#1}, ()>::{closure#1} as core[a373ad73a504971]::ops::function::FnOnce<()>>::call_once::{shim:vtable#0}
[INFO] [stdout]   17:     0x576f64e21fcf - <std[617be2ca0a6fd877]::sys::thread::unix::Thread>::new::thread_start
[INFO] [stdout]   18:     0x741914c00dfa - <unknown>
[INFO] [stdout]   19:     0x741914c943d4 - clone
[INFO] [stdout]   20:                0x0 - <unknown>
[INFO] [stdout] 
[INFO] [stdout] ---- conn::test::my_conn::should_bind_before_connect_with_timeout stdout ----
[INFO] [stdout] 
[INFO] [stdout] thread 'conn::test::my_conn::should_bind_before_connect_with_timeout' (2116) panicked at src/conn/mod.rs:2518:44:
[INFO] [stdout] called `Result::unwrap()` on an `Err` value: DriverError { Could not connect to address `localhost:3307': Invalid argument (os error 22) }
[INFO] [stdout] stack backtrace:
[INFO] [stdout]    0:     0x576f64e22f31 - <<std[617be2ca0a6fd877]::sys::backtrace::BacktraceLock>::print::DisplayBacktrace as core[a373ad73a504971]::fmt::Display>::fmt
[INFO] [stdout]    1:     0x576f64e3a95a - core[a373ad73a504971]::fmt::write
[INFO] [stdout]    2:     0x576f64e277ec - <alloc[2e1b2a31b91974c5]::vec::Vec<u8> as core[a373ad73a504971]::io::write::Write>::write_fmt
[INFO] [stdout]    3:     0x576f64dfde66 - std[617be2ca0a6fd877]::panicking::default_hook::{closure#0}
[INFO] [stdout]    4:     0x576f64e1ab89 - std[617be2ca0a6fd877]::panicking::default_hook
[INFO] [stdout]    5:     0x576f64c8a6c0 - test[aada8e7e76ba119b]::test_main_inner::{closure#0}
[INFO] [stdout]    6:     0x576f64e1ad42 - std[617be2ca0a6fd877]::panicking::panic_with_hook
[INFO] [stdout]    7:     0x576f64dfdf12 - std[617be2ca0a6fd877]::panicking::panic_handler::{closure#0}
[INFO] [stdout]    8:     0x576f64df6b79 - std[617be2ca0a6fd877]::sys::backtrace::__rust_end_short_backtrace::<std[617be2ca0a6fd877]::panicking::panic_handler::{closure#0}, !>
[INFO] [stdout]    9:     0x576f64dfed0d - __rustc[ea4f61d10b84890b]::rust_begin_unwind
[INFO] [stdout]   10:     0x576f64e3b13c - core[a373ad73a504971]::panicking::panic_fmt
[INFO] [stdout]   11:     0x576f64e3af12 - core[a373ad73a504971]::result::unwrap_failed
[INFO] [stdout]   12:     0x576f64c043dc - <mysql[729a7c11be98db0f]::conn::test::my_conn::should_bind_before_connect_with_timeout::{closure#0} as core[a373ad73a504971]::ops::function::FnOnce<()>>::call_once
[INFO] [stdout]   13:     0x576f64c7db0b - test[aada8e7e76ba119b]::__rust_begin_short_backtrace::<core[a373ad73a504971]::result::Result<(), alloc[2e1b2a31b91974c5]::string::String>, fn() -> core[a373ad73a504971]::result::Result<(), alloc[2e1b2a31b91974c5]::string::String>>
[INFO] [stdout]   14:     0x576f64c8ace5 - test[aada8e7e76ba119b]::run_test::{closure#0}
[INFO] [stdout]   15:     0x576f64c845d4 - std[617be2ca0a6fd877]::sys::backtrace::__rust_begin_short_backtrace::<test[aada8e7e76ba119b]::run_test::{closure#1}, ()>
[INFO] [stdout]   16:     0x576f64c8dd72 - <std[617be2ca0a6fd877]::thread::lifecycle::spawn_unchecked<test[aada8e7e76ba119b]::run_test::{closure#1}, ()>::{closure#1} as core[a373ad73a504971]::ops::function::FnOnce<()>>::call_once::{shim:vtable#0}
[INFO] [stdout]   17:     0x576f64e21fcf - <std[617be2ca0a6fd877]::sys::thread::unix::Thread>::new::thread_start
[INFO] [stdout]   18:     0x741914c00dfa - <unknown>
[INFO] [stdout]   19:     0x741914c943d4 - clone
[INFO] [stdout]   20:                0x0 - <unknown>
[INFO] [stdout] 
[INFO] [stdout] ---- conn::test::my_conn::reset_does_work stdout ----
[INFO] [stdout] 
[INFO] [stdout] thread 'conn::test::my_conn::reset_does_work' (2114) panicked at src/conn/mod.rs:2259:47:
[INFO] [stdout] called `Result::unwrap()` on an `Err` value: DriverError { Could not connect to address `localhost:3307': Connection refused (os error 111) }
[INFO] [stdout] stack backtrace:
[INFO] [stdout]    0:     0x576f64e22f31 - <<std[617be2ca0a6fd877]::sys::backtrace::BacktraceLock>::print::DisplayBacktrace as core[a373ad73a504971]::fmt::Display>::fmt
[INFO] [stdout]    1:     0x576f64e3a95a - core[a373ad73a504971]::fmt::write
[INFO] [stdout]    2:     0x576f64e277ec - <alloc[2e1b2a31b91974c5]::vec::Vec<u8> as core[a373ad73a504971]::io::write::Write>::write_fmt
[INFO] [stdout]    3:     0x576f64dfde66 - std[617be2ca0a6fd877]::panicking::default_hook::{closure#0}
[INFO] [stdout]    4:     0x576f64e1ab89 - std[617be2ca0a6fd877]::panicking::default_hook
[INFO] [stdout]    5:     0x576f64c8a6c0 - test[aada8e7e76ba119b]::test_main_inner::{closure#0}
[INFO] [stdout]    6:     0x576f64e1ad42 - std[617be2ca0a6fd877]::panicking::panic_with_hook
[INFO] [stdout]    7:     0x576f64dfdf12 - std[617be2ca0a6fd877]::panicking::panic_handler::{closure#0}
[INFO] [stdout]    8:     0x576f64df6b79 - std[617be2ca0a6fd877]::sys::backtrace::__rust_end_short_backtrace::<std[617be2ca0a6fd877]::panicking::panic_handler::{closure#0}, !>
[INFO] [stdout]    9:     0x576f64dfed0d - __rustc[ea4f61d10b84890b]::rust_begin_unwind
[INFO] [stdout]   10:     0x576f64e3b13c - core[a373ad73a504971]::panicking::panic_fmt
[INFO] [stdout]   11:     0x576f64e3af12 - core[a373ad73a504971]::result::unwrap_failed
[INFO] [stdout]   12:     0x576f64bf5c45 - <mysql[729a7c11be98db0f]::conn::test::my_conn::reset_does_work::{closure#0} as core[a373ad73a504971]::ops::function::FnOnce<()>>::call_once
[INFO] [stdout]   13:     0x576f64c7db0b - test[aada8e7e76ba119b]::__rust_begin_short_backtrace::<core[a373ad73a504971]::result::Result<(), alloc[2e1b2a31b91974c5]::string::String>, fn() -> core[a373ad73a504971]::result::Result<(), alloc[2e1b2a31b91974c5]::string::String>>
[INFO] [stdout]   14:     0x576f64c8ace5 - test[aada8e7e76ba119b]::run_test::{closure#0}
[INFO] [stdout]   15:     0x576f64c845d4 - std[617be2ca0a6fd877]::sys::backtrace::__rust_begin_short_backtrace::<test[aada8e7e76ba119b]::run_test::{closure#1}, ()>
[INFO] [stdout]   16:     0x576f64c8dd72 - <std[617be2ca0a6fd877]::thread::lifecycle::spawn_unchecked<test[aada8e7e76ba119b]::run_test::{closure#1}, ()>::{closure#1} as core[a373ad73a504971]::ops::function::FnOnce<()>>::call_once::{shim:vtable#0}
[INFO] [stdout]   17:     0x576f64e21fcf - <std[617be2ca0a6fd877]::sys::thread::unix::Thread>::new::thread_start
[INFO] [stdout]   18:     0x741914c00dfa - <unknown>
[INFO] [stdout]   19:     0x741914c943d4 - clone
[INFO] [stdout]   20:                0x0 - <unknown>
[INFO] [stdout] 
[INFO] [stdout] ---- conn::test::my_conn::should_connect_via_socket_for_127_0_0_1 stdout ----
[INFO] [stdout] 
[INFO] [stdout] thread 'conn::test::my_conn::should_connect_via_socket_for_127_0_0_1' (2120) panicked at src/conn/mod.rs:2187:44:
[INFO] [stdout] called `Result::unwrap()` on an `Err` value: DriverError { Could not connect to address `localhost:3307': Connection refused (os error 111) }
[INFO] [stdout] stack backtrace:
[INFO] [stdout]    0:     0x576f64e22f31 - <<std[617be2ca0a6fd877]::sys::backtrace::BacktraceLock>::print::DisplayBacktrace as core[a373ad73a504971]::fmt::Display>::fmt
[INFO] [stdout]    1:     0x576f64e3a95a - core[a373ad73a504971]::fmt::write
[INFO] [stdout]    2:     0x576f64e277ec - <alloc[2e1b2a31b91974c5]::vec::Vec<u8> as core[a373ad73a504971]::io::write::Write>::write_fmt
[INFO] [stdout]    3:     0x576f64dfde66 - std[617be2ca0a6fd877]::panicking::default_hook::{closure#0}
[INFO] [stdout]    4:     0x576f64e1ab89 - std[617be2ca0a6fd877]::panicking::default_hook
[INFO] [stdout]    5:     0x576f64c8a6c0 - test[aada8e7e76ba119b]::test_main_inner::{closure#0}
[INFO] [stdout]    6:     0x576f64e1ad42 - std[617be2ca0a6fd877]::panicking::panic_with_hook
[INFO] [stdout]    7:     0x576f64dfdf12 - std[617be2ca0a6fd877]::panicking::panic_handler::{closure#0}
[INFO] [stdout]    8:     0x576f64df6b79 - std[617be2ca0a6fd877]::sys::backtrace::__rust_end_short_backtrace::<std[617be2ca0a6fd877]::panicking::panic_handler::{closure#0}, !>
[INFO] [stdout]    9:     0x576f64dfed0d - __rustc[ea4f61d10b84890b]::rust_begin_unwind
[INFO] [stdout]   10:     0x576f64e3b13c - core[a373ad73a504971]::panicking::panic_fmt
[INFO] [stdout]   11:     0x576f64e3af12 - core[a373ad73a504971]::result::unwrap_failed
[INFO] [stdout]   12:     0x576f64c0468b - <mysql[729a7c11be98db0f]::conn::test::my_conn::should_connect_via_socket_for_127_0_0_1::{closure#0} as core[a373ad73a504971]::ops::function::FnOnce<()>>::call_once
[INFO] [stdout]   13:     0x576f64c7db0b - test[aada8e7e76ba119b]::__rust_begin_short_backtrace::<core[a373ad73a504971]::result::Result<(), alloc[2e1b2a31b91974c5]::string::String>, fn() -> core[a373ad73a504971]::result::Result<(), alloc[2e1b2a31b91974c5]::string::String>>
[INFO] [stdout]   14:     0x576f64c8ace5 - test[aada8e7e76ba119b]::run_test::{closure#0}
[INFO] [stdout]   15:     0x576f64c845d4 - std[617be2ca0a6fd877]::sys::backtrace::__rust_begin_short_backtrace::<test[aada8e7e76ba119b]::run_test::{closure#1}, ()>
[INFO] [stdout]   16:     0x576f64c8dd72 - <std[617be2ca0a6fd877]::thread::lifecycle::spawn_unchecked<test[aada8e7e76ba119b]::run_test::{closure#1}, ()>::{closure#1} as core[a373ad73a504971]::ops::function::FnOnce<()>>::call_once::{shim:vtable#0}
[INFO] [stdout]   17:     0x576f64e21fcf - <std[617be2ca0a6fd877]::sys::thread::unix::Thread>::new::thread_start
[INFO] [stdout]   18:     0x741914c00dfa - <unknown>
[INFO] [stdout]   19:     0x741914c943d4 - clone
[INFO] [stdout]   20:                0x0 - <unknown>
[INFO] [stdout] 
[INFO] [stdout] ---- conn::test::my_conn::should_execute_statements_and_parse_results stdout ----
[INFO] [stdout] 
[INFO] [stdout] thread 'conn::test::my_conn::should_execute_statements_and_parse_results' (2125) panicked at src/conn/mod.rs:1816:50:
[INFO] [stdout] called `Result::unwrap()` on an `Err` value: DriverError { Could not connect to address `localhost:3307': Connection refused (os error 111) }
[INFO] [stdout] stack backtrace:
[INFO] [stdout]    0:     0x576f64e22f31 - <<std[617be2ca0a6fd877]::sys::backtrace::BacktraceLock>::print::DisplayBacktrace as core[a373ad73a504971]::fmt::Display>::fmt
[INFO] [stdout]    1:     0x576f64e3a95a - core[a373ad73a504971]::fmt::write
[INFO] [stdout]    2:     0x576f64e277ec - <alloc[2e1b2a31b91974c5]::vec::Vec<u8> as core[a373ad73a504971]::io::write::Write>::write_fmt
[INFO] [stdout]    3:     0x576f64dfde66 - std[617be2ca0a6fd877]::panicking::default_hook::{closure#0}
[INFO] [stdout]    4:     0x576f64e1ab89 - std[617be2ca0a6fd877]::panicking::default_hook
[INFO] [stdout]    5:     0x576f64c8a6c0 - test[aada8e7e76ba119b]::test_main_inner::{closure#0}
[INFO] [stdout]    6:     0x576f64e1ad42 - std[617be2ca0a6fd877]::panicking::panic_with_hook
[INFO] [stdout]    7:     0x576f64dfdf12 - std[617be2ca0a6fd877]::panicking::panic_handler::{closure#0}
[INFO] [stdout]    8:     0x576f64df6b79 - std[617be2ca0a6fd877]::sys::backtrace::__rust_end_short_backtrace::<std[617be2ca0a6fd877]::panicking::panic_handler::{closure#0}, !>
[INFO] [stdout]    9:     0x576f64dfed0d - __rustc[ea4f61d10b84890b]::rust_begin_unwind
[INFO] [stdout]   10:     0x576f64e3b13c - core[a373ad73a504971]::panicking::panic_fmt
[INFO] [stdout]   11:     0x576f64e3af12 - core[a373ad73a504971]::result::unwrap_failed
[INFO] [stdout]   12:     0x576f64c07a32 - <mysql[729a7c11be98db0f]::conn::test::my_conn::should_execute_statements_and_parse_results::{closure#0} as core[a373ad73a504971]::ops::function::FnOnce<()>>::call_once
[INFO] [stdout]   13:     0x576f64c7db0b - test[aada8e7e76ba119b]::__rust_begin_short_backtrace::<core[a373ad73a504971]::result::Result<(), alloc[2e1b2a31b91974c5]::string::String>, fn() -> core[a373ad73a504971]::result::Result<(), alloc[2e1b2a31b91974c5]::string::String>>
[INFO] [stdout]   14:     0x576f64c8ace5 - test[aada8e7e76ba119b]::run_test::{closure#0}
[INFO] [stdout]   15:     0x576f64c845d4 - std[617be2ca0a6fd877]::sys::backtrace::__rust_begin_short_backtrace::<test[aada8e7e76ba119b]::run_test::{closure#1}, ()>
[INFO] [stdout]   16:     0x576f64c8dd72 - <std[617be2ca0a6fd877]::thread::lifecycle::spawn_unchecked<test[aada8e7e76ba119b]::run_test::{closure#1}, ()>::{closure#1} as core[a373ad73a504971]::ops::function::FnOnce<()>>::call_once::{shim:vtable#0}
[INFO] [stdout]   17:     0x576f64e21fcf - <std[617be2ca0a6fd877]::sys::thread::unix::Thread>::new::thread_start
[INFO] [stdout]   18:     0x741914c00dfa - <unknown>
[INFO] [stdout]   19:     0x741914c943d4 - clone
[INFO] [stdout]   20:                0x0 - <unknown>
[INFO] [stdout] 
[INFO] [stdout] ---- conn::test::my_conn::should_execute_queries_and_parse_results stdout ----
[INFO] [stdout] 
[INFO] [stdout] thread 'conn::test::my_conn::should_execute_queries_and_parse_results' (2124) panicked at src/conn/mod.rs:1734:50:
[INFO] [stdout] called `Result::unwrap()` on an `Err` value: DriverError { Could not connect to address `localhost:3307': Connection refused (os error 111) }
[INFO] [stdout] stack backtrace:
[INFO] [stdout]    0:     0x576f64e22f31 - <<std[617be2ca0a6fd877]::sys::backtrace::BacktraceLock>::print::DisplayBacktrace as core[a373ad73a504971]::fmt::Display>::fmt
[INFO] [stdout]    1:     0x576f64e3a95a - core[a373ad73a504971]::fmt::write
[INFO] [stdout]    2:     0x576f64e277ec - <alloc[2e1b2a31b91974c5]::vec::Vec<u8> as core[a373ad73a504971]::io::write::Write>::write_fmt
[INFO] [stdout]    3:     0x576f64dfde66 - std[617be2ca0a6fd877]::panicking::default_hook::{closure#0}
[INFO] [stdout]    4:     0x576f64e1ab89 - std[617be2ca0a6fd877]::panicking::default_hook
[INFO] [stdout]    5:     0x576f64c8a6c0 - test[aada8e7e76ba119b]::test_main_inner::{closure#0}
[INFO] [stdout]    6:     0x576f64e1ad42 - std[617be2ca0a6fd877]::panicking::panic_with_hook
[INFO] [stdout]    7:     0x576f64dfdf12 - std[617be2ca0a6fd877]::panicking::panic_handler::{closure#0}
[INFO] [stdout]    8:     0x576f64df6b79 - std[617be2ca0a6fd877]::sys::backtrace::__rust_end_short_backtrace::<std[617be2ca0a6fd877]::panicking::panic_handler::{closure#0}, !>
[INFO] [stdout]    9:     0x576f64dfed0d - __rustc[ea4f61d10b84890b]::rust_begin_unwind
[INFO] [stdout]   10:     0x576f64e3b13c - core[a373ad73a504971]::panicking::panic_fmt
[INFO] [stdout]   11:     0x576f64e3af12 - core[a373ad73a504971]::result::unwrap_failed
[INFO] [stdout]   12:     0x576f64c05322 - <mysql[729a7c11be98db0f]::conn::test::my_conn::should_execute_queries_and_parse_results::{closure#0} as core[a373ad73a504971]::ops::function::FnOnce<()>>::call_once
[INFO] [stdout]   13:     0x576f64c7db0b - test[aada8e7e76ba119b]::__rust_begin_short_backtrace::<core[a373ad73a504971]::result::Result<(), alloc[2e1b2a31b91974c5]::string::String>, fn() -> core[a373ad73a504971]::result::Result<(), alloc[2e1b2a31b91974c5]::string::String>>
[INFO] [stdout]   14:     0x576f64c8ace5 - test[aada8e7e76ba119b]::run_test::{closure#0}
[INFO] [stdout]   15:     0x576f64c845d4 - std[617be2ca0a6fd877]::sys::backtrace::__rust_begin_short_backtrace::<test[aada8e7e76ba119b]::run_test::{closure#1}, ()>
[INFO] [stdout]   16:     0x576f64c8dd72 - <std[617be2ca0a6fd877]::thread::lifecycle::spawn_unchecked<test[aada8e7e76ba119b]::run_test::{closure#1}, ()>::{closure#1} as core[a373ad73a504971]::ops::function::FnOnce<()>>::call_once::{shim:vtable#0}
[INFO] [stdout]   17:     0x576f64e21fcf - <std[617be2ca0a6fd877]::sys::thread::unix::Thread>::new::thread_start
[INFO] [stdout]   18:     0x741914c00dfa - <unknown>
[INFO] [stdout]   19:     0x741914c943d4 - clone
[INFO] [stdout]   20:                0x0 - <unknown>
[INFO] [stdout] 
[INFO] [stdout] ---- conn::test::my_conn::should_handle_LOCAL_INFILE_with_custom_handler stdout ----
[INFO] [stdout] 
[INFO] [stdout] thread 'conn::test::my_conn::should_handle_LOCAL_INFILE_with_custom_handler' (2128) panicked at src/conn/mod.rs:1959:50:
[INFO] [stdout] called `Result::unwrap()` on an `Err` value: DriverError { Could not connect to address `localhost:3307': Connection refused (os error 111) }
[INFO] [stdout] stack backtrace:
[INFO] [stdout]    0:     0x576f64e22f31 - <<std[617be2ca0a6fd877]::sys::backtrace::BacktraceLock>::print::DisplayBacktrace as core[a373ad73a504971]::fmt::Display>::fmt
[INFO] [stdout]    1:     0x576f64e3a95a - core[a373ad73a504971]::fmt::write
[INFO] [stdout]    2:     0x576f64e277ec - <alloc[2e1b2a31b91974c5]::vec::Vec<u8> as core[a373ad73a504971]::io::write::Write>::write_fmt
[INFO] [stdout]    3:     0x576f64dfde66 - std[617be2ca0a6fd877]::panicking::default_hook::{closure#0}
[INFO] [stdout]    4:     0x576f64e1ab89 - std[617be2ca0a6fd877]::panicking::default_hook
[INFO] [stdout]    5:     0x576f64c8a6c0 - test[aada8e7e76ba119b]::test_main_inner::{closure#0}
[INFO] [stderr] error: test failed, to rerun pass `--lib`
[INFO] [stdout]    6:     0x576f64e1ad42 - std[617be2ca0a6fd877]::panicking::panic_with_hook
[INFO] [stdout]    7:     0x576f64dfdf12 - std[617be2ca0a6fd877]::panicking::panic_handler::{closure#0}
[INFO] [stdout]    8:     0x576f64df6b79 - std[617be2ca0a6fd877]::sys::backtrace::__rust_end_short_backtrace::<std[617be2ca0a6fd877]::panicking::panic_handler::{closure#0}, !>
[INFO] [stdout]    9:     0x576f64dfed0d - __rustc[ea4f61d10b84890b]::rust_begin_unwind
[INFO] [stdout]   10:     0x576f64e3b13c - core[a373ad73a504971]::panicking::panic_fmt
[INFO] [stdout]   11:     0x576f64e3af12 - core[a373ad73a504971]::result::unwrap_failed
[INFO] [stdout]   12:     0x576f64c0b0a7 - <mysql[729a7c11be98db0f]::conn::test::my_conn::should_handle_LOCAL_INFILE_with_custom_handler::{closure#0} as core[a373ad73a504971]::ops::function::FnOnce<()>>::call_once
[INFO] [stdout]   13:     0x576f64c7db0b - test[aada8e7e76ba119b]::__rust_begin_short_backtrace::<core[a373ad73a504971]::result::Result<(), alloc[2e1b2a31b91974c5]::string::String>, fn() -> core[a373ad73a504971]::result::Result<(), alloc[2e1b2a31b91974c5]::string::String>>
[INFO] [stdout]   14:     0x576f64c8ace5 - test[aada8e7e76ba119b]::run_test::{closure#0}
[INFO] [stdout]   15:     0x576f64c845d4 - std[617be2ca0a6fd877]::sys::backtrace::__rust_begin_short_backtrace::<test[aada8e7e76ba119b]::run_test::{closure#1}, ()>
[INFO] [stdout]   16:     0x576f64c8dd72 - <std[617be2ca0a6fd877]::thread::lifecycle::spawn_unchecked<test[aada8e7e76ba119b]::run_test::{closure#1}, ()>::{closure#1} as core[a373ad73a504971]::ops::function::FnOnce<()>>::call_once::{shim:vtable#0}
[INFO] [stdout]   17:     0x576f64e21fcf - <std[617be2ca0a6fd877]::sys::thread::unix::Thread>::new::thread_start
[INFO] [stdout]   18:     0x741914c00dfa - <unknown>
[INFO] [stdout]   19:     0x741914c943d4 - clone
[INFO] [stdout]   20:                0x0 - <unknown>
[INFO] [stdout] 
[INFO] [stdout] ---- conn::test::my_conn::should_connect_by_hostname stdout ----
[INFO] [stdout] 
[INFO] [stdout] thread 'conn::test::my_conn::should_connect_by_hostname' (2119) panicked at src/conn/mod.rs:1701:44:
[INFO] [stdout] called `Result::unwrap()` on an `Err` value: DriverError { Could not connect to address `localhost:3307': Connection refused (os error 111) }
[INFO] [stdout] stack backtrace:
[INFO] [stdout]    0:     0x576f64e22f31 - <<std[617be2ca0a6fd877]::sys::backtrace::BacktraceLock>::print::DisplayBacktrace as core[a373ad73a504971]::fmt::Display>::fmt
[INFO] [stdout]    1:     0x576f64e3a95a - core[a373ad73a504971]::fmt::write
[INFO] [stdout]    2:     0x576f64e277ec - <alloc[2e1b2a31b91974c5]::vec::Vec<u8> as core[a373ad73a504971]::io::write::Write>::write_fmt
[INFO] [stdout]    3:     0x576f64dfde66 - std[617be2ca0a6fd877]::panicking::default_hook::{closure#0}
[INFO] [stdout]    4:     0x576f64e1ab89 - std[617be2ca0a6fd877]::panicking::default_hook
[INFO] [stdout]    5:     0x576f64c8a6c0 - test[aada8e7e76ba119b]::test_main_inner::{closure#0}
[INFO] [stdout]    6:     0x576f64e1ad42 - std[617be2ca0a6fd877]::panicking::panic_with_hook
[INFO] [stdout]    7:     0x576f64dfdf12 - std[617be2ca0a6fd877]::panicking::panic_handler::{closure#0}
[INFO] [stdout]    8:     0x576f64df6b79 - std[617be2ca0a6fd877]::sys::backtrace::__rust_end_short_backtrace::<std[617be2ca0a6fd877]::panicking::panic_handler::{closure#0}, !>
[INFO] [stdout]    9:     0x576f64dfed0d - __rustc[ea4f61d10b84890b]::rust_begin_unwind
[INFO] [stdout]   10:     0x576f64e3b13c - core[a373ad73a504971]::panicking::panic_fmt
[INFO] [stdout]   11:     0x576f64e3af12 - core[a373ad73a504971]::result::unwrap_failed
[INFO] [stdout]   12:     0x576f64bfe709 - <mysql[729a7c11be98db0f]::conn::test::my_conn::should_connect_by_hostname::{closure#0} as core[a373ad73a504971]::ops::function::FnOnce<()>>::call_once
[INFO] [stdout]   13:     0x576f64c7db0b - test[aada8e7e76ba119b]::__rust_begin_short_backtrace::<core[a373ad73a504971]::result::Result<(), alloc[2e1b2a31b91974c5]::string::String>, fn() -> core[a373ad73a504971]::result::Result<(), alloc[2e1b2a31b91974c5]::string::String>>
[INFO] [stdout]   14:     0x576f64c8ace5 - test[aada8e7e76ba119b]::run_test::{closure#0}
[INFO] [stdout]   15:     0x576f64c845d4 - std[617be2ca0a6fd877]::sys::backtrace::__rust_begin_short_backtrace::<test[aada8e7e76ba119b]::run_test::{closure#1}, ()>
[INFO] [stdout]   16:     0x576f64c8dd72 - <std[617be2ca0a6fd877]::thread::lifecycle::spawn_unchecked<test[aada8e7e76ba119b]::run_test::{closure#1}, ()>::{closure#1} as core[a373ad73a504971]::ops::function::FnOnce<()>>::call_once::{shim:vtable#0}
[INFO] [stdout]   17:     0x576f64e21fcf - <std[617be2ca0a6fd877]::sys::thread::unix::Thread>::new::thread_start
[INFO] [stdout]   18:     0x741914c00dfa - <unknown>
[INFO] [stdout]   19:     0x741914c943d4 - clone
[INFO] [stdout]   20:                0x0 - <unknown>
[INFO] [stdout] 
[INFO] [stdout] ---- conn::test::my_conn::should_drop_multi_result_set stdout ----
[INFO] [stdout] 
[INFO] [stdout] thread 'conn::test::my_conn::should_drop_multi_result_set' (2123) panicked at src/conn/mod.rs:2277:44:
[INFO] [stdout] called `Result::unwrap()` on an `Err` value: DriverError { Could not connect to address `localhost:3307': Connection refused (os error 111) }
[INFO] [stdout] stack backtrace:
[INFO] [stdout]    0:     0x576f64e22f31 - <<std[617be2ca0a6fd877]::sys::backtrace::BacktraceLock>::print::DisplayBacktrace as core[a373ad73a504971]::fmt::Display>::fmt
[INFO] [stdout]    1:     0x576f64e3a95a - core[a373ad73a504971]::fmt::write
[INFO] [stdout]    2:     0x576f64e277ec - <alloc[2e1b2a31b91974c5]::vec::Vec<u8> as core[a373ad73a504971]::io::write::Write>::write_fmt
[INFO] [stdout]    3:     0x576f64dfde66 - std[617be2ca0a6fd877]::panicking::default_hook::{closure#0}
[INFO] [stdout]    4:     0x576f64e1ab89 - std[617be2ca0a6fd877]::panicking::default_hook
[INFO] [stdout]    5:     0x576f64c8a6c0 - test[aada8e7e76ba119b]::test_main_inner::{closure#0}
[INFO] [stdout]    6:     0x576f64e1ad42 - std[617be2ca0a6fd877]::panicking::panic_with_hook
[INFO] [stdout]    7:     0x576f64dfdf12 - std[617be2ca0a6fd877]::panicking::panic_handler::{closure#0}
[INFO] [stdout]    8:     0x576f64df6b79 - std[617be2ca0a6fd877]::sys::backtrace::__rust_end_short_backtrace::<std[617be2ca0a6fd877]::panicking::panic_handler::{closure#0}, !>
[INFO] [stdout]    9:     0x576f64dfed0d - __rustc[ea4f61d10b84890b]::rust_begin_unwind
[INFO] [stdout]   10:     0x576f64e3b13c - core[a373ad73a504971]::panicking::panic_fmt
[INFO] [stdout]   11:     0x576f64e3af12 - core[a373ad73a504971]::result::unwrap_failed
[INFO] [stdout]   12:     0x576f64bffc1b - <mysql[729a7c11be98db0f]::conn::test::my_conn::should_drop_multi_result_set::{closure#0} as core[a373ad73a504971]::ops::function::FnOnce<()>>::call_once
[INFO] [stdout]   13:     0x576f64c7db0b - test[aada8e7e76ba119b]::__rust_begin_short_backtrace::<core[a373ad73a504971]::result::Result<(), alloc[2e1b2a31b91974c5]::string::String>, fn() -> core[a373ad73a504971]::result::Result<(), alloc[2e1b2a31b91974c5]::string::String>>
[INFO] [stdout]   14:     0x576f64c8ace5 - test[aada8e7e76ba119b]::run_test::{closure#0}
[INFO] [stdout]   15:     0x576f64c845d4 - std[617be2ca0a6fd877]::sys::backtrace::__rust_begin_short_backtrace::<test[aada8e7e76ba119b]::run_test::{closure#1}, ()>
[INFO] [stdout]   16:     0x576f64c8dd72 - <std[617be2ca0a6fd877]::thread::lifecycle::spawn_unchecked<test[aada8e7e76ba119b]::run_test::{closure#1}, ()>::{closure#1} as core[a373ad73a504971]::ops::function::FnOnce<()>>::call_once::{shim:vtable#0}
[INFO] [stdout]   17:     0x576f64e21fcf - <std[617be2ca0a6fd877]::sys::thread::unix::Thread>::new::thread_start
[INFO] [stdout]   18:     0x741914c00dfa - <unknown>
[INFO] [stdout]   19:     0x741914c943d4 - clone
[INFO] [stdout]   20:                0x0 - <unknown>
[INFO] [stdout] 
[INFO] [stdout] ---- conn::test::my_conn::should_handle_json_columns stdout ----
[INFO] [stdout] 
[INFO] [stdout] thread 'conn::test::my_conn::should_handle_json_columns' (2129) panicked at src/conn/mod.rs:2599:50:
[INFO] [stdout] called `Result::unwrap()` on an `Err` value: DriverError { Could not connect to address `localhost:3307': Connection refused (os error 111) }
[INFO] [stdout] stack backtrace:
[INFO] [stdout]    0:     0x576f64e22f31 - <<std[617be2ca0a6fd877]::sys::backtrace::BacktraceLock>::print::DisplayBacktrace as core[a373ad73a504971]::fmt::Display>::fmt
[INFO] [stdout]    1:     0x576f64e3a95a - core[a373ad73a504971]::fmt::write
[INFO] [stdout]    2:     0x576f64e277ec - <alloc[2e1b2a31b91974c5]::vec::Vec<u8> as core[a373ad73a504971]::io::write::Write>::write_fmt
[INFO] [stdout]    3:     0x576f64dfde66 - std[617be2ca0a6fd877]::panicking::default_hook::{closure#0}
[INFO] [stdout]    4:     0x576f64e1ab89 - std[617be2ca0a6fd877]::panicking::default_hook
[INFO] [stdout]    5:     0x576f64c8a6c0 - test[aada8e7e76ba119b]::test_main_inner::{closure#0}
[INFO] [stdout]    6:     0x576f64e1ad42 - std[617be2ca0a6fd877]::panicking::panic_with_hook
[INFO] [stdout]    7:     0x576f64dfdf12 - std[617be2ca0a6fd877]::panicking::panic_handler::{closure#0}
[INFO] [stdout]    8:     0x576f64df6b79 - std[617be2ca0a6fd877]::sys::backtrace::__rust_end_short_backtrace::<std[617be2ca0a6fd877]::panicking::panic_handler::{closure#0}, !>
[INFO] [stdout]    9:     0x576f64dfed0d - __rustc[ea4f61d10b84890b]::rust_begin_unwind
[INFO] [stdout]   10:     0x576f64e3b13c - core[a373ad73a504971]::panicking::panic_fmt
[INFO] [stdout]   11:     0x576f64e3af12 - core[a373ad73a504971]::result::unwrap_failed
[INFO] [stdout]   12:     0x576f64bff111 - <mysql[729a7c11be98db0f]::conn::test::my_conn::should_handle_json_columns::{closure#0} as core[a373ad73a504971]::ops::function::FnOnce<()>>::call_once
[INFO] [stdout]   13:     0x576f64c7db0b - test[aada8e7e76ba119b]::__rust_begin_short_backtrace::<core[a373ad73a504971]::result::Result<(), alloc[2e1b2a31b91974c5]::string::String>, fn() -> core[a373ad73a504971]::result::Result<(), alloc[2e1b2a31b91974c5]::string::String>>
[INFO] [stdout]   14:     0x576f64c8ace5 - test[aada8e7e76ba119b]::run_test::{closure#0}
[INFO] [stdout]   15:     0x576f64c845d4 - std[617be2ca0a6fd877]::sys::backtrace::__rust_begin_short_backtrace::<test[aada8e7e76ba119b]::run_test::{closure#1}, ()>
[INFO] [stdout]   16:     0x576f64c8dd72 - <std[617be2ca0a6fd877]::thread::lifecycle::spawn_unchecked<test[aada8e7e76ba119b]::run_test::{closure#1}, ()>::{closure#1} as core[a373ad73a504971]::ops::function::FnOnce<()>>::call_once::{shim:vtable#0}
[INFO] [stdout]   17:     0x576f64e21fcf - <std[617be2ca0a6fd877]::sys::thread::unix::Thread>::new::thread_start
[INFO] [stdout]   18:     0x741914c00dfa - <unknown>
[INFO] [stdout]   19:     0x741914c943d4 - clone
[INFO] [stdout]   20:                0x0 - <unknown>
[INFO] [stdout] 
[INFO] [stdout] ---- conn::test::my_conn::should_parse_large_binary_result stdout ----
[INFO] [stdout] 
[INFO] [stdout] thread 'conn::test::my_conn::should_parse_large_binary_result' (2134) panicked at src/conn/mod.rs:1852:50:
[INFO] [stdout] called `Result::unwrap()` on an `Err` value: DriverError { Could not connect to address `localhost:3307': Connection refused (os error 111) }
[INFO] [stdout] stack backtrace:
[INFO] [stdout]    0:     0x576f64e22f31 - <<std[617be2ca0a6fd877]::sys::backtrace::BacktraceLock>::print::DisplayBacktrace as core[a373ad73a504971]::fmt::Display>::fmt
[INFO] [stdout]    1:     0x576f64e3a95a - core[a373ad73a504971]::fmt::write
[INFO] [stdout]    2:     0x576f64e277ec - <alloc[2e1b2a31b91974c5]::vec::Vec<u8> as core[a373ad73a504971]::io::write::Write>::write_fmt
[INFO] [stdout]    3:     0x576f64dfde66 - std[617be2ca0a6fd877]::panicking::default_hook::{closure#0}
[INFO] [stdout]    4:     0x576f64e1ab89 - std[617be2ca0a6fd877]::panicking::default_hook
[INFO] [stdout]    5:     0x576f64c8a6c0 - test[aada8e7e76ba119b]::test_main_inner::{closure#0}
[INFO] [stdout]    6:     0x576f64e1ad42 - std[617be2ca0a6fd877]::panicking::panic_with_hook
[INFO] [stdout]    7:     0x576f64dfdf12 - std[617be2ca0a6fd877]::panicking::panic_handler::{closure#0}
[INFO] [stdout]    8:     0x576f64df6b79 - std[617be2ca0a6fd877]::sys::backtrace::__rust_end_short_backtrace::<std[617be2ca0a6fd877]::panicking::panic_handler::{closure#0}, !>
[INFO] [stdout]    9:     0x576f64dfed0d - __rustc[ea4f61d10b84890b]::rust_begin_unwind
[INFO] [stdout]   10:     0x576f64e3b13c - core[a373ad73a504971]::panicking::panic_fmt
[INFO] [stdout]   11:     0x576f64e3af12 - core[a373ad73a504971]::result::unwrap_failed
[INFO] [stdout]   12:     0x576f64c029ab - <mysql[729a7c11be98db0f]::conn::test::my_conn::should_parse_large_binary_result::{closure#0} as core[a373ad73a504971]::ops::function::FnOnce<()>>::call_once
[INFO] [stdout]   13:     0x576f64c7db0b - test[aada8e7e76ba119b]::__rust_begin_short_backtrace::<core[a373ad73a504971]::result::Result<(), alloc[2e1b2a31b91974c5]::string::String>, fn() -> core[a373ad73a504971]::result::Result<(), alloc[2e1b2a31b91974c5]::string::String>>
[INFO] [stdout]   14:     0x576f64c8ace5 - test[aada8e7e76ba119b]::run_test::{closure#0}
[INFO] [stdout]   15:     0x576f64c845d4 - std[617be2ca0a6fd877]::sys::backtrace::__rust_begin_short_backtrace::<test[aada8e7e76ba119b]::run_test::{closure#1}, ()>
[INFO] [stdout]   16:     0x576f64c8dd72 - <std[617be2ca0a6fd877]::thread::lifecycle::spawn_unchecked<test[aada8e7e76ba119b]::run_test::{closure#1}, ()>::{closure#1} as core[a373ad73a504971]::ops::function::FnOnce<()>>::call_once::{shim:vtable#0}
[INFO] [stdout]   17:     0x576f64e21fcf - <std[617be2ca0a6fd877]::sys::thread::unix::Thread>::new::thread_start
[INFO] [stdout]   18:     0x741914c00dfa - <unknown>
[INFO] [stdout]   19:     0x741914c943d4 - clone
[INFO] [stdout]   20:                0x0 - <unknown>
[INFO] [stdout] 
[INFO] [stdout] ---- conn::test::my_conn::should_reset_connection stdout ----
[INFO] [stdout] 
[INFO] [stdout] thread 'conn::test::my_conn::should_reset_connection' (2136) panicked at src/conn/mod.rs:1990:50:
[INFO] [stdout] called `Result::unwrap()` on an `Err` value: DriverError { Could not connect to address `localhost:3307': Connection refused (os error 111) }
[INFO] [stdout] stack backtrace:
[INFO] [stdout]    0:     0x576f64e22f31 - <<std[617be2ca0a6fd877]::sys::backtrace::BacktraceLock>::print::DisplayBacktrace as core[a373ad73a504971]::fmt::Display>::fmt
[INFO] [stdout]    1:     0x576f64e3a95a - core[a373ad73a504971]::fmt::write
[INFO] [stdout]    2:     0x576f64e277ec - <alloc[2e1b2a31b91974c5]::vec::Vec<u8> as core[a373ad73a504971]::io::write::Write>::write_fmt
[INFO] [stdout]    3:     0x576f64dfde66 - std[617be2ca0a6fd877]::panicking::default_hook::{closure#0}
[INFO] [stdout]    4:     0x576f64e1ab89 - std[617be2ca0a6fd877]::panicking::default_hook
[INFO] [stdout]    5:     0x576f64c8a6c0 - test[aada8e7e76ba119b]::test_main_inner::{closure#0}
[INFO] [stdout]    6:     0x576f64e1ad42 - std[617be2ca0a6fd877]::panicking::panic_with_hook
[INFO] [stdout]    7:     0x576f64dfdf12 - std[617be2ca0a6fd877]::panicking::panic_handler::{closure#0}
[INFO] [stdout]    8:     0x576f64df6b79 - std[617be2ca0a6fd877]::sys::backtrace::__rust_end_short_backtrace::<std[617be2ca0a6fd877]::panicking::panic_handler::{closure#0}, !>
[INFO] [stdout]    9:     0x576f64dfed0d - __rustc[ea4f61d10b84890b]::rust_begin_unwind
[INFO] [stdout]   10:     0x576f64e3b13c - core[a373ad73a504971]::panicking::panic_fmt
[INFO] [stdout]   11:     0x576f64e3af12 - core[a373ad73a504971]::result::unwrap_failed
[INFO] [stdout]   12:     0x576f64bfcaba - <mysql[729a7c11be98db0f]::conn::test::my_conn::should_reset_connection::{closure#0} as core[a373ad73a504971]::ops::function::FnOnce<()>>::call_once
[INFO] [stdout]   13:     0x576f64c7db0b - test[aada8e7e76ba119b]::__rust_begin_short_backtrace::<core[a373ad73a504971]::result::Result<(), alloc[2e1b2a31b91974c5]::string::String>, fn() -> core[a373ad73a504971]::result::Result<(), alloc[2e1b2a31b91974c5]::string::String>>
[INFO] [stdout]   14:     0x576f64c8ace5 - test[aada8e7e76ba119b]::run_test::{closure#0}
[INFO] [stdout]   15:     0x576f64c845d4 - std[617be2ca0a6fd877]::sys::backtrace::__rust_begin_short_backtrace::<test[aada8e7e76ba119b]::run_test::{closure#1}, ()>
[INFO] [stdout]   16:     0x576f64c8dd72 - <std[617be2ca0a6fd877]::thread::lifecycle::spawn_unchecked<test[aada8e7e76ba119b]::run_test::{closure#1}, ()>::{closure#1} as core[a373ad73a504971]::ops::function::FnOnce<()>>::call_once::{shim:vtable#0}
[INFO] [stdout]   17:     0x576f64e21fcf - <std[617be2ca0a6fd877]::sys::thread::unix::Thread>::new::thread_start
[INFO] [stdout]   18:     0x741914c00dfa - <unknown>
[INFO] [stdout]   19:     0x741914c943d4 - clone
[INFO] [stdout]   20:                0x0 - <unknown>
[INFO] [stdout] 
[INFO] [stdout] ---- conn::test::my_conn::should_parse_large_text_result stdout ----
[INFO] [stdout] 
[INFO] [stdout] thread 'conn::test::my_conn::should_parse_large_text_result' (2135) panicked at src/conn/mod.rs:1786:50:
[INFO] [stdout] called `Result::unwrap()` on an `Err` value: DriverError { Could not connect to address `localhost:3307': Connection refused (os error 111) }
[INFO] [stdout] stack backtrace:
[INFO] [stdout]    0:     0x576f64e22f31 - <<std[617be2ca0a6fd877]::sys::backtrace::BacktraceLock>::print::DisplayBacktrace as core[a373ad73a504971]::fmt::Display>::fmt
[INFO] [stdout]    1:     0x576f64e3a95a - core[a373ad73a504971]::fmt::write
[INFO] [stdout]    2:     0x576f64e277ec - <alloc[2e1b2a31b91974c5]::vec::Vec<u8> as core[a373ad73a504971]::io::write::Write>::write_fmt
[INFO] [stdout]    3:     0x576f64dfde66 - std[617be2ca0a6fd877]::panicking::default_hook::{closure#0}
[INFO] [stdout]    4:     0x576f64e1ab89 - std[617be2ca0a6fd877]::panicking::default_hook
[INFO] [stdout]    5:     0x576f64c8a6c0 - test[aada8e7e76ba119b]::test_main_inner::{closure#0}
[INFO] [stdout]    6:     0x576f64e1ad42 - std[617be2ca0a6fd877]::panicking::panic_with_hook
[INFO] [stdout]    7:     0x576f64dfdf12 - std[617be2ca0a6fd877]::panicking::panic_handler::{closure#0}
[INFO] [stdout]    8:     0x576f64df6b79 - std[617be2ca0a6fd877]::sys::backtrace::__rust_end_short_backtrace::<std[617be2ca0a6fd877]::panicking::panic_handler::{closure#0}, !>
[INFO] [stdout]    9:     0x576f64dfed0d - __rustc[ea4f61d10b84890b]::rust_begin_unwind
[INFO] [stdout]   10:     0x576f64e3b13c - core[a373ad73a504971]::panicking::panic_fmt
[INFO] [stdout]   11:     0x576f64e3af12 - core[a373ad73a504971]::result::unwrap_failed
[INFO] [stdout]   12:     0x576f64c0252e - <mysql[729a7c11be98db0f]::conn::test::my_conn::should_parse_large_text_result::{closure#0} as core[a373ad73a504971]::ops::function::FnOnce<()>>::call_once
[INFO] [stdout]   13:     0x576f64c7db0b - test[aada8e7e76ba119b]::__rust_begin_short_backtrace::<core[a373ad73a504971]::result::Result<(), alloc[2e1b2a31b91974c5]::string::String>, fn() -> core[a373ad73a504971]::result::Result<(), alloc[2e1b2a31b91974c5]::string::String>>
[INFO] [stdout]   14:     0x576f64c8ace5 - test[aada8e7e76ba119b]::run_test::{closure#0}
[INFO] [stdout]   15:     0x576f64c845d4 - std[617be2ca0a6fd877]::sys::backtrace::__rust_begin_short_backtrace::<test[aada8e7e76ba119b]::run_test::{closure#1}, ()>
[INFO] [stdout]   16:     0x576f64c8dd72 - <std[617be2ca0a6fd877]::thread::lifecycle::spawn_unchecked<test[aada8e7e76ba119b]::run_test::{closure#1}, ()>::{closure#1} as core[a373ad73a504971]::ops::function::FnOnce<()>>::call_once::{shim:vtable#0}
[INFO] [stdout]   17:     0x576f64e21fcf - <std[617be2ca0a6fd877]::sys::thread::unix::Thread>::new::thread_start
[INFO] [stdout]   18:     0x741914c00dfa - <unknown>
[INFO] [stdout]   19:     0x741914c943d4 - clone
[INFO] [stdout]   20:                0x0 - <unknown>
[INFO] [stdout] 
[INFO] [stdout] ---- conn::test::my_conn::should_fallback_to_tcp_if_cant_switch_to_socket stdout ----
[INFO] [stdout] 
[INFO] [stdout] thread 'conn::test::my_conn::should_fallback_to_tcp_if_cant_switch_to_socket' (2127) panicked at src/conn/mod.rs:1683:37:
[INFO] [stdout] called `Result::unwrap()` on an `Err` value: DriverError { Could not connect to address `localhost:3307': Connection refused (os error 111) }
[INFO] [stdout] stack backtrace:
[INFO] [stdout]    0:     0x576f64e22f31 - <<std[617be2ca0a6fd877]::sys::backtrace::BacktraceLock>::print::DisplayBacktrace as core[a373ad73a504971]::fmt::Display>::fmt
[INFO] [stdout]    1:     0x576f64e3a95a - core[a373ad73a504971]::fmt::write
[INFO] [stdout]    2:     0x576f64e277ec - <alloc[2e1b2a31b91974c5]::vec::Vec<u8> as core[a373ad73a504971]::io::write::Write>::write_fmt
[INFO] [stdout]    3:     0x576f64dfde66 - std[617be2ca0a6fd877]::panicking::default_hook::{closure#0}
[INFO] [stdout]    4:     0x576f64e1ab89 - std[617be2ca0a6fd877]::panicking::default_hook
[INFO] [stdout]    5:     0x576f64c8a6c0 - test[aada8e7e76ba119b]::test_main_inner::{closure#0}
[INFO] [stdout]    6:     0x576f64e1ad42 - std[617be2ca0a6fd877]::panicking::panic_with_hook
[INFO] [stdout]    7:     0x576f64dfdf12 - std[617be2ca0a6fd877]::panicking::panic_handler::{closure#0}
[INFO] [stdout]    8:     0x576f64df6b79 - std[617be2ca0a6fd877]::sys::backtrace::__rust_end_short_backtrace::<std[617be2ca0a6fd877]::panicking::panic_handler::{closure#0}, !>
[INFO] [stdout]    9:     0x576f64dfed0d - __rustc[ea4f61d10b84890b]::rust_begin_unwind
[INFO] [stdout]   10:     0x576f64e3b13c - core[a373ad73a504971]::panicking::panic_fmt
[INFO] [stdout]   11:     0x576f64e3af12 - core[a373ad73a504971]::result::unwrap_failed
[INFO] [stdout]   12:     0x576f64c0be60 - <mysql[729a7c11be98db0f]::conn::test::my_conn::should_fallback_to_tcp_if_cant_switch_to_socket::{closure#0} as core[a373ad73a504971]::ops::function::FnOnce<()>>::call_once
[INFO] [stdout]   13:     0x576f64c7db0b - test[aada8e7e76ba119b]::__rust_begin_short_backtrace::<core[a373ad73a504971]::result::Result<(), alloc[2e1b2a31b91974c5]::string::String>, fn() -> core[a373ad73a504971]::result::Result<(), alloc[2e1b2a31b91974c5]::string::String>>
[INFO] [stdout]   14:     0x576f64c8ace5 - test[aada8e7e76ba119b]::run_test::{closure#0}
[INFO] [stdout]   15:     0x576f64c845d4 - std[617be2ca0a6fd877]::sys::backtrace::__rust_begin_short_backtrace::<test[aada8e7e76ba119b]::run_test::{closure#1}, ()>
[INFO] [stdout]   16:     0x576f64c8dd72 - <std[617be2ca0a6fd877]::thread::lifecycle::spawn_unchecked<test[aada8e7e76ba119b]::run_test::{closure#1}, ()>::{closure#1} as core[a373ad73a504971]::ops::function::FnOnce<()>>::call_once::{shim:vtable#0}
[INFO] [stdout]   17:     0x576f64e21fcf - <std[617be2ca0a6fd877]::sys::thread::unix::Thread>::new::thread_start
[INFO] [stdout]   18:     0x741914c00dfa - <unknown>
[INFO] [stdout]   19:     0x741914c943d4 - clone
[INFO] [stdout]   20:                0x0 - <unknown>
[INFO] [stdout] 
[INFO] [stdout] ---- conn::test::my_conn::should_select_db stdout ----
[INFO] [stdout] 
[INFO] [stdout] thread 'conn::test::my_conn::should_select_db' (2139) panicked at src/conn/mod.rs:1709:50:
[INFO] [stdout] called `Result::unwrap()` on an `Err` value: DriverError { Could not connect to address `localhost:3307': Connection refused (os error 111) }
[INFO] [stdout] stack backtrace:
[INFO] [stdout]    0:     0x576f64e22f31 - <<std[617be2ca0a6fd877]::sys::backtrace::BacktraceLock>::print::DisplayBacktrace as core[a373ad73a504971]::fmt::Display>::fmt
[INFO] [stdout]    1:     0x576f64e3a95a - core[a373ad73a504971]::fmt::write
[INFO] [stdout]    2:     0x576f64e277ec - <alloc[2e1b2a31b91974c5]::vec::Vec<u8> as core[a373ad73a504971]::io::write::Write>::write_fmt
[INFO] [stdout]    3:     0x576f64dfde66 - std[617be2ca0a6fd877]::panicking::default_hook::{closure#0}
[INFO] [stdout]    4:     0x576f64e1ab89 - std[617be2ca0a6fd877]::panicking::default_hook
[INFO] [stdout]    5:     0x576f64c8a6c0 - test[aada8e7e76ba119b]::test_main_inner::{closure#0}
[INFO] [stdout]    6:     0x576f64e1ad42 - std[617be2ca0a6fd877]::panicking::panic_with_hook
[INFO] [stdout]    7:     0x576f64dfdf12 - std[617be2ca0a6fd877]::panicking::panic_handler::{closure#0}
[INFO] [stdout]    8:     0x576f64df6b79 - std[617be2ca0a6fd877]::sys::backtrace::__rust_end_short_backtrace::<std[617be2ca0a6fd877]::panicking::panic_handler::{closure#0}, !>
[INFO] [stdout]    9:     0x576f64dfed0d - __rustc[ea4f61d10b84890b]::rust_begin_unwind
[INFO] [stdout]   10:     0x576f64e3b13c - core[a373ad73a504971]::panicking::panic_fmt
[INFO] [stdout]   11:     0x576f64e3af12 - core[a373ad73a504971]::result::unwrap_failed
[INFO] [stdout]   12:     0x576f64bf6f38 - <mysql[729a7c11be98db0f]::conn::test::my_conn::should_select_db::{closure#0} as core[a373ad73a504971]::ops::function::FnOnce<()>>::call_once
[INFO] [stdout]   13:     0x576f64c7db0b - test[aada8e7e76ba119b]::__rust_begin_short_backtrace::<core[a373ad73a504971]::result::Result<(), alloc[2e1b2a31b91974c5]::string::String>, fn() -> core[a373ad73a504971]::result::Result<(), alloc[2e1b2a31b91974c5]::string::String>>
[INFO] [stdout]   14:     0x576f64c8ace5 - test[aada8e7e76ba119b]::run_test::{closure#0}
[INFO] [stdout]   15:     0x576f64c845d4 - std[617be2ca0a6fd877]::sys::backtrace::__rust_begin_short_backtrace::<test[aada8e7e76ba119b]::run_test::{closure#1}, ()>
[INFO] [stdout]   16:     0x576f64c8dd72 - <std[617be2ca0a6fd877]::thread::lifecycle::spawn_unchecked<test[aada8e7e76ba119b]::run_test::{closure#1}, ()>::{closure#1} as core[a373ad73a504971]::ops::function::FnOnce<()>>::call_once::{shim:vtable#0}
[INFO] [stdout]   17:     0x576f64e21fcf - <std[617be2ca0a6fd877]::sys::thread::unix::Thread>::new::thread_start
[INFO] [stdout]   18:     0x741914c00dfa - <unknown>
[INFO] [stdout]   19:     0x741914c943d4 - clone
[INFO] [stdout]   20:                0x0 - <unknown>
[INFO] [stdout] 
[INFO] [stdout] ---- conn::test::my_conn::should_set_additional_capabilities stdout ----
[INFO] [stdout] 
[INFO] [stdout] thread 'conn::test::my_conn::should_set_additional_capabilities' (2140) panicked at src/conn/mod.rs:2481:44:
[INFO] [stdout] called `Result::unwrap()` on an `Err` value: DriverError { Could not connect to address `localhost:3307': Connection refused (os error 111) }
[INFO] [stdout] stack backtrace:
[INFO] [stdout]    0:     0x576f64e22f31 - <<std[617be2ca0a6fd877]::sys::backtrace::BacktraceLock>::print::DisplayBacktrace as core[a373ad73a504971]::fmt::Display>::fmt
[INFO] [stdout]    1:     0x576f64e3a95a - core[a373ad73a504971]::fmt::write
[INFO] [stdout]    2:     0x576f64e277ec - <alloc[2e1b2a31b91974c5]::vec::Vec<u8> as core[a373ad73a504971]::io::write::Write>::write_fmt
[INFO] [stdout]    3:     0x576f64dfde66 - std[617be2ca0a6fd877]::panicking::default_hook::{closure#0}
[INFO] [stdout]    4:     0x576f64e1ab89 - std[617be2ca0a6fd877]::panicking::default_hook
[INFO] [stdout]    5:     0x576f64c8a6c0 - test[aada8e7e76ba119b]::test_main_inner::{closure#0}
[INFO] [stdout]    6:     0x576f64e1ad42 - std[617be2ca0a6fd877]::panicking::panic_with_hook
[INFO] [stdout]    7:     0x576f64dfdf12 - std[617be2ca0a6fd877]::panicking::panic_handler::{closure#0}
[INFO] [stdout]    8:     0x576f64df6b79 - std[617be2ca0a6fd877]::sys::backtrace::__rust_end_short_backtrace::<std[617be2ca0a6fd877]::panicking::panic_handler::{closure#0}, !>
[INFO] [stdout]    9:     0x576f64dfed0d - __rustc[ea4f61d10b84890b]::rust_begin_unwind
[INFO] [stdout]   10:     0x576f64e3b13c - core[a373ad73a504971]::panicking::panic_fmt
[INFO] [stdout]   11:     0x576f64e3af12 - core[a373ad73a504971]::result::unwrap_failed
[INFO] [stdout]   12:     0x576f64c03b7a - <mysql[729a7c11be98db0f]::conn::test::my_conn::should_set_additional_capabilities::{closure#0} as core[a373ad73a504971]::ops::function::FnOnce<()>>::call_once
[INFO] [stdout]   13:     0x576f64c7db0b - test[aada8e7e76ba119b]::__rust_begin_short_backtrace::<core[a373ad73a504971]::result::Result<(), alloc[2e1b2a31b91974c5]::string::String>, fn() -> core[a373ad73a504971]::result::Result<(), alloc[2e1b2a31b91974c5]::string::String>>
[INFO] [stdout]   14:     0x576f64c8ace5 - test[aada8e7e76ba119b]::run_test::{closure#0}
[INFO] [stdout]   15:     0x576f64c845d4 - std[617be2ca0a6fd877]::sys::backtrace::__rust_begin_short_backtrace::<test[aada8e7e76ba119b]::run_test::{closure#1}, ()>
[INFO] [stdout]   16:     0x576f64c8dd72 - <std[617be2ca0a6fd877]::thread::lifecycle::spawn_unchecked<test[aada8e7e76ba119b]::run_test::{closure#1}, ()>::{closure#1} as core[a373ad73a504971]::ops::function::FnOnce<()>>::call_once::{shim:vtable#0}
[INFO] [stdout]   17:     0x576f64e21fcf - <std[617be2ca0a6fd877]::sys::thread::unix::Thread>::new::thread_start
[INFO] [stdout]   18:     0x741914c00dfa - <unknown>
[INFO] [stdout]   19:     0x741914c943d4 - clone
[INFO] [stdout]   20:                0x0 - <unknown>
[INFO] [stdout] 
[INFO] [stdout] ---- conn::test::my_conn::should_return_error_on_missing_named_parameter stdout ----
[INFO] [stdout] 
[INFO] [stdout] thread 'conn::test::my_conn::should_return_error_on_missing_named_parameter' (2137) panicked at src/conn/mod.rs:2429:50:
[INFO] [stdout] called `Result::unwrap()` on an `Err` value: DriverError { Could not connect to address `localhost:3307': Connection refused (os error 111) }
[INFO] [stdout] stack backtrace:
[INFO] [stdout]    0:     0x576f64e22f31 - <<std[617be2ca0a6fd877]::sys::backtrace::BacktraceLock>::print::DisplayBacktrace as core[a373ad73a504971]::fmt::Display>::fmt
[INFO] [stdout]    1:     0x576f64e3a95a - core[a373ad73a504971]::fmt::write
[INFO] [stdout]    2:     0x576f64e277ec - <alloc[2e1b2a31b91974c5]::vec::Vec<u8> as core[a373ad73a504971]::io::write::Write>::write_fmt
[INFO] [stdout]    3:     0x576f64dfde66 - std[617be2ca0a6fd877]::panicking::default_hook::{closure#0}
[INFO] [stdout]    4:     0x576f64e1ab89 - std[617be2ca0a6fd877]::panicking::default_hook
[INFO] [stdout]    5:     0x576f64c8a6c0 - test[aada8e7e76ba119b]::test_main_inner::{closure#0}
[INFO] [stdout]    6:     0x576f64e1ad42 - std[617be2ca0a6fd877]::panicking::panic_with_hook
[INFO] [stdout]    7:     0x576f64dfdf12 - std[617be2ca0a6fd877]::panicking::panic_handler::{closure#0}
[INFO] [stdout]    8:     0x576f64df6b79 - std[617be2ca0a6fd877]::sys::backtrace::__rust_end_short_backtrace::<std[617be2ca0a6fd877]::panicking::panic_handler::{closure#0}, !>
[INFO] [stdout]    9:     0x576f64dfed0d - __rustc[ea4f61d10b84890b]::rust_begin_unwind
[INFO] [stdout]   10:     0x576f64e3b13c - core[a373ad73a504971]::panicking::panic_fmt
[INFO] [stdout]   11:     0x576f64e3af12 - core[a373ad73a504971]::result::unwrap_failed
[INFO] [stdout]   12:     0x576f64c0b9d2 - <mysql[729a7c11be98db0f]::conn::test::my_conn::should_return_error_on_missing_named_parameter::{closure#0} as core[a373ad73a504971]::ops::function::FnOnce<()>>::call_once
[INFO] [stdout]   13:     0x576f64c7db0b - test[aada8e7e76ba119b]::__rust_begin_short_backtrace::<core[a373ad73a504971]::result::Result<(), alloc[2e1b2a31b91974c5]::string::String>, fn() -> core[a373ad73a504971]::result::Result<(), alloc[2e1b2a31b91974c5]::string::String>>
[INFO] [stdout]   14:     0x576f64c8ace5 - test[aada8e7e76ba119b]::run_test::{closure#0}
[INFO] [stdout]   15:     0x576f64c845d4 - std[617be2ca0a6fd877]::sys::backtrace::__rust_begin_short_backtrace::<test[aada8e7e76ba119b]::run_test::{closure#1}, ()>
[INFO] [stdout]   16:     0x576f64c8dd72 - <std[617be2ca0a6fd877]::thread::lifecycle::spawn_unchecked<test[aada8e7e76ba119b]::run_test::{closure#1}, ()>::{closure#1} as core[a373ad73a504971]::ops::function::FnOnce<()>>::call_once::{shim:vtable#0}
[INFO] [stdout]   17:     0x576f64e21fcf - <std[617be2ca0a6fd877]::sys::thread::unix::Thread>::new::thread_start
[INFO] [stdout]   18:     0x741914c00dfa - <unknown>
[INFO] [stdout]   19:     0x741914c943d4 - clone
[INFO] [stdout]   20:                0x0 - <unknown>
[INFO] [stdout] 
[INFO] [stdout] ---- conn::test::my_conn::should_set_connect_attrs stdout ----
[INFO] [stdout] 
[INFO] [stdout] thread 'conn::test::my_conn::should_set_connect_attrs' (2141) panicked at src/conn/mod.rs:2638:44:
[INFO] [stdout] called `Result::unwrap()` on an `Err` value: DriverError { Could not connect to address `localhost:3307': Connection refused (os error 111) }
[INFO] [stdout] stack backtrace:
[INFO] [stdout]    0:     0x576f64e22f31 - <<std[617be2ca0a6fd877]::sys::backtrace::BacktraceLock>::print::DisplayBacktrace as core[a373ad73a504971]::fmt::Display>::fmt
[INFO] [stdout]    1:     0x576f64e3a95a - core[a373ad73a504971]::fmt::write
[INFO] [stdout]    2:     0x576f64e277ec - <alloc[2e1b2a31b91974c5]::vec::Vec<u8> as core[a373ad73a504971]::io::write::Write>::write_fmt
[INFO] [stdout]    3:     0x576f64dfde66 - std[617be2ca0a6fd877]::panicking::default_hook::{closure#0}
[INFO] [stdout]    4:     0x576f64e1ab89 - std[617be2ca0a6fd877]::panicking::default_hook
[INFO] [stdout]    5:     0x576f64c8a6c0 - test[aada8e7e76ba119b]::test_main_inner::{closure#0}
[INFO] [stdout]    6:     0x576f64e1ad42 - std[617be2ca0a6fd877]::panicking::panic_with_hook
[INFO] [stdout]    7:     0x576f64dfdf12 - std[617be2ca0a6fd877]::panicking::panic_handler::{closure#0}
[INFO] [stdout]    8:     0x576f64df6b79 - std[617be2ca0a6fd877]::sys::backtrace::__rust_end_short_backtrace::<std[617be2ca0a6fd877]::panicking::panic_handler::{closure#0}, !>
[INFO] [stdout]    9:     0x576f64dfed0d - __rustc[ea4f61d10b84890b]::rust_begin_unwind
[INFO] [stdout]   10:     0x576f64e3b13c - core[a373ad73a504971]::panicking::panic_fmt
[INFO] [stdout]   11:     0x576f64e3af12 - core[a373ad73a504971]::result::unwrap_failed
[INFO] [stdout]   12:     0x576f64bfd70e - <mysql[729a7c11be98db0f]::conn::test::my_conn::should_set_connect_attrs::{closure#0} as core[a373ad73a504971]::ops::function::FnOnce<()>>::call_once
[INFO] [stdout]   13:     0x576f64c7db0b - test[aada8e7e76ba119b]::__rust_begin_short_backtrace::<core[a373ad73a504971]::result::Result<(), alloc[2e1b2a31b91974c5]::string::String>, fn() -> core[a373ad73a504971]::result::Result<(), alloc[2e1b2a31b91974c5]::string::String>>
[INFO] [stdout]   14:     0x576f64c8ace5 - test[aada8e7e76ba119b]::run_test::{closure#0}
[INFO] [stdout]   15:     0x576f64c845d4 - std[617be2ca0a6fd877]::sys::backtrace::__rust_begin_short_backtrace::<test[aada8e7e76ba119b]::run_test::{closure#1}, ()>
[INFO] [stdout]   16:     0x576f64c8dd72 - <std[617be2ca0a6fd877]::thread::lifecycle::spawn_unchecked<test[aada8e7e76ba119b]::run_test::{closure#1}, ()>::{closure#1} as core[a373ad73a504971]::ops::function::FnOnce<()>>::call_once::{shim:vtable#0}
[INFO] [stdout]   17:     0x576f64e21fcf - <std[617be2ca0a6fd877]::sys::thread::unix::Thread>::new::thread_start
[INFO] [stdout]   18:     0x741914c00dfa - <unknown>
[INFO] [stdout]   19:     0x741914c943d4 - clone
[INFO] [stdout]   20:                0x0 - <unknown>
[INFO] [stdout] 
[INFO] [stdout] ---- conn::test::my_conn::should_return_error_on_named_params_for_positional_statement stdout ----
[INFO] [stdout] 
[INFO] [stdout] thread 'conn::test::my_conn::should_return_error_on_named_params_for_positional_statement' (2138) panicked at src/conn/mod.rs:2444:50:
[INFO] [stdout] called `Result::unwrap()` on an `Err` value: DriverError { Could not connect to address `localhost:3307': Connection refused (os error 111) }
[INFO] [stdout] stack backtrace:
[INFO] [stdout]    0:     0x576f64e22f31 - <<std[617be2ca0a6fd877]::sys::backtrace::BacktraceLock>::print::DisplayBacktrace as core[a373ad73a504971]::fmt::Display>::fmt
[INFO] [stdout]    1:     0x576f64e3a95a - core[a373ad73a504971]::fmt::write
[INFO] [stdout]    2:     0x576f64e277ec - <alloc[2e1b2a31b91974c5]::vec::Vec<u8> as core[a373ad73a504971]::io::write::Write>::write_fmt
[INFO] [stdout]    3:     0x576f64dfde66 - std[617be2ca0a6fd877]::panicking::default_hook::{closure#0}
[INFO] [stdout]    4:     0x576f64e1ab89 - std[617be2ca0a6fd877]::panicking::default_hook
[INFO] [stdout]    5:     0x576f64c8a6c0 - test[aada8e7e76ba119b]::test_main_inner::{closure#0}
[INFO] [stdout]    6:     0x576f64e1ad42 - std[617be2ca0a6fd877]::panicking::panic_with_hook
[INFO] [stdout]    7:     0x576f64dfdf12 - std[617be2ca0a6fd877]::panicking::panic_handler::{closure#0}
[INFO] [stdout]    8:     0x576f64df6b79 - std[617be2ca0a6fd877]::sys::backtrace::__rust_end_short_backtrace::<std[617be2ca0a6fd877]::panicking::panic_handler::{closure#0}, !>
[INFO] [stdout]    9:     0x576f64dfed0d - __rustc[ea4f61d10b84890b]::rust_begin_unwind
[INFO] [stdout]   10:     0x576f64e3b13c - core[a373ad73a504971]::panicking::panic_fmt
[INFO] [stdout]   11:     0x576f64e3af12 - core[a373ad73a504971]::result::unwrap_failed
[INFO] [stdout]   12:     0x576f64c0cc21 - <mysql[729a7c11be98db0f]::conn::test::my_conn::should_return_error_on_named_params_for_positional_statement::{closure#0} as core[a373ad73a504971]::ops::function::FnOnce<()>>::call_once
[INFO] [stdout]   13:     0x576f64c7db0b - test[aada8e7e76ba119b]::__rust_begin_short_backtrace::<core[a373ad73a504971]::result::Result<(), alloc[2e1b2a31b91974c5]::string::String>, fn() -> core[a373ad73a504971]::result::Result<(), alloc[2e1b2a31b91974c5]::string::String>>
[INFO] [stdout]   14:     0x576f64c8ace5 - test[aada8e7e76ba119b]::run_test::{closure#0}
[INFO] [stdout]   15:     0x576f64c845d4 - std[617be2ca0a6fd877]::sys::backtrace::__rust_begin_short_backtrace::<test[aada8e7e76ba119b]::run_test::{closure#1}, ()>
[INFO] [stdout]   16:     0x576f64c8dd72 - <std[617be2ca0a6fd877]::thread::lifecycle::spawn_unchecked<test[aada8e7e76ba119b]::run_test::{closure#1}, ()>::{closure#1} as core[a373ad73a504971]::ops::function::FnOnce<()>>::call_once::{shim:vtable#0}
[INFO] [stdout]   17:     0x576f64e21fcf - <std[617be2ca0a6fd877]::sys::thread::unix::Thread>::new::thread_start
[INFO] [stdout]   18:     0x741914c00dfa - <unknown>
[INFO] [stdout]   19:     0x741914c943d4 - clone
[INFO] [stdout]   20:                0x0 - <unknown>
[INFO] [stdout] 
[INFO] [stdout] ---- conn::test::my_conn::should_connect_via_socket_localhost stdout ----
[INFO] [stdout] 
[INFO] [stdout] thread 'conn::test::my_conn::should_connect_via_socket_localhost' (2121) panicked at src/conn/mod.rs:2213:44:
[INFO] [stdout] called `Result::unwrap()` on an `Err` value: DriverError { Could not connect to address `localhost:3307': Connection refused (os error 111) }
[INFO] [stdout] stack backtrace:
[INFO] [stdout]    0:     0x576f64e22f31 - <<std[617be2ca0a6fd877]::sys::backtrace::BacktraceLock>::print::DisplayBacktrace as core[a373ad73a504971]::fmt::Display>::fmt
[INFO] [stdout]    1:     0x576f64e3a95a - core[a373ad73a504971]::fmt::write
[INFO] [stdout]    2:     0x576f64e277ec - <alloc[2e1b2a31b91974c5]::vec::Vec<u8> as core[a373ad73a504971]::io::write::Write>::write_fmt
[INFO] [stdout]    3:     0x576f64dfde66 - std[617be2ca0a6fd877]::panicking::default_hook::{closure#0}
[INFO] [stdout]    4:     0x576f64e1ab89 - std[617be2ca0a6fd877]::panicking::default_hook
[INFO] [stdout]    5:     0x576f64c8a6c0 - test[aada8e7e76ba119b]::test_main_inner::{closure#0}
[INFO] [stdout]    6:     0x576f64e1ad42 - std[617be2ca0a6fd877]::panicking::panic_with_hook
[INFO] [stdout]    7:     0x576f64dfdf12 - std[617be2ca0a6fd877]::panicking::panic_handler::{closure#0}
[INFO] [stdout]    8:     0x576f64df6b79 - std[617be2ca0a6fd877]::sys::backtrace::__rust_end_short_backtrace::<std[617be2ca0a6fd877]::panicking::panic_handler::{closure#0}, !>
[INFO] [stdout]    9:     0x576f64dfed0d - __rustc[ea4f61d10b84890b]::rust_begin_unwind
[INFO] [stdout]   10:     0x576f64e3b13c - core[a373ad73a504971]::panicking::panic_fmt
[INFO] [stdout]   11:     0x576f64e3af12 - core[a373ad73a504971]::result::unwrap_failed
[INFO] [stdout]   12:     0x576f64c03f2f - <mysql[729a7c11be98db0f]::conn::test::my_conn::should_connect_via_socket_localhost::{closure#0} as core[a373ad73a504971]::ops::function::FnOnce<()>>::call_once
[INFO] [stdout]   13:     0x576f64c7db0b - test[aada8e7e76ba119b]::__rust_begin_short_backtrace::<core[a373ad73a504971]::result::Result<(), alloc[2e1b2a31b91974c5]::string::String>, fn() -> core[a373ad73a504971]::result::Result<(), alloc[2e1b2a31b91974c5]::string::String>>
[INFO] [stdout]   14:     0x576f64c8ace5 - test[aada8e7e76ba119b]::run_test::{closure#0}
[INFO] [stdout]   15:     0x576f64c845d4 - std[617be2ca0a6fd877]::sys::backtrace::__rust_begin_short_backtrace::<test[aada8e7e76ba119b]::run_test::{closure#1}, ()>
[INFO] [stdout]   16:     0x576f64c8dd72 - <std[617be2ca0a6fd877]::thread::lifecycle::spawn_unchecked<test[aada8e7e76ba119b]::run_test::{closure#1}, ()>::{closure#1} as core[a373ad73a504971]::ops::function::FnOnce<()>>::call_once::{shim:vtable#0}
[INFO] [stdout]   17:     0x576f64e21fcf - <std[617be2ca0a6fd877]::sys::thread::unix::Thread>::new::thread_start
[INFO] [stdout]   18:     0x741914c00dfa - <unknown>
[INFO] [stdout]   19:     0x741914c943d4 - clone
[INFO] [stdout]   20:                0x0 - <unknown>
[INFO] [stdout] 
[INFO] [stdout] ---- conn::test::my_conn::should_not_cache_statements_if_stmt_cache_size_is_zero stdout ----
[INFO] [stdout] 
[INFO] [stdout] thread 'conn::test::my_conn::should_not_cache_statements_if_stmt_cache_size_is_zero' (2133) panicked at src/conn/mod.rs:2533:44:
[INFO] [stdout] called `Result::unwrap()` on an `Err` value: DriverError { Could not connect to address `localhost:3307': Connection refused (os error 111) }
[INFO] [stdout] stack backtrace:
[INFO] [stdout]    0:     0x576f64e22f31 - <<std[617be2ca0a6fd877]::sys::backtrace::BacktraceLock>::print::DisplayBacktrace as core[a373ad73a504971]::fmt::Display>::fmt
[INFO] [stdout]    1:     0x576f64e3a95a - core[a373ad73a504971]::fmt::write
[INFO] [stdout]    2:     0x576f64e277ec - <alloc[2e1b2a31b91974c5]::vec::Vec<u8> as core[a373ad73a504971]::io::write::Write>::write_fmt
[INFO] [stdout]    3:     0x576f64dfde66 - std[617be2ca0a6fd877]::panicking::default_hook::{closure#0}
[INFO] [stdout]    4:     0x576f64e1ab89 - std[617be2ca0a6fd877]::panicking::default_hook
[INFO] [stdout]    5:     0x576f64c8a6c0 - test[aada8e7e76ba119b]::test_main_inner::{closure#0}
[INFO] [stdout]    6:     0x576f64e1ad42 - std[617be2ca0a6fd877]::panicking::panic_with_hook
[INFO] [stdout]    7:     0x576f64dfdf12 - std[617be2ca0a6fd877]::panicking::panic_handler::{closure#0}
[INFO] [stdout]    8:     0x576f64df6b79 - std[617be2ca0a6fd877]::sys::backtrace::__rust_end_short_backtrace::<std[617be2ca0a6fd877]::panicking::panic_handler::{closure#0}, !>
[INFO] [stdout]    9:     0x576f64dfed0d - __rustc[ea4f61d10b84890b]::rust_begin_unwind
[INFO] [stdout]   10:     0x576f64e3b13c - core[a373ad73a504971]::panicking::panic_fmt
[INFO] [stdout]   11:     0x576f64e3af12 - core[a373ad73a504971]::result::unwrap_failed
[INFO] [stdout]   12:     0x576f64c0c2f0 - <mysql[729a7c11be98db0f]::conn::test::my_conn::should_not_cache_statements_if_stmt_cache_size_is_zero::{closure#0} as core[a373ad73a504971]::ops::function::FnOnce<()>>::call_once
[INFO] [stdout]   13:     0x576f64c7db0b - test[aada8e7e76ba119b]::__rust_begin_short_backtrace::<core[a373ad73a504971]::result::Result<(), alloc[2e1b2a31b91974c5]::string::String>, fn() -> core[a373ad73a504971]::result::Result<(), alloc[2e1b2a31b91974c5]::string::String>>
[INFO] [stdout]   14:     0x576f64c8ace5 - test[aada8e7e76ba119b]::run_test::{closure#0}
[INFO] [stdout]   15:     0x576f64c845d4 - std[617be2ca0a6fd877]::sys::backtrace::__rust_begin_short_backtrace::<test[aada8e7e76ba119b]::run_test::{closure#1}, ()>
[INFO] [stdout]   16:     0x576f64c8dd72 - <std[617be2ca0a6fd877]::thread::lifecycle::spawn_unchecked<test[aada8e7e76ba119b]::run_test::{closure#1}, ()>::{closure#1} as core[a373ad73a504971]::ops::function::FnOnce<()>>::call_once::{shim:vtable#0}
[INFO] [stdout]   17:     0x576f64e21fcf - <std[617be2ca0a6fd877]::sys::thread::unix::Thread>::new::thread_start
[INFO] [stdout]   18:     0x741914c00dfa - <unknown>
[INFO] [stdout]   19:     0x741914c943d4 - clone
[INFO] [stdout]   20:                0x0 - <unknown>
[INFO] [stdout] 
[INFO] [stdout] ---- conn::test::my_conn::should_work_with_named_params stdout ----
[INFO] [stdout] 
[INFO] [stdout] thread 'conn::test::my_conn::should_work_with_named_params' (2143) panicked at src/conn/mod.rs:2403:50:
[INFO] [stdout] called `Result::unwrap()` on an `Err` value: DriverError { Could not connect to address `localhost:3307': Connection refused (os error 111) }
[INFO] [stdout] stack backtrace:
[INFO] [stdout]    0:     0x576f64e22f31 - <<std[617be2ca0a6fd877]::sys::backtrace::BacktraceLock>::print::DisplayBacktrace as core[a373ad73a504971]::fmt::Display>::fmt
[INFO] [stdout]    1:     0x576f64e3a95a - core[a373ad73a504971]::fmt::write
[INFO] [stdout]    2:     0x576f64e277ec - <alloc[2e1b2a31b91974c5]::vec::Vec<u8> as core[a373ad73a504971]::io::write::Write>::write_fmt
[INFO] [stdout]    3:     0x576f64dfde66 - std[617be2ca0a6fd877]::panicking::default_hook::{closure#0}
[INFO] [stdout]    4:     0x576f64e1ab89 - std[617be2ca0a6fd877]::panicking::default_hook
[INFO] [stdout]    5:     0x576f64c8a6c0 - test[aada8e7e76ba119b]::test_main_inner::{closure#0}
[INFO] [stdout]    6:     0x576f64e1ad42 - std[617be2ca0a6fd877]::panicking::panic_with_hook
[INFO] [stdout]    7:     0x576f64dfdf12 - std[617be2ca0a6fd877]::panicking::panic_handler::{closure#0}
[INFO] [stdout]    8:     0x576f64df6b79 - std[617be2ca0a6fd877]::sys::backtrace::__rust_end_short_backtrace::<std[617be2ca0a6fd877]::panicking::panic_handler::{closure#0}, !>
[INFO] [stdout]    9:     0x576f64dfed0d - __rustc[ea4f61d10b84890b]::rust_begin_unwind
[INFO] [stdout]   10:     0x576f64e3b13c - core[a373ad73a504971]::panicking::panic_fmt
[INFO] [stdout]   11:     0x576f64e3af12 - core[a373ad73a504971]::result::unwrap_failed
[INFO] [stdout]   12:     0x576f64c0078e - <mysql[729a7c11be98db0f]::conn::test::my_conn::should_work_with_named_params::{closure#0} as core[a373ad73a504971]::ops::function::FnOnce<()>>::call_once
[INFO] [stdout]   13:     0x576f64c7db0b - test[aada8e7e76ba119b]::__rust_begin_short_backtrace::<core[a373ad73a504971]::result::Result<(), alloc[2e1b2a31b91974c5]::string::String>, fn() -> core[a373ad73a504971]::result::Result<(), alloc[2e1b2a31b91974c5]::string::String>>
[INFO] [stdout]   14:     0x576f64c8ace5 - test[aada8e7e76ba119b]::run_test::{closure#0}
[INFO] [stdout]   15:     0x576f64c845d4 - std[617be2ca0a6fd877]::sys::backtrace::__rust_begin_short_backtrace::<test[aada8e7e76ba119b]::run_test::{closure#1}, ()>
[INFO] [stdout]   16:     0x576f64c8dd72 - <std[617be2ca0a6fd877]::thread::lifecycle::spawn_unchecked<test[aada8e7e76ba119b]::run_test::{closure#1}, ()>::{closure#1} as core[a373ad73a504971]::ops::function::FnOnce<()>>::call_once::{shim:vtable#0}
[INFO] [stdout]   17:     0x576f64e21fcf - <std[617be2ca0a6fd877]::sys::thread::unix::Thread>::new::thread_start
[INFO] [stdout]   18:     0x741914c00dfa - <unknown>
[INFO] [stdout]   19:     0x741914c943d4 - clone
[INFO] [stdout]   20:                0x0 - <unknown>
[INFO] [stdout] 
[INFO] [stdout] ---- conn::test::my_conn::should_hold_stmt_cache_size_bounds stdout ----
[INFO] [stdout] 
[INFO] [stdout] thread 'conn::test::my_conn::should_hold_stmt_cache_size_bounds' (2132) panicked at src/conn/mod.rs:2553:44:
[INFO] [stdout] called `Result::unwrap()` on an `Err` value: DriverError { Could not connect to address `localhost:3307': Connection refused (os error 111) }
[INFO] [stdout] stack backtrace:
[INFO] [stdout]    0:     0x576f64e22f31 - <<std[617be2ca0a6fd877]::sys::backtrace::BacktraceLock>::print::DisplayBacktrace as core[a373ad73a504971]::fmt::Display>::fmt
[INFO] [stdout]    1:     0x576f64e3a95a - core[a373ad73a504971]::fmt::write
[INFO] [stdout]    2:     0x576f64e277ec - <alloc[2e1b2a31b91974c5]::vec::Vec<u8> as core[a373ad73a504971]::io::write::Write>::write_fmt
[INFO] [stdout]    3:     0x576f64dfde66 - std[617be2ca0a6fd877]::panicking::default_hook::{closure#0}
[INFO] [stdout]    4:     0x576f64e1ab89 - std[617be2ca0a6fd877]::panicking::default_hook
[INFO] [stdout]    5:     0x576f64c8a6c0 - test[aada8e7e76ba119b]::test_main_inner::{closure#0}
[INFO] [stdout]    6:     0x576f64e1ad42 - std[617be2ca0a6fd877]::panicking::panic_with_hook
[INFO] [stdout]    7:     0x576f64dfdf12 - std[617be2ca0a6fd877]::panicking::panic_handler::{closure#0}
[INFO] [stdout]    8:     0x576f64df6b79 - std[617be2ca0a6fd877]::sys::backtrace::__rust_end_short_backtrace::<std[617be2ca0a6fd877]::panicking::panic_handler::{closure#0}, !>
[INFO] [stdout]    9:     0x576f64dfed0d - __rustc[ea4f61d10b84890b]::rust_begin_unwind
[INFO] [stdout]   10:     0x576f64e3b13c - core[a373ad73a504971]::panicking::panic_fmt
[INFO] [stdout]   11:     0x576f64e3af12 - core[a373ad73a504971]::result::unwrap_failed
[INFO] [stdout]   12:     0x576f64c03268 - <mysql[729a7c11be98db0f]::conn::test::my_conn::should_hold_stmt_cache_size_bounds::{closure#0} as core[a373ad73a504971]::ops::function::FnOnce<()>>::call_once
[INFO] [stdout]   13:     0x576f64c7db0b - test[aada8e7e76ba119b]::__rust_begin_short_backtrace::<core[a373ad73a504971]::result::Result<(), alloc[2e1b2a31b91974c5]::string::String>, fn() -> core[a373ad73a504971]::result::Result<(), alloc[2e1b2a31b91974c5]::string::String>>
[INFO] [stdout]   14:     0x576f64c8ace5 - test[aada8e7e76ba119b]::run_test::{closure#0}
[INFO] [stdout]   15:     0x576f64c845d4 - std[617be2ca0a6fd877]::sys::backtrace::__rust_begin_short_backtrace::<test[aada8e7e76ba119b]::run_test::{closure#1}, ()>
[INFO] [stdout]   16:     0x576f64c8dd72 - <std[617be2ca0a6fd877]::thread::lifecycle::spawn_unchecked<test[aada8e7e76ba119b]::run_test::{closure#1}, ()>::{closure#1} as core[a373ad73a504971]::ops::function::FnOnce<()>>::call_once::{shim:vtable#0}
[INFO] [stdout]   17:     0x576f64e21fcf - <std[617be2ca0a6fd877]::sys::thread::unix::Thread>::new::thread_start
[INFO] [stdout]   18:     0x741914c00dfa - <unknown>
[INFO] [stdout]   19:     0x741914c943d4 - clone
[INFO] [stdout]   20:                0x0 - <unknown>
[INFO] [stdout] 
[INFO] [stdout] ---- conn::test::my_conn::should_start_commit_and_rollback_transactions stdout ----
[INFO] [stdout] 
[INFO] [stdout] thread 'conn::test::my_conn::should_start_commit_and_rollback_transactions' (2142) panicked at src/conn/mod.rs:1877:50:
[INFO] [stdout] called `Result::unwrap()` on an `Err` value: DriverError { Could not connect to address `localhost:3307': Connection refused (os error 111) }
[INFO] [stdout] stack backtrace:
[INFO] [stdout]    0:     0x576f64e22f31 - <<std[617be2ca0a6fd877]::sys::backtrace::BacktraceLock>::print::DisplayBacktrace as core[a373ad73a504971]::fmt::Display>::fmt
[INFO] [stdout]    1:     0x576f64e3a95a - core[a373ad73a504971]::fmt::write
[INFO] [stdout]    2:     0x576f64e277ec - <alloc[2e1b2a31b91974c5]::vec::Vec<u8> as core[a373ad73a504971]::io::write::Write>::write_fmt
[INFO] [stdout]    3:     0x576f64dfde66 - std[617be2ca0a6fd877]::panicking::default_hook::{closure#0}
[INFO] [stdout]    4:     0x576f64e1ab89 - std[617be2ca0a6fd877]::panicking::default_hook
[INFO] [stdout]    5:     0x576f64c8a6c0 - test[aada8e7e76ba119b]::test_main_inner::{closure#0}
[INFO] [stdout]    6:     0x576f64e1ad42 - std[617be2ca0a6fd877]::panicking::panic_with_hook
[INFO] [stdout]    7:     0x576f64dfdf12 - std[617be2ca0a6fd877]::panicking::panic_handler::{closure#0}
[INFO] [stdout]    8:     0x576f64df6b79 - std[617be2ca0a6fd877]::sys::backtrace::__rust_end_short_backtrace::<std[617be2ca0a6fd877]::panicking::panic_handler::{closure#0}, !>
[INFO] [stdout]    9:     0x576f64dfed0d - __rustc[ea4f61d10b84890b]::rust_begin_unwind
[INFO] [stdout]   10:     0x576f64e3b13c - core[a373ad73a504971]::panicking::panic_fmt
[INFO] [stdout]   11:     0x576f64e3af12 - core[a373ad73a504971]::result::unwrap_failed
[INFO] [stdout]   12:     0x576f64c099e1 - <mysql[729a7c11be98db0f]::conn::test::my_conn::should_start_commit_and_rollback_transactions::{closure#0} as core[a373ad73a504971]::ops::function::FnOnce<()>>::call_once
[INFO] [stdout]   13:     0x576f64c7db0b - test[aada8e7e76ba119b]::__rust_begin_short_backtrace::<core[a373ad73a504971]::result::Result<(), alloc[2e1b2a31b91974c5]::string::String>, fn() -> core[a373ad73a504971]::result::Result<(), alloc[2e1b2a31b91974c5]::string::String>>
[INFO] [stdout]   14:     0x576f64c8ace5 - test[aada8e7e76ba119b]::run_test::{closure#0}
[INFO] [stdout]   15:     0x576f64c845d4 - std[617be2ca0a6fd877]::sys::backtrace::__rust_begin_short_backtrace::<test[aada8e7e76ba119b]::run_test::{closure#1}, ()>
[INFO] [stdout]   16:     0x576f64c8dd72 - <std[617be2ca0a6fd877]::thread::lifecycle::spawn_unchecked<test[aada8e7e76ba119b]::run_test::{closure#1}, ()>::{closure#1} as core[a373ad73a504971]::ops::function::FnOnce<()>>::call_once::{shim:vtable#0}
[INFO] [stdout]   17:     0x576f64e21fcf - <std[617be2ca0a6fd877]::sys::thread::unix::Thread>::new::thread_start
[INFO] [stdout]   18:     0x741914c00dfa - <unknown>
[INFO] [stdout]   19:     0x741914c943d4 - clone
[INFO] [stdout]   20:                0x0 - <unknown>
[INFO] [stdout] 
[INFO] [stdout] ---- conn::test::my_conn::should_handle_multi_result_set stdout ----
[INFO] [stdout] 
[INFO] [stdout] thread 'conn::test::my_conn::should_handle_multi_result_set' (2130) panicked at src/conn/mod.rs:2309:44:
[INFO] [stdout] called `Result::unwrap()` on an `Err` value: DriverError { Could not connect to address `localhost:3307': Connection refused (os error 111) }
[INFO] [stdout] stack backtrace:
[INFO] [stdout]    0:     0x576f64e22f31 - <<std[617be2ca0a6fd877]::sys::backtrace::BacktraceLock>::print::DisplayBacktrace as core[a373ad73a504971]::fmt::Display>::fmt
[INFO] [stdout]    1:     0x576f64e3a95a - core[a373ad73a504971]::fmt::write
[INFO] [stdout]    2:     0x576f64e277ec - <alloc[2e1b2a31b91974c5]::vec::Vec<u8> as core[a373ad73a504971]::io::write::Write>::write_fmt
[INFO] [stdout]    3:     0x576f64dfde66 - std[617be2ca0a6fd877]::panicking::default_hook::{closure#0}
[INFO] [stdout]    4:     0x576f64e1ab89 - std[617be2ca0a6fd877]::panicking::default_hook
[INFO] [stdout]    5:     0x576f64c8a6c0 - test[aada8e7e76ba119b]::test_main_inner::{closure#0}
[INFO] [stdout]    6:     0x576f64e1ad42 - std[617be2ca0a6fd877]::panicking::panic_with_hook
[INFO] [stdout]    7:     0x576f64dfdf12 - std[617be2ca0a6fd877]::panicking::panic_handler::{closure#0}
[INFO] [stdout]    8:     0x576f64df6b79 - std[617be2ca0a6fd877]::sys::backtrace::__rust_end_short_backtrace::<std[617be2ca0a6fd877]::panicking::panic_handler::{closure#0}, !>
[INFO] [stdout]    9:     0x576f64dfed0d - __rustc[ea4f61d10b84890b]::rust_begin_unwind
[INFO] [stdout]   10:     0x576f64e3b13c - core[a373ad73a504971]::panicking::panic_fmt
[INFO] [stdout]   11:     0x576f64e3af12 - core[a373ad73a504971]::result::unwrap_failed
[INFO] [stdout]   12:     0x576f64c01c39 - <mysql[729a7c11be98db0f]::conn::test::my_conn::should_handle_multi_result_set::{closure#0} as core[a373ad73a504971]::ops::function::FnOnce<()>>::call_once
[INFO] [stdout]   13:     0x576f64c7db0b - test[aada8e7e76ba119b]::__rust_begin_short_backtrace::<core[a373ad73a504971]::result::Result<(), alloc[2e1b2a31b91974c5]::string::String>, fn() -> core[a373ad73a504971]::result::Result<(), alloc[2e1b2a31b91974c5]::string::String>>
[INFO] [stdout]   14:     0x576f64c8ace5 - test[aada8e7e76ba119b]::run_test::{closure#0}
[INFO] [stdout]   15:     0x576f64c845d4 - std[617be2ca0a6fd877]::sys::backtrace::__rust_begin_short_backtrace::<test[aada8e7e76ba119b]::run_test::{closure#1}, ()>
[INFO] [stdout]   16:     0x576f64c8dd72 - <std[617be2ca0a6fd877]::thread::lifecycle::spawn_unchecked<test[aada8e7e76ba119b]::run_test::{closure#1}, ()>::{closure#1} as core[a373ad73a504971]::ops::function::FnOnce<()>>::call_once::{shim:vtable#0}
[INFO] [stdout]   17:     0x576f64e21fcf - <std[617be2ca0a6fd877]::sys::thread::unix::Thread>::new::thread_start
[INFO] [stdout]   18:     0x741914c00dfa - <unknown>
[INFO] [stdout]   19:     0x741914c943d4 - clone
[INFO] [stdout]   20:                0x0 - <unknown>
[INFO] [stdout] 
[INFO] [stdout] ---- conn::test::my_conn::should_handle_tcp_connect_timeout stdout ----
[INFO] [stdout] 
[INFO] [stdout] thread 'conn::test::my_conn::should_handle_tcp_connect_timeout' (2131) panicked at src/conn/mod.rs:2462:37:
[INFO] [stdout] called `Result::unwrap()` on an `Err` value: DriverError { Could not connect to address `localhost:3307': Connection refused (os error 111) }
[INFO] [stdout] stack backtrace:
[INFO] [stdout]    0:     0x576f64e22f31 - <<std[617be2ca0a6fd877]::sys::backtrace::BacktraceLock>::print::DisplayBacktrace as core[a373ad73a504971]::fmt::Display>::fmt
[INFO] [stdout]    1:     0x576f64e3a95a - core[a373ad73a504971]::fmt::write
[INFO] [stdout]    2:     0x576f64e277ec - <alloc[2e1b2a31b91974c5]::vec::Vec<u8> as core[a373ad73a504971]::io::write::Write>::write_fmt
[INFO] [stdout]    3:     0x576f64dfde66 - std[617be2ca0a6fd877]::panicking::default_hook::{closure#0}
[INFO] [stdout]    4:     0x576f64e1ab89 - std[617be2ca0a6fd877]::panicking::default_hook
[INFO] [stdout]    5:     0x576f64c8a6c0 - test[aada8e7e76ba119b]::test_main_inner::{closure#0}
[INFO] [stdout]    6:     0x576f64e1ad42 - std[617be2ca0a6fd877]::panicking::panic_with_hook
[INFO] [stdout]    7:     0x576f64dfdf12 - std[617be2ca0a6fd877]::panicking::panic_handler::{closure#0}
[INFO] [stdout]    8:     0x576f64df6b79 - std[617be2ca0a6fd877]::sys::backtrace::__rust_end_short_backtrace::<std[617be2ca0a6fd877]::panicking::panic_handler::{closure#0}, !>
[INFO] [stdout]    9:     0x576f64dfed0d - __rustc[ea4f61d10b84890b]::rust_begin_unwind
[INFO] [stdout]   10:     0x576f64e3b13c - core[a373ad73a504971]::panicking::panic_fmt
[INFO] [stdout]   11:     0x576f64e3af12 - core[a373ad73a504971]::result::unwrap_failed
[INFO] [stdout]   12:     0x576f64c02e12 - <mysql[729a7c11be98db0f]::conn::test::my_conn::should_handle_tcp_connect_timeout::{closure#0} as core[a373ad73a504971]::ops::function::FnOnce<()>>::call_once
[INFO] [stdout]   13:     0x576f64c7db0b - test[aada8e7e76ba119b]::__rust_begin_short_backtrace::<core[a373ad73a504971]::result::Result<(), alloc[2e1b2a31b91974c5]::string::String>, fn() -> core[a373ad73a504971]::result::Result<(), alloc[2e1b2a31b91974c5]::string::String>>
[INFO] [stdout]   14:     0x576f64c8ace5 - test[aada8e7e76ba119b]::run_test::{closure#0}
[INFO] [stdout]   15:     0x576f64c845d4 - std[617be2ca0a6fd877]::sys::backtrace::__rust_begin_short_backtrace::<test[aada8e7e76ba119b]::run_test::{closure#1}, ()>
[INFO] [stdout]   16:     0x576f64c8dd72 - <std[617be2ca0a6fd877]::thread::lifecycle::spawn_unchecked<test[aada8e7e76ba119b]::run_test::{closure#1}, ()>::{closure#1} as core[a373ad73a504971]::ops::function::FnOnce<()>>::call_once::{shim:vtable#0}
[INFO] [stdout]   17:     0x576f64e21fcf - <std[617be2ca0a6fd877]::sys::thread::unix::Thread>::new::thread_start
[INFO] [stdout]   18:     0x741914c00dfa - <unknown>
[INFO] [stdout]   19:     0x741914c943d4 - clone
[INFO] [stdout]   20:                0x0 - <unknown>
[INFO] [stdout] 
[INFO] [stdout] ---- conn::test::my_conn::test_exec_batch_large stdout ----
[INFO] [stdout] 
[INFO] [stdout] thread 'conn::test::my_conn::test_exec_batch_large' (2145) panicked at src/conn/mod.rs:2905:44:
[INFO] [stdout] called `Result::unwrap()` on an `Err` value: DriverError { Could not connect to address `localhost:3307': Connection refused (os error 111) }
[INFO] [stdout] stack backtrace:
[INFO] [stdout]    0:     0x576f64e22f31 - <<std[617be2ca0a6fd877]::sys::backtrace::BacktraceLock>::print::DisplayBacktrace as core[a373ad73a504971]::fmt::Display>::fmt
[INFO] [stdout]    1:     0x576f64e3a95a - core[a373ad73a504971]::fmt::write
[INFO] [stdout]    2:     0x576f64e277ec - <alloc[2e1b2a31b91974c5]::vec::Vec<u8> as core[a373ad73a504971]::io::write::Write>::write_fmt
[INFO] [stdout]    3:     0x576f64dfde66 - std[617be2ca0a6fd877]::panicking::default_hook::{closure#0}
[INFO] [stdout]    4:     0x576f64e1ab89 - std[617be2ca0a6fd877]::panicking::default_hook
[INFO] [stdout]    5:     0x576f64c8a6c0 - test[aada8e7e76ba119b]::test_main_inner::{closure#0}
[INFO] [stdout]    6:     0x576f64e1ad42 - std[617be2ca0a6fd877]::panicking::panic_with_hook
[INFO] [stdout]    7:     0x576f64dfdf12 - std[617be2ca0a6fd877]::panicking::panic_handler::{closure#0}
[INFO] [stdout]    8:     0x576f64df6b79 - std[617be2ca0a6fd877]::sys::backtrace::__rust_end_short_backtrace::<std[617be2ca0a6fd877]::panicking::panic_handler::{closure#0}, !>
[INFO] [stdout]    9:     0x576f64dfed0d - __rustc[ea4f61d10b84890b]::rust_begin_unwind
[INFO] [stdout]   10:     0x576f64e3b13c - core[a373ad73a504971]::panicking::panic_fmt
[INFO] [stdout]   11:     0x576f64e3af12 - core[a373ad73a504971]::result::unwrap_failed
[INFO] [stdout]   12:     0x576f64bf9f75 - <mysql[729a7c11be98db0f]::conn::test::my_conn::test_exec_batch_large::{closure#0} as core[a373ad73a504971]::ops::function::FnOnce<()>>::call_once
[INFO] [stdout]   13:     0x576f64c7db0b - test[aada8e7e76ba119b]::__rust_begin_short_backtrace::<core[a373ad73a504971]::result::Result<(), alloc[2e1b2a31b91974c5]::string::String>, fn() -> core[a373ad73a504971]::result::Result<(), alloc[2e1b2a31b91974c5]::string::String>>
[INFO] [stdout]   14:     0x576f64c8ace5 - test[aada8e7e76ba119b]::run_test::{closure#0}
[INFO] [stdout]   15:     0x576f64c845d4 - std[617be2ca0a6fd877]::sys::backtrace::__rust_begin_short_backtrace::<test[aada8e7e76ba119b]::run_test::{closure#1}, ()>
[INFO] [stdout]   16:     0x576f64c8dd72 - <std[617be2ca0a6fd877]::thread::lifecycle::spawn_unchecked<test[aada8e7e76ba119b]::run_test::{closure#1}, ()>::{closure#1} as core[a373ad73a504971]::ops::function::FnOnce<()>>::call_once::{shim:vtable#0}
[INFO] [stdout]   17:     0x576f64e21fcf - <std[617be2ca0a6fd877]::sys::thread::unix::Thread>::new::thread_start
[INFO] [stdout]   18:     0x741914c00dfa - <unknown>
[INFO] [stdout]   19:     0x741914c943d4 - clone
[INFO] [stdout]   20:                0x0 - <unknown>
[INFO] [stdout] 
[INFO] [stdout] ---- conn::test::my_conn::test_exec_batch stdout ----
[INFO] [stdout] 
[INFO] [stdout] thread 'conn::test::my_conn::test_exec_batch' (2144) panicked at src/conn/mod.rs:2853:50:
[INFO] [stdout] called `Result::unwrap()` on an `Err` value: DriverError { Could not connect to address `localhost:3307': Connection refused (os error 111) }
[INFO] [stdout] stack backtrace:
[INFO] [stdout]    0:     0x576f64e22f31 - <<std[617be2ca0a6fd877]::sys::backtrace::BacktraceLock>::print::DisplayBacktrace as core[a373ad73a504971]::fmt::Display>::fmt
[INFO] [stdout]    1:     0x576f64e3a95a - core[a373ad73a504971]::fmt::write
[INFO] [stdout]    2:     0x576f64e277ec - <alloc[2e1b2a31b91974c5]::vec::Vec<u8> as core[a373ad73a504971]::io::write::Write>::write_fmt
[INFO] [stdout]    3:     0x576f64dfde66 - std[617be2ca0a6fd877]::panicking::default_hook::{closure#0}
[INFO] [stdout]    4:     0x576f64e1ab89 - std[617be2ca0a6fd877]::panicking::default_hook
[INFO] [stdout]    5:     0x576f64c8a6c0 - test[aada8e7e76ba119b]::test_main_inner::{closure#0}
[INFO] [stdout]    6:     0x576f64e1ad42 - std[617be2ca0a6fd877]::panicking::panic_with_hook
[INFO] [stdout]    7:     0x576f64dfdf12 - std[617be2ca0a6fd877]::panicking::panic_handler::{closure#0}
[INFO] [stdout]    8:     0x576f64df6b79 - std[617be2ca0a6fd877]::sys::backtrace::__rust_end_short_backtrace::<std[617be2ca0a6fd877]::panicking::panic_handler::{closure#0}, !>
[INFO] [stdout]    9:     0x576f64dfed0d - __rustc[ea4f61d10b84890b]::rust_begin_unwind
[INFO] [stdout]   10:     0x576f64e3b13c - core[a373ad73a504971]::panicking::panic_fmt
[INFO] [stdout]   11:     0x576f64e3af12 - core[a373ad73a504971]::result::unwrap_failed
[INFO] [stdout]   12:     0x576f64bf6706 - <mysql[729a7c11be98db0f]::conn::test::my_conn::test_exec_batch::{closure#0} as core[a373ad73a504971]::ops::function::FnOnce<()>>::call_once
[INFO] [stdout]   13:     0x576f64c7db0b - test[aada8e7e76ba119b]::__rust_begin_short_backtrace::<core[a373ad73a504971]::result::Result<(), alloc[2e1b2a31b91974c5]::string::String>, fn() -> core[a373ad73a504971]::result::Result<(), alloc[2e1b2a31b91974c5]::string::String>>
[INFO] [stdout]   14:     0x576f64c8ace5 - test[aada8e7e76ba119b]::run_test::{closure#0}
[INFO] [stdout]   15:     0x576f64c845d4 - std[617be2ca0a6fd877]::sys::backtrace::__rust_begin_short_backtrace::<test[aada8e7e76ba119b]::run_test::{closure#1}, ()>
[INFO] [stdout]   16:     0x576f64c8dd72 - <std[617be2ca0a6fd877]::thread::lifecycle::spawn_unchecked<test[aada8e7e76ba119b]::run_test::{closure#1}, ()>::{closure#1} as core[a373ad73a504971]::ops::function::FnOnce<()>>::call_once::{shim:vtable#0}
[INFO] [stdout]   17:     0x576f64e21fcf - <std[617be2ca0a6fd877]::sys::thread::unix::Thread>::new::thread_start
[INFO] [stdout]   18:     0x741914c00dfa - <unknown>
[INFO] [stdout]   19:     0x741914c943d4 - clone
[INFO] [stdout]   20:                0x0 - <unknown>
[INFO] [stdout] 
[INFO] [stdout] ---- conn::test::my_conn::test_exec_batch_no_params stdout ----
[INFO] [stdout] 
[INFO] [stdout] thread 'conn::test::my_conn::test_exec_batch_no_params' (2146) panicked at src/conn/mod.rs:2979:50:
[INFO] [stdout] called `Result::unwrap()` on an `Err` value: DriverError { Could not connect to address `localhost:3307': Connection refused (os error 111) }
[INFO] [stdout] stack backtrace:
[INFO] [stdout]    0:     0x576f64e22f31 - <<std[617be2ca0a6fd877]::sys::backtrace::BacktraceLock>::print::DisplayBacktrace as core[a373ad73a504971]::fmt::Display>::fmt
[INFO] [stdout]    1:     0x576f64e3a95a - core[a373ad73a504971]::fmt::write
[INFO] [stdout]    2:     0x576f64e277ec - <alloc[2e1b2a31b91974c5]::vec::Vec<u8> as core[a373ad73a504971]::io::write::Write>::write_fmt
[INFO] [stdout]    3:     0x576f64dfde66 - std[617be2ca0a6fd877]::panicking::default_hook::{closure#0}
[INFO] [stdout]    4:     0x576f64e1ab89 - std[617be2ca0a6fd877]::panicking::default_hook
[INFO] [stdout]    5:     0x576f64c8a6c0 - test[aada8e7e76ba119b]::test_main_inner::{closure#0}
[INFO] [stdout]    6:     0x576f64e1ad42 - std[617be2ca0a6fd877]::panicking::panic_with_hook
[INFO] [stdout]    7:     0x576f64dfdf12 - std[617be2ca0a6fd877]::panicking::panic_handler::{closure#0}
[INFO] [stdout]    8:     0x576f64df6b79 - std[617be2ca0a6fd877]::sys::backtrace::__rust_end_short_backtrace::<std[617be2ca0a6fd877]::panicking::panic_handler::{closure#0}, !>
[INFO] [stdout]    9:     0x576f64dfed0d - __rustc[ea4f61d10b84890b]::rust_begin_unwind
[INFO] [stdout]   10:     0x576f64e3b13c - core[a373ad73a504971]::panicking::panic_fmt
[INFO] [stdout]   11:     0x576f64e3af12 - core[a373ad73a504971]::result::unwrap_failed
[INFO] [stdout]   12:     0x576f64bfde94 - <mysql[729a7c11be98db0f]::conn::test::my_conn::test_exec_batch_no_params::{closure#0} as core[a373ad73a504971]::ops::function::FnOnce<()>>::call_once
[INFO] [stdout]   13:     0x576f64c7db0b - test[aada8e7e76ba119b]::__rust_begin_short_backtrace::<core[a373ad73a504971]::result::Result<(), alloc[2e1b2a31b91974c5]::string::String>, fn() -> core[a373ad73a504971]::result::Result<(), alloc[2e1b2a31b91974c5]::string::String>>
[INFO] [stdout]   14:     0x576f64c8ace5 - test[aada8e7e76ba119b]::run_test::{closure#0}
[INFO] [stdout]   15:     0x576f64c845d4 - std[617be2ca0a6fd877]::sys::backtrace::__rust_begin_short_backtrace::<test[aada8e7e76ba119b]::run_test::{closure#1}, ()>
[INFO] [stdout]   16:     0x576f64c8dd72 - <std[617be2ca0a6fd877]::thread::lifecycle::spawn_unchecked<test[aada8e7e76ba119b]::run_test::{closure#1}, ()>::{closure#1} as core[a373ad73a504971]::ops::function::FnOnce<()>>::call_once::{shim:vtable#0}
[INFO] [stdout]   17:     0x576f64e21fcf - <std[617be2ca0a6fd877]::sys::thread::unix::Thread>::new::thread_start
[INFO] [stdout]   18:     0x741914c00dfa - <unknown>
[INFO] [stdout]   19:     0x741914c943d4 - clone
[INFO] [stdout]   20:                0x0 - <unknown>
[INFO] [stdout] 
[INFO] [stdout] ---- conn::test::my_conn::test_metadata_caching stdout ----
[INFO] [stdout] 
[INFO] [stdout] thread 'conn::test::my_conn::test_metadata_caching' (2147) panicked at src/conn/mod.rs:2710:50:
[INFO] [stdout] called `Result::unwrap()` on an `Err` value: DriverError { Could not connect to address `localhost:3307': Connection refused (os error 111) }
[INFO] [stdout] stack backtrace:
[INFO] [stdout]    0:     0x576f64e22f31 - <<std[617be2ca0a6fd877]::sys::backtrace::BacktraceLock>::print::DisplayBacktrace as core[a373ad73a504971]::fmt::Display>::fmt
[INFO] [stdout]    1:     0x576f64e3a95a - core[a373ad73a504971]::fmt::write
[INFO] [stdout]    2:     0x576f64e277ec - <alloc[2e1b2a31b91974c5]::vec::Vec<u8> as core[a373ad73a504971]::io::write::Write>::write_fmt
[INFO] [stdout]    3:     0x576f64dfde66 - std[617be2ca0a6fd877]::panicking::default_hook::{closure#0}
[INFO] [stdout]    4:     0x576f64e1ab89 - std[617be2ca0a6fd877]::panicking::default_hook
[INFO] [stdout]    5:     0x576f64c8a6c0 - test[aada8e7e76ba119b]::test_main_inner::{closure#0}
[INFO] [stdout]    6:     0x576f64e1ad42 - std[617be2ca0a6fd877]::panicking::panic_with_hook
[INFO] [stdout]    7:     0x576f64dfdf12 - std[617be2ca0a6fd877]::panicking::panic_handler::{closure#0}
[INFO] [stdout]    8:     0x576f64df6b79 - std[617be2ca0a6fd877]::sys::backtrace::__rust_end_short_backtrace::<std[617be2ca0a6fd877]::panicking::panic_handler::{closure#0}, !>
[INFO] [stdout]    9:     0x576f64dfed0d - __rustc[ea4f61d10b84890b]::rust_begin_unwind
[INFO] [stdout]   10:     0x576f64e3b13c - core[a373ad73a504971]::panicking::panic_fmt
[INFO] [stdout]   11:     0x576f64e3af12 - core[a373ad73a504971]::result::unwrap_failed
[INFO] [stdout]   12:     0x576f64bfbb79 - <mysql[729a7c11be98db0f]::conn::test::my_conn::test_metadata_caching::{closure#0} as core[a373ad73a504971]::ops::function::FnOnce<()>>::call_once
[INFO] [stdout]   13:     0x576f64c7db0b - test[aada8e7e76ba119b]::__rust_begin_short_backtrace::<core[a373ad73a504971]::result::Result<(), alloc[2e1b2a31b91974c5]::string::String>, fn() -> core[a373ad73a504971]::result::Result<(), alloc[2e1b2a31b91974c5]::string::String>>
[INFO] [stdout]   14:     0x576f64c8ace5 - test[aada8e7e76ba119b]::run_test::{closure#0}
[INFO] [stdout]   15:     0x576f64c845d4 - std[617be2ca0a6fd877]::sys::backtrace::__rust_begin_short_backtrace::<test[aada8e7e76ba119b]::run_test::{closure#1}, ()>
[INFO] [stdout]   16:     0x576f64c8dd72 - <std[617be2ca0a6fd877]::thread::lifecycle::spawn_unchecked<test[aada8e7e76ba119b]::run_test::{closure#1}, ()>::{closure#1} as core[a373ad73a504971]::ops::function::FnOnce<()>>::call_once::{shim:vtable#0}
[INFO] [stdout]   17:     0x576f64e21fcf - <std[617be2ca0a6fd877]::sys::thread::unix::Thread>::new::thread_start
[INFO] [stdout]   18:     0x741914c00dfa - <unknown>
[INFO] [stdout]   19:     0x741914c943d4 - clone
[INFO] [stdout]   20:                0x0 - <unknown>
[INFO] [stdout] 
[INFO] [stdout] ---- conn::test::my_conn::should_bind_before_connect stdout ----
[INFO] [stdout] 
[INFO] [stdout] thread 'conn::test::my_conn::should_bind_before_connect' (2115) panicked at src/conn/mod.rs:2499:40:
[INFO] [stdout] called `Result::unwrap()` on an `Err` value: DriverError { Could not connect to address `localhost:3307': Invalid argument (os error 22) }
[INFO] [stdout] stack backtrace:
[INFO] [stdout]    0:     0x576f64e22f31 - <<std[617be2ca0a6fd877]::sys::backtrace::BacktraceLock>::print::DisplayBacktrace as core[a373ad73a504971]::fmt::Display>::fmt
[INFO] [stdout]    1:     0x576f64e3a95a - core[a373ad73a504971]::fmt::write
[INFO] [stdout]    2:     0x576f64e277ec - <alloc[2e1b2a31b91974c5]::vec::Vec<u8> as core[a373ad73a504971]::io::write::Write>::write_fmt
[INFO] [stdout]    3:     0x576f64dfde66 - std[617be2ca0a6fd877]::panicking::default_hook::{closure#0}
[INFO] [stdout]    4:     0x576f64e1ab89 - std[617be2ca0a6fd877]::panicking::default_hook
[INFO] [stdout]    5:     0x576f64c8a6c0 - test[aada8e7e76ba119b]::test_main_inner::{closure#0}
[INFO] [stdout]    6:     0x576f64e1ad42 - std[617be2ca0a6fd877]::panicking::panic_with_hook
[INFO] [stdout]    7:     0x576f64dfdf12 - std[617be2ca0a6fd877]::panicking::panic_handler::{closure#0}
[INFO] [stdout]    8:     0x576f64df6b79 - std[617be2ca0a6fd877]::sys::backtrace::__rust_end_short_backtrace::<std[617be2ca0a6fd877]::panicking::panic_handler::{closure#0}, !>
[INFO] [stdout]    9:     0x576f64dfed0d - __rustc[ea4f61d10b84890b]::rust_begin_unwind
[INFO] [stdout]   10:     0x576f64e3b13c - core[a373ad73a504971]::panicking::panic_fmt
[INFO] [stdout]   11:     0x576f64e3af12 - core[a373ad73a504971]::result::unwrap_failed
[INFO] [stdout]   12:     0x576f64bfe434 - <mysql[729a7c11be98db0f]::conn::test::my_conn::should_bind_before_connect::{closure#0} as core[a373ad73a504971]::ops::function::FnOnce<()>>::call_once
[INFO] [stdout]   13:     0x576f64c7db0b - test[aada8e7e76ba119b]::__rust_begin_short_backtrace::<core[a373ad73a504971]::result::Result<(), alloc[2e1b2a31b91974c5]::string::String>, fn() -> core[a373ad73a504971]::result::Result<(), alloc[2e1b2a31b91974c5]::string::String>>
[INFO] [stdout]   14:     0x576f64c8ace5 - test[aada8e7e76ba119b]::run_test::{closure#0}
[INFO] [stdout]   15:     0x576f64c845d4 - std[617be2ca0a6fd877]::sys::backtrace::__rust_begin_short_backtrace::<test[aada8e7e76ba119b]::run_test::{closure#1}, ()>
[INFO] [stdout]   16:     0x576f64c8dd72 - <std[617be2ca0a6fd877]::thread::lifecycle::spawn_unchecked<test[aada8e7e76ba119b]::run_test::{closure#1}, ()>::{closure#1} as core[a373ad73a504971]::ops::function::FnOnce<()>>::call_once::{shim:vtable#0}
[INFO] [stdout]   17:     0x576f64e21fcf - <std[617be2ca0a6fd877]::sys::thread::unix::Thread>::new::thread_start
[INFO] [stdout]   18:     0x741914c00dfa - <unknown>
[INFO] [stdout]   19:     0x741914c943d4 - clone
[INFO] [stdout]   20:                0x0 - <unknown>
[INFO] [stdout] 
[INFO] [stdout] ---- conn::test::my_conn::issue_306 stdout ----
[INFO] [stdout] 
[INFO] [stdout] thread '<unnamed>' (2108) panicked at src/conn/mod.rs:2243:52:
[INFO] [stdout] called `Result::unwrap()` on an `Err` value: DriverError { Could not connect to address `localhost:3307': Connection refused (os error 111) }
[INFO] [stdout] stack backtrace:
[INFO] [stdout]    0:     0x576f64e22f31 - <<std[617be2ca0a6fd877]::sys::backtrace::BacktraceLock>::print::DisplayBacktrace as core[a373ad73a504971]::fmt::Display>::fmt
[INFO] [stdout]    1:     0x576f64e3a95a - core[a373ad73a504971]::fmt::write
[INFO] [stdout]    2:     0x576f64e277ec - <alloc[2e1b2a31b91974c5]::vec::Vec<u8> as core[a373ad73a504971]::io::write::Write>::write_fmt
[INFO] [stdout]    3:     0x576f64dfde66 - std[617be2ca0a6fd877]::panicking::default_hook::{closure#0}
[INFO] [stdout]    4:     0x576f64e1ab89 - std[617be2ca0a6fd877]::panicking::default_hook
[INFO] [stdout]    5:     0x576f64c8a6c0 - test[aada8e7e76ba119b]::test_main_inner::{closure#0}
[INFO] [stdout]    6:     0x576f64e1ad42 - std[617be2ca0a6fd877]::panicking::panic_with_hook
[INFO] [stdout]    7:     0x576f64dfdf12 - std[617be2ca0a6fd877]::panicking::panic_handler::{closure#0}
[INFO] [stdout]    8:     0x576f64df6b79 - std[617be2ca0a6fd877]::sys::backtrace::__rust_end_short_backtrace::<std[617be2ca0a6fd877]::panicking::panic_handler::{closure#0}, !>
[INFO] [stdout]    9:     0x576f64dfed0d - __rustc[ea4f61d10b84890b]::rust_begin_unwind
[INFO] [stdout]   10:     0x576f64e3b13c - core[a373ad73a504971]::panicking::panic_fmt
[INFO] [stdout]   11:     0x576f64e3af12 - core[a373ad73a504971]::result::unwrap_failed
[INFO] [stdout]   12:     0x576f64c57cd1 - std[617be2ca0a6fd877]::sys::backtrace::__rust_begin_short_backtrace::<mysql[729a7c11be98db0f]::conn::test::my_conn::issue_306::{closure#0}, ()>
[INFO] [stdout]   13:     0x576f64c3dc8b - <std[617be2ca0a6fd877]::thread::lifecycle::spawn_unchecked<mysql[729a7c11be98db0f]::conn::test::my_conn::issue_306::{closure#0}, ()>::{closure#1} as core[a373ad73a504971]::ops::function::FnOnce<()>>::call_once::{shim:vtable#0}
[INFO] [stdout]   14:     0x576f64e21fcf - <std[617be2ca0a6fd877]::sys::thread::unix::Thread>::new::thread_start
[INFO] [stdout]   15:     0x741914c00dfa - <unknown>
[INFO] [stdout]   16:     0x741914c943d4 - clone
[INFO] [stdout]   17:                0x0 - <unknown>
[INFO] [stdout] 
[INFO] [stdout] thread 'conn::test::my_conn::issue_306' (2103) panicked at src/conn/mod.rs:2253:13:
[INFO] [stdout] assertion failed: rx.try_recv().is_ok()
[INFO] [stdout] stack backtrace:
[INFO] [stdout]    0:     0x576f64e22f31 - <<std[617be2ca0a6fd877]::sys::backtrace::BacktraceLock>::print::DisplayBacktrace as core[a373ad73a504971]::fmt::Display>::fmt
[INFO] [stdout]    1:     0x576f64e3a95a - core[a373ad73a504971]::fmt::write
[INFO] [stdout]    2:     0x576f64e277ec - <alloc[2e1b2a31b91974c5]::vec::Vec<u8> as core[a373ad73a504971]::io::write::Write>::write_fmt
[INFO] [stdout]    3:     0x576f64dfde66 - std[617be2ca0a6fd877]::panicking::default_hook::{closure#0}
[INFO] [stdout]    4:     0x576f64e1ab89 - std[617be2ca0a6fd877]::panicking::default_hook
[INFO] [stdout]    5:     0x576f64c8a6c0 - test[aada8e7e76ba119b]::test_main_inner::{closure#0}
[INFO] [stdout]    6:     0x576f64e1ad42 - std[617be2ca0a6fd877]::panicking::panic_with_hook
[INFO] [stdout]    7:     0x576f64dfdf44 - std[617be2ca0a6fd877]::panicking::panic_handler::{closure#0}
[INFO] [stdout]    8:     0x576f64df6b79 - std[617be2ca0a6fd877]::sys::backtrace::__rust_end_short_backtrace::<std[617be2ca0a6fd877]::panicking::panic_handler::{closure#0}, !>
[INFO] [stdout]    9:     0x576f64dfed0d - __rustc[ea4f61d10b84890b]::rust_begin_unwind
[INFO] [stdout]   10:     0x576f64e3b13c - core[a373ad73a504971]::panicking::panic_fmt
[INFO] [stdout]   11:     0x576f64e3b102 - core[a373ad73a504971]::panicking::panic
[INFO] [stdout]   12:     0x576f64c0d76e - <mysql[729a7c11be98db0f]::conn::test::my_conn::issue_306::{closure#0} as core[a373ad73a504971]::ops::function::FnOnce<()>>::call_once
[INFO] [stdout]   13:     0x576f64c7db0b - test[aada8e7e76ba119b]::__rust_begin_short_backtrace::<core[a373ad73a504971]::result::Result<(), alloc[2e1b2a31b91974c5]::string::String>, fn() -> core[a373ad73a504971]::result::Result<(), alloc[2e1b2a31b91974c5]::string::String>>
[INFO] [stdout]   14:     0x576f64c8ace5 - test[aada8e7e76ba119b]::run_test::{closure#0}
[INFO] [stdout]   15:     0x576f64c845d4 - std[617be2ca0a6fd877]::sys::backtrace::__rust_begin_short_backtrace::<test[aada8e7e76ba119b]::run_test::{closure#1}, ()>
[INFO] [stdout]   16:     0x576f64c8dd72 - <std[617be2ca0a6fd877]::thread::lifecycle::spawn_unchecked<test[aada8e7e76ba119b]::run_test::{closure#1}, ()>::{closure#1} as core[a373ad73a504971]::ops::function::FnOnce<()>>::call_once::{shim:vtable#0}
[INFO] [stdout]   17:     0x576f64e21fcf - <std[617be2ca0a6fd877]::sys::thread::unix::Thread>::new::thread_start
[INFO] [stdout]   18:     0x741914c00dfa - <unknown>
[INFO] [stdout]   19:     0x741914c943d4 - clone
[INFO] [stdout]   20:                0x0 - <unknown>
[INFO] [stdout] 
[INFO] [stdout] 
[INFO] [stdout] failures:
[INFO] [stdout]     conn::pool::test::pool::multiple_pools_should_work
[INFO] [stdout]     conn::pool::test::pool::should_execute_queries_on_PooledConn
[INFO] [stdout]     conn::pool::test::pool::should_execute_statements_on_PooledConn
[INFO] [stdout]     conn::pool::test::pool::should_fix_connectivity_errors_on_prep_exec
[INFO] [stdout]     conn::pool::test::pool::should_fix_connectivity_errors_on_prepare
[INFO] [stdout]     conn::pool::test::pool::should_fix_connectivity_errors_on_start_transaction
[INFO] [stdout]     conn::pool::test::pool::should_opt_out_of_connection_reset
[INFO] [stdout]     conn::pool::test::pool::should_reuse_connections
[INFO] [stdout]     conn::pool::test::pool::should_start_transaction_on_Pool
[INFO] [stdout]     conn::pool::test::pool::should_start_transaction_on_PooledConn
[INFO] [stdout]     conn::pool::test::pool::should_timeout_if_no_connections_available
[INFO] [stdout]     conn::test::my_conn::issue_273
[INFO] [stdout]     conn::test::my_conn::issue_285
[INFO] [stdout]     conn::test::my_conn::issue_306
[INFO] [stdout]     conn::test::my_conn::manually_closed_stmt
[INFO] [stdout]     conn::test::my_conn::mysql_async_issue_107
[INFO] [stdout]     conn::test::my_conn::prep_exec
[INFO] [stdout]     conn::test::my_conn::query_traits
[INFO] [stdout]     conn::test::my_conn::reset_does_work
[INFO] [stdout]     conn::test::my_conn::should_bind_before_connect
[INFO] [stdout]     conn::test::my_conn::should_bind_before_connect_with_timeout
[INFO] [stdout]     conn::test::my_conn::should_change_user
[INFO] [stdout]     conn::test::my_conn::should_connect
[INFO] [stdout]     conn::test::my_conn::should_connect_by_hostname
[INFO] [stdout]     conn::test::my_conn::should_connect_via_socket_for_127_0_0_1
[INFO] [stdout]     conn::test::my_conn::should_connect_via_socket_localhost
[INFO] [stdout]     conn::test::my_conn::should_connect_with_database
[INFO] [stdout]     conn::test::my_conn::should_drop_multi_result_set
[INFO] [stdout]     conn::test::my_conn::should_execute_queries_and_parse_results
[INFO] [stdout]     conn::test::my_conn::should_execute_statements_and_parse_results
[INFO] [stdout]     conn::test::my_conn::should_fallback_to_tcp_if_cant_switch_to_socket
[INFO] [stdout]     conn::test::my_conn::should_handle_LOCAL_INFILE_with_custom_handler
[INFO] [stdout]     conn::test::my_conn::should_handle_json_columns
[INFO] [stdout]     conn::test::my_conn::should_handle_multi_result_set
[INFO] [stdout]     conn::test::my_conn::should_handle_tcp_connect_timeout
[INFO] [stdout]     conn::test::my_conn::should_hold_stmt_cache_size_bounds
[INFO] [stdout]     conn::test::my_conn::should_not_cache_statements_if_stmt_cache_size_is_zero
[INFO] [stdout]     conn::test::my_conn::should_parse_large_binary_result
[INFO] [stdout]     conn::test::my_conn::should_parse_large_text_result
[INFO] [stdout]     conn::test::my_conn::should_reset_connection
[INFO] [stdout]     conn::test::my_conn::should_return_error_on_missing_named_parameter
[INFO] [stdout]     conn::test::my_conn::should_return_error_on_named_params_for_positional_statement
[INFO] [stdout]     conn::test::my_conn::should_select_db
[INFO] [stdout]     conn::test::my_conn::should_set_additional_capabilities
[INFO] [stdout]     conn::test::my_conn::should_set_connect_attrs
[INFO] [stdout]     conn::test::my_conn::should_start_commit_and_rollback_transactions
[INFO] [stdout]     conn::test::my_conn::should_work_with_named_params
[INFO] [stdout]     conn::test::my_conn::test_exec_batch
[INFO] [stdout]     conn::test::my_conn::test_exec_batch_large
[INFO] [stdout]     conn::test::my_conn::test_exec_batch_no_params
[INFO] [stdout]     conn::test::my_conn::test_metadata_caching
[INFO] [stdout] 
[INFO] [stdout] test result: FAILED. 16 passed; 51 failed; 0 ignored; 0 measured; 0 filtered out; finished in 2.01s
[INFO] [stdout] 
[INFO] running `Command { std: "docker" "inspect" "4819e1d5058db846b184732f0204beb688b0badf443cb8ab4fee2273114e7679", kill_on_drop: false }`
[INFO] running `Command { std: "docker" "rm" "-f" "4819e1d5058db846b184732f0204beb688b0badf443cb8ab4fee2273114e7679", kill_on_drop: false }`
[INFO] [stdout] 4819e1d5058db846b184732f0204beb688b0badf443cb8ab4fee2273114e7679
