[INFO] fetching crate my_crate123 0.1.0...
[INFO] testing my_crate123-0.1.0 against 1.100.0-beta.1+cargoflags=--release for beta-release-1.100-2
[INFO] extracting crate my_crate123 0.1.0 into /workspace/builds/worker-0-tc2/source
[INFO] started tweaking crates.io crate my_crate123 0.1.0
[INFO] finished tweaking crates.io crate my_crate123 0.1.0
[INFO] tweaked toml for crates.io crate my_crate123 0.1.0 written to /workspace/builds/worker-0-tc2/source/Cargo.toml
[INFO] validating manifest of crates.io crate my_crate123 0.1.0 on toolchain 1.100.0-beta.1
[INFO] running `Command { std: CARGO_HOME="/workspace/cargo-home" RUSTUP_HOME="/workspace/rustup-home" "/workspace/cargo-home/bin/cargo" "+1.100.0-beta.1" "metadata" "--manifest-path" "Cargo.toml" "--no-deps", kill_on_drop: false }`
[INFO] crate crates.io crate my_crate123 0.1.0 already has a lockfile, it will not be regenerated
[INFO] running `Command { std: CARGO_HOME="/workspace/cargo-home" RUSTUP_HOME="/workspace/rustup-home" "/workspace/cargo-home/bin/cargo" "+1.100.0-beta.1" "fetch" "--manifest-path" "Cargo.toml", kill_on_drop: false }`
[INFO] running `Command { std: "docker" "create" "-v" "/var/lib/crater-agent-workspace/builds/worker-0-tc2/source:/opt/rustwide/workdir:ro,Z" "-v" "/var/lib/crater-agent-workspace/builds/worker-0-tc2/target:/opt/rustwide/target:rw,Z" "-v" "/var/lib/crater-agent-workspace/cargo-home:/opt/rustwide/cargo-home:ro,Z" "-v" "/var/lib/crater-agent-workspace/rustup-home:/opt/rustwide/rustup-home:ro,Z" "-m" "1610612736" "--network" "none" "ghcr.io/rust-lang/crates-build-env/linux@sha256:77db811e55d90add9212f6832c23229e3de5f1c1f9905e8cb07319ea15df73ac" "sleep" "infinity", kill_on_drop: false }`
[INFO] [stdout] 291e3a7ea945c67b4d42638d53232efff6128615df2eeffb77b46eba5b32795b
[INFO] running `Command { std: "docker" "start" "291e3a7ea945c67b4d42638d53232efff6128615df2eeffb77b46eba5b32795b", kill_on_drop: false }`
[INFO] running `Command { std: "docker" "inspect" "291e3a7ea945c67b4d42638d53232efff6128615df2eeffb77b46eba5b32795b", kill_on_drop: false }`
[INFO] running `Command { std: "docker" "exec" "-e" "SOURCE_DIR=/opt/rustwide/workdir" "-e" "CARGO_HOME=/opt/rustwide/cargo-home" "-e" "RUSTUP_HOME=/opt/rustwide/rustup-home" "-e" "CARGO_TARGET_DIR=/opt/rustwide/target" "-w" "/opt/rustwide/workdir" "--user" "0:0" "291e3a7ea945c67b4d42638d53232efff6128615df2eeffb77b46eba5b32795b" "/opt/rustwide/cargo-home/bin/cargo" "+1.100.0-beta.1" "metadata" "--no-deps" "--format-version=1", kill_on_drop: false }`
[INFO] running `Command { std: "docker" "inspect" "291e3a7ea945c67b4d42638d53232efff6128615df2eeffb77b46eba5b32795b", kill_on_drop: false }`
[INFO] running `Command { std: "docker" "exec" "-e" "SOURCE_DIR=/opt/rustwide/workdir" "-e" "CARGO_HOME=/opt/rustwide/cargo-home" "-e" "RUSTUP_HOME=/opt/rustwide/rustup-home" "-e" "CARGO_TARGET_DIR=/opt/rustwide/target" "-e" "CARGO_INCREMENTAL=0" "-e" "RUST_BACKTRACE=full" "-e" "RUSTFLAGS=--cap-lints=warn" "-e" "RUSTDOCFLAGS=--cap-lints=warn" "-w" "/opt/rustwide/workdir" "--user" "0:0" "291e3a7ea945c67b4d42638d53232efff6128615df2eeffb77b46eba5b32795b" "/opt/rustwide/cargo-home/bin/cargo" "+1.100.0-beta.1" "build" "--frozen" "--message-format=json" "--release", kill_on_drop: false }`
[INFO] [stderr]    Compiling my_crate123 v0.1.0 (/opt/rustwide/workdir)
[INFO] [stderr]     Finished `release` profile [optimized] target(s) in 0.24s
[INFO] running `Command { std: "docker" "inspect" "291e3a7ea945c67b4d42638d53232efff6128615df2eeffb77b46eba5b32795b", kill_on_drop: false }`
[INFO] running `Command { std: "docker" "exec" "-e" "SOURCE_DIR=/opt/rustwide/workdir" "-e" "CARGO_HOME=/opt/rustwide/cargo-home" "-e" "RUSTUP_HOME=/opt/rustwide/rustup-home" "-e" "CARGO_TARGET_DIR=/opt/rustwide/target" "-e" "CARGO_INCREMENTAL=0" "-e" "RUST_BACKTRACE=full" "-e" "RUSTFLAGS=--cap-lints=warn" "-e" "RUSTDOCFLAGS=--cap-lints=warn" "-w" "/opt/rustwide/workdir" "--user" "0:0" "291e3a7ea945c67b4d42638d53232efff6128615df2eeffb77b46eba5b32795b" "/opt/rustwide/cargo-home/bin/cargo" "+1.100.0-beta.1" "test" "--frozen" "--no-run" "--message-format=json" "--release", kill_on_drop: false }`
[INFO] [stderr]    Compiling my_crate123 v0.1.0 (/opt/rustwide/workdir)
[INFO] [stderr]     Finished `release` profile [optimized] target(s) in 0.21s
[INFO] running `Command { std: "docker" "inspect" "291e3a7ea945c67b4d42638d53232efff6128615df2eeffb77b46eba5b32795b", kill_on_drop: false }`
[INFO] running `Command { std: "docker" "exec" "-e" "SOURCE_DIR=/opt/rustwide/workdir" "-e" "CARGO_HOME=/opt/rustwide/cargo-home" "-e" "RUSTUP_HOME=/opt/rustwide/rustup-home" "-e" "CARGO_TARGET_DIR=/opt/rustwide/target" "-e" "CARGO_INCREMENTAL=0" "-e" "RUST_BACKTRACE=full" "-e" "RUSTFLAGS=--cap-lints=warn" "-e" "RUSTDOCFLAGS=--cap-lints=warn" "-w" "/opt/rustwide/workdir" "--user" "0:0" "291e3a7ea945c67b4d42638d53232efff6128615df2eeffb77b46eba5b32795b" "/opt/rustwide/cargo-home/bin/cargo" "+1.100.0-beta.1" "test" "--frozen" "--release", kill_on_drop: false }`
[INFO] [stderr]     Finished `release` profile [optimized] target(s) in 0.01s
[INFO] [stderr]      Running unittests src/lib.rs (/opt/rustwide/target/release/build/my_crate123/fbd99acf8eaf40d8/out/my_crate123-fbd99acf8eaf40d8)
[INFO] [stdout] 
[INFO] [stdout] running 0 tests
[INFO] [stdout] 
[INFO] [stdout] test result: ok. 0 passed; 0 failed; 0 ignored; 0 measured; 0 filtered out; finished in 0.00s
[INFO] [stdout] 
[INFO] [stderr]      Running unittests src/main.rs (/opt/rustwide/target/release/build/my_crate123/a2930d8f1329e99e/out/my_crate123-a2930d8f1329e99e)
[INFO] [stdout] 
[INFO] [stderr]    Doc-tests my_crate123
[INFO] [stdout] running 0 tests
[INFO] [stdout] 
[INFO] [stdout] test result: ok. 0 passed; 0 failed; 0 ignored; 0 measured; 0 filtered out; finished in 0.00s
[INFO] [stdout] 
[INFO] [stdout] 
[INFO] [stdout] running 2 tests
[INFO] [stdout] test src/lib.rs - add_one (line 11) ... FAILED
[INFO] [stdout] test src/lib.rs - utils::mix (line 56) ... FAILED
[INFO] [stdout] 
[INFO] [stdout] failures:
[INFO] [stdout] 
[INFO] [stdout] ---- src/lib.rs - add_one (line 11) stdout ----
[INFO] [stdout] error[E0433]: cannot find module or crate `my_crate` in this scope
[INFO] [stdout]   --> src/lib.rs:13:14
[INFO] [stdout]    |
[INFO] [stdout] 13 | let answer = my_crate::add_one(arg);
[INFO] [stdout]    |              ^^^^^^^^ use of unresolved module or unlinked crate `my_crate`
[INFO] [stdout]    |
[INFO] [stdout]    = help: if you wanted to use a crate named `my_crate`, use `cargo add my_crate` to add it to your `Cargo.toml`
[INFO] [stdout] 
[INFO] [stdout] error: aborting due to 1 previous error
[INFO] [stdout] 
[INFO] [stdout] For more information about this error, try `rustc --explain E0433`.
[INFO] [stdout] Couldn't compile the test.
[INFO] [stdout] ---- src/lib.rs - utils::mix (line 56) stdout ----
[INFO] [stdout] error[E0433]: cannot find type `PrimaryColor` in this scope
[INFO] [stdout]   --> src/lib.rs:57:14
[INFO] [stdout]    |
[INFO] [stdout] 57 | let color1 = PrimaryColor::Red;
[INFO] [stdout]    |              ^^^^^^^^^^^^ use of undeclared type `PrimaryColor`
[INFO] [stdout] 
[INFO] [stdout] error[E0433]: cannot find type `PrimaryColor` in this scope
[INFO] [stdout]   --> src/lib.rs:58:14
[INFO] [stdout]    |
[INFO] [stdout] 58 | let color2 = PrimaryColor::Blue;
[INFO] [stdout]    |              ^^^^^^^^^^^^ use of undeclared type `PrimaryColor`
[INFO] [stdout] 
[INFO] [stdout] error[E0425]: cannot find function `mix` in this scope
[INFO] [stdout]   --> src/lib.rs:60:14
[INFO] [stdout]    |
[INFO] [stdout] 60 | let answer = mix(color1, color2);
[INFO] [stdout]    |              ^^^ not found in this scope
[INFO] [stdout] 
[INFO] [stdout] error[E0433]: cannot find type `SecondaryColor` in this scope
[INFO] [stdout]   --> src/lib.rs:62:20
[INFO] [stdout]    |
[INFO] [stdout] 62 | assert_eq!(answer, SecondaryColor::Purple);
[INFO] [stdout]    |                    ^^^^^^^^^^^^^^ use of undeclared type `SecondaryColor`
[INFO] [stdout] 
[INFO] [stdout] error: aborting due to 4 previous errors
[INFO] [stdout] 
[INFO] [stdout] Some errors have detailed explanations: E0425, E0433.
[INFO] [stdout] For more information about an error, try `rustc --explain E0425`.
[INFO] [stdout] Couldn't compile the test.
[INFO] [stdout] 
[INFO] [stdout] failures:
[INFO] [stdout]     src/lib.rs - add_one (line 11)
[INFO] [stdout]     src/lib.rs - utils::mix (line 56)
[INFO] [stdout] 
[INFO] [stdout] test result: FAILED. 0 passed; 2 failed; 0 ignored; 0 measured; 0 filtered out; finished in 0.27s
[INFO] [stdout] 
[INFO] [stdout] all doctests ran in 0.37s; merged doctests compilation took 0.10s
[INFO] [stderr] error: doctest failed, to rerun pass `--doc`
[INFO] running `Command { std: "docker" "inspect" "291e3a7ea945c67b4d42638d53232efff6128615df2eeffb77b46eba5b32795b", kill_on_drop: false }`
[INFO] running `Command { std: "docker" "rm" "-f" "291e3a7ea945c67b4d42638d53232efff6128615df2eeffb77b46eba5b32795b", kill_on_drop: false }`
[INFO] [stdout] 291e3a7ea945c67b4d42638d53232efff6128615df2eeffb77b46eba5b32795b
