[INFO] fetching crate mxr-store 0.4.15...
[INFO] testing mxr-store-0.4.15 against 1.99.0-beta.8+cargoflags=--release for beta-release-1.100-2
[INFO] extracting crate mxr-store 0.4.15 into /workspace/builds/worker-0-tc1/source
[INFO] started tweaking crates.io crate mxr-store 0.4.15
[INFO] finished tweaking crates.io crate mxr-store 0.4.15
[INFO] tweaked toml for crates.io crate mxr-store 0.4.15 written to /workspace/builds/worker-0-tc1/source/Cargo.toml
[INFO] validating manifest of crates.io crate mxr-store 0.4.15 on toolchain 1.99.0-beta.8
[INFO] running `Command { std: CARGO_HOME="/workspace/cargo-home" RUSTUP_HOME="/workspace/rustup-home" "/workspace/cargo-home/bin/cargo" "+1.99.0-beta.8" "metadata" "--manifest-path" "Cargo.toml" "--no-deps", kill_on_drop: false }`
[INFO] crate crates.io crate mxr-store 0.4.15 already has a lockfile, it will not be regenerated
[INFO] running `Command { std: CARGO_HOME="/workspace/cargo-home" RUSTUP_HOME="/workspace/rustup-home" "/workspace/cargo-home/bin/cargo" "+1.99.0-beta.8" "fetch" "--manifest-path" "Cargo.toml", kill_on_drop: false }`
[INFO] [stderr]     Updating crates.io index
[INFO] [stderr]  Downloading crates ...
[INFO] [stderr]   Downloaded crc-catalog v2.4.0
[INFO] [stderr]   Downloaded sqlx-sqlite v0.8.6
[INFO] [stderr]   Downloaded sqlx-macros v0.8.6
[INFO] [stderr]   Downloaded mxr-core v0.4.15
[INFO] [stderr]   Downloaded serde_bytes v0.11.19
[INFO] [stderr]   Downloaded etcetera v0.8.0
[INFO] [stderr]   Downloaded wasite v0.1.0
[INFO] [stderr]   Downloaded whoami v1.6.1
[INFO] [stderr]   Downloaded flume v0.11.1
[INFO] [stderr]   Downloaded sqlx-macros-core v0.8.6
[INFO] [stderr]   Downloaded sqlx-core v0.8.6
[INFO] [stderr]   Downloaded sqlx-mysql v0.8.6
[INFO] [stderr]   Downloaded sqlx v0.8.6
[INFO] [stderr]   Downloaded sqlx-postgres v0.8.6
[INFO] running `Command { std: "docker" "create" "-v" "/var/lib/crater-agent-workspace/builds/worker-0-tc1/source:/opt/rustwide/workdir:ro,Z" "-v" "/var/lib/crater-agent-workspace/builds/worker-0-tc1/target:/opt/rustwide/target:rw,Z" "-v" "/var/lib/crater-agent-workspace/cargo-home:/opt/rustwide/cargo-home:ro,Z" "-v" "/var/lib/crater-agent-workspace/rustup-home:/opt/rustwide/rustup-home:ro,Z" "-m" "1610612736" "--network" "none" "ghcr.io/rust-lang/crates-build-env/linux@sha256:77db811e55d90add9212f6832c23229e3de5f1c1f9905e8cb07319ea15df73ac" "sleep" "infinity", kill_on_drop: false }`
[INFO] [stdout] e4150d08fb0707ca52e8e75f29b9e2bc935e31b4630578f2e8246953bc60da3a
[INFO] running `Command { std: "docker" "start" "e4150d08fb0707ca52e8e75f29b9e2bc935e31b4630578f2e8246953bc60da3a", kill_on_drop: false }`
[INFO] running `Command { std: "docker" "inspect" "e4150d08fb0707ca52e8e75f29b9e2bc935e31b4630578f2e8246953bc60da3a", kill_on_drop: false }`
[INFO] running `Command { std: "docker" "exec" "-e" "SOURCE_DIR=/opt/rustwide/workdir" "-e" "CARGO_HOME=/opt/rustwide/cargo-home" "-e" "RUSTUP_HOME=/opt/rustwide/rustup-home" "-e" "CARGO_TARGET_DIR=/opt/rustwide/target" "-w" "/opt/rustwide/workdir" "--user" "0:0" "e4150d08fb0707ca52e8e75f29b9e2bc935e31b4630578f2e8246953bc60da3a" "/opt/rustwide/cargo-home/bin/cargo" "+1.99.0-beta.8" "metadata" "--no-deps" "--format-version=1", kill_on_drop: false }`
[INFO] running `Command { std: "docker" "inspect" "e4150d08fb0707ca52e8e75f29b9e2bc935e31b4630578f2e8246953bc60da3a", kill_on_drop: false }`
[INFO] running `Command { std: "docker" "exec" "-e" "SOURCE_DIR=/opt/rustwide/workdir" "-e" "CARGO_HOME=/opt/rustwide/cargo-home" "-e" "RUSTUP_HOME=/opt/rustwide/rustup-home" "-e" "CARGO_TARGET_DIR=/opt/rustwide/target" "-e" "CARGO_INCREMENTAL=0" "-e" "RUST_BACKTRACE=full" "-e" "RUSTFLAGS=--cap-lints=warn" "-e" "RUSTDOCFLAGS=--cap-lints=warn" "-w" "/opt/rustwide/workdir" "--user" "0:0" "e4150d08fb0707ca52e8e75f29b9e2bc935e31b4630578f2e8246953bc60da3a" "/opt/rustwide/cargo-home/bin/cargo" "+1.99.0-beta.8" "build" "--frozen" "--message-format=json" "--release", kill_on_drop: false }`
[INFO] [stderr]    Compiling syn v2.0.117
[INFO] [stderr]    Compiling libc v0.2.183
[INFO] [stderr]    Compiling serde_core v1.0.228
[INFO] [stderr]    Compiling typenum v1.19.0
[INFO] [stderr]    Compiling stable_deref_trait v1.2.1
[INFO] [stderr]    Compiling serde v1.0.228
[INFO] [stderr]    Compiling autocfg v1.5.0
[INFO] [stderr]    Compiling crossbeam-utils v0.8.21
[INFO] [stderr]    Compiling smallvec v1.15.1
[INFO] [stderr]    Compiling generic-array v0.14.7
[INFO] [stderr]    Compiling litemap v0.8.1
[INFO] [stderr]    Compiling writeable v0.6.2
[INFO] [stderr]    Compiling serde_json v1.0.149
[INFO] [stderr]    Compiling futures-core v0.3.32
[INFO] [stderr]    Compiling pin-project-lite v0.2.17
[INFO] [stderr]    Compiling cc v1.2.57
[INFO] [stderr]    Compiling icu_normalizer_data v2.1.1
[INFO] [stderr]    Compiling icu_properties_data v2.1.2
[INFO] [stderr]    Compiling scopeguard v1.2.0
[INFO] [stderr]    Compiling pkg-config v0.3.32
[INFO] [stderr]    Compiling futures-sink v0.3.32
[INFO] [stderr]    Compiling cfg-if v1.0.4
[INFO] [stderr]    Compiling lock_api v0.4.14
[INFO] [stderr]    Compiling num-traits v0.2.19
[INFO] [stderr]    Compiling parking_lot_core v0.9.12
[INFO] [stderr]    Compiling percent-encoding v2.3.2
[INFO] [stderr]    Compiling memchr v2.8.0
[INFO] [stderr]    Compiling zmij v1.0.21
[INFO] [stderr]    Compiling slab v0.4.12
[INFO] [stderr]    Compiling utf8_iter v1.0.4
[INFO] [stderr]    Compiling form_urlencoded v1.2.2
[INFO] [stderr]    Compiling itoa v1.0.17
[INFO] [stderr]    Compiling getrandom v0.4.2
[INFO] [stderr]    Compiling foldhash v0.1.5
[INFO] [stderr]    Compiling bytes v1.11.1
[INFO] [stderr]    Compiling futures-task v0.3.32
[INFO] [stderr]    Compiling allocator-api2 v0.2.21
[INFO] [stderr]    Compiling futures-io v0.3.32
[INFO] [stderr]    Compiling concurrent-queue v2.5.0
[INFO] [stderr]    Compiling tracing-core v0.1.36
[INFO] [stderr]    Compiling futures-util v0.3.32
[INFO] [stderr]    Compiling hashbrown v0.15.5
[INFO] [stderr]    Compiling block-buffer v0.10.4
[INFO] [stderr]    Compiling crypto-common v0.1.7
[INFO] [stderr]    Compiling thiserror v2.0.18
[INFO] [stderr]    Compiling digest v0.10.7
[INFO] [stderr]    Compiling cpufeatures v0.2.17
[INFO] [stderr]    Compiling hashbrown v0.16.1
[INFO] [stderr]    Compiling socket2 v0.6.3
[INFO] [stderr]    Compiling mio v1.1.1
[INFO] [stderr]    Compiling parking_lot v0.12.5
[INFO] [stderr]    Compiling libsqlite3-sys v0.30.1
[INFO] [stderr]    Compiling errno v0.3.14
[INFO] [stderr]    Compiling iana-time-zone v0.1.65
[INFO] [stderr]    Compiling parking v2.2.1
[INFO] [stderr]    Compiling tokio v1.50.0
[INFO] [stderr]    Compiling crc-catalog v2.4.0
[INFO] [stderr]    Compiling log v0.4.29
[INFO] [stderr]    Compiling chrono v0.4.44
[INFO] [stderr]    Compiling crc v3.4.0
[INFO] [stderr]    Compiling event-listener v5.4.1
[INFO] [stderr]    Compiling signal-hook-registry v1.4.8
[INFO] [stderr]    Compiling futures-intrusive v0.5.0
[INFO] [stderr]    Compiling hashlink v0.10.0
[INFO] [stderr]    Compiling indexmap v2.13.0
[INFO] [stderr]    Compiling sha2 v0.10.9
[INFO] [stderr]    Compiling crossbeam-queue v0.3.12
[INFO] [stderr]    Compiling spin v0.9.8
[INFO] [stderr]    Compiling base64 v0.22.1
[INFO] [stderr]    Compiling ryu v1.0.23
[INFO] [stderr]    Compiling uuid v1.22.0
[INFO] [stderr]    Compiling sha1_smol v1.0.1
[INFO] [stderr]    Compiling flume v0.11.1
[INFO] [stderr]    Compiling atoi v2.0.0
[INFO] [stderr]    Compiling futures-channel v0.3.32
[INFO] [stderr]    Compiling heck v0.5.0
[INFO] [stderr]    Compiling dotenvy v0.15.7
[INFO] [stderr]    Compiling hex v0.4.3
[INFO] [stderr]    Compiling futures-executor v0.3.32
[INFO] [stderr]    Compiling serde_bytes v0.11.19
[INFO] [stderr]    Compiling bitflags v2.11.0
[INFO] [stderr]    Compiling synstructure v0.13.2
[INFO] [stderr]    Compiling zerofrom-derive v0.1.6
[INFO] [stderr]    Compiling yoke-derive v0.8.1
[INFO] [stderr]    Compiling zerovec-derive v0.11.2
[INFO] [stderr]    Compiling displaydoc v0.2.5
[INFO] [stderr]    Compiling serde_derive v1.0.228
[INFO] [stderr]    Compiling thiserror-impl v2.0.18
[INFO] [stderr]    Compiling tracing-attributes v0.1.31
[INFO] [stderr]    Compiling tokio-macros v2.6.1
[INFO] [stderr]    Compiling async-trait v0.1.89
[INFO] [stderr]    Compiling tokio-stream v0.1.18
[INFO] [stderr]    Compiling zerofrom v0.1.6
[INFO] [stderr]    Compiling yoke v0.8.1
[INFO] [stderr]    Compiling tracing v0.1.44
[INFO] [stderr]    Compiling zerovec v0.11.5
[INFO] [stderr]    Compiling zerotrie v0.2.3
[INFO] [stderr]    Compiling tinystr v0.8.2
[INFO] [stderr]    Compiling potential_utf v0.1.4
[INFO] [stderr]    Compiling icu_locale_core v2.1.1
[INFO] [stderr]    Compiling icu_collections v2.1.1
[INFO] [stderr]    Compiling icu_provider v2.1.1
[INFO] [stderr]    Compiling icu_normalizer v2.1.1
[INFO] [stderr]    Compiling icu_properties v2.1.2
[INFO] [stderr]    Compiling idna_adapter v1.2.1
[INFO] [stderr]    Compiling idna v1.1.0
[INFO] [stderr]    Compiling either v1.15.0
[INFO] [stderr]    Compiling serde_urlencoded v0.7.1
[INFO] [stderr]    Compiling url v2.5.8
[INFO] [stderr]    Compiling sqlx-core v0.8.6
[INFO] [stderr]    Compiling mxr-core v0.4.15
[INFO] [stderr]    Compiling sqlx-sqlite v0.8.6
[INFO] [stderr]    Compiling sqlx-macros-core v0.8.6
[INFO] [stderr]    Compiling sqlx-macros v0.8.6
[INFO] [stderr]    Compiling sqlx v0.8.6
[INFO] [stderr]    Compiling mxr-store v0.4.15 (/opt/rustwide/workdir)
[INFO] [stderr]     Finished `release` profile [optimized] target(s) in 2m 00s
[INFO] running `Command { std: "docker" "inspect" "e4150d08fb0707ca52e8e75f29b9e2bc935e31b4630578f2e8246953bc60da3a", kill_on_drop: false }`
[INFO] running `Command { std: "docker" "exec" "-e" "SOURCE_DIR=/opt/rustwide/workdir" "-e" "CARGO_HOME=/opt/rustwide/cargo-home" "-e" "RUSTUP_HOME=/opt/rustwide/rustup-home" "-e" "CARGO_TARGET_DIR=/opt/rustwide/target" "-e" "CARGO_INCREMENTAL=0" "-e" "RUST_BACKTRACE=full" "-e" "RUSTFLAGS=--cap-lints=warn" "-e" "RUSTDOCFLAGS=--cap-lints=warn" "-w" "/opt/rustwide/workdir" "--user" "0:0" "e4150d08fb0707ca52e8e75f29b9e2bc935e31b4630578f2e8246953bc60da3a" "/opt/rustwide/cargo-home/bin/cargo" "+1.99.0-beta.8" "test" "--frozen" "--no-run" "--message-format=json" "--release", kill_on_drop: false }`
[INFO] [stderr]    Compiling mxr-store v0.4.15 (/opt/rustwide/workdir)
[INFO] [stderr]     Finished `release` profile [optimized] target(s) in 13.23s
[INFO] running `Command { std: "docker" "inspect" "e4150d08fb0707ca52e8e75f29b9e2bc935e31b4630578f2e8246953bc60da3a", kill_on_drop: false }`
[INFO] running `Command { std: "docker" "exec" "-e" "SOURCE_DIR=/opt/rustwide/workdir" "-e" "CARGO_HOME=/opt/rustwide/cargo-home" "-e" "RUSTUP_HOME=/opt/rustwide/rustup-home" "-e" "CARGO_TARGET_DIR=/opt/rustwide/target" "-e" "CARGO_INCREMENTAL=0" "-e" "RUST_BACKTRACE=full" "-e" "RUSTFLAGS=--cap-lints=warn" "-e" "RUSTDOCFLAGS=--cap-lints=warn" "-w" "/opt/rustwide/workdir" "--user" "0:0" "e4150d08fb0707ca52e8e75f29b9e2bc935e31b4630578f2e8246953bc60da3a" "/opt/rustwide/cargo-home/bin/cargo" "+1.99.0-beta.8" "test" "--frozen" "--release", kill_on_drop: false }`
[INFO] [stderr]     Finished `release` profile [optimized] target(s) in 0.19s
[INFO] [stderr]      Running unittests src/lib.rs (/opt/rustwide/target/release/deps/mxr_store-a19d4adaa1653c9d)
[INFO] [stdout] 
[INFO] [stdout] running 27 tests
[INFO] [stdout] test tests::get_saved_search_by_name ... ok
[INFO] [stdout] test tests::account_insert_upserts_existing_runtime_record ... ok
[INFO] [stdout] test tests::account_roundtrip ... ok
[INFO] [stdout] test tests::event_log_insert_and_query ... ok
[INFO] [stdout] test tests::list_contacts_ordered_by_frequency ... ok
[INFO] [stdout] test tests::label_crud ... ok
[INFO] [stdout] test tests::get_message_id_by_provider_id ... ok
[INFO] [stdout] test tests::list_envelopes_by_account_sinks_impossible_future_dates ... ok
[INFO] [stdout] test tests::body_cache ... ok
[INFO] [stdout] test tests::list_envelopes_by_ids_roundtrip_on_disk ... ok
[INFO] [stdout] test tests::list_subscriptions_groups_by_sender_and_skips_trash ... FAILED
[INFO] [stdout] test tests::list_envelopes_by_ids_roundtrip ... ok
[INFO] [stdout] test tests::draft_crud ... ok
[INFO] [stdout] test tests::envelope_upsert_and_query ... ok
[INFO] [stdout] test tests::message_labels_junction ... ok
[INFO] [stdout] test tests::recalculate_label_counts ... ok
[INFO] [stdout] test tests::snooze_lifecycle ... ok
[INFO] [stdout] test diagnostics::tests::collect_record_counts_reports_core_tables ... ok
[INFO] [stdout] test tests::sync_runtime_status_roundtrip ... ok
[INFO] [stdout] test tests::rules_roundtrip_and_history ... ok
[INFO] [stdout] test tests::sync_log_lifecycle ... ok
[INFO] [stdout] test tests::sync_cursor_persistence ... ok
[INFO] [stdout] test tests::prune_events_before_removes_old_rows ... ok
[INFO] [stdout] test tests::replace_label_moves_message_associations_when_id_changes ... ok
[INFO] [stdout] test tests::saved_search_crud ... ok
[INFO] [stdout] test tests::thread_aggregation ... ok
[INFO] [stdout] test tests::thread_latest_date_ignores_impossible_future_dates ... ok
[INFO] [stdout] 
[INFO] [stdout] failures:
[INFO] [stdout] 
[INFO] [stdout] ---- tests::list_subscriptions_groups_by_sender_and_skips_trash stdout ----
[INFO] [stdout] 
[INFO] [stdout] thread 'tests::list_subscriptions_groups_by_sender_and_skips_trash' (2631) panicked at src/lib.rs:465:9:
[INFO] [stdout] assertion `left == right` failed
[INFO] [stdout]   left: 0
[INFO] [stdout]  right: 1
[INFO] [stdout] stack backtrace:
[INFO] [stdout]    0:     0x58862a5e7781 - <<std[70759c8f55707aa4]::sys::backtrace::BacktraceLock>::print::DisplayBacktrace as core[df12db4294e9bfd3]::fmt::Display>::fmt
[INFO] [stdout]    1:     0x58862a5fd57a - core[df12db4294e9bfd3]::fmt::write
[INFO] [stdout]    2:     0x58862a5ebe8c - <alloc[2182bb758b4b3781]::vec::Vec<u8> as core[df12db4294e9bfd3]::io::write::Write>::write_fmt
[INFO] [stdout]    3:     0x58862a5c2656 - std[70759c8f55707aa4]::panicking::default_hook::{closure#0}
[INFO] [stdout]    4:     0x58862a5df809 - std[70759c8f55707aa4]::panicking::default_hook
[INFO] [stdout]    5:     0x58862a35fb70 - test[9d35eded1c95d3be]::test_main_inner::<test[9d35eded1c95d3be]::test_main_static::{closure#0}>::{closure#0}
[INFO] [stdout]    6:     0x58862a5dfb32 - std[70759c8f55707aa4]::panicking::panic_with_hook
[INFO] [stdout]    7:     0x58862a5c2702 - std[70759c8f55707aa4]::panicking::panic_handler::{closure#0}
[INFO] [stdout]    8:     0x58862a5bb339 - std[70759c8f55707aa4]::sys::backtrace::__rust_end_short_backtrace::<std[70759c8f55707aa4]::panicking::panic_handler::{closure#0}, !>
[INFO] [stdout]    9:     0x58862a5c32fd - __rustc[8fa7c3cbc660c2b3]::rust_begin_unwind
[INFO] [stdout]   10:     0x58862a5fdcdc - core[df12db4294e9bfd3]::panicking::panic_fmt
[INFO] [stdout]   11:     0x58862a5fdbf3 - core[df12db4294e9bfd3]::panicking::assert_failed_inner
[INFO] [stdout]   12:     0x58862a5f9438 - core[df12db4294e9bfd3]::panicking::assert_failed::<usize, usize>
[INFO] [stdout]   13:     0x58862a2bfda9 - mxr_store[3051d8e20f837b1c]::tests::list_subscriptions_groups_by_sender_and_skips_trash::{closure#0}
[INFO] [stdout]   14:     0x58862a34a733 - <tokio[18f1da3a4686a3e5]::runtime::scheduler::current_thread::Context>::enter::<core[df12db4294e9bfd3]::task::poll::Poll<()>, <tokio[18f1da3a4686a3e5]::runtime::scheduler::current_thread::CoreGuard>::block_on<core[df12db4294e9bfd3]::pin::Pin<&mut core[df12db4294e9bfd3]::pin::Pin<&mut dyn core[df12db4294e9bfd3]::future::future::Future<Output = ()>>>>::{closure#0}::{closure#0}>
[INFO] [stdout]   15:     0x58862a3430cc - <tokio[18f1da3a4686a3e5]::runtime::context::scoped::Scoped<tokio[18f1da3a4686a3e5]::runtime::scheduler::Context>>::set::<<tokio[18f1da3a4686a3e5]::runtime::scheduler::current_thread::CoreGuard>::enter<<tokio[18f1da3a4686a3e5]::runtime::scheduler::current_thread::CoreGuard>::block_on<core[df12db4294e9bfd3]::pin::Pin<&mut core[df12db4294e9bfd3]::pin::Pin<&mut dyn core[df12db4294e9bfd3]::future::future::Future<Output = ()>>>>::{closure#0}, core[df12db4294e9bfd3]::option::Option<()>>::{closure#0}, (alloc[2182bb758b4b3781]::boxed::Box<tokio[18f1da3a4686a3e5]::runtime::scheduler::current_thread::Core>, core[df12db4294e9bfd3]::option::Option<()>)>
[INFO] [stdout]   16:     0x58862a34a35c - <tokio[18f1da3a4686a3e5]::runtime::runtime::Runtime>::block_on::<core[df12db4294e9bfd3]::pin::Pin<&mut dyn core[df12db4294e9bfd3]::future::future::Future<Output = ()>>>
[INFO] [stdout]   17:     0x58862a2c5edb - mxr_store[3051d8e20f837b1c]::tests::list_subscriptions_groups_by_sender_and_skips_trash
[INFO] [stdout]   18:     0x58862a340cd9 - <mxr_store[3051d8e20f837b1c]::tests::list_subscriptions_groups_by_sender_and_skips_trash::{closure#0} as core[df12db4294e9bfd3]::ops::function::FnOnce<()>>::call_once
[INFO] [stdout]   19:     0x58862a352e5b - test[9d35eded1c95d3be]::__rust_begin_short_backtrace::<core[df12db4294e9bfd3]::result::Result<(), alloc[2182bb758b4b3781]::string::String>, fn() -> core[df12db4294e9bfd3]::result::Result<(), alloc[2182bb758b4b3781]::string::String>>
[INFO] [stdout]   20:     0x58862a3604c5 - test[9d35eded1c95d3be]::run_test::{closure#0}
[INFO] [stdout]   21:     0x58862a359d84 - std[70759c8f55707aa4]::sys::backtrace::__rust_begin_short_backtrace::<test[9d35eded1c95d3be]::run_test::{closure#1}, ()>
[INFO] [stdout]   22:     0x58862a363622 - <std[70759c8f55707aa4]::thread::lifecycle::spawn_unchecked<test[9d35eded1c95d3be]::run_test::{closure#1}, ()>::{closure#1} as core[df12db4294e9bfd3]::ops::function::FnOnce<()>>::call_once::{shim:vtable#0}
[INFO] [stdout]   23:     0x58862a5e7019 - <std[70759c8f55707aa4]::sys::thread::unix::Thread>::new::thread_start
[INFO] [stdout]   24:     0x717c7d3c1dfa - <unknown>
[INFO] [stdout]   25:     0x717c7d4553d4 - clone
[INFO] [stdout]   26:                0x0 - <unknown>
[INFO] [stdout] 
[INFO] [stdout] 
[INFO] [stdout] failures:
[INFO] [stdout]     tests::list_subscriptions_groups_by_sender_and_skips_trash
[INFO] [stdout] 
[INFO] [stdout] test result: FAILED. 26 passed; 1 failed; 0 ignored; 0 measured; 0 filtered out; finished in 0.24s
[INFO] [stdout] 
[INFO] [stderr] error: test failed, to rerun pass `--lib`
[INFO] running `Command { std: "docker" "inspect" "e4150d08fb0707ca52e8e75f29b9e2bc935e31b4630578f2e8246953bc60da3a", kill_on_drop: false }`
[INFO] running `Command { std: "docker" "rm" "-f" "e4150d08fb0707ca52e8e75f29b9e2bc935e31b4630578f2e8246953bc60da3a", kill_on_drop: false }`
[INFO] [stdout] e4150d08fb0707ca52e8e75f29b9e2bc935e31b4630578f2e8246953bc60da3a
