[INFO] fetching crate mxc-alpha-wslc-common 0.7.1...
[INFO] testing mxc-alpha-wslc-common-0.7.1 against 1.100.0-beta.1+cargoflags=--release for beta-release-1.100-2
[INFO] extracting crate mxc-alpha-wslc-common 0.7.1 into /workspace/builds/worker-0-tc2/source
[INFO] started tweaking crates.io crate mxc-alpha-wslc-common 0.7.1
[INFO] finished tweaking crates.io crate mxc-alpha-wslc-common 0.7.1
[INFO] tweaked toml for crates.io crate mxc-alpha-wslc-common 0.7.1 written to /workspace/builds/worker-0-tc2/source/Cargo.toml
[INFO] validating manifest of crates.io crate mxc-alpha-wslc-common 0.7.1 on toolchain 1.100.0-beta.1
[INFO] running `Command { std: CARGO_HOME="/workspace/cargo-home" RUSTUP_HOME="/workspace/rustup-home" "/workspace/cargo-home/bin/cargo" "+1.100.0-beta.1" "metadata" "--manifest-path" "Cargo.toml" "--no-deps", kill_on_drop: false }`
[INFO] crate crates.io crate mxc-alpha-wslc-common 0.7.1 already has a lockfile, it will not be regenerated
[INFO] running `Command { std: CARGO_HOME="/workspace/cargo-home" RUSTUP_HOME="/workspace/rustup-home" "/workspace/cargo-home/bin/cargo" "+1.100.0-beta.1" "fetch" "--manifest-path" "Cargo.toml", kill_on_drop: false }`
[INFO] running `Command { std: "docker" "create" "-v" "/var/lib/crater-agent-workspace/builds/worker-0-tc2/source:/opt/rustwide/workdir:ro,Z" "-v" "/var/lib/crater-agent-workspace/builds/worker-0-tc2/target:/opt/rustwide/target:rw,Z" "-v" "/var/lib/crater-agent-workspace/cargo-home:/opt/rustwide/cargo-home:ro,Z" "-v" "/var/lib/crater-agent-workspace/rustup-home:/opt/rustwide/rustup-home:ro,Z" "-m" "1610612736" "--network" "none" "ghcr.io/rust-lang/crates-build-env/linux@sha256:77db811e55d90add9212f6832c23229e3de5f1c1f9905e8cb07319ea15df73ac" "sleep" "infinity", kill_on_drop: false }`
[INFO] [stdout] 64ab67813cc2cdfe66035b180b4af30948f3b12389410aa07ef57bb5aa208ab4
[INFO] running `Command { std: "docker" "start" "64ab67813cc2cdfe66035b180b4af30948f3b12389410aa07ef57bb5aa208ab4", kill_on_drop: false }`
[INFO] running `Command { std: "docker" "inspect" "64ab67813cc2cdfe66035b180b4af30948f3b12389410aa07ef57bb5aa208ab4", kill_on_drop: false }`
[INFO] running `Command { std: "docker" "exec" "-e" "SOURCE_DIR=/opt/rustwide/workdir" "-e" "CARGO_HOME=/opt/rustwide/cargo-home" "-e" "RUSTUP_HOME=/opt/rustwide/rustup-home" "-e" "CARGO_TARGET_DIR=/opt/rustwide/target" "-w" "/opt/rustwide/workdir" "--user" "0:0" "64ab67813cc2cdfe66035b180b4af30948f3b12389410aa07ef57bb5aa208ab4" "/opt/rustwide/cargo-home/bin/cargo" "+1.100.0-beta.1" "metadata" "--no-deps" "--format-version=1", kill_on_drop: false }`
[INFO] running `Command { std: "docker" "inspect" "64ab67813cc2cdfe66035b180b4af30948f3b12389410aa07ef57bb5aa208ab4", kill_on_drop: false }`
[INFO] running `Command { std: "docker" "exec" "-e" "SOURCE_DIR=/opt/rustwide/workdir" "-e" "CARGO_HOME=/opt/rustwide/cargo-home" "-e" "RUSTUP_HOME=/opt/rustwide/rustup-home" "-e" "CARGO_TARGET_DIR=/opt/rustwide/target" "-e" "CARGO_INCREMENTAL=0" "-e" "RUST_BACKTRACE=full" "-e" "RUSTFLAGS=--cap-lints=warn" "-e" "RUSTDOCFLAGS=--cap-lints=warn" "-w" "/opt/rustwide/workdir" "--user" "0:0" "64ab67813cc2cdfe66035b180b4af30948f3b12389410aa07ef57bb5aa208ab4" "/opt/rustwide/cargo-home/bin/cargo" "+1.100.0-beta.1" "build" "--frozen" "--message-format=json" "--release", kill_on_drop: false }`
[INFO] [stderr]    Compiling syn v2.0.118
[INFO] [stderr]    Compiling libc v0.2.186
[INFO] [stderr]    Compiling litemap v0.8.2
[INFO] [stderr]    Compiling writeable v0.6.3
[INFO] [stderr]    Compiling icu_properties_data v2.2.0
[INFO] [stderr]    Compiling crc32fast v1.5.0
[INFO] [stderr]    Compiling icu_normalizer_data v2.2.0
[INFO] [stderr]    Compiling simd-adler32 v0.3.9
[INFO] [stderr]    Compiling serde_core v1.0.228
[INFO] [stderr]    Compiling getrandom v0.4.2
[INFO] [stderr]    Compiling adler2 v2.0.1
[INFO] [stderr]    Compiling smallvec v1.15.2
[INFO] [stderr]    Compiling thiserror v2.0.18
[INFO] [stderr]    Compiling generic-array v0.14.7
[INFO] [stderr]    Compiling log v0.4.32
[INFO] [stderr]    Compiling zip v2.4.2
[INFO] [stderr]    Compiling rustix v1.1.4
[INFO] [stderr]    Compiling indexmap v2.14.0
[INFO] [stderr]    Compiling miniz_oxide v0.8.9
[INFO] [stderr]    Compiling bitflags v2.13.0
[INFO] [stderr]    Compiling serde_json v1.0.150
[INFO] [stderr]    Compiling percent-encoding v2.3.2
[INFO] [stderr]    Compiling memchr v2.8.2
[INFO] [stderr]    Compiling zopfli v0.8.3
[INFO] [stderr]    Compiling cpufeatures v0.2.17
[INFO] [stderr]    Compiling unicode-general-category v1.1.0
[INFO] [stderr]    Compiling form_urlencoded v1.2.2
[INFO] [stderr]    Compiling semver v1.0.28
[INFO] [stderr]    Compiling libloading v0.8.9
[INFO] [stderr]    Compiling flate2 v1.1.9
[INFO] [stderr]    Compiling crypto-common v0.1.7
[INFO] [stderr]    Compiling block-buffer v0.10.4
[INFO] [stderr]    Compiling digest v0.10.7
[INFO] [stderr]    Compiling sha2 v0.10.9
[INFO] [stderr]    Compiling filetime v0.2.29
[INFO] [stderr]    Compiling getrandom v0.2.17
[INFO] [stderr]    Compiling uuid v1.23.3
[INFO] [stderr]    Compiling mxc-alpha-mxc-telemetry v0.7.1
[INFO] [stderr]    Compiling xattr v1.6.1
[INFO] [stderr]    Compiling tar v0.4.46
[INFO] [stderr]    Compiling synstructure v0.13.2
[INFO] [stderr]    Compiling displaydoc v0.2.6
[INFO] [stderr]    Compiling zerovec-derive v0.11.3
[INFO] [stderr]    Compiling thiserror-impl v2.0.18
[INFO] [stderr]    Compiling serde_derive v1.0.228
[INFO] [stderr]    Compiling zerofrom-derive v0.1.7
[INFO] [stderr]    Compiling yoke-derive v0.8.2
[INFO] [stderr]    Compiling zerofrom v0.1.8
[INFO] [stderr]    Compiling serde_path_to_error v0.1.20
[INFO] [stderr]    Compiling yoke v0.8.3
[INFO] [stderr]    Compiling zerotrie v0.2.4
[INFO] [stderr]    Compiling zerovec v0.11.6
[INFO] [stderr]    Compiling mxc-alpha-wslc-common v0.7.1 (/opt/rustwide/workdir)
[INFO] [stderr]    Compiling tinystr v0.8.3
[INFO] [stderr]    Compiling potential_utf v0.1.5
[INFO] [stderr]    Compiling icu_collections v2.2.0
[INFO] [stderr]    Compiling icu_locale_core v2.2.0
[INFO] [stderr]    Compiling icu_provider v2.2.0
[INFO] [stderr]    Compiling serde v1.0.228
[INFO] [stderr]    Compiling icu_properties v2.2.0
[INFO] [stderr]    Compiling icu_normalizer v2.2.0
[INFO] [stderr]    Compiling idna_adapter v1.2.2
[INFO] [stderr]    Compiling idna v1.1.0
[INFO] [stderr]    Compiling url v2.5.8
[INFO] [stderr]    Compiling mxc-alpha-wxc-common v0.7.1
[INFO] [stderr] warning: unused dependency `tar`
[INFO] [stderr]   --> Cargo.toml:15:15
[INFO] [stderr]    |
[INFO] [stderr] 15 | [dependencies.tar]
[INFO] [stderr]    |               ^^^^
[INFO] [stderr]    |
[INFO] [stderr]    = note: `cargo::unused_dependencies` is set to `warn` by default
[INFO] [stderr] help: consider removing the dependency on `tar`
[INFO] [stderr] warning: `mxc-alpha-wslc-common` (manifest) generated 1 warning
[INFO] [stderr]     Finished `release` profile [optimized] target(s) in 41.46s
[INFO] running `Command { std: "docker" "inspect" "64ab67813cc2cdfe66035b180b4af30948f3b12389410aa07ef57bb5aa208ab4", kill_on_drop: false }`
[INFO] running `Command { std: "docker" "exec" "-e" "SOURCE_DIR=/opt/rustwide/workdir" "-e" "CARGO_HOME=/opt/rustwide/cargo-home" "-e" "RUSTUP_HOME=/opt/rustwide/rustup-home" "-e" "CARGO_TARGET_DIR=/opt/rustwide/target" "-e" "CARGO_INCREMENTAL=0" "-e" "RUST_BACKTRACE=full" "-e" "RUSTFLAGS=--cap-lints=warn" "-e" "RUSTDOCFLAGS=--cap-lints=warn" "-w" "/opt/rustwide/workdir" "--user" "0:0" "64ab67813cc2cdfe66035b180b4af30948f3b12389410aa07ef57bb5aa208ab4" "/opt/rustwide/cargo-home/bin/cargo" "+1.100.0-beta.1" "test" "--frozen" "--no-run" "--message-format=json" "--release", kill_on_drop: false }`
[INFO] [stderr]    Compiling rustix v1.1.4
[INFO] [stderr]    Compiling fastrand v2.4.1
[INFO] [stderr]    Compiling getrandom v0.4.2
[INFO] [stderr]    Compiling xattr v1.6.1
[INFO] [stderr]    Compiling tempfile v3.27.0
[INFO] [stderr]    Compiling tar v0.4.46
[INFO] [stderr]    Compiling mxc-alpha-wslc-common v0.7.1 (/opt/rustwide/workdir)
[INFO] [stderr] warning: unused dependency `tar`
[INFO] [stderr]   --> Cargo.toml:15:15
[INFO] [stderr]    |
[INFO] [stderr] 15 | [dependencies.tar]
[INFO] [stderr]    |               ^^^^
[INFO] [stderr]    |
[INFO] [stderr]    = note: `cargo::unused_dependencies` is set to `warn` by default
[INFO] [stderr] help: consider removing the dependency on `tar`
[INFO] [stderr] warning: `mxc-alpha-wslc-common` (manifest) generated 1 warning
[INFO] [stderr]     Finished `release` profile [optimized] target(s) in 8.60s
[INFO] running `Command { std: "docker" "inspect" "64ab67813cc2cdfe66035b180b4af30948f3b12389410aa07ef57bb5aa208ab4", kill_on_drop: false }`
[INFO] running `Command { std: "docker" "exec" "-e" "SOURCE_DIR=/opt/rustwide/workdir" "-e" "CARGO_HOME=/opt/rustwide/cargo-home" "-e" "RUSTUP_HOME=/opt/rustwide/rustup-home" "-e" "CARGO_TARGET_DIR=/opt/rustwide/target" "-e" "CARGO_INCREMENTAL=0" "-e" "RUST_BACKTRACE=full" "-e" "RUSTFLAGS=--cap-lints=warn" "-e" "RUSTDOCFLAGS=--cap-lints=warn" "-w" "/opt/rustwide/workdir" "--user" "0:0" "64ab67813cc2cdfe66035b180b4af30948f3b12389410aa07ef57bb5aa208ab4" "/opt/rustwide/cargo-home/bin/cargo" "+1.100.0-beta.1" "test" "--frozen" "--release", kill_on_drop: false }`
[INFO] [stderr] warning: unused dependency `tar`
[INFO] [stderr]   --> Cargo.toml:15:15
[INFO] [stderr]    |
[INFO] [stderr] 15 | [dependencies.tar]
[INFO] [stderr]    |               ^^^^
[INFO] [stderr]    |
[INFO] [stderr]    = note: `cargo::unused_dependencies` is set to `warn` by default
[INFO] [stderr] help: consider removing the dependency on `tar`
[INFO] [stderr] warning: `mxc-alpha-wslc-common` (manifest) generated 1 warning
[INFO] [stderr]     Finished `release` profile [optimized] target(s) in 0.13s
[INFO] [stderr]      Running unittests src/lib.rs (/opt/rustwide/target/release/build/mxc-alpha-wslc-common/35c246bb39b73cc2/out/mxc_alpha_wslc_common-35c246bb39b73cc2)
[INFO] [stdout] 
[INFO] [stdout] running 65 tests
[INFO] [stdout] test policy_mapping::tests::build_mounts_empty_paths ... ok
[INFO] [stdout] test policy_mapping::tests::build_mounts_mixed_rw_ro ... ok
[INFO] [stdout] test policy_mapping::tests::canonical_allows_literal_exact_match_that_resolves ... ok
[INFO] [stdout] test policy_mapping::tests::build_mounts_rejects_unc_mixed_with_valid ... ok
[INFO] [stdout] test policy_mapping::tests::canonical_allows_trailing_separator_variant_exact_match ... ok
[INFO] [stdout] test policy_mapping::tests::canonical_fails_closed_on_unresolvable_denied_path ... ok
[INFO] [stdout] test policy_mapping::tests::canonical_fails_closed_on_unresolvable_mount ... ok
[INFO] [stdout] test policy_mapping::tests::canonical_rejects_absent_leaf_resolving_under_aliased_mount ... ok
[INFO] [stdout] test policy_mapping::tests::canonical_rejects_denied_alias_equal_to_mount_root ... ok
[INFO] [stdout] test policy_mapping::tests::canonical_allows_dot_dot_variant_exact_match ... ok
[INFO] [stdout] test policy_mapping::tests::canonical_skips_absent_denied_path ... ok
[INFO] [stdout] test policy_mapping::tests::empty_mounts_never_fail_closed ... ok
[INFO] [stdout] test policy_mapping::tests::build_mounts_rejects_relative_path ... ok
[INFO] [stdout] test policy_mapping::tests::build_mounts_rejects_unc_readwrite ... ok
[INFO] [stdout] test policy_mapping::tests::build_mounts_rejects_unc_readonly ... ok
[INFO] [stdout] test policy_mapping::tests::canonical_allows_case_and_separator_variant_exact_match ... ok
[INFO] [stdout] test policy_mapping::tests::iptables_allow_with_blocked_hosts ... ok
[INFO] [stdout] test policy_mapping::tests::needs_host_filtering_empty ... ok
[INFO] [stdout] test policy_mapping::tests::is_valid_host_rejects_injection ... ok
[INFO] [stdout] test policy_mapping::tests::is_valid_host_accepts_valid_entries ... ok
[INFO] [stdout] test policy_mapping::tests::canonical_rejects_denied_alias_resolving_into_mount ... ok
[INFO] [stdout] test policy_mapping::tests::canonical_rejects_mounted_alias_containing_denied ... ok
[INFO] [stdout] test policy_mapping::tests::needs_host_filtering_allow_with_allowed_only_is_false ... ok
[INFO] [stdout] test policy_mapping::tests::needs_host_filtering_allow_with_blocked ... ok
[INFO] [stdout] test policy_mapping::tests::needs_host_filtering_block_with_allowed ... ok
[INFO] [stdout] test policy_mapping::tests::needs_host_filtering_block_with_blocked_only_is_false ... ok
[INFO] [stdout] test policy_mapping::tests::canonical_allows_non_overlapping_resolved_paths ... ok
[INFO] [stdout] test policy_mapping::tests::iptables_none_when_no_hosts ... ok
[INFO] [stdout] test policy_mapping::tests::network_allow_maps_to_bridged ... ok
[INFO] [stdout] test policy_mapping::tests::network_block_no_hosts_maps_to_none ... ok
[INFO] [stdout] test policy_mapping::tests::iptables_skips_invalid_hosts ... ok
[INFO] [stdout] test policy_mapping::tests::iptables_block_with_allowed_hosts ... ok
[INFO] [stdout] test policy_mapping::tests::network_block_with_hosts_maps_to_bridged ... ok
[INFO] [stdout] test policy_mapping::tests::overlap_allows_absolute_vs_relative_no_false_positive ... FAILED
[INFO] [stdout] test policy_mapping::tests::overlap_empty_denied_paths_is_ok ... ok
[INFO] [stdout] test policy_mapping::tests::overlap_allows_non_overlapping_denied_path ... FAILED
[INFO] [stdout] test policy_mapping::tests::overlap_allows_denied_parent_of_mounted_child ... FAILED
[INFO] [stdout] test policy_mapping::tests::overlap_allows_exact_path_match ... FAILED
[INFO] [stdout] test policy_mapping::tests::overlap_is_case_and_separator_insensitive ... ok
[INFO] [stdout] test policy_mapping::tests::overlap_is_case_insensitive_for_non_ascii_components ... ok
[INFO] [stdout] test policy_mapping::tests::overlap_rejects_child_of_bare_root_mount ... ok
[INFO] [stdout] test policy_mapping::tests::overlap_ignores_partial_component_prefix ... FAILED
[INFO] [stdout] test policy_mapping::tests::overlap_detects_child_of_mounted_drive_root ... ok
[INFO] [stdout] test policy_mapping::tests::overlap_rejects_denied_child_of_readonly_parent ... ok
[INFO] [stdout] test policy_mapping::tests::overlap_rejects_dotdot_traversal_in_denied_path ... ok
[INFO] [stdout] test policy_mapping::tests::overlap_rejects_dotdot_traversal_in_mounted_path ... ok
[INFO] [stdout] test policy_mapping::tests::overlap_rejects_drive_relative_denied_under_full_drive ... ok
[INFO] [stdout] test policy_mapping::tests::overlap_reports_first_offending_pair_across_lists ... ok
[INFO] [stdout] test policy_mapping::tests::path_c_drive_simple ... ok
[INFO] [stdout] test policy_mapping::tests::path_d_drive_nested ... ok
[INFO] [stdout] test policy_mapping::tests::path_drive_relative_returns_none ... ok
[INFO] [stdout] test policy_mapping::tests::path_forward_slashes_preserved ... ok
[INFO] [stdout] test policy_mapping::tests::path_relative_returns_none ... ok
[INFO] [stdout] test policy_mapping::tests::overlap_rejects_denied_child_of_readwrite_parent ... ok
[INFO] [stdout] test policy_mapping::tests::path_bare_drive_returns_some ... ok
[INFO] [stdout] test policy_mapping::tests::path_unc_returns_none ... ok
[INFO] [stdout] test policy_mapping::tests::path_uppercase_drive_lowered ... ok
[INFO] [stdout] test wslc_bindings::tests::check_hresult_ok_and_err ... ok
[INFO] [stdout] test wslc_bindings::tests::bitflags_can_be_combined ... ok
[INFO] [stdout] test wslc_bindings::tests::component_flags_any_missing ... ok
[INFO] [stdout] test wslc_bindings::tests::component_flags_display_names_bits ... ok
[INFO] [stdout] test policy_mapping::tests::path_drive_root_only ... ok
[INFO] [stdout] test policy_mapping::tests::path_empty_returns_none ... ok
[INFO] [stdout] test wslc_bindings::tests::enum_and_flag_values_match_c_header ... ok
[INFO] [stdout] test wslc_bindings::tests::settings_struct_sizes_match_c_header ... ok
[INFO] [stdout] 
[INFO] [stdout] failures:
[INFO] [stdout] 
[INFO] [stdout] ---- policy_mapping::tests::overlap_allows_absolute_vs_relative_no_false_positive stdout ----
[INFO] [stdout] 
[INFO] [stdout] thread 'policy_mapping::tests::overlap_allows_absolute_vs_relative_no_false_positive' (1512) panicked at src/policy_mapping.rs:1060:10:
[INFO] [stdout] absolute mount vs relative deny must not be a false rejection: "WSLC: cannot verify deniedPaths against mounts because 'project\\secret' could not be resolved to a canonical location (it exists but is not examinable). With deniedPaths present, MXC fails closed rather than risk an unenforced deny. Ensure the path is accessible, or remove the deniedPaths entry."
[INFO] [stdout] stack backtrace:
[INFO] [stdout]    0:     0x616c5f2d6f61 - <<std[617be2ca0a6fd877]::sys::backtrace::BacktraceLock>::print::DisplayBacktrace as core[a373ad73a504971]::fmt::Display>::fmt
[INFO] [stdout]    1:     0x616c5f2ebb5a - core[a373ad73a504971]::fmt::write
[INFO] [stdout]    2:     0x616c5f2db17c - <alloc[2e1b2a31b91974c5]::vec::Vec<u8> as core[a373ad73a504971]::io::write::Write>::write_fmt
[INFO] [stdout]    3:     0x616c5f2b33c6 - std[617be2ca0a6fd877]::panicking::default_hook::{closure#0}
[INFO] [stdout]    4:     0x616c5f2cf5f9 - std[617be2ca0a6fd877]::panicking::default_hook
[INFO] [stdout]    5:     0x616c5f26bca0 - test[aada8e7e76ba119b]::test_main_inner::{closure#0}
[INFO] [stdout]    6:     0x616c5f2cf7b2 - std[617be2ca0a6fd877]::panicking::panic_with_hook
[INFO] [stdout]    7:     0x616c5f2b3472 - std[617be2ca0a6fd877]::panicking::panic_handler::{closure#0}
[INFO] [stdout]    8:     0x616c5f2ac189 - std[617be2ca0a6fd877]::sys::backtrace::__rust_end_short_backtrace::<std[617be2ca0a6fd877]::panicking::panic_handler::{closure#0}, !>
[INFO] [stdout]    9:     0x616c5f2b407d - __rustc[ea4f61d10b84890b]::rust_begin_unwind
[INFO] [stdout]   10:     0x616c5f2ec28c - core[a373ad73a504971]::panicking::panic_fmt
[INFO] [stdout]   11:     0x616c5f2ec062 - core[a373ad73a504971]::result::unwrap_failed
[INFO] [stdout]   12:     0x616c5f258574 - <mxc_alpha_wslc_common[cf12d2c4d32839c3]::policy_mapping::tests::overlap_allows_absolute_vs_relative_no_false_positive::{closure#0} as core[a373ad73a504971]::ops::function::FnOnce<()>>::call_once
[INFO] [stdout]   13:     0x616c5f25f0eb - test[aada8e7e76ba119b]::__rust_begin_short_backtrace::<core[a373ad73a504971]::result::Result<(), alloc[2e1b2a31b91974c5]::string::String>, fn() -> core[a373ad73a504971]::result::Result<(), alloc[2e1b2a31b91974c5]::string::String>>
[INFO] [stdout]   14:     0x616c5f26c2c5 - test[aada8e7e76ba119b]::run_test::{closure#0}
[INFO] [stdout]   15:     0x616c5f265bb4 - std[617be2ca0a6fd877]::sys::backtrace::__rust_begin_short_backtrace::<test[aada8e7e76ba119b]::run_test::{closure#1}, ()>
[INFO] [stdout]   16:     0x616c5f26f352 - <std[617be2ca0a6fd877]::thread::lifecycle::spawn_unchecked<test[aada8e7e76ba119b]::run_test::{closure#1}, ()>::{closure#1} as core[a373ad73a504971]::ops::function::FnOnce<()>>::call_once::{shim:vtable#0}
[INFO] [stdout]   17:     0x616c5f2d67bf - <std[617be2ca0a6fd877]::sys::thread::unix::Thread>::new::thread_start
[INFO] [stdout]   18:     0x7f621cf53dfa - <unknown>
[INFO] [stdout]   19:     0x7f621cfe73d4 - clone
[INFO] [stdout]   20:                0x0 - <unknown>
[INFO] [stdout] 
[INFO] [stdout] ---- policy_mapping::tests::overlap_allows_non_overlapping_denied_path stdout ----
[INFO] [stdout] 
[INFO] [stdout] thread 'policy_mapping::tests::overlap_allows_non_overlapping_denied_path' (1515) panicked at src/policy_mapping.rs:912:14:
[INFO] [stdout] non-overlapping denied path must be accepted: "WSLC: cannot verify deniedPaths against mounts because 'D:\\secrets' could not be resolved to a canonical location (it exists but is not examinable). With deniedPaths present, MXC fails closed rather than risk an unenforced deny. Ensure the path is accessible, or remove the deniedPaths entry."
[INFO] [stdout] stack backtrace:
[INFO] [stdout]    0:     0x616c5f2d6f61 - <<std[617be2ca0a6fd877]::sys::backtrace::BacktraceLock>::print::DisplayBacktrace as core[a373ad73a504971]::fmt::Display>::fmt
[INFO] [stdout]    1:     0x616c5f2ebb5a - core[a373ad73a504971]::fmt::write
[INFO] [stdout]    2:     0x616c5f2db17c - <alloc[2e1b2a31b91974c5]::vec::Vec<u8> as core[a373ad73a504971]::io::write::Write>::write_fmt
[INFO] [stdout]    3:     0x616c5f2b33c6 - std[617be2ca0a6fd877]::panicking::default_hook::{closure#0}
[INFO] [stdout]    4:     0x616c5f2cf5f9 - std[617be2ca0a6fd877]::panicking::default_hook
[INFO] [stdout]    5:     0x616c5f26bca0 - test[aada8e7e76ba119b]::test_main_inner::{closure#0}
[INFO] [stdout]    6:     0x616c5f2cf7b2 - std[617be2ca0a6fd877]::panicking::panic_with_hook
[INFO] [stdout]    7:     0x616c5f2b3472 - std[617be2ca0a6fd877]::panicking::panic_handler::{closure#0}
[INFO] [stdout]    8:     0x616c5f2ac189 - std[617be2ca0a6fd877]::sys::backtrace::__rust_end_short_backtrace::<std[617be2ca0a6fd877]::panicking::panic_handler::{closure#0}, !>
[INFO] [stdout]    9:     0x616c5f2b407d - __rustc[ea4f61d10b84890b]::rust_begin_unwind
[INFO] [stdout]   10:     0x616c5f2ec28c - core[a373ad73a504971]::panicking::panic_fmt
[INFO] [stdout]   11:     0x616c5f2ec062 - core[a373ad73a504971]::result::unwrap_failed
[INFO] [stdout]   12:     0x616c5f255274 - <mxc_alpha_wslc_common[cf12d2c4d32839c3]::policy_mapping::tests::overlap_allows_non_overlapping_denied_path::{closure#0} as core[a373ad73a504971]::ops::function::FnOnce<()>>::call_once
[INFO] [stdout]   13:     0x616c5f25f0eb - test[aada8e7e76ba119b]::__rust_begin_short_backtrace::<core[a373ad73a504971]::result::Result<(), alloc[2e1b2a31b91974c5]::string::String>, fn() -> core[a373ad73a504971]::result::Result<(), alloc[2e1b2a31b91974c5]::string::String>>
[INFO] [stdout]   14:     0x616c5f26c2c5 - test[aada8e7e76ba119b]::run_test::{closure#0}
[INFO] [stdout]   15:     0x616c5f265bb4 - std[617be2ca0a6fd877]::sys::backtrace::__rust_begin_short_backtrace::<test[aada8e7e76ba119b]::run_test::{closure#1}, ()>
[INFO] [stdout]   16:     0x616c5f26f352 - <std[617be2ca0a6fd877]::thread::lifecycle::spawn_unchecked<test[aada8e7e76ba119b]::run_test::{closure#1}, ()>::{closure#1} as core[a373ad73a504971]::ops::function::FnOnce<()>>::call_once::{shim:vtable#0}
[INFO] [stdout]   17:     0x616c5f2d67bf - <std[617be2ca0a6fd877]::sys::thread::unix::Thread>::new::thread_start
[INFO] [stdout]   18:     0x7f621cf53dfa - <unknown>
[INFO] [stdout]   19:     0x7f621cfe73d4 - clone
[INFO] [stdout]   20:                0x0 - <unknown>
[INFO] [stdout] 
[INFO] [stdout] ---- policy_mapping::tests::overlap_allows_denied_parent_of_mounted_child stdout ----
[INFO] [stdout] 
[INFO] [stdout] thread 'policy_mapping::tests::overlap_allows_denied_parent_of_mounted_child' (1513) panicked at src/policy_mapping.rs:978:10:
[INFO] [stdout] denied ancestor of a mounted child is not this overlap case: "WSLC: cannot verify deniedPaths against mounts because 'C:\\project' could not be resolved to a canonical location (it exists but is not examinable). With deniedPaths present, MXC fails closed rather than risk an unenforced deny. Ensure the path is accessible, or remove the deniedPaths entry."
[INFO] [stdout] stack backtrace:
[INFO] [stdout]    0:     0x616c5f2d6f61 - <<std[617be2ca0a6fd877]::sys::backtrace::BacktraceLock>::print::DisplayBacktrace as core[a373ad73a504971]::fmt::Display>::fmt
[INFO] [stdout]    1:     0x616c5f2ebb5a - core[a373ad73a504971]::fmt::write
[INFO] [stdout]    2:     0x616c5f2db17c - <alloc[2e1b2a31b91974c5]::vec::Vec<u8> as core[a373ad73a504971]::io::write::Write>::write_fmt
[INFO] [stdout]    3:     0x616c5f2b33c6 - std[617be2ca0a6fd877]::panicking::default_hook::{closure#0}
[INFO] [stdout]    4:     0x616c5f2cf5f9 - std[617be2ca0a6fd877]::panicking::default_hook
[INFO] [stdout]    5:     0x616c5f26bca0 - test[aada8e7e76ba119b]::test_main_inner::{closure#0}
[INFO] [stdout]    6:     0x616c5f2cf7b2 - std[617be2ca0a6fd877]::panicking::panic_with_hook
[INFO] [stdout]    7:     0x616c5f2b3472 - std[617be2ca0a6fd877]::panicking::panic_handler::{closure#0}
[INFO] [stdout]    8:     0x616c5f2ac189 - std[617be2ca0a6fd877]::sys::backtrace::__rust_end_short_backtrace::<std[617be2ca0a6fd877]::panicking::panic_handler::{closure#0}, !>
[INFO] [stdout]    9:     0x616c5f2b407d - __rustc[ea4f61d10b84890b]::rust_begin_unwind
[INFO] [stdout]   10:     0x616c5f2ec28c - core[a373ad73a504971]::panicking::panic_fmt
[INFO] [stdout]   11:     0x616c5f2ec062 - core[a373ad73a504971]::result::unwrap_failed
[INFO] [stdout]   12:     0x616c5f255de4 - <mxc_alpha_wslc_common[cf12d2c4d32839c3]::policy_mapping::tests::overlap_allows_denied_parent_of_mounted_child::{closure#0} as core[a373ad73a504971]::ops::function::FnOnce<()>>::call_once
[INFO] [stdout]   13:     0x616c5f25f0eb - test[aada8e7e76ba119b]::__rust_begin_short_backtrace::<core[a373ad73a504971]::result::Result<(), alloc[2e1b2a31b91974c5]::string::String>, fn() -> core[a373ad73a504971]::result::Result<(), alloc[2e1b2a31b91974c5]::string::String>>
[INFO] [stdout]   14:     0x616c5f26c2c5 - test[aada8e7e76ba119b]::run_test::{closure#0}
[INFO] [stdout]   15:     0x616c5f265bb4 - std[617be2ca0a6fd877]::sys::backtrace::__rust_begin_short_backtrace::<test[aada8e7e76ba119b]::run_test::{closure#1}, ()>
[INFO] [stdout]   16:     0x616c5f26f352 - <std[617be2ca0a6fd877]::thread::lifecycle::spawn_unchecked<test[aada8e7e76ba119b]::run_test::{closure#1}, ()>::{closure#1} as core[a373ad73a504971]::ops::function::FnOnce<()>>::call_once::{shim:vtable#0}
[INFO] [stdout]   17:     0x616c5f2d67bf - <std[617be2ca0a6fd877]::sys::thread::unix::Thread>::new::thread_start
[INFO] [stdout]   18:     0x7f621cf53dfa - <unknown>
[INFO] [stdout]   19:     0x7f621cfe73d4 - clone
[INFO] [stdout]   20:                0x0 - <unknown>
[INFO] [stdout] 
[INFO] [stdout] ---- policy_mapping::tests::overlap_allows_exact_path_match stdout ----
[INFO] [stdout] 
[INFO] [stdout] thread 'policy_mapping::tests::overlap_allows_exact_path_match' (1514) panicked at src/policy_mapping.rs:920:14:
[INFO] [stdout] exact-path deny is enforceable and must be accepted: "WSLC: cannot verify deniedPaths against mounts because 'C:\\project' could not be resolved to a canonical location (it exists but is not examinable). With deniedPaths present, MXC fails closed rather than risk an unenforced deny. Ensure the path is accessible, or remove the deniedPaths entry."
[INFO] [stdout] stack backtrace:
[INFO] [stdout]    0:     0x616c5f2d6f61 - <<std[617be2ca0a6fd877]::sys::backtrace::BacktraceLock>::print::DisplayBacktrace as core[a373ad73a504971]::fmt::Display>::fmt
[INFO] [stdout]    1:     0x616c5f2ebb5a - core[a373ad73a504971]::fmt::write
[INFO] [stdout]    2:     0x616c5f2db17c - <alloc[2e1b2a31b91974c5]::vec::Vec<u8> as core[a373ad73a504971]::io::write::Write>::write_fmt
[INFO] [stdout]    3:     0x616c5f2b33c6 - std[617be2ca0a6fd877]::panicking::default_hook::{closure#0}
[INFO] [stdout]    4:     0x616c5f2cf5f9 - std[617be2ca0a6fd877]::panicking::default_hook
[INFO] [stdout]    5:     0x616c5f26bca0 - test[aada8e7e76ba119b]::test_main_inner::{closure#0}
[INFO] [stdout]    6:     0x616c5f2cf7b2 - std[617be2ca0a6fd877]::panicking::panic_with_hook
[INFO] [stdout]    7:     0x616c5f2b3472 - std[617be2ca0a6fd877]::panicking::panic_handler::{closure#0}
[INFO] [stdout]    8:     0x616c5f2ac189 - std[617be2ca0a6fd877]::sys::backtrace::__rust_end_short_backtrace::<std[617be2ca0a6fd877]::panicking::panic_handler::{closure#0}, !>
[INFO] [stdout]    9:     0x616c5f2b407d - __rustc[ea4f61d10b84890b]::rust_begin_unwind
[INFO] [stdout]   10:     0x616c5f2ec28c - core[a373ad73a504971]::panicking::panic_fmt
[INFO] [stdout]   11:     0x616c5f2ec062 - core[a373ad73a504971]::result::unwrap_failed
[INFO] [stdout]   12:     0x616c5f253544 - <mxc_alpha_wslc_common[cf12d2c4d32839c3]::policy_mapping::tests::overlap_allows_exact_path_match::{closure#0} as core[a373ad73a504971]::ops::function::FnOnce<()>>::call_once
[INFO] [stdout]   13:     0x616c5f25f0eb - test[aada8e7e76ba119b]::__rust_begin_short_backtrace::<core[a373ad73a504971]::result::Result<(), alloc[2e1b2a31b91974c5]::string::String>, fn() -> core[a373ad73a504971]::result::Result<(), alloc[2e1b2a31b91974c5]::string::String>>
[INFO] [stdout]   14:     0x616c5f26c2c5 - test[aada8e7e76ba119b]::run_test::{closure#0}
[INFO] [stdout]   15:     0x616c5f265bb4 - std[617be2ca0a6fd877]::sys::backtrace::__rust_begin_short_backtrace::<test[aada8e7e76ba119b]::run_test::{closure#1}, ()>
[INFO] [stdout]   16:     0x616c5f26f352 - <std[617be2ca0a6fd877]::thread::lifecycle::spawn_unchecked<test[aada8e7e76ba119b]::run_test::{closure#1}, ()>::{closure#1} as core[a373ad73a504971]::ops::function::FnOnce<()>>::call_once::{shim:vtable#0}
[INFO] [stdout]   17:     0x616c5f2d67bf - <std[617be2ca0a6fd877]::sys::thread::unix::Thread>::new::thread_start
[INFO] [stdout]   18:     0x7f621cf53dfa - <unknown>
[INFO] [stdout]   19:     0x7f621cfe73d4 - clone
[INFO] [stdout]   20:                0x0 - <unknown>
[INFO] [stdout] 
[INFO] [stdout] ---- policy_mapping::tests::overlap_ignores_partial_component_prefix stdout ----
[INFO] [stdout] 
[INFO] [stdout] thread 'policy_mapping::tests::overlap_ignores_partial_component_prefix' (1518) panicked at src/policy_mapping.rs:931:10:
[INFO] [stdout] partial-component prefix must not count as an overlap: "WSLC: cannot verify deniedPaths against mounts because 'C:\\project2\\secrets' could not be resolved to a canonical location (it exists but is not examinable). With deniedPaths present, MXC fails closed rather than risk an unenforced deny. Ensure the path is accessible, or remove the deniedPaths entry."
[INFO] [stdout] stack backtrace:
[INFO] [stdout]    0:     0x616c5f2d6f61 - <<std[617be2ca0a6fd877]::sys::backtrace::BacktraceLock>::print::DisplayBacktrace as core[a373ad73a504971]::fmt::Display>::fmt
[INFO] [stdout]    1:     0x616c5f2ebb5a - core[a373ad73a504971]::fmt::write
[INFO] [stdout]    2:     0x616c5f2db17c - <alloc[2e1b2a31b91974c5]::vec::Vec<u8> as core[a373ad73a504971]::io::write::Write>::write_fmt
[INFO] [stdout]    3:     0x616c5f2b33c6 - std[617be2ca0a6fd877]::panicking::default_hook::{closure#0}
[INFO] [stdout]    4:     0x616c5f2cf5f9 - std[617be2ca0a6fd877]::panicking::default_hook
[INFO] [stdout]    5:     0x616c5f26bca0 - test[aada8e7e76ba119b]::test_main_inner::{closure#0}
[INFO] [stdout]    6:     0x616c5f2cf7b2 - std[617be2ca0a6fd877]::panicking::panic_with_hook
[INFO] [stdout]    7:     0x616c5f2b3472 - std[617be2ca0a6fd877]::panicking::panic_handler::{closure#0}
[INFO] [stdout]    8:     0x616c5f2ac189 - std[617be2ca0a6fd877]::sys::backtrace::__rust_end_short_backtrace::<std[617be2ca0a6fd877]::panicking::panic_handler::{closure#0}, !>
[INFO] [stdout]    9:     0x616c5f2b407d - __rustc[ea4f61d10b84890b]::rust_begin_unwind
[INFO] [stdout]   10:     0x616c5f2ec28c - core[a373ad73a504971]::panicking::panic_fmt
[INFO] [stdout]   11:     0x616c5f2ec062 - core[a373ad73a504971]::result::unwrap_failed
[INFO] [stdout]   12:     0x616c5f254904 - <mxc_alpha_wslc_common[cf12d2c4d32839c3]::policy_mapping::tests::overlap_ignores_partial_component_prefix::{closure#0} as core[a373ad73a504971]::ops::function::FnOnce<()>>::call_once
[INFO] [stdout]   13:     0x616c5f25f0eb - test[aada8e7e76ba119b]::__rust_begin_short_backtrace::<core[a373ad73a504971]::result::Result<(), alloc[2e1b2a31b91974c5]::string::String>, fn() -> core[a373ad73a504971]::result::Result<(), alloc[2e1b2a31b91974c5]::string::String>>
[INFO] [stdout]   14:     0x616c5f26c2c5 - test[aada8e7e76ba119b]::run_test::{closure#0}
[INFO] [stdout]   15:     0x616c5f265bb4 - std[617be2ca0a6fd877]::sys::backtrace::__rust_begin_short_backtrace::<test[aada8e7e76ba119b]::run_test::{closure#1}, ()>
[INFO] [stdout]   16:     0x616c5f26f352 - <std[617be2ca0a6fd877]::thread::lifecycle::spawn_unchecked<test[aada8e7e76ba119b]::run_test::{closure#1}, ()>::{closure#1} as core[a373ad73a504971]::ops::function::FnOnce<()>>::call_once::{shim:vtable#0}
[INFO] [stdout]   17:     0x616c5f2d67bf - <std[617be2ca0a6fd877]::sys::thread::unix::Thread>::new::thread_start
[INFO] [stdout]   18:     0x7f621cf53dfa - <unknown>
[INFO] [stdout]   19:     0x7f621cfe73d4 - clone
[INFO] [stdout]   20:                0x0 - <unknown>
[INFO] [stdout] 
[INFO] [stdout] 
[INFO] [stdout] failures:
[INFO] [stdout]     policy_mapping::tests::overlap_allows_absolute_vs_relative_no_false_positive
[INFO] [stdout]     policy_mapping::tests::overlap_allows_denied_parent_of_mounted_child
[INFO] [stdout]     policy_mapping::tests::overlap_allows_exact_path_match
[INFO] [stdout]     policy_mapping::tests::overlap_allows_non_overlapping_denied_path
[INFO] [stdout]     policy_mapping::tests::overlap_ignores_partial_component_prefix
[INFO] [stdout] 
[INFO] [stdout] test result: FAILED. 60 passed; 5 failed; 0 ignored; 0 measured; 0 filtered out; finished in 0.02s
[INFO] [stdout] 
[INFO] [stderr] error: test failed, to rerun pass `--lib`
[INFO] running `Command { std: "docker" "inspect" "64ab67813cc2cdfe66035b180b4af30948f3b12389410aa07ef57bb5aa208ab4", kill_on_drop: false }`
[INFO] running `Command { std: "docker" "rm" "-f" "64ab67813cc2cdfe66035b180b4af30948f3b12389410aa07ef57bb5aa208ab4", kill_on_drop: false }`
[INFO] [stdout] 64ab67813cc2cdfe66035b180b4af30948f3b12389410aa07ef57bb5aa208ab4
