[INFO] fetching crate mx-tester 0.4.0-pre1...
[INFO] testing mx-tester-0.4.0-pre1 against 1.99.0-beta.8+cargoflags=--release for beta-release-1.100-2
[INFO] extracting crate mx-tester 0.4.0-pre1 into /workspace/builds/worker-5-tc1/source
[INFO] started tweaking crates.io crate mx-tester 0.4.0-pre1
[INFO] finished tweaking crates.io crate mx-tester 0.4.0-pre1
[INFO] tweaked toml for crates.io crate mx-tester 0.4.0-pre1 written to /workspace/builds/worker-5-tc1/source/Cargo.toml
[INFO] validating manifest of crates.io crate mx-tester 0.4.0-pre1 on toolchain 1.99.0-beta.8
[INFO] running `Command { std: CARGO_HOME="/workspace/cargo-home" RUSTUP_HOME="/workspace/rustup-home" "/workspace/cargo-home/bin/cargo" "+1.99.0-beta.8" "metadata" "--manifest-path" "Cargo.toml" "--no-deps", kill_on_drop: false }`
[INFO] crate crates.io crate mx-tester 0.4.0-pre1 already has a lockfile, it will not be regenerated
[INFO] running `Command { std: CARGO_HOME="/workspace/cargo-home" RUSTUP_HOME="/workspace/rustup-home" "/workspace/cargo-home/bin/cargo" "+1.99.0-beta.8" "fetch" "--manifest-path" "Cargo.toml", kill_on_drop: false }`
[INFO] [stderr]     Updating crates.io index
[INFO] [stderr]  Downloading crates ...
[INFO] [stderr]   Downloaded wasm-bindgen-macro v0.2.80
[INFO] [stderr]   Downloaded uuid v1.1.2
[INFO] [stderr]   Downloaded getrandom v0.2.7
[INFO] [stderr]   Downloaded filetime v0.2.16
[INFO] [stderr]   Downloaded ruma-identifiers-validation v0.8.1
[INFO] [stderr]   Downloaded wasm-bindgen-shared v0.2.80
[INFO] [stderr]   Downloaded wasm-bindgen-macro-support v0.2.80
[INFO] [stderr]   Downloaded wildmatch v2.1.0
[INFO] [stderr]   Downloaded xattr v0.2.3
[INFO] [stderr]   Downloaded percent-encoding v2.2.0
[INFO] [stderr]   Downloaded js_option v0.1.1
[INFO] [stderr]   Downloaded synapse-admin-api v0.4.0
[INFO] [stderr]   Downloaded ruma v0.6.4
[INFO] [stderr]   Downloaded once_cell v1.14.0
[INFO] [stderr]   Downloaded tokio-macros v1.8.0
[INFO] [stderr]   Downloaded ruma-signatures v0.11.0
[INFO] [stderr]   Downloaded wasm-bindgen-backend v0.2.80
[INFO] [stderr]   Downloaded form_urlencoded v1.1.0
[INFO] [stderr]   Downloaded typed-builder v0.10.0
[INFO] [stderr]   Downloaded tracing-attributes v0.1.21
[INFO] [stderr]   Downloaded parking_lot_core v0.9.3
[INFO] [stderr]   Downloaded wasm-bindgen v0.2.80
[INFO] [stderr]   Downloaded signature v1.5.0
[INFO] [stderr]   Downloaded shellexpand v2.1.0
[INFO] [stderr]   Downloaded sha-1 v0.10.0
[INFO] [stderr]   Downloaded tokio-stream v0.1.9
[INFO] [stderr]   Downloaded ruma-macros v0.9.3
[INFO] [stderr]   Downloaded ahash v0.7.6
[INFO] [stderr]   Downloaded ruma-state-res v0.7.0
[INFO] [stderr]   Downloaded tar v0.4.38
[INFO] [stderr]   Downloaded serde_bytes v0.11.7
[INFO] [stderr]   Downloaded ed25519 v1.5.2
[INFO] [stderr]   Downloaded serde_derive v1.0.144
[INFO] [stderr]   Downloaded ruma-federation-api v0.5.0
[INFO] [stderr]   Downloaded js-sys v0.3.57
[INFO] [stderr]   Downloaded tracing v0.1.35
[INFO] [stderr]   Downloaded serde v1.0.144
[INFO] [stderr]   Downloaded tracing-core v0.1.27
[INFO] [stderr]   Downloaded mio v0.8.3
[INFO] [stderr]   Downloaded url v2.3.1
[INFO] [stderr]   Downloaded ruma-client-api v0.14.1
[INFO] [stderr]   Downloaded serde_yaml v0.9.11
[INFO] [stderr]   Downloaded unsafe-libyaml v0.2.2
[INFO] [stderr]   Downloaded serde_json v1.0.81
[INFO] [stderr]   Downloaded wasm-bindgen-futures v0.4.30
[INFO] [stderr]   Downloaded tower-service v0.3.1
[INFO] [stderr]   Downloaded ruma-common v0.9.3
[INFO] [stderr]   Downloaded libc v0.2.132
[INFO] [stderr]   Downloaded tokio v1.19.2
[INFO] [stderr]   Downloaded web-sys v0.3.57
[INFO] [stderr]   Downloaded openssl-sys v0.9.74
[INFO] [stderr]   Downloaded openssl v0.10.40
[INFO] [stderr]   Downloaded hyper v0.14.19
[INFO] [stderr]   Downloaded slab v0.4.6
[INFO] [stderr]   Downloaded futures-macro v0.3.21
[INFO] [stderr]   Downloaded matrix-sdk v0.5.0
[INFO] [stderr]   Downloaded futures v0.3.21
[INFO] [stderr]   Downloaded futures-executor v0.3.21
[INFO] [stderr]   Downloaded matrix-sdk-sled v0.1.0
[INFO] [stderr]   Downloaded sha2 v0.10.5
[INFO] [stderr]   Downloaded matrix-sdk-store-encryption v0.1.0
[INFO] [stderr]   Downloaded base64ct v1.5.2
[INFO] [stderr]   Downloaded displaydoc v0.2.3
[INFO] [stderr]   Downloaded chacha20poly1305 v0.9.0
[INFO] [stderr]   Downloaded chacha20 v0.8.1
[INFO] [stderr]   Downloaded blake3 v1.3.1
[INFO] [stderr]   Downloaded matrix-sdk-crypto v0.5.0
[INFO] [stderr]   Downloaded vodozemac v0.2.0
[INFO] [stderr]   Downloaded spki v0.5.4
[INFO] [stderr]   Downloaded const-oid v0.7.1
[INFO] [stderr]   Downloaded dashmap v5.3.4
[INFO] [stderr]   Downloaded ctr v0.9.1
[INFO] [stderr]   Downloaded matrix-sdk-base v0.5.1
[INFO] [stderr]   Downloaded anyhow v1.0.57
[INFO] [stderr]   Downloaded der v0.5.1
[INFO] [stderr]   Downloaded block-padding v0.3.2
[INFO] [stderr]   Downloaded atomic v0.5.1
[INFO] [stderr]   Downloaded async-stream v0.3.3
[INFO] [stderr]   Downloaded indexed_db_futures v0.2.3
[INFO] [stderr]   Downloaded async-once-cell v0.3.1
[INFO] [stderr]   Downloaded ebacktrace v0.5.1
[INFO] [stderr]   Downloaded pkcs7 v0.3.0
[INFO] [stderr]   Downloaded cipher v0.4.3
[INFO] [stderr]   Downloaded aes v0.8.1
[INFO] [stderr]   Downloaded matrix-sdk-common v0.5.0
[INFO] [stderr]   Downloaded async-lock v2.5.0
[INFO] [stderr]   Downloaded async-trait v0.1.56
[INFO] [stderr]   Downloaded ezexec v0.3.0
[INFO] [stderr]   Downloaded hkdf v0.12.3
[INFO] [stderr]   Downloaded lru v0.7.8
[INFO] [stderr]   Downloaded async-stream-impl v0.3.3
[INFO] [stderr]   Downloaded matrix-sdk-indexeddb v0.1.0
[INFO] [stderr]   Downloaded dircpy v0.3.10
[INFO] [stderr]   Downloaded jwalk v0.6.0
[INFO] [stderr]   Downloaded rayon v1.5.3
[INFO] [stderr]   Downloaded rayon-core v1.9.3
[INFO] [stderr]   Downloaded comma v1.0.0
[INFO] [stderr]   Downloaded webpki v0.22.0
[INFO] [stderr]   Downloaded crossbeam v0.8.1
[INFO] [stderr]   Downloaded crossbeam-queue v0.3.5
[INFO] [stderr]   Downloaded data-encoding v2.3.2
[INFO] [stderr]   Downloaded clap_lex v0.2.2
[INFO] [stderr]   Downloaded os_str_bytes v6.1.0
[INFO] [stderr]   Downloaded bollard v0.13.0
[INFO] [stderr]   Downloaded webpki-roots v0.22.3
[INFO] [stderr]   Downloaded clap v3.2.1
[INFO] [stderr]   Downloaded rustls-pemfile v1.0.0
[INFO] [stderr]   Downloaded sct v0.7.0
[INFO] [stderr]   Downloaded rustls-native-certs v0.6.2
[INFO] [stderr]   Downloaded rustls v0.20.6
[INFO] [stderr]   Downloaded hyper-rustls v0.23.0
[INFO] [stderr]   Downloaded bollard-stubs v1.42.0-rc.3
[INFO] running `Command { std: "docker" "create" "-v" "/var/lib/crater-agent-workspace/builds/worker-5-tc1/source:/opt/rustwide/workdir:ro,Z" "-v" "/var/lib/crater-agent-workspace/builds/worker-5-tc1/target:/opt/rustwide/target:rw,Z" "-v" "/var/lib/crater-agent-workspace/cargo-home:/opt/rustwide/cargo-home:ro,Z" "-v" "/var/lib/crater-agent-workspace/rustup-home:/opt/rustwide/rustup-home:ro,Z" "-m" "1610612736" "--network" "none" "ghcr.io/rust-lang/crates-build-env/linux@sha256:77db811e55d90add9212f6832c23229e3de5f1c1f9905e8cb07319ea15df73ac" "sleep" "infinity", kill_on_drop: false }`
[INFO] [stdout] 4ba8d635c5c4aecf2c32c73129806b8ba3251695e7cb9145dbbd0e70219cc70d
[INFO] running `Command { std: "docker" "start" "4ba8d635c5c4aecf2c32c73129806b8ba3251695e7cb9145dbbd0e70219cc70d", kill_on_drop: false }`
[INFO] running `Command { std: "docker" "inspect" "4ba8d635c5c4aecf2c32c73129806b8ba3251695e7cb9145dbbd0e70219cc70d", kill_on_drop: false }`
[INFO] running `Command { std: "docker" "exec" "-e" "SOURCE_DIR=/opt/rustwide/workdir" "-e" "CARGO_HOME=/opt/rustwide/cargo-home" "-e" "RUSTUP_HOME=/opt/rustwide/rustup-home" "-e" "CARGO_TARGET_DIR=/opt/rustwide/target" "-w" "/opt/rustwide/workdir" "--user" "0:0" "4ba8d635c5c4aecf2c32c73129806b8ba3251695e7cb9145dbbd0e70219cc70d" "/opt/rustwide/cargo-home/bin/cargo" "+1.99.0-beta.8" "metadata" "--no-deps" "--format-version=1", kill_on_drop: false }`
[INFO] running `Command { std: "docker" "inspect" "4ba8d635c5c4aecf2c32c73129806b8ba3251695e7cb9145dbbd0e70219cc70d", kill_on_drop: false }`
[INFO] running `Command { std: "docker" "exec" "-e" "SOURCE_DIR=/opt/rustwide/workdir" "-e" "CARGO_HOME=/opt/rustwide/cargo-home" "-e" "RUSTUP_HOME=/opt/rustwide/rustup-home" "-e" "CARGO_TARGET_DIR=/opt/rustwide/target" "-e" "CARGO_INCREMENTAL=0" "-e" "RUST_BACKTRACE=full" "-e" "RUSTFLAGS=--cap-lints=warn" "-e" "RUSTDOCFLAGS=--cap-lints=warn" "-w" "/opt/rustwide/workdir" "--user" "0:0" "4ba8d635c5c4aecf2c32c73129806b8ba3251695e7cb9145dbbd0e70219cc70d" "/opt/rustwide/cargo-home/bin/cargo" "+1.99.0-beta.8" "build" "--frozen" "--message-format=json" "--release", kill_on_drop: false }`
[INFO] [stderr]    Compiling libc v0.2.132
[INFO] [stderr]    Compiling proc-macro2 v1.0.39
[INFO] [stderr]    Compiling unicode-ident v1.0.1
[INFO] [stderr]    Compiling syn v1.0.96
[INFO] [stderr]    Compiling serde v1.0.144
[INFO] [stderr]    Compiling serde_derive v1.0.144
[INFO] [stderr]    Compiling once_cell v1.14.0
[INFO] [stderr]    Compiling typenum v1.15.0
[INFO] [stderr]    Compiling memchr v2.5.0
[INFO] [stderr]    Compiling bytes v1.1.0
[INFO] [stderr]    Compiling log v0.4.17
[INFO] [stderr]    Compiling pin-project-lite v0.2.9
[INFO] [stderr]    Compiling generic-array v0.14.5
[INFO] [stderr]    Compiling ahash v0.7.6
[INFO] [stderr]    Compiling itoa v1.0.2
[INFO] [stderr]    Compiling lock_api v0.4.7
[INFO] [stderr]    Compiling smallvec v1.8.0
[INFO] [stderr]    Compiling subtle v2.4.1
[INFO] [stderr]    Compiling indexmap v1.9.1
[INFO] [stderr]    Compiling parking_lot_core v0.9.3
[INFO] [stderr]    Compiling futures-core v0.3.21
[INFO] [stderr]    Compiling ppv-lite86 v0.2.16
[INFO] [stderr]    Compiling unicode-xid v0.2.3
[INFO] [stderr]    Compiling cpufeatures v0.2.2
[INFO] [stderr]    Compiling ryu v1.0.10
[INFO] [stderr]    Compiling tracing-core v0.1.27
[INFO] [stderr]    Compiling tinyvec_macros v0.1.0
[INFO] [stderr]    Compiling base64 v0.13.0
[INFO] [stderr]    Compiling serde_json v1.0.81
[INFO] [stderr]    Compiling getrandom v0.1.16
[INFO] [stderr]    Compiling tinyvec v1.6.0
[INFO] [stderr]    Compiling http v0.2.8
[INFO] [stderr]    Compiling percent-encoding v2.2.0
[INFO] [stderr]    Compiling unicode-bidi v0.3.8
[INFO] [stderr]    Compiling quote v1.0.18
[INFO] [stderr]    Compiling futures-sink v0.3.21
[INFO] [stderr]    Compiling crossbeam-utils v0.8.8
[INFO] [stderr]    Compiling futures-task v0.3.21
[INFO] [stderr]    Compiling futures-channel v0.3.21
[INFO] [stderr]    Compiling memoffset v0.6.5
[INFO] [stderr]    Compiling byteorder v1.4.3
[INFO] [stderr]    Compiling futures-util v0.3.21
[INFO] [stderr]    Compiling form_urlencoded v1.1.0
[INFO] [stderr]    Compiling futures-io v0.3.21
[INFO] [stderr]    Compiling slab v0.4.6
[INFO] [stderr]    Compiling crossbeam-epoch v0.9.8
[INFO] [stderr]    Compiling either v1.6.1
[INFO] [stderr]    Compiling wildmatch v2.1.0
[INFO] [stderr]    Compiling pkg-config v0.3.25
[INFO] [stderr]    Compiling anyhow v1.0.57
[INFO] [stderr]    Compiling ring v0.16.20
[INFO] [stderr]    Compiling const-oid v0.6.2
[INFO] [stderr]    Compiling signature v1.5.0
[INFO] [stderr]    Compiling instant v0.1.12
[INFO] [stderr]    Compiling httparse v1.7.1
[INFO] [stderr]    Compiling try-lock v0.2.3
[INFO] [stderr]    Compiling openssl-probe v0.1.5
[INFO] [stderr]    Compiling der v0.4.5
[INFO] [stderr]    Compiling const-oid v0.7.1
[INFO] [stderr]    Compiling untrusted v0.7.1
[INFO] [stderr]    Compiling itertools v0.10.3
[INFO] [stderr]    Compiling der v0.5.1
[INFO] [stderr]    Compiling want v0.3.0
[INFO] [stderr]    Compiling openssl-sys v0.9.74
[INFO] [stderr]    Compiling unicode-normalization v0.1.19
[INFO] [stderr]    Compiling http-body v0.4.5
[INFO] [stderr]    Compiling tower-service v0.3.1
[INFO] [stderr]    Compiling assign v1.1.1
[INFO] [stderr]    Compiling httpdate v1.0.2
[INFO] [stderr]    Compiling base64ct v1.5.2
[INFO] [stderr]    Compiling openssl v0.10.40
[INFO] [stderr]    Compiling spki v0.4.1
[INFO] [stderr]    Compiling foreign-types-shared v0.1.1
[INFO] [stderr]    Compiling atomic v0.5.1
[INFO] [stderr]    Compiling getrandom v0.2.7
[INFO] [stderr]    Compiling num_cpus v1.13.1
[INFO] [stderr]    Compiling socket2 v0.4.4
[INFO] [stderr]    Compiling signal-hook-registry v1.4.0
[INFO] [stderr]    Compiling rand_core v0.6.3
[INFO] [stderr]    Compiling parking_lot v0.12.1
[INFO] [stderr]    Compiling mio v0.8.3
[INFO] [stderr]    Compiling hashbrown v0.12.3
[INFO] [stderr]    Compiling rand_chacha v0.3.1
[INFO] [stderr]    Compiling idna v0.3.0
[INFO] [stderr]    Compiling crypto-common v0.1.3
[INFO] [stderr]    Compiling block-buffer v0.10.2
[INFO] [stderr]    Compiling rand_core v0.5.1
[INFO] [stderr]    Compiling digest v0.9.0
[INFO] [stderr]    Compiling rand v0.8.5
[INFO] [stderr]    Compiling digest v0.10.3
[INFO] [stderr]    Compiling uuid v1.1.2
[INFO] [stderr]    Compiling block-buffer v0.9.0
[INFO] [stderr]    Compiling rand_chacha v0.2.2
[INFO] [stderr]    Compiling block-padding v0.3.2
[INFO] [stderr]    Compiling sha2 v0.9.9
[INFO] [stderr]    Compiling inout v0.1.3
[INFO] [stderr]    Compiling hmac v0.12.1
[INFO] [stderr]    Compiling cipher v0.4.3
[INFO] [stderr]    Compiling rand v0.7.3
[INFO] [stderr]    Compiling sha2 v0.10.5
[INFO] [stderr]    Compiling password-hash v0.4.2
[INFO] [stderr]    Compiling spki v0.5.4
[INFO] [stderr]    Compiling foreign-types v0.3.2
[INFO] [stderr]    Compiling native-tls v0.2.10
[INFO] [stderr]    Compiling rayon-core v1.9.3
[INFO] [stderr]    Compiling async-trait v0.1.56
[INFO] [stderr]    Compiling parking_lot_core v0.8.5
[INFO] [stderr]    Compiling pbkdf2 v0.11.0
[INFO] [stderr]    Compiling aes v0.8.1
[INFO] [stderr]    Compiling cbc v0.1.2
[INFO] [stderr]    Compiling pkcs7 v0.3.0
[INFO] [stderr]    Compiling hkdf v0.12.3
[INFO] [stderr]    Compiling universal-hash v0.4.1
[INFO] [stderr]    Compiling cipher v0.3.0
[INFO] [stderr]    Compiling crossbeam-deque v0.8.1
[INFO] [stderr]    Compiling crossbeam-channel v0.5.4
[INFO] [stderr]    Compiling blake3 v1.3.1
[INFO] [stderr]    Compiling crossbeam-queue v0.3.5
[INFO] [stderr]    Compiling rustls v0.20.6
[INFO] [stderr]    Compiling poly1305 v0.7.2
[INFO] [stderr]    Compiling ctr v0.9.1
[INFO] [stderr]    Compiling dashmap v5.3.4
[INFO] [stderr]    Compiling aead v0.4.3
[INFO] [stderr]    Compiling backtrace v0.3.65
[INFO] [stderr]    Compiling rayon v1.5.3
[INFO] [stderr]    Compiling gimli v0.26.1
[INFO] [stderr]    Compiling arrayref v0.3.6
[INFO] [stderr]    Compiling constant_time_eq v0.1.5
[INFO] [stderr]    Compiling miniz_oxide v0.5.3
[INFO] [stderr]    Compiling parking_lot v0.11.2
[INFO] [stderr]    Compiling lru v0.7.8
[INFO] [stderr]    Compiling dirs-sys-next v0.1.2
[INFO] [stderr]    Compiling fs2 v0.4.3
[INFO] [stderr]    Compiling object v0.28.4
[INFO] [stderr]    Compiling fxhash v0.2.1
[INFO] [stderr]    Compiling rustls-pemfile v1.0.0
[INFO] [stderr]    Compiling rustc-demangle v0.1.21
[INFO] [stderr]    Compiling sled v0.34.7
[INFO] [stderr]    Compiling dirs-next v2.0.0
[INFO] [stderr]    Compiling rustls-native-certs v0.6.2
[INFO] [stderr]    Compiling crossbeam v0.8.1
[INFO] [stderr]    Compiling atty v0.2.14
[INFO] [stderr]    Compiling aho-corasick v0.7.18
[INFO] [stderr]    Compiling ipnet v2.5.0
[INFO] [stderr]    Compiling regex-syntax v0.6.26
[INFO] [stderr]    Compiling synstructure v0.12.6
[INFO] [stderr]    Compiling darling_core v0.13.4
[INFO] [stderr]    Compiling os_str_bytes v6.1.0
[INFO] [stderr]    Compiling mime v0.3.16
[INFO] [stderr]    Compiling clap_lex v0.2.2
[INFO] [stderr]    Compiling walkdir v2.3.2
[INFO] [stderr]    Compiling filetime v0.2.16
[INFO] [stderr]    Compiling xattr v0.2.3
[INFO] [stderr]    Compiling humantime v2.1.0
[INFO] [stderr]    Compiling event-listener v2.5.2
[INFO] [stderr]    Compiling unsafe-libyaml v0.2.2
[INFO] [stderr]    Compiling anymap2 v0.13.0
[INFO] [stderr]    Compiling regex v1.5.6
[INFO] [stderr]    Compiling tar v0.4.38
[INFO] [stderr]    Compiling shellexpand v2.1.0
[INFO] [stderr]    Compiling thiserror-impl v1.0.31
[INFO] [stderr]    Compiling tracing-attributes v0.1.21
[INFO] [stderr]    Compiling tokio-macros v1.8.0
[INFO] [stderr]    Compiling zeroize_derive v1.3.2
[INFO] [stderr]    Compiling tokio v1.19.2
[INFO] [stderr]    Compiling futures-macro v0.3.21
[INFO] [stderr]    Compiling zeroize v1.3.0
[INFO] [stderr]    Compiling pkcs8 v0.7.6
[INFO] [stderr]    Compiling openssl-macros v0.1.0
[INFO] [stderr]    Compiling thiserror v1.0.31
[INFO] [stderr]    Compiling ruma-identifiers-validation v0.8.1
[INFO] [stderr]    Compiling prost-derive v0.10.1
[INFO] [stderr]    Compiling tracing v0.1.35
[INFO] [stderr]    Compiling darling_macro v0.13.4
[INFO] [stderr]    Compiling chacha20 v0.8.1
[INFO] [stderr]    Compiling webpki v0.22.0
[INFO] [stderr]    Compiling darling v0.13.4
[INFO] [stderr]    Compiling sct v0.7.0
[INFO] [stderr]    Compiling async-stream-impl v0.3.3
[INFO] [stderr]    Compiling chacha20poly1305 v0.9.0
[INFO] [stderr]    Compiling async-stream v0.3.3
[INFO] [stderr]    Compiling serde_with_macros v1.5.2
[INFO] [stderr]    Compiling addr2line v0.17.0
[INFO] [stderr]    Compiling displaydoc v0.2.3
[INFO] [stderr]    Compiling pin-project-internal v1.0.10
[INFO] [stderr]    Compiling webpki-roots v0.22.3
[INFO] [stderr]    Compiling jwalk v0.6.0
[INFO] [stderr]    Compiling dircpy v0.3.10
[INFO] [stderr]    Compiling env_logger v0.9.0
[INFO] [stderr]    Compiling typed-builder v0.10.0
[INFO] [stderr]    Compiling sha-1 v0.10.0
[INFO] [stderr]    Compiling ebacktrace v0.5.1
[INFO] [stderr]    Compiling prost v0.10.4
[INFO] [stderr]    Compiling ezexec v0.3.0
[INFO] [stderr]    Compiling nix v0.25.0
[INFO] [stderr]    Compiling pin-project v1.0.10
[INFO] [stderr]    Compiling data-encoding v2.3.2
[INFO] [stderr]    Compiling comma v1.0.0
[INFO] [stderr]    Compiling tokio-util v0.7.3
[INFO] [stderr]    Compiling tokio-native-tls v0.3.0
[INFO] [stderr]    Compiling backoff v0.4.0
[INFO] [stderr]    Compiling tokio-stream v0.1.9
[INFO] [stderr]    Compiling tokio-rustls v0.23.4
[INFO] [stderr]    Compiling url v2.3.1
[INFO] [stderr]    Compiling js_int v0.2.2
[INFO] [stderr]    Compiling js_option v0.1.1
[INFO] [stderr]    Compiling curve25519-dalek v3.2.0
[INFO] [stderr]    Compiling serde_bytes v0.11.7
[INFO] [stderr]    Compiling ed25519 v1.5.2
[INFO] [stderr]    Compiling h2 v0.3.13
[INFO] [stderr]    Compiling arrayvec v0.7.2
[INFO] [stderr]    Compiling serde_urlencoded v0.7.1
[INFO] [stderr]    Compiling serde_with v1.14.0
[INFO] [stderr]    Compiling toml v0.5.9
[INFO] [stderr]    Compiling serde_yaml v0.9.11
[INFO] [stderr]    Compiling clap v3.2.1
[INFO] [stderr]    Compiling proc-macro-crate v1.1.3
[INFO] [stderr]    Compiling ed25519-dalek v1.0.1
[INFO] [stderr]    Compiling x25519-dalek v1.2.0
[INFO] [stderr]    Compiling matrix-sdk-store-encryption v0.1.0
[INFO] [stderr]    Compiling vodozemac v0.2.0
[INFO] [stderr]    Compiling ruma-macros v0.9.3
[INFO] [stderr]    Compiling bollard-stubs v1.42.0-rc.3
[INFO] [stderr]    Compiling hyper v0.14.19
[INFO] [stderr]    Compiling ruma-common v0.9.3
[INFO] [stderr]    Compiling hyper-tls v0.5.0
[INFO] [stderr]    Compiling hyperlocal v0.8.0
[INFO] [stderr]    Compiling hyper-rustls v0.23.0
[INFO] [stderr]    Compiling reqwest v0.11.11
[INFO] [stderr]    Compiling bollard v0.13.0
[INFO] [stderr]    Compiling ruma-federation-api v0.5.0
[INFO] [stderr]    Compiling ruma-state-res v0.7.0
[INFO] [stderr]    Compiling ruma-signatures v0.11.0
[INFO] [stderr]    Compiling ruma-client-api v0.14.1
[INFO] [stderr]    Compiling ruma v0.6.4
[INFO] [stderr]    Compiling matrix-sdk-common v0.5.0
[INFO] [stderr]    Compiling matrix-sdk-crypto v0.5.0
[INFO] [stderr]    Compiling matrix-sdk-base v0.5.1
[INFO] [stderr]    Compiling matrix-sdk-sled v0.1.0
[INFO] [stderr]    Compiling matrix-sdk v0.5.0
[INFO] [stderr]    Compiling mx-tester v0.4.0-pre1 (/opt/rustwide/workdir)
[INFO] [stdout] warning: unexpected `cfg` condition value: `unstable-exhaustive-types`
[INFO] [stdout]    --> src/registration.rs:393:5
[INFO] [stdout]     |
[INFO] [stdout] 393 | /     ruma_api! {
[INFO] [stdout] 394 | |         metadata: {
[INFO] [stdout] 395 | |             description: "Override rate limits",
[INFO] [stdout] 396 | |             method: POST,
[INFO] [stdout] ...   |
[INFO] [stdout] 422 | |     }
[INFO] [stdout]     | |_____^
[INFO] [stdout]     |
[INFO] [stdout]     = note: expected values for `feature` are: `client` and `default`
[INFO] [stdout]     = note: using a cfg inside a macro will use the cfgs from the destination crate and not the ones from the defining crate
[INFO] [stdout]     = help: try referring to `ruma_api` crate for guidance on how handle this unexpected cfg
[INFO] [stdout]     = note: see <https://doc.rust-lang.org/nightly/rustc/check-cfg/cargo-specifics.html> for more information about checking conditional configuration
[INFO] [stdout]     = note: `#[warn(unexpected_cfgs)]` on by default
[INFO] [stdout]     = note: this warning originates in the macro `ruma_api` (in Nightly builds, run with -Z macro-backtrace for more info)
[INFO] [stdout] 
[INFO] [stdout] 
[INFO] [stdout] warning: unexpected `cfg` condition value: `server`
[INFO] [stdout]    --> src/registration.rs:393:5
[INFO] [stdout]     |
[INFO] [stdout] 393 | /     ruma_api! {
[INFO] [stdout] 394 | |         metadata: {
[INFO] [stdout] 395 | |             description: "Override rate limits",
[INFO] [stdout] 396 | |             method: POST,
[INFO] [stdout] ...   |
[INFO] [stdout] 422 | |     }
[INFO] [stdout]     | |_____^
[INFO] [stdout]     |
[INFO] [stdout]     = note: expected values for `feature` are: `client` and `default`
[INFO] [stdout]     = note: using a cfg inside a macro will use the cfgs from the destination crate and not the ones from the defining crate
[INFO] [stdout]     = help: try referring to `ruma_api` crate for guidance on how handle this unexpected cfg
[INFO] [stdout]     = note: see <https://doc.rust-lang.org/nightly/rustc/check-cfg/cargo-specifics.html> for more information about checking conditional configuration
[INFO] [stdout]     = note: this warning originates in the macro `ruma_api` (in Nightly builds, run with -Z macro-backtrace for more info)
[INFO] [stdout] 
[INFO] [stdout] 
[INFO] [stdout] warning: unexpected `cfg` condition value: `server`
[INFO] [stdout]    --> src/registration.rs:393:5
[INFO] [stdout]     |
[INFO] [stdout] 393 | /     ruma_api! {
[INFO] [stdout] 394 | |         metadata: {
[INFO] [stdout] 395 | |             description: "Override rate limits",
[INFO] [stdout] 396 | |             method: POST,
[INFO] [stdout] ...   |
[INFO] [stdout] 422 | |     }
[INFO] [stdout]     | |_____^
[INFO] [stdout]     |
[INFO] [stdout]     = note: expected values for `feature` are: `client` and `default`
[INFO] [stdout]     = note: using a cfg inside a derive macro will use the cfgs from the destination crate and not the ones from the defining crate
[INFO] [stdout]     = help: try referring to `::matrix_sdk::ruma::exports::ruma_macros::Request` crate for guidance on how handle this unexpected cfg
[INFO] [stdout]     = note: see <https://doc.rust-lang.org/nightly/rustc/check-cfg/cargo-specifics.html> for more information about checking conditional configuration
[INFO] [stdout]     = note: this warning originates in the derive macro `::matrix_sdk::ruma::exports::ruma_macros::Request` (in Nightly builds, run with -Z macro-backtrace for more info)
[INFO] [stdout] 
[INFO] [stdout] 
[INFO] [stdout] warning: unexpected `cfg` condition value: `server`
[INFO] [stdout]    --> src/registration.rs:393:5
[INFO] [stdout]     |
[INFO] [stdout] 393 | /     ruma_api! {
[INFO] [stdout] 394 | |         metadata: {
[INFO] [stdout] 395 | |             description: "Override rate limits",
[INFO] [stdout] 396 | |             method: POST,
[INFO] [stdout] ...   |
[INFO] [stdout] 422 | |     }
[INFO] [stdout]     | |_____^
[INFO] [stdout]     |
[INFO] [stdout]     = note: expected values for `feature` are: `client` and `default`
[INFO] [stdout]     = note: using a cfg inside a derive macro will use the cfgs from the destination crate and not the ones from the defining crate
[INFO] [stdout]     = help: try referring to `::matrix_sdk::ruma::exports::ruma_macros::Response` crate for guidance on how handle this unexpected cfg
[INFO] [stdout]     = note: see <https://doc.rust-lang.org/nightly/rustc/check-cfg/cargo-specifics.html> for more information about checking conditional configuration
[INFO] [stdout]     = note: this warning originates in the derive macro `::matrix_sdk::ruma::exports::ruma_macros::Response` (in Nightly builds, run with -Z macro-backtrace for more info)
[INFO] [stdout] 
[INFO] [stdout] 
[INFO] [stdout] warning: method `is_container_created` is never used
[INFO] [stdout]     --> src/lib.rs:2017:14
[INFO] [stdout]      |
[INFO] [stdout] 2009 | trait DockerExt {
[INFO] [stdout]      |       --------- method in this trait
[INFO] [stdout] ...
[INFO] [stdout] 2017 |     async fn is_container_created(&self, name: &str) -> Result<bool, Error>;
[INFO] [stdout]      |              ^^^^^^^^^^^^^^^^^^^^
[INFO] [stdout]      |
[INFO] [stdout]      = note: `#[warn(dead_code)]` (part of `#[warn(unused)]`) on by default
[INFO] [stdout] 
[INFO] [stdout] 
[INFO] [stdout] warning: field `limits` is never read
[INFO] [stdout]    --> src/registration.rs:420:17
[INFO] [stdout]     |
[INFO] [stdout] 417 |         response: {
[INFO] [stdout]     |         -------- field in this struct
[INFO] [stdout] ...
[INFO] [stdout] 420 |             pub limits: UserLimits,
[INFO] [stdout]     |                 ^^^^^^
[INFO] [stdout]     |
[INFO] [stdout]     = note: `Response` has derived impls for the traits `Debug` and `Clone`, but these are intentionally ignored during dead code analysis
[INFO] [stdout] 
[INFO] [stdout] 
[INFO] [stderr]     Finished `release` profile [optimized] target(s) in 5m 51s
[INFO] [stderr] warning: the following packages contain code that will be rejected by a future version of Rust: openssl v0.10.40, x25519-dalek v1.2.0
[INFO] [stderr] note: to see what the problems were, use the option `--future-incompat-report`, or run `cargo report future-incompatibilities --id 1`
[INFO] running `Command { std: "docker" "inspect" "4ba8d635c5c4aecf2c32c73129806b8ba3251695e7cb9145dbbd0e70219cc70d", kill_on_drop: false }`
[INFO] running `Command { std: "docker" "exec" "-e" "SOURCE_DIR=/opt/rustwide/workdir" "-e" "CARGO_HOME=/opt/rustwide/cargo-home" "-e" "RUSTUP_HOME=/opt/rustwide/rustup-home" "-e" "CARGO_TARGET_DIR=/opt/rustwide/target" "-e" "CARGO_INCREMENTAL=0" "-e" "RUST_BACKTRACE=full" "-e" "RUSTFLAGS=--cap-lints=warn" "-e" "RUSTDOCFLAGS=--cap-lints=warn" "-w" "/opt/rustwide/workdir" "--user" "0:0" "4ba8d635c5c4aecf2c32c73129806b8ba3251695e7cb9145dbbd0e70219cc70d" "/opt/rustwide/cargo-home/bin/cargo" "+1.99.0-beta.8" "test" "--frozen" "--no-run" "--message-format=json" "--release", kill_on_drop: false }`
[INFO] [stderr]    Compiling synapse-admin-api v0.4.0
[INFO] [stdout] warning: unexpected `cfg` condition value: `unstable-exhaustive-types`
[INFO] [stdout]    --> src/registration.rs:393:5
[INFO] [stdout]     |
[INFO] [stdout] 393 | /     ruma_api! {
[INFO] [stdout] 394 | |         metadata: {
[INFO] [stdout] 395 | |             description: "Override rate limits",
[INFO] [stdout] 396 | |             method: POST,
[INFO] [stdout] ...   |
[INFO] [stdout] 422 | |     }
[INFO] [stdout]     | |_____^
[INFO] [stdout]     |
[INFO] [stdout]     = note: expected values for `feature` are: `client` and `default`
[INFO] [stdout]     = note: using a cfg inside a macro will use the cfgs from the destination crate and not the ones from the defining crate
[INFO] [stdout]     = help: try referring to `ruma_api` crate for guidance on how handle this unexpected cfg
[INFO] [stdout]     = note: see <https://doc.rust-lang.org/nightly/rustc/check-cfg/cargo-specifics.html> for more information about checking conditional configuration
[INFO] [stdout]     = note: `#[warn(unexpected_cfgs)]` on by default
[INFO] [stdout]     = note: this warning originates in the macro `ruma_api` (in Nightly builds, run with -Z macro-backtrace for more info)
[INFO] [stdout] 
[INFO] [stdout] 
[INFO] [stdout] warning: unexpected `cfg` condition value: `server`
[INFO] [stdout]    --> src/registration.rs:393:5
[INFO] [stdout]     |
[INFO] [stdout] 393 | /     ruma_api! {
[INFO] [stdout] 394 | |         metadata: {
[INFO] [stdout] 395 | |             description: "Override rate limits",
[INFO] [stdout] 396 | |             method: POST,
[INFO] [stdout] ...   |
[INFO] [stdout] 422 | |     }
[INFO] [stdout]     | |_____^
[INFO] [stdout]     |
[INFO] [stdout]     = note: expected values for `feature` are: `client` and `default`
[INFO] [stdout]     = note: using a cfg inside a macro will use the cfgs from the destination crate and not the ones from the defining crate
[INFO] [stdout]     = help: try referring to `ruma_api` crate for guidance on how handle this unexpected cfg
[INFO] [stdout]     = note: see <https://doc.rust-lang.org/nightly/rustc/check-cfg/cargo-specifics.html> for more information about checking conditional configuration
[INFO] [stdout]     = note: this warning originates in the macro `ruma_api` (in Nightly builds, run with -Z macro-backtrace for more info)
[INFO] [stdout] 
[INFO] [stdout] 
[INFO] [stdout] warning: unexpected `cfg` condition value: `server`
[INFO] [stdout]    --> src/registration.rs:393:5
[INFO] [stdout]     |
[INFO] [stdout] 393 | /     ruma_api! {
[INFO] [stdout] 394 | |         metadata: {
[INFO] [stdout] 395 | |             description: "Override rate limits",
[INFO] [stdout] 396 | |             method: POST,
[INFO] [stdout] ...   |
[INFO] [stdout] 422 | |     }
[INFO] [stdout]     | |_____^
[INFO] [stdout]     |
[INFO] [stdout]     = note: expected values for `feature` are: `client` and `default`
[INFO] [stdout]     = note: using a cfg inside a derive macro will use the cfgs from the destination crate and not the ones from the defining crate
[INFO] [stdout]     = help: try referring to `::matrix_sdk::ruma::exports::ruma_macros::Request` crate for guidance on how handle this unexpected cfg
[INFO] [stdout]     = note: see <https://doc.rust-lang.org/nightly/rustc/check-cfg/cargo-specifics.html> for more information about checking conditional configuration
[INFO] [stdout]     = note: this warning originates in the derive macro `::matrix_sdk::ruma::exports::ruma_macros::Request` (in Nightly builds, run with -Z macro-backtrace for more info)
[INFO] [stdout] 
[INFO] [stdout] 
[INFO] [stdout] warning: unexpected `cfg` condition value: `server`
[INFO] [stdout]    --> src/registration.rs:393:5
[INFO] [stdout]     |
[INFO] [stdout] 393 | /     ruma_api! {
[INFO] [stdout] 394 | |         metadata: {
[INFO] [stdout] 395 | |             description: "Override rate limits",
[INFO] [stdout] 396 | |             method: POST,
[INFO] [stdout] ...   |
[INFO] [stdout] 422 | |     }
[INFO] [stdout]     | |_____^
[INFO] [stdout]     |
[INFO] [stdout]     = note: expected values for `feature` are: `client` and `default`
[INFO] [stdout]     = note: using a cfg inside a derive macro will use the cfgs from the destination crate and not the ones from the defining crate
[INFO] [stdout]     = help: try referring to `::matrix_sdk::ruma::exports::ruma_macros::Response` crate for guidance on how handle this unexpected cfg
[INFO] [stdout]     = note: see <https://doc.rust-lang.org/nightly/rustc/check-cfg/cargo-specifics.html> for more information about checking conditional configuration
[INFO] [stdout]     = note: this warning originates in the derive macro `::matrix_sdk::ruma::exports::ruma_macros::Response` (in Nightly builds, run with -Z macro-backtrace for more info)
[INFO] [stdout] 
[INFO] [stdout] 
[INFO] [stdout] warning: method `is_container_created` is never used
[INFO] [stdout]     --> src/lib.rs:2017:14
[INFO] [stdout]      |
[INFO] [stdout] 2009 | trait DockerExt {
[INFO] [stdout]      |       --------- method in this trait
[INFO] [stdout] ...
[INFO] [stdout] 2017 |     async fn is_container_created(&self, name: &str) -> Result<bool, Error>;
[INFO] [stdout]      |              ^^^^^^^^^^^^^^^^^^^^
[INFO] [stdout]      |
[INFO] [stdout]      = note: `#[warn(dead_code)]` (part of `#[warn(unused)]`) on by default
[INFO] [stdout] 
[INFO] [stdout] 
[INFO] [stdout] warning: field `limits` is never read
[INFO] [stdout]    --> src/registration.rs:420:17
[INFO] [stdout]     |
[INFO] [stdout] 417 |         response: {
[INFO] [stdout]     |         -------- field in this struct
[INFO] [stdout] ...
[INFO] [stdout] 420 |             pub limits: UserLimits,
[INFO] [stdout]     |                 ^^^^^^
[INFO] [stdout]     |
[INFO] [stdout]     = note: `Response` has derived impls for the traits `Debug` and `Clone`, but these are intentionally ignored during dead code analysis
[INFO] [stdout] 
[INFO] [stdout] 
[INFO] [stderr]    Compiling mx-tester v0.4.0-pre1 (/opt/rustwide/workdir)
[INFO] [stdout] warning: unexpected `cfg` condition value: `unstable-exhaustive-types`
[INFO] [stdout]    --> src/registration.rs:393:5
[INFO] [stdout]     |
[INFO] [stdout] 393 | /     ruma_api! {
[INFO] [stdout] 394 | |         metadata: {
[INFO] [stdout] 395 | |             description: "Override rate limits",
[INFO] [stdout] 396 | |             method: POST,
[INFO] [stdout] ...   |
[INFO] [stdout] 422 | |     }
[INFO] [stdout]     | |_____^
[INFO] [stdout]     |
[INFO] [stdout]     = note: expected values for `feature` are: `client` and `default`
[INFO] [stdout]     = note: using a cfg inside a macro will use the cfgs from the destination crate and not the ones from the defining crate
[INFO] [stdout]     = help: try referring to `ruma_api` crate for guidance on how handle this unexpected cfg
[INFO] [stdout]     = note: see <https://doc.rust-lang.org/nightly/rustc/check-cfg/cargo-specifics.html> for more information about checking conditional configuration
[INFO] [stdout]     = note: `#[warn(unexpected_cfgs)]` on by default
[INFO] [stdout]     = note: this warning originates in the macro `ruma_api` (in Nightly builds, run with -Z macro-backtrace for more info)
[INFO] [stdout] 
[INFO] [stdout] 
[INFO] [stdout] warning: unexpected `cfg` condition value: `server`
[INFO] [stdout]    --> src/registration.rs:393:5
[INFO] [stdout]     |
[INFO] [stdout] 393 | /     ruma_api! {
[INFO] [stdout] 394 | |         metadata: {
[INFO] [stdout] 395 | |             description: "Override rate limits",
[INFO] [stdout] 396 | |             method: POST,
[INFO] [stdout] ...   |
[INFO] [stdout] 422 | |     }
[INFO] [stdout]     | |_____^
[INFO] [stdout]     |
[INFO] [stdout]     = note: expected values for `feature` are: `client` and `default`
[INFO] [stdout]     = note: using a cfg inside a macro will use the cfgs from the destination crate and not the ones from the defining crate
[INFO] [stdout]     = help: try referring to `ruma_api` crate for guidance on how handle this unexpected cfg
[INFO] [stdout]     = note: see <https://doc.rust-lang.org/nightly/rustc/check-cfg/cargo-specifics.html> for more information about checking conditional configuration
[INFO] [stdout]     = note: this warning originates in the macro `ruma_api` (in Nightly builds, run with -Z macro-backtrace for more info)
[INFO] [stdout] 
[INFO] [stdout] 
[INFO] [stdout] warning: unexpected `cfg` condition value: `server`
[INFO] [stdout]    --> src/registration.rs:393:5
[INFO] [stdout]     |
[INFO] [stdout] 393 | /     ruma_api! {
[INFO] [stdout] 394 | |         metadata: {
[INFO] [stdout] 395 | |             description: "Override rate limits",
[INFO] [stdout] 396 | |             method: POST,
[INFO] [stdout] ...   |
[INFO] [stdout] 422 | |     }
[INFO] [stdout]     | |_____^
[INFO] [stdout]     |
[INFO] [stdout]     = note: expected values for `feature` are: `client` and `default`
[INFO] [stdout]     = note: using a cfg inside a derive macro will use the cfgs from the destination crate and not the ones from the defining crate
[INFO] [stdout]     = help: try referring to `::matrix_sdk::ruma::exports::ruma_macros::Request` crate for guidance on how handle this unexpected cfg
[INFO] [stdout]     = note: see <https://doc.rust-lang.org/nightly/rustc/check-cfg/cargo-specifics.html> for more information about checking conditional configuration
[INFO] [stdout]     = note: this warning originates in the derive macro `::matrix_sdk::ruma::exports::ruma_macros::Request` (in Nightly builds, run with -Z macro-backtrace for more info)
[INFO] [stdout] 
[INFO] [stdout] 
[INFO] [stdout] warning: unexpected `cfg` condition value: `server`
[INFO] [stdout]    --> src/registration.rs:393:5
[INFO] [stdout]     |
[INFO] [stdout] 393 | /     ruma_api! {
[INFO] [stdout] 394 | |         metadata: {
[INFO] [stdout] 395 | |             description: "Override rate limits",
[INFO] [stdout] 396 | |             method: POST,
[INFO] [stdout] ...   |
[INFO] [stdout] 422 | |     }
[INFO] [stdout]     | |_____^
[INFO] [stdout]     |
[INFO] [stdout]     = note: expected values for `feature` are: `client` and `default`
[INFO] [stdout]     = note: using a cfg inside a derive macro will use the cfgs from the destination crate and not the ones from the defining crate
[INFO] [stdout]     = help: try referring to `::matrix_sdk::ruma::exports::ruma_macros::Response` crate for guidance on how handle this unexpected cfg
[INFO] [stdout]     = note: see <https://doc.rust-lang.org/nightly/rustc/check-cfg/cargo-specifics.html> for more information about checking conditional configuration
[INFO] [stdout]     = note: this warning originates in the derive macro `::matrix_sdk::ruma::exports::ruma_macros::Response` (in Nightly builds, run with -Z macro-backtrace for more info)
[INFO] [stdout] 
[INFO] [stdout] 
[INFO] [stdout] warning: method `is_container_created` is never used
[INFO] [stdout]     --> src/lib.rs:2017:14
[INFO] [stdout]      |
[INFO] [stdout] 2009 | trait DockerExt {
[INFO] [stdout]      |       --------- method in this trait
[INFO] [stdout] ...
[INFO] [stdout] 2017 |     async fn is_container_created(&self, name: &str) -> Result<bool, Error>;
[INFO] [stdout]      |              ^^^^^^^^^^^^^^^^^^^^
[INFO] [stdout]      |
[INFO] [stdout]      = note: `#[warn(dead_code)]` (part of `#[warn(unused)]`) on by default
[INFO] [stdout] 
[INFO] [stdout] 
[INFO] [stdout] warning: field `limits` is never read
[INFO] [stdout]    --> src/registration.rs:420:17
[INFO] [stdout]     |
[INFO] [stdout] 417 |         response: {
[INFO] [stdout]     |         -------- field in this struct
[INFO] [stdout] ...
[INFO] [stdout] 420 |             pub limits: UserLimits,
[INFO] [stdout]     |                 ^^^^^^
[INFO] [stdout]     |
[INFO] [stdout]     = note: `Response` has derived impls for the traits `Debug` and `Clone`, but these are intentionally ignored during dead code analysis
[INFO] [stdout] 
[INFO] [stdout] 
[INFO] [stderr]     Finished `release` profile [optimized] target(s) in 1m 36s
[INFO] [stderr] warning: the following packages contain code that will be rejected by a future version of Rust: openssl v0.10.40, x25519-dalek v1.2.0
[INFO] [stderr] note: to see what the problems were, use the option `--future-incompat-report`, or run `cargo report future-incompatibilities --id 1`
[INFO] running `Command { std: "docker" "inspect" "4ba8d635c5c4aecf2c32c73129806b8ba3251695e7cb9145dbbd0e70219cc70d", kill_on_drop: false }`
[INFO] running `Command { std: "docker" "exec" "-e" "SOURCE_DIR=/opt/rustwide/workdir" "-e" "CARGO_HOME=/opt/rustwide/cargo-home" "-e" "RUSTUP_HOME=/opt/rustwide/rustup-home" "-e" "CARGO_TARGET_DIR=/opt/rustwide/target" "-e" "CARGO_INCREMENTAL=0" "-e" "RUST_BACKTRACE=full" "-e" "RUSTFLAGS=--cap-lints=warn" "-e" "RUSTDOCFLAGS=--cap-lints=warn" "-w" "/opt/rustwide/workdir" "--user" "0:0" "4ba8d635c5c4aecf2c32c73129806b8ba3251695e7cb9145dbbd0e70219cc70d" "/opt/rustwide/cargo-home/bin/cargo" "+1.99.0-beta.8" "test" "--frozen" "--release", kill_on_drop: false }`
[INFO] [stderr] warning: unexpected `cfg` condition value: `unstable-exhaustive-types`
[INFO] [stderr]    --> src/registration.rs:393:5
[INFO] [stderr]     |
[INFO] [stderr] 393 | /     ruma_api! {
[INFO] [stderr] 394 | |         metadata: {
[INFO] [stderr] 395 | |             description: "Override rate limits",
[INFO] [stderr] 396 | |             method: POST,
[INFO] [stderr] ...   |
[INFO] [stderr] 422 | |     }
[INFO] [stderr]     | |_____^
[INFO] [stderr]     |
[INFO] [stderr]     = note: expected values for `feature` are: `client` and `default`
[INFO] [stderr]     = note: using a cfg inside a macro will use the cfgs from the destination crate and not the ones from the defining crate
[INFO] [stderr]     = help: try referring to `ruma_api` crate for guidance on how handle this unexpected cfg
[INFO] [stderr]     = note: see <https://doc.rust-lang.org/nightly/rustc/check-cfg/cargo-specifics.html> for more information about checking conditional configuration
[INFO] [stderr]     = note: `#[warn(unexpected_cfgs)]` on by default
[INFO] [stderr]     = note: this warning originates in the macro `ruma_api` (in Nightly builds, run with -Z macro-backtrace for more info)
[INFO] [stderr] 
[INFO] [stderr] warning: unexpected `cfg` condition value: `server`
[INFO] [stderr]    --> src/registration.rs:393:5
[INFO] [stderr]     |
[INFO] [stderr] 393 | /     ruma_api! {
[INFO] [stderr] 394 | |         metadata: {
[INFO] [stderr] 395 | |             description: "Override rate limits",
[INFO] [stderr] 396 | |             method: POST,
[INFO] [stderr] ...   |
[INFO] [stderr] 422 | |     }
[INFO] [stderr]     | |_____^
[INFO] [stderr]     |
[INFO] [stderr]     = note: expected values for `feature` are: `client` and `default`
[INFO] [stderr]     = note: using a cfg inside a macro will use the cfgs from the destination crate and not the ones from the defining crate
[INFO] [stderr]     = help: try referring to `ruma_api` crate for guidance on how handle this unexpected cfg
[INFO] [stderr]     = note: see <https://doc.rust-lang.org/nightly/rustc/check-cfg/cargo-specifics.html> for more information about checking conditional configuration
[INFO] [stderr]     = note: this warning originates in the macro `ruma_api` (in Nightly builds, run with -Z macro-backtrace for more info)
[INFO] [stderr] 
[INFO] [stderr] warning: unexpected `cfg` condition value: `server`
[INFO] [stderr]    --> src/registration.rs:393:5
[INFO] [stderr]     |
[INFO] [stderr] 393 | /     ruma_api! {
[INFO] [stderr] 394 | |         metadata: {
[INFO] [stderr] 395 | |             description: "Override rate limits",
[INFO] [stderr] 396 | |             method: POST,
[INFO] [stderr] ...   |
[INFO] [stderr] 422 | |     }
[INFO] [stderr]     | |_____^
[INFO] [stderr]     |
[INFO] [stderr]     = note: expected values for `feature` are: `client` and `default`
[INFO] [stderr]     = note: using a cfg inside a derive macro will use the cfgs from the destination crate and not the ones from the defining crate
[INFO] [stderr]     = help: try referring to `::matrix_sdk::ruma::exports::ruma_macros::Request` crate for guidance on how handle this unexpected cfg
[INFO] [stderr]     = note: see <https://doc.rust-lang.org/nightly/rustc/check-cfg/cargo-specifics.html> for more information about checking conditional configuration
[INFO] [stderr]     = note: this warning originates in the derive macro `::matrix_sdk::ruma::exports::ruma_macros::Request` (in Nightly builds, run with -Z macro-backtrace for more info)
[INFO] [stderr] 
[INFO] [stderr] warning: unexpected `cfg` condition value: `server`
[INFO] [stderr]    --> src/registration.rs:393:5
[INFO] [stderr]     |
[INFO] [stderr] 393 | /     ruma_api! {
[INFO] [stderr] 394 | |         metadata: {
[INFO] [stderr] 395 | |             description: "Override rate limits",
[INFO] [stderr] 396 | |             method: POST,
[INFO] [stderr] ...   |
[INFO] [stderr] 422 | |     }
[INFO] [stderr]     | |_____^
[INFO] [stderr]     |
[INFO] [stderr]     = note: expected values for `feature` are: `client` and `default`
[INFO] [stderr]     = note: using a cfg inside a derive macro will use the cfgs from the destination crate and not the ones from the defining crate
[INFO] [stderr]     = help: try referring to `::matrix_sdk::ruma::exports::ruma_macros::Response` crate for guidance on how handle this unexpected cfg
[INFO] [stderr]     = note: see <https://doc.rust-lang.org/nightly/rustc/check-cfg/cargo-specifics.html> for more information about checking conditional configuration
[INFO] [stderr]     = note: this warning originates in the derive macro `::matrix_sdk::ruma::exports::ruma_macros::Response` (in Nightly builds, run with -Z macro-backtrace for more info)
[INFO] [stderr] 
[INFO] [stderr] warning: method `is_container_created` is never used
[INFO] [stderr]     --> src/lib.rs:2017:14
[INFO] [stderr]      |
[INFO] [stderr] 2009 | trait DockerExt {
[INFO] [stderr]      |       --------- method in this trait
[INFO] [stderr] ...
[INFO] [stderr] 2017 |     async fn is_container_created(&self, name: &str) -> Result<bool, Error>;
[INFO] [stderr]      |              ^^^^^^^^^^^^^^^^^^^^
[INFO] [stderr]      |
[INFO] [stderr]      = note: `#[warn(dead_code)]` (part of `#[warn(unused)]`) on by default
[INFO] [stderr] 
[INFO] [stderr] warning: field `limits` is never read
[INFO] [stderr]    --> src/registration.rs:420:17
[INFO] [stderr]     |
[INFO] [stderr] 417 |         response: {
[INFO] [stderr]     |         -------- field in this struct
[INFO] [stderr] ...
[INFO] [stderr] 420 |             pub limits: UserLimits,
[INFO] [stderr]     |                 ^^^^^^
[INFO] [stderr]     |
[INFO] [stderr]     = note: `Response` has derived impls for the traits `Debug` and `Clone`, but these are intentionally ignored during dead code analysis
[INFO] [stderr] 
[INFO] [stderr] warning: `mx-tester` (lib) generated 6 warnings
[INFO] [stderr] warning: `mx-tester` (lib test) generated 6 warnings (6 duplicates)
[INFO] [stderr]     Finished `release` profile [optimized] target(s) in 0.52s
[INFO] [stderr] warning: the following packages contain code that will be rejected by a future version of Rust: openssl v0.10.40, x25519-dalek v1.2.0
[INFO] [stderr] note: to see what the problems were, use the option `--future-incompat-report`, or run `cargo report future-incompatibilities --id 1`
[INFO] [stderr]      Running unittests src/lib.rs (/opt/rustwide/target/release/deps/mx_tester-c2f9b8a446eb49a6)
[INFO] [stderr]      Running unittests src/main.rs (/opt/rustwide/target/release/deps/mx_tester-c18f80cc873bb2d6)
[INFO] [stdout] 
[INFO] [stdout] running 0 tests
[INFO] [stdout] 
[INFO] [stdout] test result: ok. 0 passed; 0 failed; 0 ignored; 0 measured; 0 filtered out; finished in 0.00s
[INFO] [stdout] 
[INFO] [stderr]      Running tests/config.rs (/opt/rustwide/target/release/deps/config-9624658e73b9a77b)
[INFO] [stdout] 
[INFO] [stdout] running 0 tests
[INFO] [stdout] 
[INFO] [stdout] test result: ok. 0 passed; 0 failed; 0 ignored; 0 measured; 0 filtered out; finished in 0.00s
[INFO] [stdout] 
[INFO] [stdout] 
[INFO] [stdout] running 2 tests
[INFO] [stdout] test test_default_rate_limit ... FAILED
[INFO] [stderr] error: test failed, to rerun pass `--test config`
[INFO] [stdout] test test_synapse_provides_rate_limit ... FAILED
[INFO] [stdout] 
[INFO] [stdout] failures:
[INFO] [stdout] 
[INFO] [stdout] ---- test_default_rate_limit stdout ----
[INFO] [stdout] 
[INFO] [stdout] * build step: starting
[INFO] [stdout] ** building modules
[INFO] [stdout] ** building modules success
[INFO] [stdout] ** building Docker image. Logs will be stored at "/tmp/mx-tester/default-rate-limit/logs/docker/build.log"
[INFO] [stdout] 
[INFO] [stdout] thread 'test_default_rate_limit' (5248) panicked at tests/config.rs:66:10:
[INFO] [stdout] Failed in step `build`: Daemon `docker build` indicated an error
[INFO] [stdout] 
[INFO] [stdout] Caused by:
[INFO] [stdout]     0: error trying to connect: No such file or directory (os error 2)
[INFO] [stdout]     1: No such file or directory (os error 2)
[INFO] [stdout] stack backtrace:
[INFO] [stdout]    0:     0x5a3261b3af01 - <<std[70759c8f55707aa4]::sys::backtrace::BacktraceLock>::print::DisplayBacktrace as core[df12db4294e9bfd3]::fmt::Display>::fmt
[INFO] [stdout]    1:     0x5a3261b5460a - core[df12db4294e9bfd3]::fmt::write
[INFO] [stdout]    2:     0x5a3261b4176c - <alloc[2182bb758b4b3781]::vec::Vec<u8> as core[df12db4294e9bfd3]::io::write::Write>::write_fmt
[INFO] [stdout]    3:     0x5a3261b12ac6 - std[70759c8f55707aa4]::panicking::default_hook::{closure#0}
[INFO] [stdout]    4:     0x5a3261b30f09 - std[70759c8f55707aa4]::panicking::default_hook
[INFO] [stdout]    5:     0x5a32616af690 - test[9d35eded1c95d3be]::test_main_inner::<test[9d35eded1c95d3be]::test_main_static::{closure#0}>::{closure#0}
[INFO] [stdout]    6:     0x5a3261b31232 - std[70759c8f55707aa4]::panicking::panic_with_hook
[INFO] [stdout]    7:     0x5a3261b12b72 - std[70759c8f55707aa4]::panicking::panic_handler::{closure#0}
[INFO] [stdout]    8:     0x5a3261b0b4c9 - std[70759c8f55707aa4]::sys::backtrace::__rust_end_short_backtrace::<std[70759c8f55707aa4]::panicking::panic_handler::{closure#0}, !>
[INFO] [stdout]    9:     0x5a3261b139fd - __rustc[8fa7c3cbc660c2b3]::rust_begin_unwind
[INFO] [stdout]   10:     0x5a3261b54d6c - core[df12db4294e9bfd3]::panicking::panic_fmt
[INFO] [stdout]   11:     0x5a3261b54b42 - core[df12db4294e9bfd3]::result::unwrap_failed
[INFO] [stdout]   12:     0x5a32613ebe91 - <std[70759c8f55707aa4]::thread::local::LocalKey<core[df12db4294e9bfd3]::cell::Cell<tokio[610ae4bb1dd35dc6]::coop::Budget>>>::with::<tokio[610ae4bb1dd35dc6]::coop::with_budget<core[df12db4294e9bfd3]::task::poll::Poll<()>, <tokio[610ae4bb1dd35dc6]::park::thread::CachedParkThread>::block_on<config[60d815300437e11a]::test_default_rate_limit::{closure#0}>::{closure#0}>::{closure#0}, core[df12db4294e9bfd3]::task::poll::Poll<()>>
[INFO] [stdout]   13:     0x5a32615889e6 - <tokio[610ae4bb1dd35dc6]::runtime::thread_pool::ThreadPool>::block_on::<config[60d815300437e11a]::test_default_rate_limit::{closure#0}>
[INFO] [stdout]   14:     0x5a3261561356 - <config[60d815300437e11a]::test_default_rate_limit::{closure#0} as core[df12db4294e9bfd3]::ops::function::FnOnce<()>>::call_once
[INFO] [stdout]   15:     0x5a32616a297b - test[9d35eded1c95d3be]::__rust_begin_short_backtrace::<core[df12db4294e9bfd3]::result::Result<(), alloc[2182bb758b4b3781]::string::String>, fn() -> core[df12db4294e9bfd3]::result::Result<(), alloc[2182bb758b4b3781]::string::String>>
[INFO] [stdout]   16:     0x5a32616affe5 - test[9d35eded1c95d3be]::run_test::{closure#0}
[INFO] [stdout]   17:     0x5a32616a98a4 - std[70759c8f55707aa4]::sys::backtrace::__rust_begin_short_backtrace::<test[9d35eded1c95d3be]::run_test::{closure#1}, ()>
[INFO] [stdout]   18:     0x5a32616b3142 - <std[70759c8f55707aa4]::thread::lifecycle::spawn_unchecked<test[9d35eded1c95d3be]::run_test::{closure#1}, ()>::{closure#1} as core[df12db4294e9bfd3]::ops::function::FnOnce<()>>::call_once::{shim:vtable#0}
[INFO] [stdout]   19:     0x5a3261b39ea9 - <std[70759c8f55707aa4]::sys::thread::unix::Thread>::new::thread_start
[INFO] [stdout]   20:     0x7c5d45e96dfa - <unknown>
[INFO] [stdout]   21:     0x7c5d45f2a3d4 - clone
[INFO] [stdout]   22:                0x0 - <unknown>
[INFO] [stdout] 
[INFO] [stdout] ---- test_synapse_provides_rate_limit stdout ----
[INFO] [stdout] 
[INFO] [stdout] * build step: starting
[INFO] [stdout] ** building modules
[INFO] [stdout] ** building modules success
[INFO] [stdout] ** building Docker image. Logs will be stored at "/tmp/mx-tester/test-synapse-default-rc_message/logs/docker/build.log"
[INFO] [stdout] 
[INFO] [stdout] thread 'test_synapse_provides_rate_limit' (5249) panicked at tests/config.rs:176:14:
[INFO] [stdout] Failed in step `build`: Daemon `docker build` indicated an error
[INFO] [stdout] 
[INFO] [stdout] Caused by:
[INFO] [stdout]     0: error trying to connect: No such file or directory (os error 2)
[INFO] [stdout]     1: No such file or directory (os error 2)
[INFO] [stdout] stack backtrace:
[INFO] [stdout]    0:     0x5a3261b3af01 - <<std[70759c8f55707aa4]::sys::backtrace::BacktraceLock>::print::DisplayBacktrace as core[df12db4294e9bfd3]::fmt::Display>::fmt
[INFO] [stdout]    1:     0x5a3261b5460a - core[df12db4294e9bfd3]::fmt::write
[INFO] [stdout]    2:     0x5a3261b4176c - <alloc[2182bb758b4b3781]::vec::Vec<u8> as core[df12db4294e9bfd3]::io::write::Write>::write_fmt
[INFO] [stdout]    3:     0x5a3261b12ac6 - std[70759c8f55707aa4]::panicking::default_hook::{closure#0}
[INFO] [stdout]    4:     0x5a3261b30f09 - std[70759c8f55707aa4]::panicking::default_hook
[INFO] [stdout]    5:     0x5a32616af690 - test[9d35eded1c95d3be]::test_main_inner::<test[9d35eded1c95d3be]::test_main_static::{closure#0}>::{closure#0}
[INFO] [stdout]    6:     0x5a3261b31232 - std[70759c8f55707aa4]::panicking::panic_with_hook
[INFO] [stdout]    7:     0x5a3261b12b72 - std[70759c8f55707aa4]::panicking::panic_handler::{closure#0}
[INFO] [stdout]    8:     0x5a3261b0b4c9 - std[70759c8f55707aa4]::sys::backtrace::__rust_end_short_backtrace::<std[70759c8f55707aa4]::panicking::panic_handler::{closure#0}, !>
[INFO] [stdout]    9:     0x5a3261b139fd - __rustc[8fa7c3cbc660c2b3]::rust_begin_unwind
[INFO] [stdout]   10:     0x5a3261b54d6c - core[df12db4294e9bfd3]::panicking::panic_fmt
[INFO] [stdout]   11:     0x5a3261b54b42 - core[df12db4294e9bfd3]::result::unwrap_failed
[INFO] [stdout]   12:     0x5a32613ed358 - <std[70759c8f55707aa4]::thread::local::LocalKey<core[df12db4294e9bfd3]::cell::Cell<tokio[610ae4bb1dd35dc6]::coop::Budget>>>::with::<tokio[610ae4bb1dd35dc6]::coop::with_budget<core[df12db4294e9bfd3]::task::poll::Poll<()>, <tokio[610ae4bb1dd35dc6]::park::thread::CachedParkThread>::block_on<config[60d815300437e11a]::test_synapse_provides_rate_limit::{closure#0}>::{closure#0}>::{closure#0}, core[df12db4294e9bfd3]::task::poll::Poll<()>>
[INFO] [stdout]   13:     0x5a3261588bf6 - <tokio[610ae4bb1dd35dc6]::runtime::thread_pool::ThreadPool>::block_on::<config[60d815300437e11a]::test_synapse_provides_rate_limit::{closure#0}>
[INFO] [stdout]   14:     0x5a3261561656 - <config[60d815300437e11a]::test_synapse_provides_rate_limit::{closure#0} as core[df12db4294e9bfd3]::ops::function::FnOnce<()>>::call_once
[INFO] [stdout]   15:     0x5a32616a297b - test[9d35eded1c95d3be]::__rust_begin_short_backtrace::<core[df12db4294e9bfd3]::result::Result<(), alloc[2182bb758b4b3781]::string::String>, fn() -> core[df12db4294e9bfd3]::result::Result<(), alloc[2182bb758b4b3781]::string::String>>
[INFO] [stdout]   16:     0x5a32616affe5 - test[9d35eded1c95d3be]::run_test::{closure#0}
[INFO] [stdout]   17:     0x5a32616a98a4 - std[70759c8f55707aa4]::sys::backtrace::__rust_begin_short_backtrace::<test[9d35eded1c95d3be]::run_test::{closure#1}, ()>
[INFO] [stdout]   18:     0x5a32616b3142 - <std[70759c8f55707aa4]::thread::lifecycle::spawn_unchecked<test[9d35eded1c95d3be]::run_test::{closure#1}, ()>::{closure#1} as core[df12db4294e9bfd3]::ops::function::FnOnce<()>>::call_once::{shim:vtable#0}
[INFO] [stdout]   19:     0x5a3261b39ea9 - <std[70759c8f55707aa4]::sys::thread::unix::Thread>::new::thread_start
[INFO] [stdout]   20:     0x7c5d45e96dfa - <unknown>
[INFO] [stdout]   21:     0x7c5d45f2a3d4 - clone
[INFO] [stdout]   22:                0x0 - <unknown>
[INFO] [stdout] 
[INFO] [stdout] 
[INFO] [stdout] failures:
[INFO] [stdout]     test_default_rate_limit
[INFO] [stdout]     test_synapse_provides_rate_limit
[INFO] [stdout] 
[INFO] [stdout] test result: FAILED. 0 passed; 2 failed; 0 ignored; 0 measured; 0 filtered out; finished in 0.04s
[INFO] [stdout] 
[INFO] running `Command { std: "docker" "inspect" "4ba8d635c5c4aecf2c32c73129806b8ba3251695e7cb9145dbbd0e70219cc70d", kill_on_drop: false }`
[INFO] running `Command { std: "docker" "rm" "-f" "4ba8d635c5c4aecf2c32c73129806b8ba3251695e7cb9145dbbd0e70219cc70d", kill_on_drop: false }`
[INFO] [stdout] 4ba8d635c5c4aecf2c32c73129806b8ba3251695e7cb9145dbbd0e70219cc70d
