[INFO] fetching crate mwtitle 0.2.7...
[INFO] testing mwtitle-0.2.7 against 1.99.0-beta.8+cargoflags=--release for beta-release-1.100-2
[INFO] extracting crate mwtitle 0.2.7 into /workspace/builds/worker-6-tc1/source
[INFO] started tweaking crates.io crate mwtitle 0.2.7
[INFO] removed 0 missing tests
[INFO] finished tweaking crates.io crate mwtitle 0.2.7
[INFO] tweaked toml for crates.io crate mwtitle 0.2.7 written to /workspace/builds/worker-6-tc1/source/Cargo.toml
[INFO] validating manifest of crates.io crate mwtitle 0.2.7 on toolchain 1.99.0-beta.8
[INFO] running `Command { std: CARGO_HOME="/workspace/cargo-home" RUSTUP_HOME="/workspace/rustup-home" "/workspace/cargo-home/bin/cargo" "+1.99.0-beta.8" "metadata" "--manifest-path" "Cargo.toml" "--no-deps", kill_on_drop: false }`
[INFO] crate crates.io crate mwtitle 0.2.7 already has a lockfile, it will not be regenerated
[INFO] running `Command { std: CARGO_HOME="/workspace/cargo-home" RUSTUP_HOME="/workspace/rustup-home" "/workspace/cargo-home/bin/cargo" "+1.99.0-beta.8" "fetch" "--manifest-path" "Cargo.toml", kill_on_drop: false }`
[INFO] [stderr]     Updating crates.io index
[INFO] [stderr]  Downloading crates ...
[INFO] [stderr]   Downloaded criterion v0.7.0
[INFO] [stderr]   Downloaded cached_proc_macro_types v0.1.1
[INFO] [stderr]   Downloaded cached_proc_macro v0.25.0
[INFO] [stderr]   Downloaded criterion-plot v0.6.0
[INFO] [stderr]   Downloaded clap v4.5.59
[INFO] [stderr]   Downloaded anyhow v1.0.101
[INFO] [stderr]   Downloaded cached v0.56.0
[INFO] [stderr]   Downloaded clap_builder v4.5.59
[INFO] running `Command { std: "docker" "create" "-v" "/var/lib/crater-agent-workspace/builds/worker-6-tc1/source:/opt/rustwide/workdir:ro,Z" "-v" "/var/lib/crater-agent-workspace/builds/worker-6-tc1/target:/opt/rustwide/target:rw,Z" "-v" "/var/lib/crater-agent-workspace/cargo-home:/opt/rustwide/cargo-home:ro,Z" "-v" "/var/lib/crater-agent-workspace/rustup-home:/opt/rustwide/rustup-home:ro,Z" "-m" "1610612736" "--network" "none" "ghcr.io/rust-lang/crates-build-env/linux@sha256:77db811e55d90add9212f6832c23229e3de5f1c1f9905e8cb07319ea15df73ac" "sleep" "infinity", kill_on_drop: false }`
[INFO] [stdout] b0e58d8c990f11da49bcfeaa2101f783e2a241a015e680dc32dfd5295fd4dbce
[INFO] running `Command { std: "docker" "start" "b0e58d8c990f11da49bcfeaa2101f783e2a241a015e680dc32dfd5295fd4dbce", kill_on_drop: false }`
[INFO] running `Command { std: "docker" "inspect" "b0e58d8c990f11da49bcfeaa2101f783e2a241a015e680dc32dfd5295fd4dbce", kill_on_drop: false }`
[INFO] running `Command { std: "docker" "exec" "-e" "SOURCE_DIR=/opt/rustwide/workdir" "-e" "CARGO_HOME=/opt/rustwide/cargo-home" "-e" "RUSTUP_HOME=/opt/rustwide/rustup-home" "-e" "CARGO_TARGET_DIR=/opt/rustwide/target" "-w" "/opt/rustwide/workdir" "--user" "0:0" "b0e58d8c990f11da49bcfeaa2101f783e2a241a015e680dc32dfd5295fd4dbce" "/opt/rustwide/cargo-home/bin/cargo" "+1.99.0-beta.8" "metadata" "--no-deps" "--format-version=1", kill_on_drop: false }`
[INFO] running `Command { std: "docker" "inspect" "b0e58d8c990f11da49bcfeaa2101f783e2a241a015e680dc32dfd5295fd4dbce", kill_on_drop: false }`
[INFO] running `Command { std: "docker" "exec" "-e" "SOURCE_DIR=/opt/rustwide/workdir" "-e" "CARGO_HOME=/opt/rustwide/cargo-home" "-e" "RUSTUP_HOME=/opt/rustwide/rustup-home" "-e" "CARGO_TARGET_DIR=/opt/rustwide/target" "-e" "CARGO_INCREMENTAL=0" "-e" "RUST_BACKTRACE=full" "-e" "RUSTFLAGS=--cap-lints=warn" "-e" "RUSTDOCFLAGS=--cap-lints=warn" "-w" "/opt/rustwide/workdir" "--user" "0:0" "b0e58d8c990f11da49bcfeaa2101f783e2a241a015e680dc32dfd5295fd4dbce" "/opt/rustwide/cargo-home/bin/cargo" "+1.99.0-beta.8" "build" "--frozen" "--message-format=json" "--release", kill_on_drop: false }`
[INFO] [stderr]    Compiling quote v1.0.44
[INFO] [stderr]    Compiling regex-syntax v0.8.9
[INFO] [stderr]    Compiling tinyvec v1.10.0
[INFO] [stderr]    Compiling syn v2.0.116
[INFO] [stderr]    Compiling regex-automata v0.4.14
[INFO] [stderr]    Compiling serde_derive v1.0.228
[INFO] [stderr]    Compiling thiserror-impl v2.0.18
[INFO] [stderr]    Compiling thiserror v2.0.18
[INFO] [stderr]    Compiling regex v1.12.3
[INFO] [stderr]    Compiling serde v1.0.228
[INFO] [stderr]    Compiling mwtitle v0.2.7 (/opt/rustwide/workdir)
[INFO] [stderr]     Finished `release` profile [optimized] target(s) in 28.20s
[INFO] running `Command { std: "docker" "inspect" "b0e58d8c990f11da49bcfeaa2101f783e2a241a015e680dc32dfd5295fd4dbce", kill_on_drop: false }`
[INFO] running `Command { std: "docker" "exec" "-e" "SOURCE_DIR=/opt/rustwide/workdir" "-e" "CARGO_HOME=/opt/rustwide/cargo-home" "-e" "RUSTUP_HOME=/opt/rustwide/rustup-home" "-e" "CARGO_TARGET_DIR=/opt/rustwide/target" "-e" "CARGO_INCREMENTAL=0" "-e" "RUST_BACKTRACE=full" "-e" "RUSTFLAGS=--cap-lints=warn" "-e" "RUSTDOCFLAGS=--cap-lints=warn" "-w" "/opt/rustwide/workdir" "--user" "0:0" "b0e58d8c990f11da49bcfeaa2101f783e2a241a015e680dc32dfd5295fd4dbce" "/opt/rustwide/cargo-home/bin/cargo" "+1.99.0-beta.8" "test" "--frozen" "--no-run" "--message-format=json" "--release", kill_on_drop: false }`
[INFO] [stderr]    Compiling smallvec v1.15.1
[INFO] [stderr]    Compiling bytes v1.11.1
[INFO] [stderr]    Compiling libc v0.2.182
[INFO] [stderr]    Compiling syn v2.0.116
[INFO] [stderr]    Compiling dunce v1.0.5
[INFO] [stderr]    Compiling fs_extra v1.3.0
[INFO] [stderr]    Compiling zeroize v1.8.2
[INFO] [stderr]    Compiling aws-lc-rs v1.15.4
[INFO] [stderr]    Compiling zerocopy v0.8.39
[INFO] [stderr]    Compiling futures-task v0.3.32
[INFO] [stderr]    Compiling rustls-pki-types v1.14.0
[INFO] [stderr]    Compiling parking_lot_core v0.9.12
[INFO] [stderr]    Compiling futures-util v0.3.32
[INFO] [stderr]    Compiling serde v1.0.228
[INFO] [stderr]    Compiling memchr v2.8.0
[INFO] [stderr]    Compiling futures-channel v0.3.32
[INFO] [stderr]    Compiling parking_lot v0.12.5
[INFO] [stderr]    Compiling tracing-core v0.1.36
[INFO] [stderr]    Compiling http v1.4.0
[INFO] [stderr]    Compiling jobserver v0.1.34
[INFO] [stderr]    Compiling simd-adler32 v0.3.8
[INFO] [stderr]    Compiling cc v1.2.56
[INFO] [stderr]    Compiling rustls v0.23.36
[INFO] [stderr]    Compiling zmij v1.0.21
[INFO] [stderr]    Compiling hashbrown v0.16.1
[INFO] [stderr]    Compiling miniz_oxide v0.8.9
[INFO] [stderr]    Compiling tracing v0.1.44
[INFO] [stderr]    Compiling http-body v1.0.1
[INFO] [stderr]    Compiling strsim v0.11.1
[INFO] [stderr]    Compiling ident_case v1.0.1
[INFO] [stderr]    Compiling fnv v1.0.7
[INFO] [stderr]    Compiling num-traits v0.2.19
[INFO] [stderr]    Compiling flate2 v1.1.9
[INFO] [stderr]    Compiling cmake v0.1.57
[INFO] [stderr]    Compiling indexmap v2.13.0
[INFO] [stderr]    Compiling compression-core v0.4.31
[INFO] [stderr]    Compiling compression-codecs v0.4.36
[INFO] [stderr]    Compiling ahash v0.8.12
[INFO] [stderr]    Compiling serde_json v1.0.149
[INFO] [stderr]    Compiling aws-lc-sys v0.37.1
[INFO] [stderr]    Compiling sync_wrapper v1.0.2
[INFO] [stderr]    Compiling clap_lex v1.0.0
[INFO] [stderr]    Compiling plotters-backend v0.3.7
[INFO] [stderr]    Compiling ciborium-io v0.2.2
[INFO] [stderr]    Compiling rustls-native-certs v0.8.3
[INFO] [stderr]    Compiling clap_builder v4.5.59
[INFO] [stderr]    Compiling plotters-svg v0.3.7
[INFO] [stderr]    Compiling rayon-core v1.13.0
[INFO] [stderr]    Compiling itertools v0.13.0
[INFO] [stderr]    Compiling form_urlencoded v1.2.2
[INFO] [stderr]    Compiling synstructure v0.13.2
[INFO] [stderr]    Compiling darling_core v0.20.11
[INFO] [stderr]    Compiling http-body-util v0.1.3
[INFO] [stderr]    Compiling cast v0.3.0
[INFO] [stderr]    Compiling log v0.4.29
[INFO] [stderr]    Compiling anyhow v1.0.101
[INFO] [stderr]    Compiling bitflags v2.11.0
[INFO] [stderr]    Compiling foldhash v0.1.5
[INFO] [stderr]    Compiling same-file v1.0.6
[INFO] [stderr]    Compiling futures-io v0.3.32
[INFO] [stderr]    Compiling iri-string v0.7.10
[INFO] [stderr]    Compiling clap v4.5.59
[INFO] [stderr]    Compiling walkdir v2.5.0
[INFO] [stderr]    Compiling futures v0.3.32
[INFO] [stderr]    Compiling hashbrown v0.15.5
[INFO] [stderr]    Compiling criterion-plot v0.6.0
[INFO] [stderr]    Compiling zerofrom-derive v0.1.6
[INFO] [stderr]    Compiling yoke-derive v0.8.1
[INFO] [stderr]    Compiling tokio-macros v2.6.0
[INFO] [stderr]    Compiling zerovec-derive v0.11.2
[INFO] [stderr]    Compiling zerofrom v0.1.6
[INFO] [stderr]    Compiling displaydoc v0.2.5
[INFO] [stderr]    Compiling yoke v0.8.1
[INFO] [stderr]    Compiling tokio v1.49.0
[INFO] [stderr]    Compiling zerocopy-derive v0.8.39
[INFO] [stderr]    Compiling serde_derive v1.0.228
[INFO] [stderr]    Compiling zerotrie v0.2.3
[INFO] [stderr]    Compiling zerovec v0.11.5
[INFO] [stderr]    Compiling darling_macro v0.20.11
[INFO] [stderr]    Compiling thiserror-impl v2.0.18
[INFO] [stderr]    Compiling tinystr v0.8.2
[INFO] [stderr]    Compiling icu_locale_core v2.1.1
[INFO] [stderr]    Compiling potential_utf v0.1.4
[INFO] [stderr]    Compiling icu_collections v2.1.1
[INFO] [stderr]    Compiling thiserror v2.0.18
[INFO] [stderr]    Compiling icu_provider v2.1.1
[INFO] [stderr]    Compiling darling v0.20.11
[INFO] [stderr]    Compiling cached_proc_macro v0.25.0
[INFO] [stderr]    Compiling icu_normalizer v2.1.1
[INFO] [stderr]    Compiling icu_properties v2.1.2
[INFO] [stderr]    Compiling async-trait v0.1.89
[INFO] [stderr]    Compiling tinytemplate v1.2.1
[INFO] [stderr]    Compiling plotters v0.3.7
[INFO] [stderr]    Compiling tokio-util v0.7.18
[INFO] [stderr]    Compiling idna_adapter v1.2.1
[INFO] [stderr]    Compiling h2 v0.4.13
[INFO] [stderr]    Compiling idna v1.1.0
[INFO] [stderr]    Compiling tower v0.5.3
[INFO] [stderr]    Compiling async-compression v0.4.39
[INFO] [stderr]    Compiling url v2.5.8
[INFO] [stderr]    Compiling tower-http v0.6.8
[INFO] [stderr]    Compiling half v2.7.1
[INFO] [stderr]    Compiling ciborium-ll v0.2.2
[INFO] [stderr]    Compiling ciborium v0.2.2
[INFO] [stderr]    Compiling rayon v1.11.0
[INFO] [stderr]    Compiling oorandom v11.1.5
[INFO] [stderr]    Compiling cached_proc_macro_types v0.1.1
[INFO] [stderr]    Compiling anes v0.1.6
[INFO] [stderr]    Compiling web-time v1.1.0
[INFO] [stderr]    Compiling cached v0.56.0
[INFO] [stderr]    Compiling mwtitle v0.2.7 (/opt/rustwide/workdir)
[INFO] [stderr]    Compiling hyper v1.8.1
[INFO] [stderr]    Compiling hyper-util v0.1.20
[INFO] [stderr]    Compiling criterion v0.7.0
[INFO] [stderr]    Compiling rustls-webpki v0.103.9
[INFO] [stderr]    Compiling tokio-rustls v0.26.4
[INFO] [stderr]    Compiling rustls-platform-verifier v0.6.2
[INFO] [stderr]    Compiling hyper-rustls v0.27.7
[INFO] [stderr]    Compiling reqwest v0.13.2
[INFO] [stderr]     Finished `release` profile [optimized] target(s) in 4m 57s
[INFO] running `Command { std: "docker" "inspect" "b0e58d8c990f11da49bcfeaa2101f783e2a241a015e680dc32dfd5295fd4dbce", kill_on_drop: false }`
[INFO] running `Command { std: "docker" "exec" "-e" "SOURCE_DIR=/opt/rustwide/workdir" "-e" "CARGO_HOME=/opt/rustwide/cargo-home" "-e" "RUSTUP_HOME=/opt/rustwide/rustup-home" "-e" "CARGO_TARGET_DIR=/opt/rustwide/target" "-e" "CARGO_INCREMENTAL=0" "-e" "RUST_BACKTRACE=full" "-e" "RUSTFLAGS=--cap-lints=warn" "-e" "RUSTDOCFLAGS=--cap-lints=warn" "-w" "/opt/rustwide/workdir" "--user" "0:0" "b0e58d8c990f11da49bcfeaa2101f783e2a241a015e680dc32dfd5295fd4dbce" "/opt/rustwide/cargo-home/bin/cargo" "+1.99.0-beta.8" "test" "--frozen" "--release", kill_on_drop: false }`
[INFO] [stderr]     Finished `release` profile [optimized] target(s) in 0.30s
[INFO] [stderr]      Running unittests src/lib.rs (/opt/rustwide/target/release/deps/mwtitle-99f673c2deac7e4f)
[INFO] [stdout] 
[INFO] [stdout] running 18 tests
[INFO] [stdout] test ip::is_ipv4_recognizes_ipv4_addresses ... ok
[INFO] [stdout] test codec::normalize_title_chars_removes_directional_control_characters ... ok
[INFO] [stdout] test codec::title_codec_is_send_and_sync ... ok
[INFO] [stdout] test codec::normalize_title_chars_strips_and_collapses_title_whitespace ... ok
[INFO] [stdout] test display::whitespace_displayer_displays_spaces_as_underscores ... ok
[INFO] [stdout] test ipv6::parser_rejects_invalid_ipv6_addresses ... ok
[INFO] [stdout] test interwiki_set::lookup_is_case_insensitive ... ok
[INFO] [stdout] test ip::sanitize_ip_recognizes_subpages_of_ipv6_address ... ok
[INFO] [stdout] test ip::sanitize_ip_replaces_double_colons_with_zeros ... ok
[INFO] [stdout] test ip::is_ipv4_rejects_invalid_ipv4_addresses ... ok
[INFO] [stdout] test namespace_map::hash_and_eq_for_namespace_string_borrowed_are_case_and_whitespace_insensitive ... ok
[INFO] [stdout] test codec::uppercase_first_respects_dotted_i_langs ... ok
[INFO] [stdout] test namespace_map::hash_and_eq_for_namespace_string_are_case_and_whitespace_insensitive ... ok
[INFO] [stdout] test namespace_map::siteinfo_can_be_converted_to_namespace_map_and_lookup_is_case_insensitive ... ok
[INFO] [stdout] test codec::trim_title_whitespace_trims_underscores ... ok
[INFO] [stdout] test title_ord ... ok
[INFO] [stdout] test ip::sanitize_ip_uppercases ... ok
[INFO] [stdout] test site_info::test_namespace_info_from_iter ... ok
[INFO] [stdout] 
[INFO] [stdout] test result: ok. 18 passed; 0 failed; 0 ignored; 0 measured; 0 filtered out; finished in 0.01s
[INFO] [stdout] 
[INFO] [stderr]      Running tests/validation.rs (/opt/rustwide/target/release/deps/validation-ca21aec686e853e5)
[INFO] [stdout] 
[INFO] [stdout] running 31 tests
[INFO] [stdout] test formatversion_one ... FAILED
[INFO] [stdout] test dotted_i_is_uppercased_to_dotted_capital_i_according_to_language ... FAILED
[INFO] [stdout] test c0_control_character_whitespace_is_rejected ... FAILED
[INFO] [stdout] test empty_database_page_titles_are_rejected ... FAILED
[INFO] [stdout] test ip_addresses_outside_of_user_namespaces_are_not_sanitized ... FAILED
[INFO] [stdout] test ipv4_address_is_sanitized_in_user_namespaces ... FAILED
[INFO] [stdout] test default_namespace_is_assigned_to_title_without_namespace_prefix ... FAILED
[INFO] [stdout] test interwiki_prefix_is_normalized ... FAILED
[INFO] [stdout] test leading_colon_is_rejected ... FAILED
[INFO] [stdout] test ipv6_address_is_sanitized_in_user_namespaces ... FAILED
[INFO] [stdout] test local_interwiki_with_mainspace_and_empty_title_points_to_main_page ... FAILED
[INFO] [stdout] test local_interwiki_with_namespace_and_empty_dbkey_is_rejected ... FAILED
[INFO] [stdout] test magic_tilde_is_rejected ... FAILED
[INFO] [stdout] test more_than_two_dots_are_accepted ... FAILED
[INFO] [stdout] test namespace_aliases_map_to_local_namespace_names ... FAILED
[INFO] [stdout] test non_ip_addresses_are_not_sanitized ... FAILED
[INFO] [stdout] test non_mediawiki_whitespace_is_not_collapsed_or_trimmed ... FAILED
[INFO] [stdout] test one_or_two_tildes_are_accepted ... FAILED
[INFO] [stdout] test punctuation_characters_used_in_wikitext_or_html_are_rejected ... FAILED
[INFO] [stdout] test relative_directory_syntax_is_rejected ... FAILED
[INFO] [stdout] test replacement_character_is_rejected ... FAILED
[INFO] [stdout] test test_new_title_from_database ... FAILED
[INFO] [stdout] test test_to_pretty_with_fragment ... FAILED
[INFO] [stdout] test title_capitalization_follows_php_rules ... FAILED
[INFO] [stdout] test title_length_constraints_apply_to_database_page_title ... FAILED
[INFO] [stdout] test title_parses_identically_after_leading_and_trailing_whitespace_is_added ... FAILED
[INFO] [stdout] test title_with_local_interwiki_is_capitalized_according_to_namespace ... FAILED
[INFO] [stdout] test titles_that_cannot_roundtrip_from_talk_to_main_and_back_are_rejected ... FAILED
[INFO] [stdout] test titles_with_fake_namespaces_arent_trimmed_or_capitalized_after_colon ... FAILED
[INFO] [stdout] test url_percent_encoding_is_rejected ... FAILED
[INFO] [stdout] test whitespace_is_trimmed_and_leading_colons_are_removed ... FAILED
[INFO] [stdout] 
[INFO] [stdout] failures:
[INFO] [stdout] 
[INFO] [stdout] ---- formatversion_one stdout ----
[INFO] [stdout] 
[INFO] [stdout] thread 'formatversion_one' (3412) panicked at tests/validation.rs:665:10:
[INFO] [stdout] called `Result::unwrap()` on an `Err` value: reqwest::Error { kind: Request, url: "https://en.wikipedia.org/w/api.php?action=query&meta=siteinfo&siprop=general|namespaces|namespacealiases|interwikimap&formatversion=1&format=json", source: hyper_util::client::legacy::Error(Connect, ConnectError("dns error", Custom { kind: Uncategorized, error: "failed to lookup address information: Temporary failure in name resolution" })) }
[INFO] [stdout] stack backtrace:
[INFO] [stdout]    0:     0x611ce5d66911 - <<std[70759c8f55707aa4]::sys::backtrace::BacktraceLock>::print::DisplayBacktrace as core[df12db4294e9bfd3]::fmt::Display>::fmt
[INFO] [stdout]    1:     0x611ce5d7dd0a - core[df12db4294e9bfd3]::fmt::write
[INFO] [stdout]    2:     0x611ce5d6b87c - <alloc[2182bb758b4b3781]::vec::Vec<u8> as core[df12db4294e9bfd3]::io::write::Write>::write_fmt
[INFO] [stdout]    3:     0x611ce5d418d6 - std[70759c8f55707aa4]::panicking::default_hook::{closure#0}
[INFO] [stdout]    4:     0x611ce5d5e629 - std[70759c8f55707aa4]::panicking::default_hook
[INFO] [stdout]    5:     0x611ce5c71f70 - test[9d35eded1c95d3be]::test_main_inner::<test[9d35eded1c95d3be]::test_main_static::{closure#0}>::{closure#0}
[INFO] [stdout]    6:     0x611ce5d5e952 - std[70759c8f55707aa4]::panicking::panic_with_hook
[INFO] [stdout]    7:     0x611ce5d41982 - std[70759c8f55707aa4]::panicking::panic_handler::{closure#0}
[INFO] [stdout]    8:     0x611ce5d3a589 - std[70759c8f55707aa4]::sys::backtrace::__rust_end_short_backtrace::<std[70759c8f55707aa4]::panicking::panic_handler::{closure#0}, !>
[INFO] [stdout]    9:     0x611ce5d4276d - __rustc[8fa7c3cbc660c2b3]::rust_begin_unwind
[INFO] [stdout]   10:     0x611ce5d7e4ec - core[df12db4294e9bfd3]::panicking::panic_fmt
[INFO] [stdout]   11:     0x611ce5d7e2c2 - core[df12db4294e9bfd3]::result::unwrap_failed
[INFO] [stdout]   12:     0x611ce5863b38 - validation[35c1d6a4c7b590df]::formatversion_one::{closure#0}
[INFO] [stdout]   13:     0x611ce5888683 - <tokio[ea3c92df2164accc]::runtime::scheduler::current_thread::Context>::enter::<core[df12db4294e9bfd3]::task::poll::Poll<()>, <tokio[ea3c92df2164accc]::runtime::scheduler::current_thread::CoreGuard>::block_on<core[df12db4294e9bfd3]::pin::Pin<&mut core[df12db4294e9bfd3]::pin::Pin<&mut dyn core[df12db4294e9bfd3]::future::future::Future<Output = ()>>>>::{closure#0}::{closure#0}>
[INFO] [stdout]   14:     0x611ce5880f8c - <tokio[ea3c92df2164accc]::runtime::context::scoped::Scoped<tokio[ea3c92df2164accc]::runtime::scheduler::Context>>::set::<<tokio[ea3c92df2164accc]::runtime::scheduler::current_thread::CoreGuard>::enter<<tokio[ea3c92df2164accc]::runtime::scheduler::current_thread::CoreGuard>::block_on<core[df12db4294e9bfd3]::pin::Pin<&mut core[df12db4294e9bfd3]::pin::Pin<&mut dyn core[df12db4294e9bfd3]::future::future::Future<Output = ()>>>>::{closure#0}, core[df12db4294e9bfd3]::option::Option<()>>::{closure#0}, (alloc[2182bb758b4b3781]::boxed::Box<tokio[ea3c92df2164accc]::runtime::scheduler::current_thread::Core>, core[df12db4294e9bfd3]::option::Option<()>)>
[INFO] [stdout]   15:     0x611ce58889d7 - <tokio[ea3c92df2164accc]::runtime::scheduler::current_thread::CoreGuard>::block_on::<core[df12db4294e9bfd3]::pin::Pin<&mut core[df12db4294e9bfd3]::pin::Pin<&mut dyn core[df12db4294e9bfd3]::future::future::Future<Output = ()>>>>
[INFO] [stdout]   16:     0x611ce587e240 - tokio[ea3c92df2164accc]::runtime::context::runtime::enter_runtime::<<tokio[ea3c92df2164accc]::runtime::scheduler::current_thread::CurrentThread>::block_on<core[df12db4294e9bfd3]::pin::Pin<&mut dyn core[df12db4294e9bfd3]::future::future::Future<Output = ()>>>::{closure#0}, ()>
[INFO] [stdout]   17:     0x611ce5886005 - <tokio[ea3c92df2164accc]::runtime::runtime::Runtime>::block_on::<core[df12db4294e9bfd3]::pin::Pin<&mut dyn core[df12db4294e9bfd3]::future::future::Future<Output = ()>>>
[INFO] [stdout]   18:     0x611ce586e47e - <validation[35c1d6a4c7b590df]::formatversion_one::{closure#0} as core[df12db4294e9bfd3]::ops::function::FnOnce<()>>::call_once
[INFO] [stdout]   19:     0x611ce5c6525b - test[9d35eded1c95d3be]::__rust_begin_short_backtrace::<core[df12db4294e9bfd3]::result::Result<(), alloc[2182bb758b4b3781]::string::String>, fn() -> core[df12db4294e9bfd3]::result::Result<(), alloc[2182bb758b4b3781]::string::String>>
[INFO] [stdout]   20:     0x611ce5c728c5 - test[9d35eded1c95d3be]::run_test::{closure#0}
[INFO] [stdout]   21:     0x611ce5c6c184 - std[70759c8f55707aa4]::sys::backtrace::__rust_begin_short_backtrace::<test[9d35eded1c95d3be]::run_test::{closure#1}, ()>
[INFO] [stdout]   22:     0x611ce5c75a22 - <std[70759c8f55707aa4]::thread::lifecycle::spawn_unchecked<test[9d35eded1c95d3be]::run_test::{closure#1}, ()>::{closure#1} as core[df12db4294e9bfd3]::ops::function::FnOnce<()>>::call_once::{shim:vtable#0}
[INFO] [stdout]   23:     0x611ce5d65e39 - <std[70759c8f55707aa4]::sys::thread::unix::Thread>::new::thread_start
[INFO] [stdout]   24:     0x7fef7b81edfa - <unknown>
[INFO] [stdout]   25:     0x7fef7b8b23d4 - clone
[INFO] [stdout]   26:                0x0 - <unknown>
[INFO] [stdout] 
[INFO] [stdout] ---- dotted_i_is_uppercased_to_dotted_capital_i_according_to_language stdout ----
[INFO] [stdout] 
[INFO] [stdout] thread 'dotted_i_is_uppercased_to_dotted_capital_i_according_to_language' (3410) panicked at tests/validation.rs:37:10:
[INFO] [stdout] called `Result::unwrap()` on an `Err` value: reqwest::Error { kind: Request, url: "https://tr.wikipedia.org/w/api.php?action=query&meta=siteinfo&siprop=general|namespaces|namespacealiases|interwikimap&formatversion=2&format=json", source: hyper_util::client::legacy::Error(Connect, ConnectError("dns error", Custom { kind: Uncategorized, error: "failed to lookup address information: Temporary failure in name resolution" })) }
[INFO] [stdout] stack backtrace:
[INFO] [stdout]    0:     0x611ce5d66911 - <<std[70759c8f55707aa4]::sys::backtrace::BacktraceLock>::print::DisplayBacktrace as core[df12db4294e9bfd3]::fmt::Display>::fmt
[INFO] [stdout]    1:     0x611ce5d7dd0a - core[df12db4294e9bfd3]::fmt::write
[INFO] [stdout]    2:     0x611ce5d6b87c - <alloc[2182bb758b4b3781]::vec::Vec<u8> as core[df12db4294e9bfd3]::io::write::Write>::write_fmt
[INFO] [stdout]    3:     0x611ce5d418d6 - std[70759c8f55707aa4]::panicking::default_hook::{closure#0}
[INFO] [stdout]    4:     0x611ce5d5e629 - std[70759c8f55707aa4]::panicking::default_hook
[INFO] [stdout]    5:     0x611ce5c71f70 - test[9d35eded1c95d3be]::test_main_inner::<test[9d35eded1c95d3be]::test_main_static::{closure#0}>::{closure#0}
[INFO] [stdout]    6:     0x611ce5d5e952 - std[70759c8f55707aa4]::panicking::panic_with_hook
[INFO] [stdout]    7:     0x611ce5d41982 - std[70759c8f55707aa4]::panicking::panic_handler::{closure#0}
[INFO] [stdout]    8:     0x611ce5d3a589 - std[70759c8f55707aa4]::sys::backtrace::__rust_end_short_backtrace::<std[70759c8f55707aa4]::panicking::panic_handler::{closure#0}, !>
[INFO] [stdout]    9:     0x611ce5d4276d - __rustc[8fa7c3cbc660c2b3]::rust_begin_unwind
[INFO] [stdout]   10:     0x611ce5d7e4ec - core[df12db4294e9bfd3]::panicking::panic_fmt
[INFO] [stdout]   11:     0x611ce5d7e2c2 - core[df12db4294e9bfd3]::result::unwrap_failed
[INFO] [stdout]   12:     0x611ce5862f85 - validation[35c1d6a4c7b590df]::codec::{closure#0}
[INFO] [stdout]   13:     0x611ce586af59 - validation[35c1d6a4c7b590df]::dotted_i_is_uppercased_to_dotted_capital_i_according_to_language::{closure#0}
[INFO] [stdout]   14:     0x611ce5888683 - <tokio[ea3c92df2164accc]::runtime::scheduler::current_thread::Context>::enter::<core[df12db4294e9bfd3]::task::poll::Poll<()>, <tokio[ea3c92df2164accc]::runtime::scheduler::current_thread::CoreGuard>::block_on<core[df12db4294e9bfd3]::pin::Pin<&mut core[df12db4294e9bfd3]::pin::Pin<&mut dyn core[df12db4294e9bfd3]::future::future::Future<Output = ()>>>>::{closure#0}::{closure#0}>
[INFO] [stdout]   15:     0x611ce5880f8c - <tokio[ea3c92df2164accc]::runtime::context::scoped::Scoped<tokio[ea3c92df2164accc]::runtime::scheduler::Context>>::set::<<tokio[ea3c92df2164accc]::runtime::scheduler::current_thread::CoreGuard>::enter<<tokio[ea3c92df2164accc]::runtime::scheduler::current_thread::CoreGuard>::block_on<core[df12db4294e9bfd3]::pin::Pin<&mut core[df12db4294e9bfd3]::pin::Pin<&mut dyn core[df12db4294e9bfd3]::future::future::Future<Output = ()>>>>::{closure#0}, core[df12db4294e9bfd3]::option::Option<()>>::{closure#0}, (alloc[2182bb758b4b3781]::boxed::Box<tokio[ea3c92df2164accc]::runtime::scheduler::current_thread::Core>, core[df12db4294e9bfd3]::option::Option<()>)>
[INFO] [stdout]   16:     0x611ce58889d7 - <tokio[ea3c92df2164accc]::runtime::scheduler::current_thread::CoreGuard>::block_on::<core[df12db4294e9bfd3]::pin::Pin<&mut core[df12db4294e9bfd3]::pin::Pin<&mut dyn core[df12db4294e9bfd3]::future::future::Future<Output = ()>>>>
[INFO] [stdout]   17:     0x611ce587e240 - tokio[ea3c92df2164accc]::runtime::context::runtime::enter_runtime::<<tokio[ea3c92df2164accc]::runtime::scheduler::current_thread::CurrentThread>::block_on<core[df12db4294e9bfd3]::pin::Pin<&mut dyn core[df12db4294e9bfd3]::future::future::Future<Output = ()>>>::{closure#0}, ()>
[INFO] [stdout]   18:     0x611ce5886005 - <tokio[ea3c92df2164accc]::runtime::runtime::Runtime>::block_on::<core[df12db4294e9bfd3]::pin::Pin<&mut dyn core[df12db4294e9bfd3]::future::future::Future<Output = ()>>>
[INFO] [stdout]   19:     0x611ce5870a8e - <validation[35c1d6a4c7b590df]::dotted_i_is_uppercased_to_dotted_capital_i_according_to_language::{closure#0} as core[df12db4294e9bfd3]::ops::function::FnOnce<()>>::call_once
[INFO] [stdout]   20:     0x611ce5c6525b - test[9d35eded1c95d3be]::__rust_begin_short_backtrace::<core[df12db4294e9bfd3]::result::Result<(), alloc[2182bb758b4b3781]::string::String>, fn() -> core[df12db4294e9bfd3]::result::Result<(), alloc[2182bb758b4b3781]::string::String>>
[INFO] [stdout]   21:     0x611ce5c728c5 - test[9d35eded1c95d3be]::run_test::{closure#0}
[INFO] [stdout]   22:     0x611ce5c6c184 - std[70759c8f55707aa4]::sys::backtrace::__rust_begin_short_backtrace::<test[9d35eded1c95d3be]::run_test::{closure#1}, ()>
[INFO] [stdout]   23:     0x611ce5c75a22 - <std[70759c8f55707aa4]::thread::lifecycle::spawn_unchecked<test[9d35eded1c95d3be]::run_test::{closure#1}, ()>::{closure#1} as core[df12db4294e9bfd3]::ops::function::FnOnce<()>>::call_once::{shim:vtable#0}
[INFO] [stdout]   24:     0x611ce5d65e39 - <std[70759c8f55707aa4]::sys::thread::unix::Thread>::new::thread_start
[INFO] [stdout]   25:     0x7fef7b81edfa - <unknown>
[INFO] [stdout]   26:     0x7fef7b8b23d4 - clone
[INFO] [stdout]   27:                0x0 - <unknown>
[INFO] [stdout] 
[INFO] [stdout] ---- c0_control_character_whitespace_is_rejected stdout ----
[INFO] [stdout] 
[INFO] [stdout] thread 'c0_control_character_whitespace_is_rejected' (3408) panicked at tests/validation.rs:37:10:
[INFO] [stdout] called `Result::unwrap()` on an `Err` value: reqwest::Error { kind: Request, url: "https://en.wikipedia.org/w/api.php?action=query&meta=siteinfo&siprop=general|namespaces|namespacealiases|interwikimap&formatversion=2&format=json", source: hyper_util::client::legacy::Error(Connect, ConnectError("dns error", Custom { kind: Uncategorized, error: "failed to lookup address information: Temporary failure in name resolution" })) }
[INFO] [stdout] stack backtrace:
[INFO] [stdout]    0:     0x611ce5d66911 - <<std[70759c8f55707aa4]::sys::backtrace::BacktraceLock>::print::DisplayBacktrace as core[df12db4294e9bfd3]::fmt::Display>::fmt
[INFO] [stdout]    1:     0x611ce5d7dd0a - core[df12db4294e9bfd3]::fmt::write
[INFO] [stdout]    2:     0x611ce5d6b87c - <alloc[2182bb758b4b3781]::vec::Vec<u8> as core[df12db4294e9bfd3]::io::write::Write>::write_fmt
[INFO] [stdout]    3:     0x611ce5d418d6 - std[70759c8f55707aa4]::panicking::default_hook::{closure#0}
[INFO] [stdout]    4:     0x611ce5d5e629 - std[70759c8f55707aa4]::panicking::default_hook
[INFO] [stdout]    5:     0x611ce5c71f70 - test[9d35eded1c95d3be]::test_main_inner::<test[9d35eded1c95d3be]::test_main_static::{closure#0}>::{closure#0}
[INFO] [stdout]    6:     0x611ce5d5e952 - std[70759c8f55707aa4]::panicking::panic_with_hook
[INFO] [stdout]    7:     0x611ce5d41982 - std[70759c8f55707aa4]::panicking::panic_handler::{closure#0}
[INFO] [stdout]    8:     0x611ce5d3a589 - std[70759c8f55707aa4]::sys::backtrace::__rust_end_short_backtrace::<std[70759c8f55707aa4]::panicking::panic_handler::{closure#0}, !>
[INFO] [stdout]    9:     0x611ce5d4276d - __rustc[8fa7c3cbc660c2b3]::rust_begin_unwind
[INFO] [stdout]   10:     0x611ce5d7e4ec - core[df12db4294e9bfd3]::panicking::panic_fmt
[INFO] [stdout]   11:     0x611ce5d7e2c2 - core[df12db4294e9bfd3]::result::unwrap_failed
[INFO] [stdout]   12:     0x611ce5862f85 - validation[35c1d6a4c7b590df]::codec::{closure#0}
[INFO] [stdout]   13:     0x611ce586705b - validation[35c1d6a4c7b590df]::c0_control_character_whitespace_is_rejected::{closure#0}
[INFO] [stdout]   14:     0x611ce5888683 - <tokio[ea3c92df2164accc]::runtime::scheduler::current_thread::Context>::enter::<core[df12db4294e9bfd3]::task::poll::Poll<()>, <tokio[ea3c92df2164accc]::runtime::scheduler::current_thread::CoreGuard>::block_on<core[df12db4294e9bfd3]::pin::Pin<&mut core[df12db4294e9bfd3]::pin::Pin<&mut dyn core[df12db4294e9bfd3]::future::future::Future<Output = ()>>>>::{closure#0}::{closure#0}>
[INFO] [stdout]   15:     0x611ce5880f8c - <tokio[ea3c92df2164accc]::runtime::context::scoped::Scoped<tokio[ea3c92df2164accc]::runtime::scheduler::Context>>::set::<<tokio[ea3c92df2164accc]::runtime::scheduler::current_thread::CoreGuard>::enter<<tokio[ea3c92df2164accc]::runtime::scheduler::current_thread::CoreGuard>::block_on<core[df12db4294e9bfd3]::pin::Pin<&mut core[df12db4294e9bfd3]::pin::Pin<&mut dyn core[df12db4294e9bfd3]::future::future::Future<Output = ()>>>>::{closure#0}, core[df12db4294e9bfd3]::option::Option<()>>::{closure#0}, (alloc[2182bb758b4b3781]::boxed::Box<tokio[ea3c92df2164accc]::runtime::scheduler::current_thread::Core>, core[df12db4294e9bfd3]::option::Option<()>)>
[INFO] [stdout]   16:     0x611ce58889d7 - <tokio[ea3c92df2164accc]::runtime::scheduler::current_thread::CoreGuard>::block_on::<core[df12db4294e9bfd3]::pin::Pin<&mut core[df12db4294e9bfd3]::pin::Pin<&mut dyn core[df12db4294e9bfd3]::future::future::Future<Output = ()>>>>
[INFO] [stdout]   17:     0x611ce587e240 - tokio[ea3c92df2164accc]::runtime::context::runtime::enter_runtime::<<tokio[ea3c92df2164accc]::runtime::scheduler::current_thread::CurrentThread>::block_on<core[df12db4294e9bfd3]::pin::Pin<&mut dyn core[df12db4294e9bfd3]::future::future::Future<Output = ()>>>::{closure#0}, ()>
[INFO] [stdout]   18:     0x611ce5886005 - <tokio[ea3c92df2164accc]::runtime::runtime::Runtime>::block_on::<core[df12db4294e9bfd3]::pin::Pin<&mut dyn core[df12db4294e9bfd3]::future::future::Future<Output = ()>>>
[INFO] [stdout]   19:     0x611ce586f94e - <validation[35c1d6a4c7b590df]::c0_control_character_whitespace_is_rejected::{closure#0} as core[df12db4294e9bfd3]::ops::function::FnOnce<()>>::call_once
[INFO] [stdout]   20:     0x611ce5c6525b - test[9d35eded1c95d3be]::__rust_begin_short_backtrace::<core[df12db4294e9bfd3]::result::Result<(), alloc[2182bb758b4b3781]::string::String>, fn() -> core[df12db4294e9bfd3]::result::Result<(), alloc[2182bb758b4b3781]::string::String>>
[INFO] [stdout]   21:     0x611ce5c728c5 - test[9d35eded1c95d3be]::run_test::{closure#0}
[INFO] [stdout]   22:     0x611ce5c6c184 - std[70759c8f55707aa4]::sys::backtrace::__rust_begin_short_backtrace::<test[9d35eded1c95d3be]::run_test::{closure#1}, ()>
[INFO] [stdout]   23:     0x611ce5c75a22 - <std[70759c8f55707aa4]::thread::lifecycle::spawn_unchecked<test[9d35eded1c95d3be]::run_test::{closure#1}, ()>::{closure#1} as core[df12db4294e9bfd3]::ops::function::FnOnce<()>>::call_once::{shim:vtable#0}
[INFO] [stdout]   24:     0x611ce5d65e39 - <std[70759c8f55707aa4]::sys::thread::unix::Thread>::new::thread_start
[INFO] [stdout]   25:     0x7fef7b81edfa - <unknown>
[INFO] [stdout]   26:     0x7fef7b8b23d4 - clone
[INFO] [stdout]   27:                0x0 - <unknown>
[INFO] [stdout] 
[INFO] [stdout] ---- empty_database_page_titles_are_rejected stdout ----
[INFO] [stdout] 
[INFO] [stdout] thread 'empty_database_page_titles_are_rejected' (3411) panicked at tests/validation.rs:37:10:
[INFO] [stdout] called `Result::unwrap()` on an `Err` value: reqwest::Error { kind: Request, url: "https://en.wikipedia.org/w/api.php?action=query&meta=siteinfo&siprop=general|namespaces|namespacealiases|interwikimap&formatversion=2&format=json", source: hyper_util::client::legacy::Error(Connect, ConnectError("dns error", Custom { kind: Uncategorized, error: "failed to lookup address information: Temporary failure in name resolution" })) }
[INFO] [stdout] stack backtrace:
[INFO] [stdout]    0:     0x611ce5d66911 - <<std[70759c8f55707aa4]::sys::backtrace::BacktraceLock>::print::DisplayBacktrace as core[df12db4294e9bfd3]::fmt::Display>::fmt
[INFO] [stdout]    1:     0x611ce5d7dd0a - core[df12db4294e9bfd3]::fmt::write
[INFO] [stdout]    2:     0x611ce5d6b87c - <alloc[2182bb758b4b3781]::vec::Vec<u8> as core[df12db4294e9bfd3]::io::write::Write>::write_fmt
[INFO] [stdout]    3:     0x611ce5d418d6 - std[70759c8f55707aa4]::panicking::default_hook::{closure#0}
[INFO] [stdout]    4:     0x611ce5d5e629 - std[70759c8f55707aa4]::panicking::default_hook
[INFO] [stdout]    5:     0x611ce5c71f70 - test[9d35eded1c95d3be]::test_main_inner::<test[9d35eded1c95d3be]::test_main_static::{closure#0}>::{closure#0}
[INFO] [stdout]    6:     0x611ce5d5e952 - std[70759c8f55707aa4]::panicking::panic_with_hook
[INFO] [stdout]    7:     0x611ce5d41982 - std[70759c8f55707aa4]::panicking::panic_handler::{closure#0}
[INFO] [stdout]    8:     0x611ce5d3a589 - std[70759c8f55707aa4]::sys::backtrace::__rust_end_short_backtrace::<std[70759c8f55707aa4]::panicking::panic_handler::{closure#0}, !>
[INFO] [stdout]    9:     0x611ce5d4276d - __rustc[8fa7c3cbc660c2b3]::rust_begin_unwind
[INFO] [stdout]   10:     0x611ce5d7e4ec - core[df12db4294e9bfd3]::panicking::panic_fmt
[INFO] [stdout]   11:     0x611ce5d7e2c2 - core[df12db4294e9bfd3]::result::unwrap_failed
[INFO] [stdout]   12:     0x611ce5862f85 - validation[35c1d6a4c7b590df]::codec::{closure#0}
[INFO] [stdout]   13:     0x611ce5866b3d - validation[35c1d6a4c7b590df]::empty_database_page_titles_are_rejected::{closure#0}
[INFO] [stdout]   14:     0x611ce5888683 - <tokio[ea3c92df2164accc]::runtime::scheduler::current_thread::Context>::enter::<core[df12db4294e9bfd3]::task::poll::Poll<()>, <tokio[ea3c92df2164accc]::runtime::scheduler::current_thread::CoreGuard>::block_on<core[df12db4294e9bfd3]::pin::Pin<&mut core[df12db4294e9bfd3]::pin::Pin<&mut dyn core[df12db4294e9bfd3]::future::future::Future<Output = ()>>>>::{closure#0}::{closure#0}>
[INFO] [stdout]   15:     0x611ce5880f8c - <tokio[ea3c92df2164accc]::runtime::context::scoped::Scoped<tokio[ea3c92df2164accc]::runtime::scheduler::Context>>::set::<<tokio[ea3c92df2164accc]::runtime::scheduler::current_thread::CoreGuard>::enter<<tokio[ea3c92df2164accc]::runtime::scheduler::current_thread::CoreGuard>::block_on<core[df12db4294e9bfd3]::pin::Pin<&mut core[df12db4294e9bfd3]::pin::Pin<&mut dyn core[df12db4294e9bfd3]::future::future::Future<Output = ()>>>>::{closure#0}, core[df12db4294e9bfd3]::option::Option<()>>::{closure#0}, (alloc[2182bb758b4b3781]::boxed::Box<tokio[ea3c92df2164accc]::runtime::scheduler::current_thread::Core>, core[df12db4294e9bfd3]::option::Option<()>)>
[INFO] [stdout]   16:     0x611ce58889d7 - <tokio[ea3c92df2164accc]::runtime::scheduler::current_thread::CoreGuard>::block_on::<core[df12db4294e9bfd3]::pin::Pin<&mut core[df12db4294e9bfd3]::pin::Pin<&mut dyn core[df12db4294e9bfd3]::future::future::Future<Output = ()>>>>
[INFO] [stdout]   17:     0x611ce587e240 - tokio[ea3c92df2164accc]::runtime::context::runtime::enter_runtime::<<tokio[ea3c92df2164accc]::runtime::scheduler::current_thread::CurrentThread>::block_on<core[df12db4294e9bfd3]::pin::Pin<&mut dyn core[df12db4294e9bfd3]::future::future::Future<Output = ()>>>::{closure#0}, ()>
[INFO] [stdout]   18:     0x611ce5886005 - <tokio[ea3c92df2164accc]::runtime::runtime::Runtime>::block_on::<core[df12db4294e9bfd3]::pin::Pin<&mut dyn core[df12db4294e9bfd3]::future::future::Future<Output = ()>>>
[INFO] [stdout]   19:     0x611ce586f7ce - <validation[35c1d6a4c7b590df]::empty_database_page_titles_are_rejected::{closure#0} as core[df12db4294e9bfd3]::ops::function::FnOnce<()>>::call_once
[INFO] [stdout]   20:     0x611ce5c6525b - test[9d35eded1c95d3be]::__rust_begin_short_backtrace::<core[df12db4294e9bfd3]::result::Result<(), alloc[2182bb758b4b3781]::string::String>, fn() -> core[df12db4294e9bfd3]::result::Result<(), alloc[2182bb758b4b3781]::string::String>>
[INFO] [stdout]   21:     0x611ce5c728c5 - test[9d35eded1c95d3be]::run_test::{closure#0}
[INFO] [stdout]   22:     0x611ce5c6c184 - std[70759c8f55707aa4]::sys::backtrace::__rust_begin_short_backtrace::<test[9d35eded1c95d3be]::run_test::{closure#1}, ()>
[INFO] [stdout]   23:     0x611ce5c75a22 - <std[70759c8f55707aa4]::thread::lifecycle::spawn_unchecked<test[9d35eded1c95d3be]::run_test::{closure#1}, ()>::{closure#1} as core[df12db4294e9bfd3]::ops::function::FnOnce<()>>::call_once::{shim:vtable#0}
[INFO] [stdout]   24:     0x611ce5d65e39 - <std[70759c8f55707aa4]::sys::thread::unix::Thread>::new::thread_start
[INFO] [stdout]   25:     0x7fef7b81edfa - <unknown>
[INFO] [stdout]   26:     0x7fef7b8b23d4 - clone
[INFO] [stdout]   27:                0x0 - <unknown>
[INFO] [stdout] 
[INFO] [stdout] ---- ip_addresses_outside_of_user_namespaces_are_not_sanitized stdout ----
[INFO] [stdout] 
[INFO] [stdout] thread 'ip_addresses_outside_of_user_namespaces_are_not_sanitized' (3414) panicked at tests/validation.rs:37:10:
[INFO] [stdout] called `Result::unwrap()` on an `Err` value: reqwest::Error { kind: Request, url: "https://en.wikipedia.org/w/api.php?action=query&meta=siteinfo&siprop=general|namespaces|namespacealiases|interwikimap&formatversion=2&format=json", source: hyper_util::client::legacy::Error(Connect, ConnectError("dns error", Custom { kind: Uncategorized, error: "failed to lookup address information: Temporary failure in name resolution" })) }
[INFO] [stdout] stack backtrace:
[INFO] [stdout]    0:     0x611ce5d66911 - <<std[70759c8f55707aa4]::sys::backtrace::BacktraceLock>::print::DisplayBacktrace as core[df12db4294e9bfd3]::fmt::Display>::fmt
[INFO] [stdout]    1:     0x611ce5d7dd0a - core[df12db4294e9bfd3]::fmt::write
[INFO] [stdout]    2:     0x611ce5d6b87c - <alloc[2182bb758b4b3781]::vec::Vec<u8> as core[df12db4294e9bfd3]::io::write::Write>::write_fmt
[INFO] [stdout]    3:     0x611ce5d418d6 - std[70759c8f55707aa4]::panicking::default_hook::{closure#0}
[INFO] [stdout]    4:     0x611ce5d5e629 - std[70759c8f55707aa4]::panicking::default_hook
[INFO] [stdout]    5:     0x611ce5c71f70 - test[9d35eded1c95d3be]::test_main_inner::<test[9d35eded1c95d3be]::test_main_static::{closure#0}>::{closure#0}
[INFO] [stdout]    6:     0x611ce5d5e952 - std[70759c8f55707aa4]::panicking::panic_with_hook
[INFO] [stdout]    7:     0x611ce5d41982 - std[70759c8f55707aa4]::panicking::panic_handler::{closure#0}
[INFO] [stdout]    8:     0x611ce5d3a589 - std[70759c8f55707aa4]::sys::backtrace::__rust_end_short_backtrace::<std[70759c8f55707aa4]::panicking::panic_handler::{closure#0}, !>
[INFO] [stdout]    9:     0x611ce5d4276d - __rustc[8fa7c3cbc660c2b3]::rust_begin_unwind
[INFO] [stdout]   10:     0x611ce5d7e4ec - core[df12db4294e9bfd3]::panicking::panic_fmt
[INFO] [stdout]   11:     0x611ce5d7e2c2 - core[df12db4294e9bfd3]::result::unwrap_failed
[INFO] [stdout]   12:     0x611ce5862f85 - validation[35c1d6a4c7b590df]::codec::{closure#0}
[INFO] [stdout]   13:     0x611ce58699b1 - validation[35c1d6a4c7b590df]::ip_addresses_outside_of_user_namespaces_are_not_sanitized::{closure#0}
[INFO] [stdout]   14:     0x611ce5888683 - <tokio[ea3c92df2164accc]::runtime::scheduler::current_thread::Context>::enter::<core[df12db4294e9bfd3]::task::poll::Poll<()>, <tokio[ea3c92df2164accc]::runtime::scheduler::current_thread::CoreGuard>::block_on<core[df12db4294e9bfd3]::pin::Pin<&mut core[df12db4294e9bfd3]::pin::Pin<&mut dyn core[df12db4294e9bfd3]::future::future::Future<Output = ()>>>>::{closure#0}::{closure#0}>
[INFO] [stdout]   15:     0x611ce5880f8c - <tokio[ea3c92df2164accc]::runtime::context::scoped::Scoped<tokio[ea3c92df2164accc]::runtime::scheduler::Context>>::set::<<tokio[ea3c92df2164accc]::runtime::scheduler::current_thread::CoreGuard>::enter<<tokio[ea3c92df2164accc]::runtime::scheduler::current_thread::CoreGuard>::block_on<core[df12db4294e9bfd3]::pin::Pin<&mut core[df12db4294e9bfd3]::pin::Pin<&mut dyn core[df12db4294e9bfd3]::future::future::Future<Output = ()>>>>::{closure#0}, core[df12db4294e9bfd3]::option::Option<()>>::{closure#0}, (alloc[2182bb758b4b3781]::boxed::Box<tokio[ea3c92df2164accc]::runtime::scheduler::current_thread::Core>, core[df12db4294e9bfd3]::option::Option<()>)>
[INFO] [stdout]   16:     0x611ce58889d7 - <tokio[ea3c92df2164accc]::runtime::scheduler::current_thread::CoreGuard>::block_on::<core[df12db4294e9bfd3]::pin::Pin<&mut core[df12db4294e9bfd3]::pin::Pin<&mut dyn core[df12db4294e9bfd3]::future::future::Future<Output = ()>>>>
[INFO] [stdout]   17:     0x611ce587e240 - tokio[ea3c92df2164accc]::runtime::context::runtime::enter_runtime::<<tokio[ea3c92df2164accc]::runtime::scheduler::current_thread::CurrentThread>::block_on<core[df12db4294e9bfd3]::pin::Pin<&mut dyn core[df12db4294e9bfd3]::future::future::Future<Output = ()>>>::{closure#0}, ()>
[INFO] [stdout]   18:     0x611ce5886005 - <tokio[ea3c92df2164accc]::runtime::runtime::Runtime>::block_on::<core[df12db4294e9bfd3]::pin::Pin<&mut dyn core[df12db4294e9bfd3]::future::future::Future<Output = ()>>>
[INFO] [stdout]   19:     0x611ce58703be - <validation[35c1d6a4c7b590df]::ip_addresses_outside_of_user_namespaces_are_not_sanitized::{closure#0} as core[df12db4294e9bfd3]::ops::function::FnOnce<()>>::call_once
[INFO] [stdout]   20:     0x611ce5c6525b - test[9d35eded1c95d3be]::__rust_begin_short_backtrace::<core[df12db4294e9bfd3]::result::Result<(), alloc[2182bb758b4b3781]::string::String>, fn() -> core[df12db4294e9bfd3]::result::Result<(), alloc[2182bb758b4b3781]::string::String>>
[INFO] [stdout]   21:     0x611ce5c728c5 - test[9d35eded1c95d3be]::run_test::{closure#0}
[INFO] [stdout]   22:     0x611ce5c6c184 - std[70759c8f55707aa4]::sys::backtrace::__rust_begin_short_backtrace::<test[9d35eded1c95d3be]::run_test::{closure#1}, ()>
[INFO] [stdout]   23:     0x611ce5c75a22 - <std[70759c8f55707aa4]::thread::lifecycle::spawn_unchecked<test[9d35eded1c95d3be]::run_test::{closure#1}, ()>::{closure#1} as core[df12db4294e9bfd3]::ops::function::FnOnce<()>>::call_once::{shim:vtable#0}
[INFO] [stdout]   24:     0x611ce5d65e39 - <std[70759c8f55707aa4]::sys::thread::unix::Thread>::new::thread_start
[INFO] [stdout]   25:     0x7fef7b81edfa - <unknown>
[INFO] [stdout]   26:     0x7fef7b8b23d4 - clone
[INFO] [stdout]   27:                0x0 - <unknown>
[INFO] [stdout] 
[INFO] [stdout] ---- ipv4_address_is_sanitized_in_user_namespaces stdout ----
[INFO] [stdout] 
[INFO] [stdout] thread 'ipv4_address_is_sanitized_in_user_namespaces' (3415) panicked at tests/validation.rs:37:10:
[INFO] [stdout] called `Result::unwrap()` on an `Err` value: reqwest::Error { kind: Request, url: "https://en.wikipedia.org/w/api.php?action=query&meta=siteinfo&siprop=general|namespaces|namespacealiases|interwikimap&formatversion=2&format=json", source: hyper_util::client::legacy::Error(Connect, ConnectError("dns error", Custom { kind: Uncategorized, error: "failed to lookup address information: Temporary failure in name resolution" })) }
[INFO] [stdout] stack backtrace:
[INFO] [stdout]    0:     0x611ce5d66911 - <<std[70759c8f55707aa4]::sys::backtrace::BacktraceLock>::print::DisplayBacktrace as core[df12db4294e9bfd3]::fmt::Display>::fmt
[INFO] [stdout]    1:     0x611ce5d7dd0a - core[df12db4294e9bfd3]::fmt::write
[INFO] [stdout]    2:     0x611ce5d6b87c - <alloc[2182bb758b4b3781]::vec::Vec<u8> as core[df12db4294e9bfd3]::io::write::Write>::write_fmt
[INFO] [stdout]    3:     0x611ce5d418d6 - std[70759c8f55707aa4]::panicking::default_hook::{closure#0}
[INFO] [stdout]    4:     0x611ce5d5e629 - std[70759c8f55707aa4]::panicking::default_hook
[INFO] [stdout]    5:     0x611ce5c71f70 - test[9d35eded1c95d3be]::test_main_inner::<test[9d35eded1c95d3be]::test_main_static::{closure#0}>::{closure#0}
[INFO] [stdout]    6:     0x611ce5d5e952 - std[70759c8f55707aa4]::panicking::panic_with_hook
[INFO] [stdout]    7:     0x611ce5d41982 - std[70759c8f55707aa4]::panicking::panic_handler::{closure#0}
[INFO] [stdout]    8:     0x611ce5d3a589 - std[70759c8f55707aa4]::sys::backtrace::__rust_end_short_backtrace::<std[70759c8f55707aa4]::panicking::panic_handler::{closure#0}, !>
[INFO] [stdout]    9:     0x611ce5d4276d - __rustc[8fa7c3cbc660c2b3]::rust_begin_unwind
[INFO] [stdout]   10:     0x611ce5d7e4ec - core[df12db4294e9bfd3]::panicking::panic_fmt
[INFO] [stdout]   11:     0x611ce5d7e2c2 - core[df12db4294e9bfd3]::result::unwrap_failed
[INFO] [stdout]   12:     0x611ce5862f85 - validation[35c1d6a4c7b590df]::codec::{closure#0}
[INFO] [stdout]   13:     0x611ce58602cc - validation[35c1d6a4c7b590df]::test_success::<20usize>::{closure#0}
[INFO] [stdout]   14:     0x611ce58676e7 - validation[35c1d6a4c7b590df]::ipv4_address_is_sanitized_in_user_namespaces::{closure#0}
[INFO] [stdout]   15:     0x611ce5888683 - <tokio[ea3c92df2164accc]::runtime::scheduler::current_thread::Context>::enter::<core[df12db4294e9bfd3]::task::poll::Poll<()>, <tokio[ea3c92df2164accc]::runtime::scheduler::current_thread::CoreGuard>::block_on<core[df12db4294e9bfd3]::pin::Pin<&mut core[df12db4294e9bfd3]::pin::Pin<&mut dyn core[df12db4294e9bfd3]::future::future::Future<Output = ()>>>>::{closure#0}::{closure#0}>
[INFO] [stdout]   16:     0x611ce5880f8c - <tokio[ea3c92df2164accc]::runtime::context::scoped::Scoped<tokio[ea3c92df2164accc]::runtime::scheduler::Context>>::set::<<tokio[ea3c92df2164accc]::runtime::scheduler::current_thread::CoreGuard>::enter<<tokio[ea3c92df2164accc]::runtime::scheduler::current_thread::CoreGuard>::block_on<core[df12db4294e9bfd3]::pin::Pin<&mut core[df12db4294e9bfd3]::pin::Pin<&mut dyn core[df12db4294e9bfd3]::future::future::Future<Output = ()>>>>::{closure#0}, core[df12db4294e9bfd3]::option::Option<()>>::{closure#0}, (alloc[2182bb758b4b3781]::boxed::Box<tokio[ea3c92df2164accc]::runtime::scheduler::current_thread::Core>, core[df12db4294e9bfd3]::option::Option<()>)>
[INFO] [stdout]   17:     0x611ce58889d7 - <tokio[ea3c92df2164accc]::runtime::scheduler::current_thread::CoreGuard>::block_on::<core[df12db4294e9bfd3]::pin::Pin<&mut core[df12db4294e9bfd3]::pin::Pin<&mut dyn core[df12db4294e9bfd3]::future::future::Future<Output = ()>>>>
[INFO] [stdout]   18:     0x611ce587e240 - tokio[ea3c92df2164accc]::runtime::context::runtime::enter_runtime::<<tokio[ea3c92df2164accc]::runtime::scheduler::current_thread::CurrentThread>::block_on<core[df12db4294e9bfd3]::pin::Pin<&mut dyn core[df12db4294e9bfd3]::future::future::Future<Output = ()>>>::{closure#0}, ()>
[INFO] [stdout]   19:     0x611ce5886005 - <tokio[ea3c92df2164accc]::runtime::runtime::Runtime>::block_on::<core[df12db4294e9bfd3]::pin::Pin<&mut dyn core[df12db4294e9bfd3]::future::future::Future<Output = ()>>>
[INFO] [stdout]   20:     0x611ce586face - <validation[35c1d6a4c7b590df]::ipv4_address_is_sanitized_in_user_namespaces::{closure#0} as core[df12db4294e9bfd3]::ops::function::FnOnce<()>>::call_once
[INFO] [stdout]   21:     0x611ce5c6525b - test[9d35eded1c95d3be]::__rust_begin_short_backtrace::<core[df12db4294e9bfd3]::result::Result<(), alloc[2182bb758b4b3781]::string::String>, fn() -> core[df12db4294e9bfd3]::result::Result<(), alloc[2182bb758b4b3781]::string::String>>
[INFO] [stdout]   22:     0x611ce5c728c5 - test[9d35eded1c95d3be]::run_test::{closure#0}
[INFO] [stdout]   23:     0x611ce5c6c184 - std[70759c8f55707aa4]::sys::backtrace::__rust_begin_short_backtrace::<test[9d35eded1c95d3be]::run_test::{closure#1}, ()>
[INFO] [stdout]   24:     0x611ce5c75a22 - <std[70759c8f55707aa4]::thread::lifecycle::spawn_unchecked<test[9d35eded1c95d3be]::run_test::{closure#1}, ()>::{closure#1} as core[df12db4294e9bfd3]::ops::function::FnOnce<()>>::call_once::{shim:vtable#0}
[INFO] [stdout]   25:     0x611ce5d65e39 - <std[70759c8f55707aa4]::sys::thread::unix::Thread>::new::thread_start
[INFO] [stdout]   26:     0x7fef7b81edfa - <unknown>
[INFO] [stdout]   27:     0x7fef7b8b23d4 - clone
[INFO] [stdout]   28:                0x0 - <unknown>
[INFO] [stdout] 
[INFO] [stdout] ---- default_namespace_is_assigned_to_title_without_namespace_prefix stdout ----
[INFO] [stdout] 
[INFO] [stdout] thread 'default_namespace_is_assigned_to_title_without_namespace_prefix' (3409) panicked at tests/validation.rs:37:10:
[INFO] [stdout] called `Result::unwrap()` on an `Err` value: reqwest::Error { kind: Request, url: "https://en.wikipedia.org/w/api.php?action=query&meta=siteinfo&siprop=general|namespaces|namespacealiases|interwikimap&formatversion=2&format=json", source: hyper_util::client::legacy::Error(Connect, ConnectError("dns error", Custom { kind: Uncategorized, error: "failed to lookup address information: Temporary failure in name resolution" })) }
[INFO] [stdout] stack backtrace:
[INFO] [stdout]    0:     0x611ce5d66911 - <<std[70759c8f55707aa4]::sys::backtrace::BacktraceLock>::print::DisplayBacktrace as core[df12db4294e9bfd3]::fmt::Display>::fmt
[INFO] [stdout]    1:     0x611ce5d7dd0a - core[df12db4294e9bfd3]::fmt::write
[INFO] [stdout]    2:     0x611ce5d6b87c - <alloc[2182bb758b4b3781]::vec::Vec<u8> as core[df12db4294e9bfd3]::io::write::Write>::write_fmt
[INFO] [stdout]    3:     0x611ce5d418d6 - std[70759c8f55707aa4]::panicking::default_hook::{closure#0}
[INFO] [stdout]    4:     0x611ce5d5e629 - std[70759c8f55707aa4]::panicking::default_hook
[INFO] [stdout]    5:     0x611ce5c71f70 - test[9d35eded1c95d3be]::test_main_inner::<test[9d35eded1c95d3be]::test_main_static::{closure#0}>::{closure#0}
[INFO] [stdout]    6:     0x611ce5d5e952 - std[70759c8f55707aa4]::panicking::panic_with_hook
[INFO] [stdout]    7:     0x611ce5d41982 - std[70759c8f55707aa4]::panicking::panic_handler::{closure#0}
[INFO] [stdout]    8:     0x611ce5d3a589 - std[70759c8f55707aa4]::sys::backtrace::__rust_end_short_backtrace::<std[70759c8f55707aa4]::panicking::panic_handler::{closure#0}, !>
[INFO] [stdout]    9:     0x611ce5d4276d - __rustc[8fa7c3cbc660c2b3]::rust_begin_unwind
[INFO] [stdout]   10:     0x611ce5d7e4ec - core[df12db4294e9bfd3]::panicking::panic_fmt
[INFO] [stdout]   11:     0x611ce5d7e2c2 - core[df12db4294e9bfd3]::result::unwrap_failed
[INFO] [stdout]   12:     0x611ce5862f85 - validation[35c1d6a4c7b590df]::codec::{closure#0}
[INFO] [stdout]   13:     0x611ce586a9a6 - validation[35c1d6a4c7b590df]::default_namespace_is_assigned_to_title_without_namespace_prefix::{closure#0}
[INFO] [stdout]   14:     0x611ce5888683 - <tokio[ea3c92df2164accc]::runtime::scheduler::current_thread::Context>::enter::<core[df12db4294e9bfd3]::task::poll::Poll<()>, <tokio[ea3c92df2164accc]::runtime::scheduler::current_thread::CoreGuard>::block_on<core[df12db4294e9bfd3]::pin::Pin<&mut core[df12db4294e9bfd3]::pin::Pin<&mut dyn core[df12db4294e9bfd3]::future::future::Future<Output = ()>>>>::{closure#0}::{closure#0}>
[INFO] [stdout]   15:     0x611ce5880f8c - <tokio[ea3c92df2164accc]::runtime::context::scoped::Scoped<tokio[ea3c92df2164accc]::runtime::scheduler::Context>>::set::<<tokio[ea3c92df2164accc]::runtime::scheduler::current_thread::CoreGuard>::enter<<tokio[ea3c92df2164accc]::runtime::scheduler::current_thread::CoreGuard>::block_on<core[df12db4294e9bfd3]::pin::Pin<&mut core[df12db4294e9bfd3]::pin::Pin<&mut dyn core[df12db4294e9bfd3]::future::future::Future<Output = ()>>>>::{closure#0}, core[df12db4294e9bfd3]::option::Option<()>>::{closure#0}, (alloc[2182bb758b4b3781]::boxed::Box<tokio[ea3c92df2164accc]::runtime::scheduler::current_thread::Core>, core[df12db4294e9bfd3]::option::Option<()>)>
[INFO] [stdout]   16:     0x611ce58889d7 - <tokio[ea3c92df2164accc]::runtime::scheduler::current_thread::CoreGuard>::block_on::<core[df12db4294e9bfd3]::pin::Pin<&mut core[df12db4294e9bfd3]::pin::Pin<&mut dyn core[df12db4294e9bfd3]::future::future::Future<Output = ()>>>>
[INFO] [stdout]   17:     0x611ce587e240 - tokio[ea3c92df2164accc]::runtime::context::runtime::enter_runtime::<<tokio[ea3c92df2164accc]::runtime::scheduler::current_thread::CurrentThread>::block_on<core[df12db4294e9bfd3]::pin::Pin<&mut dyn core[df12db4294e9bfd3]::future::future::Future<Output = ()>>>::{closure#0}, ()>
[INFO] [stdout]   18:     0x611ce5886005 - <tokio[ea3c92df2164accc]::runtime::runtime::Runtime>::block_on::<core[df12db4294e9bfd3]::pin::Pin<&mut dyn core[df12db4294e9bfd3]::future::future::Future<Output = ()>>>
[INFO] [stdout]   19:     0x611ce587091e - <validation[35c1d6a4c7b590df]::default_namespace_is_assigned_to_title_without_namespace_prefix::{closure#0} as core[df12db4294e9bfd3]::ops::function::FnOnce<()>>::call_once
[INFO] [stdout]   20:     0x611ce5c6525b - test[9d35eded1c95d3be]::__rust_begin_short_backtrace::<core[df12db4294e9bfd3]::result::Result<(), alloc[2182bb758b4b3781]::string::String>, fn() -> core[df12db4294e9bfd3]::result::Result<(), alloc[2182bb758b4b3781]::string::String>>
[INFO] [stdout]   21:     0x611ce5c728c5 - test[9d35eded1c95d3be]::run_test::{closure#0}
[INFO] [stdout]   22:     0x611ce5c6c184 - std[70759c8f55707aa4]::sys::backtrace::__rust_begin_short_backtrace::<test[9d35eded1c95d3be]::run_test::{closure#1}, ()>
[INFO] [stdout]   23:     0x611ce5c75a22 - <std[70759c8f55707aa4]::thread::lifecycle::spawn_unchecked<test[9d35eded1c95d3be]::run_test::{closure#1}, ()>::{closure#1} as core[df12db4294e9bfd3]::ops::function::FnOnce<()>>::call_once::{shim:vtable#0}
[INFO] [stdout]   24:     0x611ce5d65e39 - <std[70759c8f55707aa4]::sys::thread::unix::Thread>::new::thread_start
[INFO] [stdout]   25:     0x7fef7b81edfa - <unknown>
[INFO] [stdout]   26:     0x7fef7b8b23d4 - clone
[INFO] [stdout]   27:                0x0 - <unknown>
[INFO] [stdout] 
[INFO] [stdout] ---- interwiki_prefix_is_normalized stdout ----
[INFO] [stdout] 
[INFO] [stdout] thread 'interwiki_prefix_is_normalized' (3413) panicked at tests/validation.rs:37:10:
[INFO] [stdout] called `Result::unwrap()` on an `Err` value: reqwest::Error { kind: Request, url: "https://en.wikipedia.org/w/api.php?action=query&meta=siteinfo&siprop=general|namespaces|namespacealiases|interwikimap&formatversion=2&format=json", source: hyper_util::client::legacy::Error(Connect, ConnectError("dns error", Custom { kind: Uncategorized, error: "failed to lookup address information: Temporary failure in name resolution" })) }
[INFO] [stdout] stack backtrace:
[INFO] [stdout]    0:     0x611ce5d66911 - <<std[70759c8f55707aa4]::sys::backtrace::BacktraceLock>::print::DisplayBacktrace as core[df12db4294e9bfd3]::fmt::Display>::fmt
[INFO] [stdout]    1:     0x611ce5d7dd0a - core[df12db4294e9bfd3]::fmt::write
[INFO] [stdout]    2:     0x611ce5d6b87c - <alloc[2182bb758b4b3781]::vec::Vec<u8> as core[df12db4294e9bfd3]::io::write::Write>::write_fmt
[INFO] [stdout]    3:     0x611ce5d418d6 - std[70759c8f55707aa4]::panicking::default_hook::{closure#0}
[INFO] [stdout]    4:     0x611ce5d5e629 - std[70759c8f55707aa4]::panicking::default_hook
[INFO] [stdout]    5:     0x611ce5c71f70 - test[9d35eded1c95d3be]::test_main_inner::<test[9d35eded1c95d3be]::test_main_static::{closure#0}>::{closure#0}
[INFO] [stdout]    6:     0x611ce5d5e952 - std[70759c8f55707aa4]::panicking::panic_with_hook
[INFO] [stdout]    7:     0x611ce5d41982 - std[70759c8f55707aa4]::panicking::panic_handler::{closure#0}
[INFO] [stdout]    8:     0x611ce5d3a589 - std[70759c8f55707aa4]::sys::backtrace::__rust_end_short_backtrace::<std[70759c8f55707aa4]::panicking::panic_handler::{closure#0}, !>
[INFO] [stdout]    9:     0x611ce5d4276d - __rustc[8fa7c3cbc660c2b3]::rust_begin_unwind
[INFO] [stdout]   10:     0x611ce5d7e4ec - core[df12db4294e9bfd3]::panicking::panic_fmt
[INFO] [stdout]   11:     0x611ce5d7e2c2 - core[df12db4294e9bfd3]::result::unwrap_failed
[INFO] [stdout]   12:     0x611ce5862f85 - validation[35c1d6a4c7b590df]::codec::{closure#0}
[INFO] [stdout]   13:     0x611ce5860b09 - validation[35c1d6a4c7b590df]::test_success::<2usize>::{closure#0}
[INFO] [stdout]   14:     0x611ce5864b54 - validation[35c1d6a4c7b590df]::interwiki_prefix_is_normalized::{closure#0}
[INFO] [stdout]   15:     0x611ce5888683 - <tokio[ea3c92df2164accc]::runtime::scheduler::current_thread::Context>::enter::<core[df12db4294e9bfd3]::task::poll::Poll<()>, <tokio[ea3c92df2164accc]::runtime::scheduler::current_thread::CoreGuard>::block_on<core[df12db4294e9bfd3]::pin::Pin<&mut core[df12db4294e9bfd3]::pin::Pin<&mut dyn core[df12db4294e9bfd3]::future::future::Future<Output = ()>>>>::{closure#0}::{closure#0}>
[INFO] [stdout]   16:     0x611ce5880f8c - <tokio[ea3c92df2164accc]::runtime::context::scoped::Scoped<tokio[ea3c92df2164accc]::runtime::scheduler::Context>>::set::<<tokio[ea3c92df2164accc]::runtime::scheduler::current_thread::CoreGuard>::enter<<tokio[ea3c92df2164accc]::runtime::scheduler::current_thread::CoreGuard>::block_on<core[df12db4294e9bfd3]::pin::Pin<&mut core[df12db4294e9bfd3]::pin::Pin<&mut dyn core[df12db4294e9bfd3]::future::future::Future<Output = ()>>>>::{closure#0}, core[df12db4294e9bfd3]::option::Option<()>>::{closure#0}, (alloc[2182bb758b4b3781]::boxed::Box<tokio[ea3c92df2164accc]::runtime::scheduler::current_thread::Core>, core[df12db4294e9bfd3]::option::Option<()>)>
[INFO] [stderr] error: test failed, to rerun pass `--test validation`
[INFO] [stdout]   17:     0x611ce58889d7 - <tokio[ea3c92df2164accc]::runtime::scheduler::current_thread::CoreGuard>::block_on::<core[df12db4294e9bfd3]::pin::Pin<&mut core[df12db4294e9bfd3]::pin::Pin<&mut dyn core[df12db4294e9bfd3]::future::future::Future<Output = ()>>>>
[INFO] [stdout]   18:     0x611ce587e240 - tokio[ea3c92df2164accc]::runtime::context::runtime::enter_runtime::<<tokio[ea3c92df2164accc]::runtime::scheduler::current_thread::CurrentThread>::block_on<core[df12db4294e9bfd3]::pin::Pin<&mut dyn core[df12db4294e9bfd3]::future::future::Future<Output = ()>>>::{closure#0}, ()>
[INFO] [stdout]   19:     0x611ce5886005 - <tokio[ea3c92df2164accc]::runtime::runtime::Runtime>::block_on::<core[df12db4294e9bfd3]::pin::Pin<&mut dyn core[df12db4294e9bfd3]::future::future::Future<Output = ()>>>
[INFO] [stdout]   20:     0x611ce586ebbe - <validation[35c1d6a4c7b590df]::interwiki_prefix_is_normalized::{closure#0} as core[df12db4294e9bfd3]::ops::function::FnOnce<()>>::call_once
[INFO] [stdout]   21:     0x611ce5c6525b - test[9d35eded1c95d3be]::__rust_begin_short_backtrace::<core[df12db4294e9bfd3]::result::Result<(), alloc[2182bb758b4b3781]::string::String>, fn() -> core[df12db4294e9bfd3]::result::Result<(), alloc[2182bb758b4b3781]::string::String>>
[INFO] [stdout]   22:     0x611ce5c728c5 - test[9d35eded1c95d3be]::run_test::{closure#0}
[INFO] [stdout]   23:     0x611ce5c6c184 - std[70759c8f55707aa4]::sys::backtrace::__rust_begin_short_backtrace::<test[9d35eded1c95d3be]::run_test::{closure#1}, ()>
[INFO] [stdout]   24:     0x611ce5c75a22 - <std[70759c8f55707aa4]::thread::lifecycle::spawn_unchecked<test[9d35eded1c95d3be]::run_test::{closure#1}, ()>::{closure#1} as core[df12db4294e9bfd3]::ops::function::FnOnce<()>>::call_once::{shim:vtable#0}
[INFO] [stdout]   25:     0x611ce5d65e39 - <std[70759c8f55707aa4]::sys::thread::unix::Thread>::new::thread_start
[INFO] [stdout]   26:     0x7fef7b81edfa - <unknown>
[INFO] [stdout]   27:     0x7fef7b8b23d4 - clone
[INFO] [stdout]   28:                0x0 - <unknown>
[INFO] [stdout] 
[INFO] [stdout] ---- leading_colon_is_rejected stdout ----
[INFO] [stdout] 
[INFO] [stdout] thread 'leading_colon_is_rejected' (3420) panicked at tests/validation.rs:37:10:
[INFO] [stdout] called `Result::unwrap()` on an `Err` value: reqwest::Error { kind: Request, url: "https://en.wikipedia.org/w/api.php?action=query&meta=siteinfo&siprop=general|namespaces|namespacealiases|interwikimap&formatversion=2&format=json", source: hyper_util::client::legacy::Error(Connect, ConnectError("dns error", Custom { kind: Uncategorized, error: "failed to lookup address information: Temporary failure in name resolution" })) }
[INFO] [stdout] stack backtrace:
[INFO] [stdout]    0:     0x611ce5d66911 - <<std[70759c8f55707aa4]::sys::backtrace::BacktraceLock>::print::DisplayBacktrace as core[df12db4294e9bfd3]::fmt::Display>::fmt
[INFO] [stdout]    1:     0x611ce5d7dd0a - core[df12db4294e9bfd3]::fmt::write
[INFO] [stdout]    2:     0x611ce5d6b87c - <alloc[2182bb758b4b3781]::vec::Vec<u8> as core[df12db4294e9bfd3]::io::write::Write>::write_fmt
[INFO] [stdout]    3:     0x611ce5d418d6 - std[70759c8f55707aa4]::panicking::default_hook::{closure#0}
[INFO] [stdout]    4:     0x611ce5d5e629 - std[70759c8f55707aa4]::panicking::default_hook
[INFO] [stdout]    5:     0x611ce5c71f70 - test[9d35eded1c95d3be]::test_main_inner::<test[9d35eded1c95d3be]::test_main_static::{closure#0}>::{closure#0}
[INFO] [stdout]    6:     0x611ce5d5e952 - std[70759c8f55707aa4]::panicking::panic_with_hook
[INFO] [stdout]    7:     0x611ce5d41982 - std[70759c8f55707aa4]::panicking::panic_handler::{closure#0}
[INFO] [stdout]    8:     0x611ce5d3a589 - std[70759c8f55707aa4]::sys::backtrace::__rust_end_short_backtrace::<std[70759c8f55707aa4]::panicking::panic_handler::{closure#0}, !>
[INFO] [stdout]    9:     0x611ce5d4276d - __rustc[8fa7c3cbc660c2b3]::rust_begin_unwind
[INFO] [stdout]   10:     0x611ce5d7e4ec - core[df12db4294e9bfd3]::panicking::panic_fmt
[INFO] [stdout]   11:     0x611ce5d7e2c2 - core[df12db4294e9bfd3]::result::unwrap_failed
[INFO] [stdout]   12:     0x611ce5862f85 - validation[35c1d6a4c7b590df]::codec::{closure#0}
[INFO] [stdout]   13:     0x611ce5863ece - validation[35c1d6a4c7b590df]::leading_colon_is_rejected::{closure#0}
[INFO] [stdout]   14:     0x611ce5888683 - <tokio[ea3c92df2164accc]::runtime::scheduler::current_thread::Context>::enter::<core[df12db4294e9bfd3]::task::poll::Poll<()>, <tokio[ea3c92df2164accc]::runtime::scheduler::current_thread::CoreGuard>::block_on<core[df12db4294e9bfd3]::pin::Pin<&mut core[df12db4294e9bfd3]::pin::Pin<&mut dyn core[df12db4294e9bfd3]::future::future::Future<Output = ()>>>>::{closure#0}::{closure#0}>
[INFO] [stdout]   15:     0x611ce5880f8c - <tokio[ea3c92df2164accc]::runtime::context::scoped::Scoped<tokio[ea3c92df2164accc]::runtime::scheduler::Context>>::set::<<tokio[ea3c92df2164accc]::runtime::scheduler::current_thread::CoreGuard>::enter<<tokio[ea3c92df2164accc]::runtime::scheduler::current_thread::CoreGuard>::block_on<core[df12db4294e9bfd3]::pin::Pin<&mut core[df12db4294e9bfd3]::pin::Pin<&mut dyn core[df12db4294e9bfd3]::future::future::Future<Output = ()>>>>::{closure#0}, core[df12db4294e9bfd3]::option::Option<()>>::{closure#0}, (alloc[2182bb758b4b3781]::boxed::Box<tokio[ea3c92df2164accc]::runtime::scheduler::current_thread::Core>, core[df12db4294e9bfd3]::option::Option<()>)>
[INFO] [stdout]   16:     0x611ce58889d7 - <tokio[ea3c92df2164accc]::runtime::scheduler::current_thread::CoreGuard>::block_on::<core[df12db4294e9bfd3]::pin::Pin<&mut core[df12db4294e9bfd3]::pin::Pin<&mut dyn core[df12db4294e9bfd3]::future::future::Future<Output = ()>>>>
[INFO] [stdout]   17:     0x611ce587e240 - tokio[ea3c92df2164accc]::runtime::context::runtime::enter_runtime::<<tokio[ea3c92df2164accc]::runtime::scheduler::current_thread::CurrentThread>::block_on<core[df12db4294e9bfd3]::pin::Pin<&mut dyn core[df12db4294e9bfd3]::future::future::Future<Output = ()>>>::{closure#0}, ()>
[INFO] [stdout]   18:     0x611ce5886005 - <tokio[ea3c92df2164accc]::runtime::runtime::Runtime>::block_on::<core[df12db4294e9bfd3]::pin::Pin<&mut dyn core[df12db4294e9bfd3]::future::future::Future<Output = ()>>>
[INFO] [stdout]   19:     0x611ce586e75e - <validation[35c1d6a4c7b590df]::leading_colon_is_rejected::{closure#0} as core[df12db4294e9bfd3]::ops::function::FnOnce<()>>::call_once
[INFO] [stdout]   20:     0x611ce5c6525b - test[9d35eded1c95d3be]::__rust_begin_short_backtrace::<core[df12db4294e9bfd3]::result::Result<(), alloc[2182bb758b4b3781]::string::String>, fn() -> core[df12db4294e9bfd3]::result::Result<(), alloc[2182bb758b4b3781]::string::String>>
[INFO] [stdout]   21:     0x611ce5c728c5 - test[9d35eded1c95d3be]::run_test::{closure#0}
[INFO] [stdout]   22:     0x611ce5c6c184 - std[70759c8f55707aa4]::sys::backtrace::__rust_begin_short_backtrace::<test[9d35eded1c95d3be]::run_test::{closure#1}, ()>
[INFO] [stdout]   23:     0x611ce5c75a22 - <std[70759c8f55707aa4]::thread::lifecycle::spawn_unchecked<test[9d35eded1c95d3be]::run_test::{closure#1}, ()>::{closure#1} as core[df12db4294e9bfd3]::ops::function::FnOnce<()>>::call_once::{shim:vtable#0}
[INFO] [stdout]   24:     0x611ce5d65e39 - <std[70759c8f55707aa4]::sys::thread::unix::Thread>::new::thread_start
[INFO] [stdout]   25:     0x7fef7b81edfa - <unknown>
[INFO] [stdout]   26:     0x7fef7b8b23d4 - clone
[INFO] [stdout]   27:                0x0 - <unknown>
[INFO] [stdout] 
[INFO] [stdout] ---- ipv6_address_is_sanitized_in_user_namespaces stdout ----
[INFO] [stdout] 
[INFO] [stdout] thread 'ipv6_address_is_sanitized_in_user_namespaces' (3419) panicked at tests/validation.rs:37:10:
[INFO] [stdout] called `Result::unwrap()` on an `Err` value: reqwest::Error { kind: Request, url: "https://en.wikipedia.org/w/api.php?action=query&meta=siteinfo&siprop=general|namespaces|namespacealiases|interwikimap&formatversion=2&format=json", source: hyper_util::client::legacy::Error(Connect, ConnectError("dns error", Custom { kind: Uncategorized, error: "failed to lookup address information: Temporary failure in name resolution" })) }
[INFO] [stdout] stack backtrace:
[INFO] [stdout]    0:     0x611ce5d66911 - <<std[70759c8f55707aa4]::sys::backtrace::BacktraceLock>::print::DisplayBacktrace as core[df12db4294e9bfd3]::fmt::Display>::fmt
[INFO] [stdout]    1:     0x611ce5d7dd0a - core[df12db4294e9bfd3]::fmt::write
[INFO] [stdout]    2:     0x611ce5d6b87c - <alloc[2182bb758b4b3781]::vec::Vec<u8> as core[df12db4294e9bfd3]::io::write::Write>::write_fmt
[INFO] [stdout]    3:     0x611ce5d418d6 - std[70759c8f55707aa4]::panicking::default_hook::{closure#0}
[INFO] [stdout]    4:     0x611ce5d5e629 - std[70759c8f55707aa4]::panicking::default_hook
[INFO] [stdout]    5:     0x611ce5c71f70 - test[9d35eded1c95d3be]::test_main_inner::<test[9d35eded1c95d3be]::test_main_static::{closure#0}>::{closure#0}
[INFO] [stdout]    6:     0x611ce5d5e952 - std[70759c8f55707aa4]::panicking::panic_with_hook
[INFO] [stdout]    7:     0x611ce5d41982 - std[70759c8f55707aa4]::panicking::panic_handler::{closure#0}
[INFO] [stdout]    8:     0x611ce5d3a589 - std[70759c8f55707aa4]::sys::backtrace::__rust_end_short_backtrace::<std[70759c8f55707aa4]::panicking::panic_handler::{closure#0}, !>
[INFO] [stdout]    9:     0x611ce5d4276d - __rustc[8fa7c3cbc660c2b3]::rust_begin_unwind
[INFO] [stdout]   10:     0x611ce5d7e4ec - core[df12db4294e9bfd3]::panicking::panic_fmt
[INFO] [stdout]   11:     0x611ce5d7e2c2 - core[df12db4294e9bfd3]::result::unwrap_failed
[INFO] [stdout]   12:     0x611ce5862f85 - validation[35c1d6a4c7b590df]::codec::{closure#0}
[INFO] [stdout]   13:     0x611ce58602cc - validation[35c1d6a4c7b590df]::test_success::<20usize>::{closure#0}
[INFO] [stdout]   14:     0x611ce5867b45 - validation[35c1d6a4c7b590df]::ipv6_address_is_sanitized_in_user_namespaces::{closure#0}
[INFO] [stdout]   15:     0x611ce5888683 - <tokio[ea3c92df2164accc]::runtime::scheduler::current_thread::Context>::enter::<core[df12db4294e9bfd3]::task::poll::Poll<()>, <tokio[ea3c92df2164accc]::runtime::scheduler::current_thread::CoreGuard>::block_on<core[df12db4294e9bfd3]::pin::Pin<&mut core[df12db4294e9bfd3]::pin::Pin<&mut dyn core[df12db4294e9bfd3]::future::future::Future<Output = ()>>>>::{closure#0}::{closure#0}>
[INFO] [stdout]   16:     0x611ce5880f8c - <tokio[ea3c92df2164accc]::runtime::context::scoped::Scoped<tokio[ea3c92df2164accc]::runtime::scheduler::Context>>::set::<<tokio[ea3c92df2164accc]::runtime::scheduler::current_thread::CoreGuard>::enter<<tokio[ea3c92df2164accc]::runtime::scheduler::current_thread::CoreGuard>::block_on<core[df12db4294e9bfd3]::pin::Pin<&mut core[df12db4294e9bfd3]::pin::Pin<&mut dyn core[df12db4294e9bfd3]::future::future::Future<Output = ()>>>>::{closure#0}, core[df12db4294e9bfd3]::option::Option<()>>::{closure#0}, (alloc[2182bb758b4b3781]::boxed::Box<tokio[ea3c92df2164accc]::runtime::scheduler::current_thread::Core>, core[df12db4294e9bfd3]::option::Option<()>)>
[INFO] [stdout]   17:     0x611ce58889d7 - <tokio[ea3c92df2164accc]::runtime::scheduler::current_thread::CoreGuard>::block_on::<core[df12db4294e9bfd3]::pin::Pin<&mut core[df12db4294e9bfd3]::pin::Pin<&mut dyn core[df12db4294e9bfd3]::future::future::Future<Output = ()>>>>
[INFO] [stdout]   18:     0x611ce587e240 - tokio[ea3c92df2164accc]::runtime::context::runtime::enter_runtime::<<tokio[ea3c92df2164accc]::runtime::scheduler::current_thread::CurrentThread>::block_on<core[df12db4294e9bfd3]::pin::Pin<&mut dyn core[df12db4294e9bfd3]::future::future::Future<Output = ()>>>::{closure#0}, ()>
[INFO] [stdout]   19:     0x611ce5886005 - <tokio[ea3c92df2164accc]::runtime::runtime::Runtime>::block_on::<core[df12db4294e9bfd3]::pin::Pin<&mut dyn core[df12db4294e9bfd3]::future::future::Future<Output = ()>>>
[INFO] [stdout]   20:     0x611ce586fc4e - <validation[35c1d6a4c7b590df]::ipv6_address_is_sanitized_in_user_namespaces::{closure#0} as core[df12db4294e9bfd3]::ops::function::FnOnce<()>>::call_once
[INFO] [stdout]   21:     0x611ce5c6525b - test[9d35eded1c95d3be]::__rust_begin_short_backtrace::<core[df12db4294e9bfd3]::result::Result<(), alloc[2182bb758b4b3781]::string::String>, fn() -> core[df12db4294e9bfd3]::result::Result<(), alloc[2182bb758b4b3781]::string::String>>
[INFO] [stdout]   22:     0x611ce5c728c5 - test[9d35eded1c95d3be]::run_test::{closure#0}
[INFO] [stdout]   23:     0x611ce5c6c184 - std[70759c8f55707aa4]::sys::backtrace::__rust_begin_short_backtrace::<test[9d35eded1c95d3be]::run_test::{closure#1}, ()>
[INFO] [stdout]   24:     0x611ce5c75a22 - <std[70759c8f55707aa4]::thread::lifecycle::spawn_unchecked<test[9d35eded1c95d3be]::run_test::{closure#1}, ()>::{closure#1} as core[df12db4294e9bfd3]::ops::function::FnOnce<()>>::call_once::{shim:vtable#0}
[INFO] [stdout]   25:     0x611ce5d65e39 - <std[70759c8f55707aa4]::sys::thread::unix::Thread>::new::thread_start
[INFO] [stdout]   26:     0x7fef7b81edfa - <unknown>
[INFO] [stdout]   27:     0x7fef7b8b23d4 - clone
[INFO] [stdout]   28:                0x0 - <unknown>
[INFO] [stdout] 
[INFO] [stdout] ---- local_interwiki_with_mainspace_and_empty_title_points_to_main_page stdout ----
[INFO] [stdout] 
[INFO] [stdout] thread 'local_interwiki_with_mainspace_and_empty_title_points_to_main_page' (3421) panicked at tests/validation.rs:37:10:
[INFO] [stdout] called `Result::unwrap()` on an `Err` value: reqwest::Error { kind: Request, url: "https://en.wikipedia.org/w/api.php?action=query&meta=siteinfo&siprop=general|namespaces|namespacealiases|interwikimap&formatversion=2&format=json", source: hyper_util::client::legacy::Error(Connect, ConnectError("dns error", Custom { kind: Uncategorized, error: "failed to lookup address information: Temporary failure in name resolution" })) }
[INFO] [stdout] stack backtrace:
[INFO] [stdout]    0:     0x611ce5d66911 - <<std[70759c8f55707aa4]::sys::backtrace::BacktraceLock>::print::DisplayBacktrace as core[df12db4294e9bfd3]::fmt::Display>::fmt
[INFO] [stdout]    1:     0x611ce5d7dd0a - core[df12db4294e9bfd3]::fmt::write
[INFO] [stdout]    2:     0x611ce5d6b87c - <alloc[2182bb758b4b3781]::vec::Vec<u8> as core[df12db4294e9bfd3]::io::write::Write>::write_fmt
[INFO] [stdout]    3:     0x611ce5d418d6 - std[70759c8f55707aa4]::panicking::default_hook::{closure#0}
[INFO] [stdout]    4:     0x611ce5d5e629 - std[70759c8f55707aa4]::panicking::default_hook
[INFO] [stdout]    5:     0x611ce5c71f70 - test[9d35eded1c95d3be]::test_main_inner::<test[9d35eded1c95d3be]::test_main_static::{closure#0}>::{closure#0}
[INFO] [stdout]    6:     0x611ce5d5e952 - std[70759c8f55707aa4]::panicking::panic_with_hook
[INFO] [stdout]    7:     0x611ce5d41982 - std[70759c8f55707aa4]::panicking::panic_handler::{closure#0}
[INFO] [stdout]    8:     0x611ce5d3a589 - std[70759c8f55707aa4]::sys::backtrace::__rust_end_short_backtrace::<std[70759c8f55707aa4]::panicking::panic_handler::{closure#0}, !>
[INFO] [stdout]    9:     0x611ce5d4276d - __rustc[8fa7c3cbc660c2b3]::rust_begin_unwind
[INFO] [stdout]   10:     0x611ce5d7e4ec - core[df12db4294e9bfd3]::panicking::panic_fmt
[INFO] [stdout]   11:     0x611ce5d7e2c2 - core[df12db4294e9bfd3]::result::unwrap_failed
[INFO] [stdout]   12:     0x611ce5862f85 - validation[35c1d6a4c7b590df]::codec::{closure#0}
[INFO] [stdout]   13:     0x611ce5860b09 - validation[35c1d6a4c7b590df]::test_success::<2usize>::{closure#0}
[INFO] [stdout]   14:     0x611ce586bf55 - validation[35c1d6a4c7b590df]::local_interwiki_with_mainspace_and_empty_title_points_to_main_page::{closure#0}
[INFO] [stdout]   15:     0x611ce5888683 - <tokio[ea3c92df2164accc]::runtime::scheduler::current_thread::Context>::enter::<core[df12db4294e9bfd3]::task::poll::Poll<()>, <tokio[ea3c92df2164accc]::runtime::scheduler::current_thread::CoreGuard>::block_on<core[df12db4294e9bfd3]::pin::Pin<&mut core[df12db4294e9bfd3]::pin::Pin<&mut dyn core[df12db4294e9bfd3]::future::future::Future<Output = ()>>>>::{closure#0}::{closure#0}>
[INFO] [stdout]   16:     0x611ce5880f8c - <tokio[ea3c92df2164accc]::runtime::context::scoped::Scoped<tokio[ea3c92df2164accc]::runtime::scheduler::Context>>::set::<<tokio[ea3c92df2164accc]::runtime::scheduler::current_thread::CoreGuard>::enter<<tokio[ea3c92df2164accc]::runtime::scheduler::current_thread::CoreGuard>::block_on<core[df12db4294e9bfd3]::pin::Pin<&mut core[df12db4294e9bfd3]::pin::Pin<&mut dyn core[df12db4294e9bfd3]::future::future::Future<Output = ()>>>>::{closure#0}, core[df12db4294e9bfd3]::option::Option<()>>::{closure#0}, (alloc[2182bb758b4b3781]::boxed::Box<tokio[ea3c92df2164accc]::runtime::scheduler::current_thread::Core>, core[df12db4294e9bfd3]::option::Option<()>)>
[INFO] [stdout]   17:     0x611ce58889d7 - <tokio[ea3c92df2164accc]::runtime::scheduler::current_thread::CoreGuard>::block_on::<core[df12db4294e9bfd3]::pin::Pin<&mut core[df12db4294e9bfd3]::pin::Pin<&mut dyn core[df12db4294e9bfd3]::future::future::Future<Output = ()>>>>
[INFO] [stdout]   18:     0x611ce587e240 - tokio[ea3c92df2164accc]::runtime::context::runtime::enter_runtime::<<tokio[ea3c92df2164accc]::runtime::scheduler::current_thread::CurrentThread>::block_on<core[df12db4294e9bfd3]::pin::Pin<&mut dyn core[df12db4294e9bfd3]::future::future::Future<Output = ()>>>::{closure#0}, ()>
[INFO] [stdout]   19:     0x611ce5886005 - <tokio[ea3c92df2164accc]::runtime::runtime::Runtime>::block_on::<core[df12db4294e9bfd3]::pin::Pin<&mut dyn core[df12db4294e9bfd3]::future::future::Future<Output = ()>>>
[INFO] [stdout]   20:     0x611ce5870d7e - <validation[35c1d6a4c7b590df]::local_interwiki_with_mainspace_and_empty_title_points_to_main_page::{closure#0} as core[df12db4294e9bfd3]::ops::function::FnOnce<()>>::call_once
[INFO] [stdout]   21:     0x611ce5c6525b - test[9d35eded1c95d3be]::__rust_begin_short_backtrace::<core[df12db4294e9bfd3]::result::Result<(), alloc[2182bb758b4b3781]::string::String>, fn() -> core[df12db4294e9bfd3]::result::Result<(), alloc[2182bb758b4b3781]::string::String>>
[INFO] [stdout]   22:     0x611ce5c728c5 - test[9d35eded1c95d3be]::run_test::{closure#0}
[INFO] [stdout]   23:     0x611ce5c6c184 - std[70759c8f55707aa4]::sys::backtrace::__rust_begin_short_backtrace::<test[9d35eded1c95d3be]::run_test::{closure#1}, ()>
[INFO] [stdout]   24:     0x611ce5c75a22 - <std[70759c8f55707aa4]::thread::lifecycle::spawn_unchecked<test[9d35eded1c95d3be]::run_test::{closure#1}, ()>::{closure#1} as core[df12db4294e9bfd3]::ops::function::FnOnce<()>>::call_once::{shim:vtable#0}
[INFO] [stdout]   25:     0x611ce5d65e39 - <std[70759c8f55707aa4]::sys::thread::unix::Thread>::new::thread_start
[INFO] [stdout]   26:     0x7fef7b81edfa - <unknown>
[INFO] [stdout]   27:     0x7fef7b8b23d4 - clone
[INFO] [stdout]   28:                0x0 - <unknown>
[INFO] [stdout] 
[INFO] [stdout] ---- local_interwiki_with_namespace_and_empty_dbkey_is_rejected stdout ----
[INFO] [stdout] 
[INFO] [stdout] thread 'local_interwiki_with_namespace_and_empty_dbkey_is_rejected' (3423) panicked at tests/validation.rs:37:10:
[INFO] [stdout] called `Result::unwrap()` on an `Err` value: reqwest::Error { kind: Request, url: "https://en.wikipedia.org/w/api.php?action=query&meta=siteinfo&siprop=general|namespaces|namespacealiases|interwikimap&formatversion=2&format=json", source: hyper_util::client::legacy::Error(Connect, ConnectError("dns error", Custom { kind: Uncategorized, error: "failed to lookup address information: Temporary failure in name resolution" })) }
[INFO] [stdout] stack backtrace:
[INFO] [stdout]    0:     0x611ce5d66911 - <<std[70759c8f55707aa4]::sys::backtrace::BacktraceLock>::print::DisplayBacktrace as core[df12db4294e9bfd3]::fmt::Display>::fmt
[INFO] [stdout]    1:     0x611ce5d7dd0a - core[df12db4294e9bfd3]::fmt::write
[INFO] [stdout]    2:     0x611ce5d6b87c - <alloc[2182bb758b4b3781]::vec::Vec<u8> as core[df12db4294e9bfd3]::io::write::Write>::write_fmt
[INFO] [stdout]    3:     0x611ce5d418d6 - std[70759c8f55707aa4]::panicking::default_hook::{closure#0}
[INFO] [stdout]    4:     0x611ce5d5e629 - std[70759c8f55707aa4]::panicking::default_hook
[INFO] [stdout]    5:     0x611ce5c71f70 - test[9d35eded1c95d3be]::test_main_inner::<test[9d35eded1c95d3be]::test_main_static::{closure#0}>::{closure#0}
[INFO] [stdout]    6:     0x611ce5d5e952 - std[70759c8f55707aa4]::panicking::panic_with_hook
[INFO] [stdout]    7:     0x611ce5d41982 - std[70759c8f55707aa4]::panicking::panic_handler::{closure#0}
[INFO] [stdout]    8:     0x611ce5d3a589 - std[70759c8f55707aa4]::sys::backtrace::__rust_end_short_backtrace::<std[70759c8f55707aa4]::panicking::panic_handler::{closure#0}, !>
[INFO] [stdout]    9:     0x611ce5d4276d - __rustc[8fa7c3cbc660c2b3]::rust_begin_unwind
[INFO] [stdout]   10:     0x611ce5d7e4ec - core[df12db4294e9bfd3]::panicking::panic_fmt
[INFO] [stdout]   11:     0x611ce5d7e2c2 - core[df12db4294e9bfd3]::result::unwrap_failed
[INFO] [stdout]   12:     0x611ce5862f85 - validation[35c1d6a4c7b590df]::codec::{closure#0}
[INFO] [stdout]   13:     0x611ce585fb6d - validation[35c1d6a4c7b590df]::test_failure::<1usize>::{closure#0}
[INFO] [stdout]   14:     0x611ce5869e35 - validation[35c1d6a4c7b590df]::local_interwiki_with_namespace_and_empty_dbkey_is_rejected::{closure#0}
[INFO] [stdout]   15:     0x611ce5888683 - <tokio[ea3c92df2164accc]::runtime::scheduler::current_thread::Context>::enter::<core[df12db4294e9bfd3]::task::poll::Poll<()>, <tokio[ea3c92df2164accc]::runtime::scheduler::current_thread::CoreGuard>::block_on<core[df12db4294e9bfd3]::pin::Pin<&mut core[df12db4294e9bfd3]::pin::Pin<&mut dyn core[df12db4294e9bfd3]::future::future::Future<Output = ()>>>>::{closure#0}::{closure#0}>
[INFO] [stdout]   16:     0x611ce5880f8c - <tokio[ea3c92df2164accc]::runtime::context::scoped::Scoped<tokio[ea3c92df2164accc]::runtime::scheduler::Context>>::set::<<tokio[ea3c92df2164accc]::runtime::scheduler::current_thread::CoreGuard>::enter<<tokio[ea3c92df2164accc]::runtime::scheduler::current_thread::CoreGuard>::block_on<core[df12db4294e9bfd3]::pin::Pin<&mut core[df12db4294e9bfd3]::pin::Pin<&mut dyn core[df12db4294e9bfd3]::future::future::Future<Output = ()>>>>::{closure#0}, core[df12db4294e9bfd3]::option::Option<()>>::{closure#0}, (alloc[2182bb758b4b3781]::boxed::Box<tokio[ea3c92df2164accc]::runtime::scheduler::current_thread::Core>, core[df12db4294e9bfd3]::option::Option<()>)>
[INFO] [stdout]   17:     0x611ce58889d7 - <tokio[ea3c92df2164accc]::runtime::scheduler::current_thread::CoreGuard>::block_on::<core[df12db4294e9bfd3]::pin::Pin<&mut core[df12db4294e9bfd3]::pin::Pin<&mut dyn core[df12db4294e9bfd3]::future::future::Future<Output = ()>>>>
[INFO] [stdout]   18:     0x611ce587e240 - tokio[ea3c92df2164accc]::runtime::context::runtime::enter_runtime::<<tokio[ea3c92df2164accc]::runtime::scheduler::current_thread::CurrentThread>::block_on<core[df12db4294e9bfd3]::pin::Pin<&mut dyn core[df12db4294e9bfd3]::future::future::Future<Output = ()>>>::{closure#0}, ()>
[INFO] [stdout]   19:     0x611ce5886005 - <tokio[ea3c92df2164accc]::runtime::runtime::Runtime>::block_on::<core[df12db4294e9bfd3]::pin::Pin<&mut dyn core[df12db4294e9bfd3]::future::future::Future<Output = ()>>>
[INFO] [stdout]   20:     0x611ce587053e - <validation[35c1d6a4c7b590df]::local_interwiki_with_namespace_and_empty_dbkey_is_rejected::{closure#0} as core[df12db4294e9bfd3]::ops::function::FnOnce<()>>::call_once
[INFO] [stdout]   21:     0x611ce5c6525b - test[9d35eded1c95d3be]::__rust_begin_short_backtrace::<core[df12db4294e9bfd3]::result::Result<(), alloc[2182bb758b4b3781]::string::String>, fn() -> core[df12db4294e9bfd3]::result::Result<(), alloc[2182bb758b4b3781]::string::String>>
[INFO] [stdout]   22:     0x611ce5c728c5 - test[9d35eded1c95d3be]::run_test::{closure#0}
[INFO] [stdout]   23:     0x611ce5c6c184 - std[70759c8f55707aa4]::sys::backtrace::__rust_begin_short_backtrace::<test[9d35eded1c95d3be]::run_test::{closure#1}, ()>
[INFO] [stdout]   24:     0x611ce5c75a22 - <std[70759c8f55707aa4]::thread::lifecycle::spawn_unchecked<test[9d35eded1c95d3be]::run_test::{closure#1}, ()>::{closure#1} as core[df12db4294e9bfd3]::ops::function::FnOnce<()>>::call_once::{shim:vtable#0}
[INFO] [stdout]   25:     0x611ce5d65e39 - <std[70759c8f55707aa4]::sys::thread::unix::Thread>::new::thread_start
[INFO] [stdout]   26:     0x7fef7b81edfa - <unknown>
[INFO] [stdout]   27:     0x7fef7b8b23d4 - clone
[INFO] [stdout]   28:                0x0 - <unknown>
[INFO] [stdout] 
[INFO] [stdout] ---- magic_tilde_is_rejected stdout ----
[INFO] [stdout] 
[INFO] [stdout] thread 'magic_tilde_is_rejected' (3425) panicked at tests/validation.rs:37:10:
[INFO] [stdout] called `Result::unwrap()` on an `Err` value: reqwest::Error { kind: Request, url: "https://en.wikipedia.org/w/api.php?action=query&meta=siteinfo&siprop=general|namespaces|namespacealiases|interwikimap&formatversion=2&format=json", source: hyper_util::client::legacy::Error(Connect, ConnectError("dns error", Custom { kind: Uncategorized, error: "failed to lookup address information: Temporary failure in name resolution" })) }
[INFO] [stdout] stack backtrace:
[INFO] [stdout]    0:     0x611ce5d66911 - <<std[70759c8f55707aa4]::sys::backtrace::BacktraceLock>::print::DisplayBacktrace as core[df12db4294e9bfd3]::fmt::Display>::fmt
[INFO] [stdout]    1:     0x611ce5d7dd0a - core[df12db4294e9bfd3]::fmt::write
[INFO] [stdout]    2:     0x611ce5d6b87c - <alloc[2182bb758b4b3781]::vec::Vec<u8> as core[df12db4294e9bfd3]::io::write::Write>::write_fmt
[INFO] [stdout]    3:     0x611ce5d418d6 - std[70759c8f55707aa4]::panicking::default_hook::{closure#0}
[INFO] [stdout]    4:     0x611ce5d5e629 - std[70759c8f55707aa4]::panicking::default_hook
[INFO] [stdout]    5:     0x611ce5c71f70 - test[9d35eded1c95d3be]::test_main_inner::<test[9d35eded1c95d3be]::test_main_static::{closure#0}>::{closure#0}
[INFO] [stdout]    6:     0x611ce5d5e952 - std[70759c8f55707aa4]::panicking::panic_with_hook
[INFO] [stdout]    7:     0x611ce5d41982 - std[70759c8f55707aa4]::panicking::panic_handler::{closure#0}
[INFO] [stdout]    8:     0x611ce5d3a589 - std[70759c8f55707aa4]::sys::backtrace::__rust_end_short_backtrace::<std[70759c8f55707aa4]::panicking::panic_handler::{closure#0}, !>
[INFO] [stdout]    9:     0x611ce5d4276d - __rustc[8fa7c3cbc660c2b3]::rust_begin_unwind
[INFO] [stdout]   10:     0x611ce5d7e4ec - core[df12db4294e9bfd3]::panicking::panic_fmt
[INFO] [stdout]   11:     0x611ce5d7e2c2 - core[df12db4294e9bfd3]::result::unwrap_failed
[INFO] [stdout]   12:     0x611ce5862f85 - validation[35c1d6a4c7b590df]::codec::{closure#0}
[INFO] [stdout]   13:     0x611ce585fe25 - validation[35c1d6a4c7b590df]::test_failure::<3usize>::{closure#0}
[INFO] [stdout]   14:     0x611ce5863d13 - validation[35c1d6a4c7b590df]::magic_tilde_is_rejected::{closure#0}
[INFO] [stdout]   15:     0x611ce5888683 - <tokio[ea3c92df2164accc]::runtime::scheduler::current_thread::Context>::enter::<core[df12db4294e9bfd3]::task::poll::Poll<()>, <tokio[ea3c92df2164accc]::runtime::scheduler::current_thread::CoreGuard>::block_on<core[df12db4294e9bfd3]::pin::Pin<&mut core[df12db4294e9bfd3]::pin::Pin<&mut dyn core[df12db4294e9bfd3]::future::future::Future<Output = ()>>>>::{closure#0}::{closure#0}>
[INFO] [stdout]   16:     0x611ce5880f8c - <tokio[ea3c92df2164accc]::runtime::context::scoped::Scoped<tokio[ea3c92df2164accc]::runtime::scheduler::Context>>::set::<<tokio[ea3c92df2164accc]::runtime::scheduler::current_thread::CoreGuard>::enter<<tokio[ea3c92df2164accc]::runtime::scheduler::current_thread::CoreGuard>::block_on<core[df12db4294e9bfd3]::pin::Pin<&mut core[df12db4294e9bfd3]::pin::Pin<&mut dyn core[df12db4294e9bfd3]::future::future::Future<Output = ()>>>>::{closure#0}, core[df12db4294e9bfd3]::option::Option<()>>::{closure#0}, (alloc[2182bb758b4b3781]::boxed::Box<tokio[ea3c92df2164accc]::runtime::scheduler::current_thread::Core>, core[df12db4294e9bfd3]::option::Option<()>)>
[INFO] [stdout]   17:     0x611ce58889d7 - <tokio[ea3c92df2164accc]::runtime::scheduler::current_thread::CoreGuard>::block_on::<core[df12db4294e9bfd3]::pin::Pin<&mut core[df12db4294e9bfd3]::pin::Pin<&mut dyn core[df12db4294e9bfd3]::future::future::Future<Output = ()>>>>
[INFO] [stdout]   18:     0x611ce587e240 - tokio[ea3c92df2164accc]::runtime::context::runtime::enter_runtime::<<tokio[ea3c92df2164accc]::runtime::scheduler::current_thread::CurrentThread>::block_on<core[df12db4294e9bfd3]::pin::Pin<&mut dyn core[df12db4294e9bfd3]::future::future::Future<Output = ()>>>::{closure#0}, ()>
[INFO] [stdout]   19:     0x611ce5886005 - <tokio[ea3c92df2164accc]::runtime::runtime::Runtime>::block_on::<core[df12db4294e9bfd3]::pin::Pin<&mut dyn core[df12db4294e9bfd3]::future::future::Future<Output = ()>>>
[INFO] [stdout]   20:     0x611ce586e5de - <validation[35c1d6a4c7b590df]::magic_tilde_is_rejected::{closure#0} as core[df12db4294e9bfd3]::ops::function::FnOnce<()>>::call_once
[INFO] [stdout]   21:     0x611ce5c6525b - test[9d35eded1c95d3be]::__rust_begin_short_backtrace::<core[df12db4294e9bfd3]::result::Result<(), alloc[2182bb758b4b3781]::string::String>, fn() -> core[df12db4294e9bfd3]::result::Result<(), alloc[2182bb758b4b3781]::string::String>>
[INFO] [stdout]   22:     0x611ce5c728c5 - test[9d35eded1c95d3be]::run_test::{closure#0}
[INFO] [stdout]   23:     0x611ce5c6c184 - std[70759c8f55707aa4]::sys::backtrace::__rust_begin_short_backtrace::<test[9d35eded1c95d3be]::run_test::{closure#1}, ()>
[INFO] [stdout]   24:     0x611ce5c75a22 - <std[70759c8f55707aa4]::thread::lifecycle::spawn_unchecked<test[9d35eded1c95d3be]::run_test::{closure#1}, ()>::{closure#1} as core[df12db4294e9bfd3]::ops::function::FnOnce<()>>::call_once::{shim:vtable#0}
[INFO] [stdout]   25:     0x611ce5d65e39 - <std[70759c8f55707aa4]::sys::thread::unix::Thread>::new::thread_start
[INFO] [stdout]   26:     0x7fef7b81edfa - <unknown>
[INFO] [stdout]   27:     0x7fef7b8b23d4 - clone
[INFO] [stdout]   28:                0x0 - <unknown>
[INFO] [stdout] 
[INFO] [stdout] ---- more_than_two_dots_are_accepted stdout ----
[INFO] [stdout] 
[INFO] [stdout] thread 'more_than_two_dots_are_accepted' (3427) panicked at tests/validation.rs:37:10:
[INFO] [stdout] called `Result::unwrap()` on an `Err` value: reqwest::Error { kind: Request, url: "https://en.wikipedia.org/w/api.php?action=query&meta=siteinfo&siprop=general|namespaces|namespacealiases|interwikimap&formatversion=2&format=json", source: hyper_util::client::legacy::Error(Connect, ConnectError("dns error", Custom { kind: Uncategorized, error: "failed to lookup address information: Temporary failure in name resolution" })) }
[INFO] [stdout] stack backtrace:
[INFO] [stdout]    0:     0x611ce5d66911 - <<std[70759c8f55707aa4]::sys::backtrace::BacktraceLock>::print::DisplayBacktrace as core[df12db4294e9bfd3]::fmt::Display>::fmt
[INFO] [stdout]    1:     0x611ce5d7dd0a - core[df12db4294e9bfd3]::fmt::write
[INFO] [stdout]    2:     0x611ce5d6b87c - <alloc[2182bb758b4b3781]::vec::Vec<u8> as core[df12db4294e9bfd3]::io::write::Write>::write_fmt
[INFO] [stdout]    3:     0x611ce5d418d6 - std[70759c8f55707aa4]::panicking::default_hook::{closure#0}
[INFO] [stdout]    4:     0x611ce5d5e629 - std[70759c8f55707aa4]::panicking::default_hook
[INFO] [stdout]    5:     0x611ce5c71f70 - test[9d35eded1c95d3be]::test_main_inner::<test[9d35eded1c95d3be]::test_main_static::{closure#0}>::{closure#0}
[INFO] [stdout]    6:     0x611ce5d5e952 - std[70759c8f55707aa4]::panicking::panic_with_hook
[INFO] [stdout]    7:     0x611ce5d41982 - std[70759c8f55707aa4]::panicking::panic_handler::{closure#0}
[INFO] [stdout]    8:     0x611ce5d3a589 - std[70759c8f55707aa4]::sys::backtrace::__rust_end_short_backtrace::<std[70759c8f55707aa4]::panicking::panic_handler::{closure#0}, !>
[INFO] [stdout]    9:     0x611ce5d4276d - __rustc[8fa7c3cbc660c2b3]::rust_begin_unwind
[INFO] [stdout]   10:     0x611ce5d7e4ec - core[df12db4294e9bfd3]::panicking::panic_fmt
[INFO] [stdout]   11:     0x611ce5d7e2c2 - core[df12db4294e9bfd3]::result::unwrap_failed
[INFO] [stdout]   12:     0x611ce5862f85 - validation[35c1d6a4c7b590df]::codec::{closure#0}
[INFO] [stdout]   13:     0x611ce5861100 - validation[35c1d6a4c7b590df]::test_no_change_with_whitespace_added::<2usize>::{closure#0}
[INFO] [stdout]   14:     0x611ce5864d35 - validation[35c1d6a4c7b590df]::more_than_two_dots_are_accepted::{closure#0}
[INFO] [stdout]   15:     0x611ce5888683 - <tokio[ea3c92df2164accc]::runtime::scheduler::current_thread::Context>::enter::<core[df12db4294e9bfd3]::task::poll::Poll<()>, <tokio[ea3c92df2164accc]::runtime::scheduler::current_thread::CoreGuard>::block_on<core[df12db4294e9bfd3]::pin::Pin<&mut core[df12db4294e9bfd3]::pin::Pin<&mut dyn core[df12db4294e9bfd3]::future::future::Future<Output = ()>>>>::{closure#0}::{closure#0}>
[INFO] [stdout]   16:     0x611ce5880f8c - <tokio[ea3c92df2164accc]::runtime::context::scoped::Scoped<tokio[ea3c92df2164accc]::runtime::scheduler::Context>>::set::<<tokio[ea3c92df2164accc]::runtime::scheduler::current_thread::CoreGuard>::enter<<tokio[ea3c92df2164accc]::runtime::scheduler::current_thread::CoreGuard>::block_on<core[df12db4294e9bfd3]::pin::Pin<&mut core[df12db4294e9bfd3]::pin::Pin<&mut dyn core[df12db4294e9bfd3]::future::future::Future<Output = ()>>>>::{closure#0}, core[df12db4294e9bfd3]::option::Option<()>>::{closure#0}, (alloc[2182bb758b4b3781]::boxed::Box<tokio[ea3c92df2164accc]::runtime::scheduler::current_thread::Core>, core[df12db4294e9bfd3]::option::Option<()>)>
[INFO] [stdout]   17:     0x611ce58889d7 - <tokio[ea3c92df2164accc]::runtime::scheduler::current_thread::CoreGuard>::block_on::<core[df12db4294e9bfd3]::pin::Pin<&mut core[df12db4294e9bfd3]::pin::Pin<&mut dyn core[df12db4294e9bfd3]::future::future::Future<Output = ()>>>>
[INFO] [stdout]   18:     0x611ce587e240 - tokio[ea3c92df2164accc]::runtime::context::runtime::enter_runtime::<<tokio[ea3c92df2164accc]::runtime::scheduler::current_thread::CurrentThread>::block_on<core[df12db4294e9bfd3]::pin::Pin<&mut dyn core[df12db4294e9bfd3]::future::future::Future<Output = ()>>>::{closure#0}, ()>
[INFO] [stdout]   19:     0x611ce5886005 - <tokio[ea3c92df2164accc]::runtime::runtime::Runtime>::block_on::<core[df12db4294e9bfd3]::pin::Pin<&mut dyn core[df12db4294e9bfd3]::future::future::Future<Output = ()>>>
[INFO] [stdout]   20:     0x611ce586eebe - <validation[35c1d6a4c7b590df]::more_than_two_dots_are_accepted::{closure#0} as core[df12db4294e9bfd3]::ops::function::FnOnce<()>>::call_once
[INFO] [stdout]   21:     0x611ce5c6525b - test[9d35eded1c95d3be]::__rust_begin_short_backtrace::<core[df12db4294e9bfd3]::result::Result<(), alloc[2182bb758b4b3781]::string::String>, fn() -> core[df12db4294e9bfd3]::result::Result<(), alloc[2182bb758b4b3781]::string::String>>
[INFO] [stdout]   22:     0x611ce5c728c5 - test[9d35eded1c95d3be]::run_test::{closure#0}
[INFO] [stdout]   23:     0x611ce5c6c184 - std[70759c8f55707aa4]::sys::backtrace::__rust_begin_short_backtrace::<test[9d35eded1c95d3be]::run_test::{closure#1}, ()>
[INFO] [stdout]   24:     0x611ce5c75a22 - <std[70759c8f55707aa4]::thread::lifecycle::spawn_unchecked<test[9d35eded1c95d3be]::run_test::{closure#1}, ()>::{closure#1} as core[df12db4294e9bfd3]::ops::function::FnOnce<()>>::call_once::{shim:vtable#0}
[INFO] [stdout]   25:     0x611ce5d65e39 - <std[70759c8f55707aa4]::sys::thread::unix::Thread>::new::thread_start
[INFO] [stdout]   26:     0x7fef7b81edfa - <unknown>
[INFO] [stdout]   27:     0x7fef7b8b23d4 - clone
[INFO] [stdout]   28:                0x0 - <unknown>
[INFO] [stdout] 
[INFO] [stdout] ---- namespace_aliases_map_to_local_namespace_names stdout ----
[INFO] [stdout] 
[INFO] [stdout] thread 'namespace_aliases_map_to_local_namespace_names' (3429) panicked at tests/validation.rs:37:10:
[INFO] [stdout] called `Result::unwrap()` on an `Err` value: reqwest::Error { kind: Request, url: "https://en.wikipedia.org/w/api.php?action=query&meta=siteinfo&siprop=general|namespaces|namespacealiases|interwikimap&formatversion=2&format=json", source: hyper_util::client::legacy::Error(Connect, ConnectError("dns error", Custom { kind: Uncategorized, error: "failed to lookup address information: Temporary failure in name resolution" })) }
[INFO] [stdout] stack backtrace:
[INFO] [stdout]    0:     0x611ce5d66911 - <<std[70759c8f55707aa4]::sys::backtrace::BacktraceLock>::print::DisplayBacktrace as core[df12db4294e9bfd3]::fmt::Display>::fmt
[INFO] [stdout]    1:     0x611ce5d7dd0a - core[df12db4294e9bfd3]::fmt::write
[INFO] [stdout]    2:     0x611ce5d6b87c - <alloc[2182bb758b4b3781]::vec::Vec<u8> as core[df12db4294e9bfd3]::io::write::Write>::write_fmt
[INFO] [stdout]    3:     0x611ce5d418d6 - std[70759c8f55707aa4]::panicking::default_hook::{closure#0}
[INFO] [stdout]    4:     0x611ce5d5e629 - std[70759c8f55707aa4]::panicking::default_hook
[INFO] [stdout]    5:     0x611ce5c71f70 - test[9d35eded1c95d3be]::test_main_inner::<test[9d35eded1c95d3be]::test_main_static::{closure#0}>::{closure#0}
[INFO] [stdout]    6:     0x611ce5d5e952 - std[70759c8f55707aa4]::panicking::panic_with_hook
[INFO] [stdout]    7:     0x611ce5d41982 - std[70759c8f55707aa4]::panicking::panic_handler::{closure#0}
[INFO] [stdout]    8:     0x611ce5d3a589 - std[70759c8f55707aa4]::sys::backtrace::__rust_end_short_backtrace::<std[70759c8f55707aa4]::panicking::panic_handler::{closure#0}, !>
[INFO] [stdout]    9:     0x611ce5d4276d - __rustc[8fa7c3cbc660c2b3]::rust_begin_unwind
[INFO] [stdout]   10:     0x611ce5d7e4ec - core[df12db4294e9bfd3]::panicking::panic_fmt
[INFO] [stdout]   11:     0x611ce5d7e2c2 - core[df12db4294e9bfd3]::result::unwrap_failed
[INFO] [stdout]   12:     0x611ce5862f85 - validation[35c1d6a4c7b590df]::codec::{closure#0}
[INFO] [stdout]   13:     0x611ce5860720 - validation[35c1d6a4c7b590df]::test_success::<1usize>::{closure#0}
[INFO] [stdout]   14:     0x611ce5867c35 - validation[35c1d6a4c7b590df]::namespace_aliases_map_to_local_namespace_names::{closure#0}
[INFO] [stdout]   15:     0x611ce5888683 - <tokio[ea3c92df2164accc]::runtime::scheduler::current_thread::Context>::enter::<core[df12db4294e9bfd3]::task::poll::Poll<()>, <tokio[ea3c92df2164accc]::runtime::scheduler::current_thread::CoreGuard>::block_on<core[df12db4294e9bfd3]::pin::Pin<&mut core[df12db4294e9bfd3]::pin::Pin<&mut dyn core[df12db4294e9bfd3]::future::future::Future<Output = ()>>>>::{closure#0}::{closure#0}>
[INFO] [stdout]   16:     0x611ce5880f8c - <tokio[ea3c92df2164accc]::runtime::context::scoped::Scoped<tokio[ea3c92df2164accc]::runtime::scheduler::Context>>::set::<<tokio[ea3c92df2164accc]::runtime::scheduler::current_thread::CoreGuard>::enter<<tokio[ea3c92df2164accc]::runtime::scheduler::current_thread::CoreGuard>::block_on<core[df12db4294e9bfd3]::pin::Pin<&mut core[df12db4294e9bfd3]::pin::Pin<&mut dyn core[df12db4294e9bfd3]::future::future::Future<Output = ()>>>>::{closure#0}, core[df12db4294e9bfd3]::option::Option<()>>::{closure#0}, (alloc[2182bb758b4b3781]::boxed::Box<tokio[ea3c92df2164accc]::runtime::scheduler::current_thread::Core>, core[df12db4294e9bfd3]::option::Option<()>)>
[INFO] [stdout]   17:     0x611ce58889d7 - <tokio[ea3c92df2164accc]::runtime::scheduler::current_thread::CoreGuard>::block_on::<core[df12db4294e9bfd3]::pin::Pin<&mut core[df12db4294e9bfd3]::pin::Pin<&mut dyn core[df12db4294e9bfd3]::future::future::Future<Output = ()>>>>
[INFO] [stdout]   18:     0x611ce587e240 - tokio[ea3c92df2164accc]::runtime::context::runtime::enter_runtime::<<tokio[ea3c92df2164accc]::runtime::scheduler::current_thread::CurrentThread>::block_on<core[df12db4294e9bfd3]::pin::Pin<&mut dyn core[df12db4294e9bfd3]::future::future::Future<Output = ()>>>::{closure#0}, ()>
[INFO] [stdout]   19:     0x611ce5886005 - <tokio[ea3c92df2164accc]::runtime::runtime::Runtime>::block_on::<core[df12db4294e9bfd3]::pin::Pin<&mut dyn core[df12db4294e9bfd3]::future::future::Future<Output = ()>>>
[INFO] [stdout]   20:     0x611ce586fdce - <validation[35c1d6a4c7b590df]::namespace_aliases_map_to_local_namespace_names::{closure#0} as core[df12db4294e9bfd3]::ops::function::FnOnce<()>>::call_once
[INFO] [stdout]   21:     0x611ce5c6525b - test[9d35eded1c95d3be]::__rust_begin_short_backtrace::<core[df12db4294e9bfd3]::result::Result<(), alloc[2182bb758b4b3781]::string::String>, fn() -> core[df12db4294e9bfd3]::result::Result<(), alloc[2182bb758b4b3781]::string::String>>
[INFO] [stdout]   22:     0x611ce5c728c5 - test[9d35eded1c95d3be]::run_test::{closure#0}
[INFO] [stdout]   23:     0x611ce5c6c184 - std[70759c8f55707aa4]::sys::backtrace::__rust_begin_short_backtrace::<test[9d35eded1c95d3be]::run_test::{closure#1}, ()>
[INFO] [stdout]   24:     0x611ce5c75a22 - <std[70759c8f55707aa4]::thread::lifecycle::spawn_unchecked<test[9d35eded1c95d3be]::run_test::{closure#1}, ()>::{closure#1} as core[df12db4294e9bfd3]::ops::function::FnOnce<()>>::call_once::{shim:vtable#0}
[INFO] [stdout]   25:     0x611ce5d65e39 - <std[70759c8f55707aa4]::sys::thread::unix::Thread>::new::thread_start
[INFO] [stdout]   26:     0x7fef7b81edfa - <unknown>
[INFO] [stdout]   27:     0x7fef7b8b23d4 - clone
[INFO] [stdout]   28:                0x0 - <unknown>
[INFO] [stdout] 
[INFO] [stdout] ---- non_ip_addresses_are_not_sanitized stdout ----
[INFO] [stdout] 
[INFO] [stdout] thread 'non_ip_addresses_are_not_sanitized' (3431) panicked at tests/validation.rs:37:10:
[INFO] [stdout] called `Result::unwrap()` on an `Err` value: reqwest::Error { kind: Request, url: "https://en.wikipedia.org/w/api.php?action=query&meta=siteinfo&siprop=general|namespaces|namespacealiases|interwikimap&formatversion=2&format=json", source: hyper_util::client::legacy::Error(Connect, ConnectError("dns error", Custom { kind: Uncategorized, error: "failed to lookup address information: Temporary failure in name resolution" })) }
[INFO] [stdout] stack backtrace:
[INFO] [stdout]    0:     0x611ce5d66911 - <<std[70759c8f55707aa4]::sys::backtrace::BacktraceLock>::print::DisplayBacktrace as core[df12db4294e9bfd3]::fmt::Display>::fmt
[INFO] [stdout]    1:     0x611ce5d7dd0a - core[df12db4294e9bfd3]::fmt::write
[INFO] [stdout]    2:     0x611ce5d6b87c - <alloc[2182bb758b4b3781]::vec::Vec<u8> as core[df12db4294e9bfd3]::io::write::Write>::write_fmt
[INFO] [stdout]    3:     0x611ce5d418d6 - std[70759c8f55707aa4]::panicking::default_hook::{closure#0}
[INFO] [stdout]    4:     0x611ce5d5e629 - std[70759c8f55707aa4]::panicking::default_hook
[INFO] [stdout]    5:     0x611ce5c71f70 - test[9d35eded1c95d3be]::test_main_inner::<test[9d35eded1c95d3be]::test_main_static::{closure#0}>::{closure#0}
[INFO] [stdout]    6:     0x611ce5d5e952 - std[70759c8f55707aa4]::panicking::panic_with_hook
[INFO] [stdout]    7:     0x611ce5d41982 - std[70759c8f55707aa4]::panicking::panic_handler::{closure#0}
[INFO] [stdout]    8:     0x611ce5d3a589 - std[70759c8f55707aa4]::sys::backtrace::__rust_end_short_backtrace::<std[70759c8f55707aa4]::panicking::panic_handler::{closure#0}, !>
[INFO] [stdout]    9:     0x611ce5d4276d - __rustc[8fa7c3cbc660c2b3]::rust_begin_unwind
[INFO] [stdout]   10:     0x611ce5d7e4ec - core[df12db4294e9bfd3]::panicking::panic_fmt
[INFO] [stdout]   11:     0x611ce5d7e2c2 - core[df12db4294e9bfd3]::result::unwrap_failed
[INFO] [stdout]   12:     0x611ce5862f85 - validation[35c1d6a4c7b590df]::codec::{closure#0}
[INFO] [stdout]   13:     0x611ce5865229 - validation[35c1d6a4c7b590df]::non_ip_addresses_are_not_sanitized::{closure#0}
[INFO] [stdout]   14:     0x611ce5888683 - <tokio[ea3c92df2164accc]::runtime::scheduler::current_thread::Context>::enter::<core[df12db4294e9bfd3]::task::poll::Poll<()>, <tokio[ea3c92df2164accc]::runtime::scheduler::current_thread::CoreGuard>::block_on<core[df12db4294e9bfd3]::pin::Pin<&mut core[df12db4294e9bfd3]::pin::Pin<&mut dyn core[df12db4294e9bfd3]::future::future::Future<Output = ()>>>>::{closure#0}::{closure#0}>
[INFO] [stdout]   15:     0x611ce5880f8c - <tokio[ea3c92df2164accc]::runtime::context::scoped::Scoped<tokio[ea3c92df2164accc]::runtime::scheduler::Context>>::set::<<tokio[ea3c92df2164accc]::runtime::scheduler::current_thread::CoreGuard>::enter<<tokio[ea3c92df2164accc]::runtime::scheduler::current_thread::CoreGuard>::block_on<core[df12db4294e9bfd3]::pin::Pin<&mut core[df12db4294e9bfd3]::pin::Pin<&mut dyn core[df12db4294e9bfd3]::future::future::Future<Output = ()>>>>::{closure#0}, core[df12db4294e9bfd3]::option::Option<()>>::{closure#0}, (alloc[2182bb758b4b3781]::boxed::Box<tokio[ea3c92df2164accc]::runtime::scheduler::current_thread::Core>, core[df12db4294e9bfd3]::option::Option<()>)>
[INFO] [stdout]   16:     0x611ce58889d7 - <tokio[ea3c92df2164accc]::runtime::scheduler::current_thread::CoreGuard>::block_on::<core[df12db4294e9bfd3]::pin::Pin<&mut core[df12db4294e9bfd3]::pin::Pin<&mut dyn core[df12db4294e9bfd3]::future::future::Future<Output = ()>>>>
[INFO] [stdout]   17:     0x611ce587e240 - tokio[ea3c92df2164accc]::runtime::context::runtime::enter_runtime::<<tokio[ea3c92df2164accc]::runtime::scheduler::current_thread::CurrentThread>::block_on<core[df12db4294e9bfd3]::pin::Pin<&mut dyn core[df12db4294e9bfd3]::future::future::Future<Output = ()>>>::{closure#0}, ()>
[INFO] [stdout]   18:     0x611ce5886005 - <tokio[ea3c92df2164accc]::runtime::runtime::Runtime>::block_on::<core[df12db4294e9bfd3]::pin::Pin<&mut dyn core[df12db4294e9bfd3]::future::future::Future<Output = ()>>>
[INFO] [stdout]   19:     0x611ce586f33e - <validation[35c1d6a4c7b590df]::non_ip_addresses_are_not_sanitized::{closure#0} as core[df12db4294e9bfd3]::ops::function::FnOnce<()>>::call_once
[INFO] [stdout]   20:     0x611ce5c6525b - test[9d35eded1c95d3be]::__rust_begin_short_backtrace::<core[df12db4294e9bfd3]::result::Result<(), alloc[2182bb758b4b3781]::string::String>, fn() -> core[df12db4294e9bfd3]::result::Result<(), alloc[2182bb758b4b3781]::string::String>>
[INFO] [stdout]   21:     0x611ce5c728c5 - test[9d35eded1c95d3be]::run_test::{closure#0}
[INFO] [stdout]   22:     0x611ce5c6c184 - std[70759c8f55707aa4]::sys::backtrace::__rust_begin_short_backtrace::<test[9d35eded1c95d3be]::run_test::{closure#1}, ()>
[INFO] [stdout]   23:     0x611ce5c75a22 - <std[70759c8f55707aa4]::thread::lifecycle::spawn_unchecked<test[9d35eded1c95d3be]::run_test::{closure#1}, ()>::{closure#1} as core[df12db4294e9bfd3]::ops::function::FnOnce<()>>::call_once::{shim:vtable#0}
[INFO] [stdout]   24:     0x611ce5d65e39 - <std[70759c8f55707aa4]::sys::thread::unix::Thread>::new::thread_start
[INFO] [stdout]   25:     0x7fef7b81edfa - <unknown>
[INFO] [stdout]   26:     0x7fef7b8b23d4 - clone
[INFO] [stdout]   27:                0x0 - <unknown>
[INFO] [stdout] 
[INFO] [stdout] ---- non_mediawiki_whitespace_is_not_collapsed_or_trimmed stdout ----
[INFO] [stdout] 
[INFO] [stdout] thread 'non_mediawiki_whitespace_is_not_collapsed_or_trimmed' (3433) panicked at tests/validation.rs:37:10:
[INFO] [stdout] called `Result::unwrap()` on an `Err` value: reqwest::Error { kind: Request, url: "https://en.wikipedia.org/w/api.php?action=query&meta=siteinfo&siprop=general|namespaces|namespacealiases|interwikimap&formatversion=2&format=json", source: hyper_util::client::legacy::Error(Connect, ConnectError("dns error", Custom { kind: Uncategorized, error: "failed to lookup address information: Temporary failure in name resolution" })) }
[INFO] [stdout] stack backtrace:
[INFO] [stdout]    0:     0x611ce5d66911 - <<std[70759c8f55707aa4]::sys::backtrace::BacktraceLock>::print::DisplayBacktrace as core[df12db4294e9bfd3]::fmt::Display>::fmt
[INFO] [stdout]    1:     0x611ce5d7dd0a - core[df12db4294e9bfd3]::fmt::write
[INFO] [stdout]    2:     0x611ce5d6b87c - <alloc[2182bb758b4b3781]::vec::Vec<u8> as core[df12db4294e9bfd3]::io::write::Write>::write_fmt
[INFO] [stdout]    3:     0x611ce5d418d6 - std[70759c8f55707aa4]::panicking::default_hook::{closure#0}
[INFO] [stdout]    4:     0x611ce5d5e629 - std[70759c8f55707aa4]::panicking::default_hook
[INFO] [stdout]    5:     0x611ce5c71f70 - test[9d35eded1c95d3be]::test_main_inner::<test[9d35eded1c95d3be]::test_main_static::{closure#0}>::{closure#0}
[INFO] [stdout]    6:     0x611ce5d5e952 - std[70759c8f55707aa4]::panicking::panic_with_hook
[INFO] [stdout]    7:     0x611ce5d41982 - std[70759c8f55707aa4]::panicking::panic_handler::{closure#0}
[INFO] [stdout]    8:     0x611ce5d3a589 - std[70759c8f55707aa4]::sys::backtrace::__rust_end_short_backtrace::<std[70759c8f55707aa4]::panicking::panic_handler::{closure#0}, !>
[INFO] [stdout]    9:     0x611ce5d4276d - __rustc[8fa7c3cbc660c2b3]::rust_begin_unwind
[INFO] [stdout]   10:     0x611ce5d7e4ec - core[df12db4294e9bfd3]::panicking::panic_fmt
[INFO] [stdout]   11:     0x611ce5d7e2c2 - core[df12db4294e9bfd3]::result::unwrap_failed
[INFO] [stdout]   12:     0x611ce5862f85 - validation[35c1d6a4c7b590df]::codec::{closure#0}
[INFO] [stdout]   13:     0x611ce5860720 - validation[35c1d6a4c7b590df]::test_success::<1usize>::{closure#0}
[INFO] [stdout]   14:     0x611ce5867d25 - validation[35c1d6a4c7b590df]::non_mediawiki_whitespace_is_not_collapsed_or_trimmed::{closure#0}
[INFO] [stdout]   15:     0x611ce5888683 - <tokio[ea3c92df2164accc]::runtime::scheduler::current_thread::Context>::enter::<core[df12db4294e9bfd3]::task::poll::Poll<()>, <tokio[ea3c92df2164accc]::runtime::scheduler::current_thread::CoreGuard>::block_on<core[df12db4294e9bfd3]::pin::Pin<&mut core[df12db4294e9bfd3]::pin::Pin<&mut dyn core[df12db4294e9bfd3]::future::future::Future<Output = ()>>>>::{closure#0}::{closure#0}>
[INFO] [stdout]   16:     0x611ce5880f8c - <tokio[ea3c92df2164accc]::runtime::context::scoped::Scoped<tokio[ea3c92df2164accc]::runtime::scheduler::Context>>::set::<<tokio[ea3c92df2164accc]::runtime::scheduler::current_thread::CoreGuard>::enter<<tokio[ea3c92df2164accc]::runtime::scheduler::current_thread::CoreGuard>::block_on<core[df12db4294e9bfd3]::pin::Pin<&mut core[df12db4294e9bfd3]::pin::Pin<&mut dyn core[df12db4294e9bfd3]::future::future::Future<Output = ()>>>>::{closure#0}, core[df12db4294e9bfd3]::option::Option<()>>::{closure#0}, (alloc[2182bb758b4b3781]::boxed::Box<tokio[ea3c92df2164accc]::runtime::scheduler::current_thread::Core>, core[df12db4294e9bfd3]::option::Option<()>)>
[INFO] [stdout]   17:     0x611ce58889d7 - <tokio[ea3c92df2164accc]::runtime::scheduler::current_thread::CoreGuard>::block_on::<core[df12db4294e9bfd3]::pin::Pin<&mut core[df12db4294e9bfd3]::pin::Pin<&mut dyn core[df12db4294e9bfd3]::future::future::Future<Output = ()>>>>
[INFO] [stdout]   18:     0x611ce587e240 - tokio[ea3c92df2164accc]::runtime::context::runtime::enter_runtime::<<tokio[ea3c92df2164accc]::runtime::scheduler::current_thread::CurrentThread>::block_on<core[df12db4294e9bfd3]::pin::Pin<&mut dyn core[df12db4294e9bfd3]::future::future::Future<Output = ()>>>::{closure#0}, ()>
[INFO] [stdout]   19:     0x611ce5886005 - <tokio[ea3c92df2164accc]::runtime::runtime::Runtime>::block_on::<core[df12db4294e9bfd3]::pin::Pin<&mut dyn core[df12db4294e9bfd3]::future::future::Future<Output = ()>>>
[INFO] [stdout]   20:     0x611ce586ff4e - <validation[35c1d6a4c7b590df]::non_mediawiki_whitespace_is_not_collapsed_or_trimmed::{closure#0} as core[df12db4294e9bfd3]::ops::function::FnOnce<()>>::call_once
[INFO] [stdout]   21:     0x611ce5c6525b - test[9d35eded1c95d3be]::__rust_begin_short_backtrace::<core[df12db4294e9bfd3]::result::Result<(), alloc[2182bb758b4b3781]::string::String>, fn() -> core[df12db4294e9bfd3]::result::Result<(), alloc[2182bb758b4b3781]::string::String>>
[INFO] [stdout]   22:     0x611ce5c728c5 - test[9d35eded1c95d3be]::run_test::{closure#0}
[INFO] [stdout]   23:     0x611ce5c6c184 - std[70759c8f55707aa4]::sys::backtrace::__rust_begin_short_backtrace::<test[9d35eded1c95d3be]::run_test::{closure#1}, ()>
[INFO] [stdout]   24:     0x611ce5c75a22 - <std[70759c8f55707aa4]::thread::lifecycle::spawn_unchecked<test[9d35eded1c95d3be]::run_test::{closure#1}, ()>::{closure#1} as core[df12db4294e9bfd3]::ops::function::FnOnce<()>>::call_once::{shim:vtable#0}
[INFO] [stdout]   25:     0x611ce5d65e39 - <std[70759c8f55707aa4]::sys::thread::unix::Thread>::new::thread_start
[INFO] [stdout]   26:     0x7fef7b81edfa - <unknown>
[INFO] [stdout]   27:     0x7fef7b8b23d4 - clone
[INFO] [stdout]   28:                0x0 - <unknown>
[INFO] [stdout] 
[INFO] [stdout] ---- one_or_two_tildes_are_accepted stdout ----
[INFO] [stdout] 
[INFO] [stdout] thread 'one_or_two_tildes_are_accepted' (3435) panicked at tests/validation.rs:37:10:
[INFO] [stdout] called `Result::unwrap()` on an `Err` value: reqwest::Error { kind: Request, url: "https://en.wikipedia.org/w/api.php?action=query&meta=siteinfo&siprop=general|namespaces|namespacealiases|interwikimap&formatversion=2&format=json", source: hyper_util::client::legacy::Error(Connect, ConnectError("dns error", Custom { kind: Uncategorized, error: "failed to lookup address information: Temporary failure in name resolution" })) }
[INFO] [stdout] stack backtrace:
[INFO] [stdout]    0:     0x611ce5d66911 - <<std[70759c8f55707aa4]::sys::backtrace::BacktraceLock>::print::DisplayBacktrace as core[df12db4294e9bfd3]::fmt::Display>::fmt
[INFO] [stdout]    1:     0x611ce5d7dd0a - core[df12db4294e9bfd3]::fmt::write
[INFO] [stdout]    2:     0x611ce5d6b87c - <alloc[2182bb758b4b3781]::vec::Vec<u8> as core[df12db4294e9bfd3]::io::write::Write>::write_fmt
[INFO] [stdout]    3:     0x611ce5d418d6 - std[70759c8f55707aa4]::panicking::default_hook::{closure#0}
[INFO] [stdout]    4:     0x611ce5d5e629 - std[70759c8f55707aa4]::panicking::default_hook
[INFO] [stdout]    5:     0x611ce5c71f70 - test[9d35eded1c95d3be]::test_main_inner::<test[9d35eded1c95d3be]::test_main_static::{closure#0}>::{closure#0}
[INFO] [stdout]    6:     0x611ce5d5e952 - std[70759c8f55707aa4]::panicking::panic_with_hook
[INFO] [stdout]    7:     0x611ce5d41982 - std[70759c8f55707aa4]::panicking::panic_handler::{closure#0}
[INFO] [stdout]    8:     0x611ce5d3a589 - std[70759c8f55707aa4]::sys::backtrace::__rust_end_short_backtrace::<std[70759c8f55707aa4]::panicking::panic_handler::{closure#0}, !>
[INFO] [stdout]    9:     0x611ce5d4276d - __rustc[8fa7c3cbc660c2b3]::rust_begin_unwind
[INFO] [stdout]   10:     0x611ce5d7e4ec - core[df12db4294e9bfd3]::panicking::panic_fmt
[INFO] [stdout]   11:     0x611ce5d7e2c2 - core[df12db4294e9bfd3]::result::unwrap_failed
[INFO] [stdout]   12:     0x611ce5862f85 - validation[35c1d6a4c7b590df]::codec::{closure#0}
[INFO] [stdout]   13:     0x611ce5861100 - validation[35c1d6a4c7b590df]::test_no_change_with_whitespace_added::<2usize>::{closure#0}
[INFO] [stdout]   14:     0x611ce5864c45 - validation[35c1d6a4c7b590df]::one_or_two_tildes_are_accepted::{closure#0}
[INFO] [stdout]   15:     0x611ce5888683 - <tokio[ea3c92df2164accc]::runtime::scheduler::current_thread::Context>::enter::<core[df12db4294e9bfd3]::task::poll::Poll<()>, <tokio[ea3c92df2164accc]::runtime::scheduler::current_thread::CoreGuard>::block_on<core[df12db4294e9bfd3]::pin::Pin<&mut core[df12db4294e9bfd3]::pin::Pin<&mut dyn core[df12db4294e9bfd3]::future::future::Future<Output = ()>>>>::{closure#0}::{closure#0}>
[INFO] [stdout]   16:     0x611ce5880f8c - <tokio[ea3c92df2164accc]::runtime::context::scoped::Scoped<tokio[ea3c92df2164accc]::runtime::scheduler::Context>>::set::<<tokio[ea3c92df2164accc]::runtime::scheduler::current_thread::CoreGuard>::enter<<tokio[ea3c92df2164accc]::runtime::scheduler::current_thread::CoreGuard>::block_on<core[df12db4294e9bfd3]::pin::Pin<&mut core[df12db4294e9bfd3]::pin::Pin<&mut dyn core[df12db4294e9bfd3]::future::future::Future<Output = ()>>>>::{closure#0}, core[df12db4294e9bfd3]::option::Option<()>>::{closure#0}, (alloc[2182bb758b4b3781]::boxed::Box<tokio[ea3c92df2164accc]::runtime::scheduler::current_thread::Core>, core[df12db4294e9bfd3]::option::Option<()>)>
[INFO] [stdout]   17:     0x611ce58889d7 - <tokio[ea3c92df2164accc]::runtime::scheduler::current_thread::CoreGuard>::block_on::<core[df12db4294e9bfd3]::pin::Pin<&mut core[df12db4294e9bfd3]::pin::Pin<&mut dyn core[df12db4294e9bfd3]::future::future::Future<Output = ()>>>>
[INFO] [stdout]   18:     0x611ce587e240 - tokio[ea3c92df2164accc]::runtime::context::runtime::enter_runtime::<<tokio[ea3c92df2164accc]::runtime::scheduler::current_thread::CurrentThread>::block_on<core[df12db4294e9bfd3]::pin::Pin<&mut dyn core[df12db4294e9bfd3]::future::future::Future<Output = ()>>>::{closure#0}, ()>
[INFO] [stdout]   19:     0x611ce5886005 - <tokio[ea3c92df2164accc]::runtime::runtime::Runtime>::block_on::<core[df12db4294e9bfd3]::pin::Pin<&mut dyn core[df12db4294e9bfd3]::future::future::Future<Output = ()>>>
[INFO] [stdout]   20:     0x611ce586ed3e - <validation[35c1d6a4c7b590df]::one_or_two_tildes_are_accepted::{closure#0} as core[df12db4294e9bfd3]::ops::function::FnOnce<()>>::call_once
[INFO] [stdout]   21:     0x611ce5c6525b - test[9d35eded1c95d3be]::__rust_begin_short_backtrace::<core[df12db4294e9bfd3]::result::Result<(), alloc[2182bb758b4b3781]::string::String>, fn() -> core[df12db4294e9bfd3]::result::Result<(), alloc[2182bb758b4b3781]::string::String>>
[INFO] [stdout]   22:     0x611ce5c728c5 - test[9d35eded1c95d3be]::run_test::{closure#0}
[INFO] [stdout]   23:     0x611ce5c6c184 - std[70759c8f55707aa4]::sys::backtrace::__rust_begin_short_backtrace::<test[9d35eded1c95d3be]::run_test::{closure#1}, ()>
[INFO] [stdout]   24:     0x611ce5c75a22 - <std[70759c8f55707aa4]::thread::lifecycle::spawn_unchecked<test[9d35eded1c95d3be]::run_test::{closure#1}, ()>::{closure#1} as core[df12db4294e9bfd3]::ops::function::FnOnce<()>>::call_once::{shim:vtable#0}
[INFO] [stdout]   25:     0x611ce5d65e39 - <std[70759c8f55707aa4]::sys::thread::unix::Thread>::new::thread_start
[INFO] [stdout]   26:     0x7fef7b81edfa - <unknown>
[INFO] [stdout]   27:     0x7fef7b8b23d4 - clone
[INFO] [stdout]   28:                0x0 - <unknown>
[INFO] [stdout] 
[INFO] [stdout] ---- punctuation_characters_used_in_wikitext_or_html_are_rejected stdout ----
[INFO] [stdout] 
[INFO] [stdout] thread 'punctuation_characters_used_in_wikitext_or_html_are_rejected' (3437) panicked at tests/validation.rs:37:10:
[INFO] [stdout] called `Result::unwrap()` on an `Err` value: reqwest::Error { kind: Request, url: "https://en.wikipedia.org/w/api.php?action=query&meta=siteinfo&siprop=general|namespaces|namespacealiases|interwikimap&formatversion=2&format=json", source: hyper_util::client::legacy::Error(Connect, ConnectError("dns error", Custom { kind: Uncategorized, error: "failed to lookup address information: Temporary failure in name resolution" })) }
[INFO] [stdout] stack backtrace:
[INFO] [stdout]    0:     0x611ce5d66911 - <<std[70759c8f55707aa4]::sys::backtrace::BacktraceLock>::print::DisplayBacktrace as core[df12db4294e9bfd3]::fmt::Display>::fmt
[INFO] [stdout]    1:     0x611ce5d7dd0a - core[df12db4294e9bfd3]::fmt::write
[INFO] [stdout]    2:     0x611ce5d6b87c - <alloc[2182bb758b4b3781]::vec::Vec<u8> as core[df12db4294e9bfd3]::io::write::Write>::write_fmt
[INFO] [stdout]    3:     0x611ce5d418d6 - std[70759c8f55707aa4]::panicking::default_hook::{closure#0}
[INFO] [stdout]    4:     0x611ce5d5e629 - std[70759c8f55707aa4]::panicking::default_hook
[INFO] [stdout]    5:     0x611ce5c71f70 - test[9d35eded1c95d3be]::test_main_inner::<test[9d35eded1c95d3be]::test_main_static::{closure#0}>::{closure#0}
[INFO] [stdout]    6:     0x611ce5d5e952 - std[70759c8f55707aa4]::panicking::panic_with_hook
[INFO] [stdout]    7:     0x611ce5d41982 - std[70759c8f55707aa4]::panicking::panic_handler::{closure#0}
[INFO] [stdout]    8:     0x611ce5d3a589 - std[70759c8f55707aa4]::sys::backtrace::__rust_end_short_backtrace::<std[70759c8f55707aa4]::panicking::panic_handler::{closure#0}, !>
[INFO] [stdout]    9:     0x611ce5d4276d - __rustc[8fa7c3cbc660c2b3]::rust_begin_unwind
[INFO] [stdout]   10:     0x611ce5d7e4ec - core[df12db4294e9bfd3]::panicking::panic_fmt
[INFO] [stdout]   11:     0x611ce5d7e2c2 - core[df12db4294e9bfd3]::result::unwrap_failed
[INFO] [stdout]   12:     0x611ce5862f85 - validation[35c1d6a4c7b590df]::codec::{closure#0}
[INFO] [stdout]   13:     0x611ce586a08a - validation[35c1d6a4c7b590df]::punctuation_characters_used_in_wikitext_or_html_are_rejected::{closure#0}
[INFO] [stdout]   14:     0x611ce5888683 - <tokio[ea3c92df2164accc]::runtime::scheduler::current_thread::Context>::enter::<core[df12db4294e9bfd3]::task::poll::Poll<()>, <tokio[ea3c92df2164accc]::runtime::scheduler::current_thread::CoreGuard>::block_on<core[df12db4294e9bfd3]::pin::Pin<&mut core[df12db4294e9bfd3]::pin::Pin<&mut dyn core[df12db4294e9bfd3]::future::future::Future<Output = ()>>>>::{closure#0}::{closure#0}>
[INFO] [stdout]   15:     0x611ce5880f8c - <tokio[ea3c92df2164accc]::runtime::context::scoped::Scoped<tokio[ea3c92df2164accc]::runtime::scheduler::Context>>::set::<<tokio[ea3c92df2164accc]::runtime::scheduler::current_thread::CoreGuard>::enter<<tokio[ea3c92df2164accc]::runtime::scheduler::current_thread::CoreGuard>::block_on<core[df12db4294e9bfd3]::pin::Pin<&mut core[df12db4294e9bfd3]::pin::Pin<&mut dyn core[df12db4294e9bfd3]::future::future::Future<Output = ()>>>>::{closure#0}, core[df12db4294e9bfd3]::option::Option<()>>::{closure#0}, (alloc[2182bb758b4b3781]::boxed::Box<tokio[ea3c92df2164accc]::runtime::scheduler::current_thread::Core>, core[df12db4294e9bfd3]::option::Option<()>)>
[INFO] [stdout]   16:     0x611ce58889d7 - <tokio[ea3c92df2164accc]::runtime::scheduler::current_thread::CoreGuard>::block_on::<core[df12db4294e9bfd3]::pin::Pin<&mut core[df12db4294e9bfd3]::pin::Pin<&mut dyn core[df12db4294e9bfd3]::future::future::Future<Output = ()>>>>
[INFO] [stdout]   17:     0x611ce587e240 - tokio[ea3c92df2164accc]::runtime::context::runtime::enter_runtime::<<tokio[ea3c92df2164accc]::runtime::scheduler::current_thread::CurrentThread>::block_on<core[df12db4294e9bfd3]::pin::Pin<&mut dyn core[df12db4294e9bfd3]::future::future::Future<Output = ()>>>::{closure#0}, ()>
[INFO] [stdout]   18:     0x611ce5886005 - <tokio[ea3c92df2164accc]::runtime::runtime::Runtime>::block_on::<core[df12db4294e9bfd3]::pin::Pin<&mut dyn core[df12db4294e9bfd3]::future::future::Future<Output = ()>>>
[INFO] [stdout]   19:     0x611ce587079e - <validation[35c1d6a4c7b590df]::punctuation_characters_used_in_wikitext_or_html_are_rejected::{closure#0} as core[df12db4294e9bfd3]::ops::function::FnOnce<()>>::call_once
[INFO] [stdout]   20:     0x611ce5c6525b - test[9d35eded1c95d3be]::__rust_begin_short_backtrace::<core[df12db4294e9bfd3]::result::Result<(), alloc[2182bb758b4b3781]::string::String>, fn() -> core[df12db4294e9bfd3]::result::Result<(), alloc[2182bb758b4b3781]::string::String>>
[INFO] [stdout]   21:     0x611ce5c728c5 - test[9d35eded1c95d3be]::run_test::{closure#0}
[INFO] [stdout]   22:     0x611ce5c6c184 - std[70759c8f55707aa4]::sys::backtrace::__rust_begin_short_backtrace::<test[9d35eded1c95d3be]::run_test::{closure#1}, ()>
[INFO] [stdout]   23:     0x611ce5c75a22 - <std[70759c8f55707aa4]::thread::lifecycle::spawn_unchecked<test[9d35eded1c95d3be]::run_test::{closure#1}, ()>::{closure#1} as core[df12db4294e9bfd3]::ops::function::FnOnce<()>>::call_once::{shim:vtable#0}
[INFO] [stdout]   24:     0x611ce5d65e39 - <std[70759c8f55707aa4]::sys::thread::unix::Thread>::new::thread_start
[INFO] [stdout]   25:     0x7fef7b81edfa - <unknown>
[INFO] [stdout]   26:     0x7fef7b8b23d4 - clone
[INFO] [stdout]   27:                0x0 - <unknown>
[INFO] [stdout] 
[INFO] [stdout] ---- relative_directory_syntax_is_rejected stdout ----
[INFO] [stdout] 
[INFO] [stdout] thread 'relative_directory_syntax_is_rejected' (3439) panicked at tests/validation.rs:37:10:
[INFO] [stdout] called `Result::unwrap()` on an `Err` value: reqwest::Error { kind: Request, url: "https://en.wikipedia.org/w/api.php?action=query&meta=siteinfo&siprop=general|namespaces|namespacealiases|interwikimap&formatversion=2&format=json", source: hyper_util::client::legacy::Error(Connect, ConnectError("dns error", Custom { kind: Uncategorized, error: "failed to lookup address information: Temporary failure in name resolution" })) }
[INFO] [stdout] stack backtrace:
[INFO] [stdout]    0:     0x611ce5d66911 - <<std[70759c8f55707aa4]::sys::backtrace::BacktraceLock>::print::DisplayBacktrace as core[df12db4294e9bfd3]::fmt::Display>::fmt
[INFO] [stdout]    1:     0x611ce5d7dd0a - core[df12db4294e9bfd3]::fmt::write
[INFO] [stdout]    2:     0x611ce5d6b87c - <alloc[2182bb758b4b3781]::vec::Vec<u8> as core[df12db4294e9bfd3]::io::write::Write>::write_fmt
[INFO] [stdout]    3:     0x611ce5d418d6 - std[70759c8f55707aa4]::panicking::default_hook::{closure#0}
[INFO] [stdout]    4:     0x611ce5d5e629 - std[70759c8f55707aa4]::panicking::default_hook
[INFO] [stdout]    5:     0x611ce5c71f70 - test[9d35eded1c95d3be]::test_main_inner::<test[9d35eded1c95d3be]::test_main_static::{closure#0}>::{closure#0}
[INFO] [stdout]    6:     0x611ce5d5e952 - std[70759c8f55707aa4]::panicking::panic_with_hook
[INFO] [stdout]    7:     0x611ce5d41982 - std[70759c8f55707aa4]::panicking::panic_handler::{closure#0}
[INFO] [stdout]    8:     0x611ce5d3a589 - std[70759c8f55707aa4]::sys::backtrace::__rust_end_short_backtrace::<std[70759c8f55707aa4]::panicking::panic_handler::{closure#0}, !>
[INFO] [stdout]    9:     0x611ce5d4276d - __rustc[8fa7c3cbc660c2b3]::rust_begin_unwind
[INFO] [stdout]   10:     0x611ce5d7e4ec - core[df12db4294e9bfd3]::panicking::panic_fmt
[INFO] [stdout]   11:     0x611ce5d7e2c2 - core[df12db4294e9bfd3]::result::unwrap_failed
[INFO] [stdout]   12:     0x611ce5862f85 - validation[35c1d6a4c7b590df]::codec::{closure#0}
[INFO] [stdout]   13:     0x611ce5865835 - validation[35c1d6a4c7b590df]::relative_directory_syntax_is_rejected::{closure#0}
[INFO] [stdout]   14:     0x611ce5888683 - <tokio[ea3c92df2164accc]::runtime::scheduler::current_thread::Context>::enter::<core[df12db4294e9bfd3]::task::poll::Poll<()>, <tokio[ea3c92df2164accc]::runtime::scheduler::current_thread::CoreGuard>::block_on<core[df12db4294e9bfd3]::pin::Pin<&mut core[df12db4294e9bfd3]::pin::Pin<&mut dyn core[df12db4294e9bfd3]::future::future::Future<Output = ()>>>>::{closure#0}::{closure#0}>
[INFO] [stdout]   15:     0x611ce5880f8c - <tokio[ea3c92df2164accc]::runtime::context::scoped::Scoped<tokio[ea3c92df2164accc]::runtime::scheduler::Context>>::set::<<tokio[ea3c92df2164accc]::runtime::scheduler::current_thread::CoreGuard>::enter<<tokio[ea3c92df2164accc]::runtime::scheduler::current_thread::CoreGuard>::block_on<core[df12db4294e9bfd3]::pin::Pin<&mut core[df12db4294e9bfd3]::pin::Pin<&mut dyn core[df12db4294e9bfd3]::future::future::Future<Output = ()>>>>::{closure#0}, core[df12db4294e9bfd3]::option::Option<()>>::{closure#0}, (alloc[2182bb758b4b3781]::boxed::Box<tokio[ea3c92df2164accc]::runtime::scheduler::current_thread::Core>, core[df12db4294e9bfd3]::option::Option<()>)>
[INFO] [stdout]   16:     0x611ce58889d7 - <tokio[ea3c92df2164accc]::runtime::scheduler::current_thread::CoreGuard>::block_on::<core[df12db4294e9bfd3]::pin::Pin<&mut core[df12db4294e9bfd3]::pin::Pin<&mut dyn core[df12db4294e9bfd3]::future::future::Future<Output = ()>>>>
[INFO] [stdout]   17:     0x611ce587e240 - tokio[ea3c92df2164accc]::runtime::context::runtime::enter_runtime::<<tokio[ea3c92df2164accc]::runtime::scheduler::current_thread::CurrentThread>::block_on<core[df12db4294e9bfd3]::pin::Pin<&mut dyn core[df12db4294e9bfd3]::future::future::Future<Output = ()>>>::{closure#0}, ()>
[INFO] [stdout]   18:     0x611ce5886005 - <tokio[ea3c92df2164accc]::runtime::runtime::Runtime>::block_on::<core[df12db4294e9bfd3]::pin::Pin<&mut dyn core[df12db4294e9bfd3]::future::future::Future<Output = ()>>>
[INFO] [stdout]   19:     0x611ce586f4be - <validation[35c1d6a4c7b590df]::relative_directory_syntax_is_rejected::{closure#0} as core[df12db4294e9bfd3]::ops::function::FnOnce<()>>::call_once
[INFO] [stdout]   20:     0x611ce5c6525b - test[9d35eded1c95d3be]::__rust_begin_short_backtrace::<core[df12db4294e9bfd3]::result::Result<(), alloc[2182bb758b4b3781]::string::String>, fn() -> core[df12db4294e9bfd3]::result::Result<(), alloc[2182bb758b4b3781]::string::String>>
[INFO] [stdout]   21:     0x611ce5c728c5 - test[9d35eded1c95d3be]::run_test::{closure#0}
[INFO] [stdout]   22:     0x611ce5c6c184 - std[70759c8f55707aa4]::sys::backtrace::__rust_begin_short_backtrace::<test[9d35eded1c95d3be]::run_test::{closure#1}, ()>
[INFO] [stdout]   23:     0x611ce5c75a22 - <std[70759c8f55707aa4]::thread::lifecycle::spawn_unchecked<test[9d35eded1c95d3be]::run_test::{closure#1}, ()>::{closure#1} as core[df12db4294e9bfd3]::ops::function::FnOnce<()>>::call_once::{shim:vtable#0}
[INFO] [stdout]   24:     0x611ce5d65e39 - <std[70759c8f55707aa4]::sys::thread::unix::Thread>::new::thread_start
[INFO] [stdout]   25:     0x7fef7b81edfa - <unknown>
[INFO] [stdout]   26:     0x7fef7b8b23d4 - clone
[INFO] [stdout]   27:                0x0 - <unknown>
[INFO] [stdout] 
[INFO] [stdout] ---- replacement_character_is_rejected stdout ----
[INFO] [stdout] 
[INFO] [stdout] thread 'replacement_character_is_rejected' (3441) panicked at tests/validation.rs:37:10:
[INFO] [stdout] called `Result::unwrap()` on an `Err` value: reqwest::Error { kind: Request, url: "https://en.wikipedia.org/w/api.php?action=query&meta=siteinfo&siprop=general|namespaces|namespacealiases|interwikimap&formatversion=2&format=json", source: hyper_util::client::legacy::Error(Connect, ConnectError("dns error", Custom { kind: Uncategorized, error: "failed to lookup address information: Temporary failure in name resolution" })) }
[INFO] [stdout] stack backtrace:
[INFO] [stdout]    0:     0x611ce5d66911 - <<std[70759c8f55707aa4]::sys::backtrace::BacktraceLock>::print::DisplayBacktrace as core[df12db4294e9bfd3]::fmt::Display>::fmt
[INFO] [stdout]    1:     0x611ce5d7dd0a - core[df12db4294e9bfd3]::fmt::write
[INFO] [stdout]    2:     0x611ce5d6b87c - <alloc[2182bb758b4b3781]::vec::Vec<u8> as core[df12db4294e9bfd3]::io::write::Write>::write_fmt
[INFO] [stdout]    3:     0x611ce5d418d6 - std[70759c8f55707aa4]::panicking::default_hook::{closure#0}
[INFO] [stdout]    4:     0x611ce5d5e629 - std[70759c8f55707aa4]::panicking::default_hook
[INFO] [stdout]    5:     0x611ce5c71f70 - test[9d35eded1c95d3be]::test_main_inner::<test[9d35eded1c95d3be]::test_main_static::{closure#0}>::{closure#0}
[INFO] [stdout]    6:     0x611ce5d5e952 - std[70759c8f55707aa4]::panicking::panic_with_hook
[INFO] [stdout]    7:     0x611ce5d41982 - std[70759c8f55707aa4]::panicking::panic_handler::{closure#0}
[INFO] [stdout]    8:     0x611ce5d3a589 - std[70759c8f55707aa4]::sys::backtrace::__rust_end_short_backtrace::<std[70759c8f55707aa4]::panicking::panic_handler::{closure#0}, !>
[INFO] [stdout]    9:     0x611ce5d4276d - __rustc[8fa7c3cbc660c2b3]::rust_begin_unwind
[INFO] [stdout]   10:     0x611ce5d7e4ec - core[df12db4294e9bfd3]::panicking::panic_fmt
[INFO] [stdout]   11:     0x611ce5d7e2c2 - core[df12db4294e9bfd3]::result::unwrap_failed
[INFO] [stdout]   12:     0x611ce5862f85 - validation[35c1d6a4c7b590df]::codec::{closure#0}
[INFO] [stdout]   13:     0x611ce585fb6d - validation[35c1d6a4c7b590df]::test_failure::<1usize>::{closure#0}
[INFO] [stdout]   14:     0x611ce5864f55 - validation[35c1d6a4c7b590df]::replacement_character_is_rejected::{closure#0}
[INFO] [stdout]   15:     0x611ce5888683 - <tokio[ea3c92df2164accc]::runtime::scheduler::current_thread::Context>::enter::<core[df12db4294e9bfd3]::task::poll::Poll<()>, <tokio[ea3c92df2164accc]::runtime::scheduler::current_thread::CoreGuard>::block_on<core[df12db4294e9bfd3]::pin::Pin<&mut core[df12db4294e9bfd3]::pin::Pin<&mut dyn core[df12db4294e9bfd3]::future::future::Future<Output = ()>>>>::{closure#0}::{closure#0}>
[INFO] [stdout]   16:     0x611ce5880f8c - <tokio[ea3c92df2164accc]::runtime::context::scoped::Scoped<tokio[ea3c92df2164accc]::runtime::scheduler::Context>>::set::<<tokio[ea3c92df2164accc]::runtime::scheduler::current_thread::CoreGuard>::enter<<tokio[ea3c92df2164accc]::runtime::scheduler::current_thread::CoreGuard>::block_on<core[df12db4294e9bfd3]::pin::Pin<&mut core[df12db4294e9bfd3]::pin::Pin<&mut dyn core[df12db4294e9bfd3]::future::future::Future<Output = ()>>>>::{closure#0}, core[df12db4294e9bfd3]::option::Option<()>>::{closure#0}, (alloc[2182bb758b4b3781]::boxed::Box<tokio[ea3c92df2164accc]::runtime::scheduler::current_thread::Core>, core[df12db4294e9bfd3]::option::Option<()>)>
[INFO] [stdout]   17:     0x611ce58889d7 - <tokio[ea3c92df2164accc]::runtime::scheduler::current_thread::CoreGuard>::block_on::<core[df12db4294e9bfd3]::pin::Pin<&mut core[df12db4294e9bfd3]::pin::Pin<&mut dyn core[df12db4294e9bfd3]::future::future::Future<Output = ()>>>>
[INFO] [stdout]   18:     0x611ce587e240 - tokio[ea3c92df2164accc]::runtime::context::runtime::enter_runtime::<<tokio[ea3c92df2164accc]::runtime::scheduler::current_thread::CurrentThread>::block_on<core[df12db4294e9bfd3]::pin::Pin<&mut dyn core[df12db4294e9bfd3]::future::future::Future<Output = ()>>>::{closure#0}, ()>
[INFO] [stdout]   19:     0x611ce5886005 - <tokio[ea3c92df2164accc]::runtime::runtime::Runtime>::block_on::<core[df12db4294e9bfd3]::pin::Pin<&mut dyn core[df12db4294e9bfd3]::future::future::Future<Output = ()>>>
[INFO] [stdout]   20:     0x611ce586f1be - <validation[35c1d6a4c7b590df]::replacement_character_is_rejected::{closure#0} as core[df12db4294e9bfd3]::ops::function::FnOnce<()>>::call_once
[INFO] [stdout]   21:     0x611ce5c6525b - test[9d35eded1c95d3be]::__rust_begin_short_backtrace::<core[df12db4294e9bfd3]::result::Result<(), alloc[2182bb758b4b3781]::string::String>, fn() -> core[df12db4294e9bfd3]::result::Result<(), alloc[2182bb758b4b3781]::string::String>>
[INFO] [stdout]   22:     0x611ce5c728c5 - test[9d35eded1c95d3be]::run_test::{closure#0}
[INFO] [stdout]   23:     0x611ce5c6c184 - std[70759c8f55707aa4]::sys::backtrace::__rust_begin_short_backtrace::<test[9d35eded1c95d3be]::run_test::{closure#1}, ()>
[INFO] [stdout]   24:     0x611ce5c75a22 - <std[70759c8f55707aa4]::thread::lifecycle::spawn_unchecked<test[9d35eded1c95d3be]::run_test::{closure#1}, ()>::{closure#1} as core[df12db4294e9bfd3]::ops::function::FnOnce<()>>::call_once::{shim:vtable#0}
[INFO] [stdout]   25:     0x611ce5d65e39 - <std[70759c8f55707aa4]::sys::thread::unix::Thread>::new::thread_start
[INFO] [stdout]   26:     0x7fef7b81edfa - <unknown>
[INFO] [stdout]   27:     0x7fef7b8b23d4 - clone
[INFO] [stdout]   28:                0x0 - <unknown>
[INFO] [stdout] 
[INFO] [stdout] ---- test_new_title_from_database stdout ----
[INFO] [stdout] 
[INFO] [stdout] thread 'test_new_title_from_database' (3443) panicked at tests/validation.rs:37:10:
[INFO] [stdout] called `Result::unwrap()` on an `Err` value: reqwest::Error { kind: Request, url: "https://en.wikipedia.org/w/api.php?action=query&meta=siteinfo&siprop=general|namespaces|namespacealiases|interwikimap&formatversion=2&format=json", source: hyper_util::client::legacy::Error(Connect, ConnectError("dns error", Custom { kind: Uncategorized, error: "failed to lookup address information: Temporary failure in name resolution" })) }
[INFO] [stdout] stack backtrace:
[INFO] [stdout]    0:     0x611ce5d66911 - <<std[70759c8f55707aa4]::sys::backtrace::BacktraceLock>::print::DisplayBacktrace as core[df12db4294e9bfd3]::fmt::Display>::fmt
[INFO] [stdout]    1:     0x611ce5d7dd0a - core[df12db4294e9bfd3]::fmt::write
[INFO] [stdout]    2:     0x611ce5d6b87c - <alloc[2182bb758b4b3781]::vec::Vec<u8> as core[df12db4294e9bfd3]::io::write::Write>::write_fmt
[INFO] [stdout]    3:     0x611ce5d418d6 - std[70759c8f55707aa4]::panicking::default_hook::{closure#0}
[INFO] [stdout]    4:     0x611ce5d5e629 - std[70759c8f55707aa4]::panicking::default_hook
[INFO] [stdout]    5:     0x611ce5c71f70 - test[9d35eded1c95d3be]::test_main_inner::<test[9d35eded1c95d3be]::test_main_static::{closure#0}>::{closure#0}
[INFO] [stdout]    6:     0x611ce5d5e952 - std[70759c8f55707aa4]::panicking::panic_with_hook
[INFO] [stdout]    7:     0x611ce5d41982 - std[70759c8f55707aa4]::panicking::panic_handler::{closure#0}
[INFO] [stdout]    8:     0x611ce5d3a589 - std[70759c8f55707aa4]::sys::backtrace::__rust_end_short_backtrace::<std[70759c8f55707aa4]::panicking::panic_handler::{closure#0}, !>
[INFO] [stdout]    9:     0x611ce5d4276d - __rustc[8fa7c3cbc660c2b3]::rust_begin_unwind
[INFO] [stdout]   10:     0x611ce5d7e4ec - core[df12db4294e9bfd3]::panicking::panic_fmt
[INFO] [stdout]   11:     0x611ce5d7e2c2 - core[df12db4294e9bfd3]::result::unwrap_failed
[INFO] [stdout]   12:     0x611ce5862f85 - validation[35c1d6a4c7b590df]::codec::{closure#0}
[INFO] [stdout]   13:     0x611ce586425f - validation[35c1d6a4c7b590df]::test_new_title_from_database::{closure#0}
[INFO] [stdout]   14:     0x611ce5888683 - <tokio[ea3c92df2164accc]::runtime::scheduler::current_thread::Context>::enter::<core[df12db4294e9bfd3]::task::poll::Poll<()>, <tokio[ea3c92df2164accc]::runtime::scheduler::current_thread::CoreGuard>::block_on<core[df12db4294e9bfd3]::pin::Pin<&mut core[df12db4294e9bfd3]::pin::Pin<&mut dyn core[df12db4294e9bfd3]::future::future::Future<Output = ()>>>>::{closure#0}::{closure#0}>
[INFO] [stdout]   15:     0x611ce5880f8c - <tokio[ea3c92df2164accc]::runtime::context::scoped::Scoped<tokio[ea3c92df2164accc]::runtime::scheduler::Context>>::set::<<tokio[ea3c92df2164accc]::runtime::scheduler::current_thread::CoreGuard>::enter<<tokio[ea3c92df2164accc]::runtime::scheduler::current_thread::CoreGuard>::block_on<core[df12db4294e9bfd3]::pin::Pin<&mut core[df12db4294e9bfd3]::pin::Pin<&mut dyn core[df12db4294e9bfd3]::future::future::Future<Output = ()>>>>::{closure#0}, core[df12db4294e9bfd3]::option::Option<()>>::{closure#0}, (alloc[2182bb758b4b3781]::boxed::Box<tokio[ea3c92df2164accc]::runtime::scheduler::current_thread::Core>, core[df12db4294e9bfd3]::option::Option<()>)>
[INFO] [stdout]   16:     0x611ce58889d7 - <tokio[ea3c92df2164accc]::runtime::scheduler::current_thread::CoreGuard>::block_on::<core[df12db4294e9bfd3]::pin::Pin<&mut core[df12db4294e9bfd3]::pin::Pin<&mut dyn core[df12db4294e9bfd3]::future::future::Future<Output = ()>>>>
[INFO] [stdout]   17:     0x611ce587e240 - tokio[ea3c92df2164accc]::runtime::context::runtime::enter_runtime::<<tokio[ea3c92df2164accc]::runtime::scheduler::current_thread::CurrentThread>::block_on<core[df12db4294e9bfd3]::pin::Pin<&mut dyn core[df12db4294e9bfd3]::future::future::Future<Output = ()>>>::{closure#0}, ()>
[INFO] [stdout]   18:     0x611ce5886005 - <tokio[ea3c92df2164accc]::runtime::runtime::Runtime>::block_on::<core[df12db4294e9bfd3]::pin::Pin<&mut dyn core[df12db4294e9bfd3]::future::future::Future<Output = ()>>>
[INFO] [stdout]   19:     0x611ce586e8de - <validation[35c1d6a4c7b590df]::test_new_title_from_database::{closure#0} as core[df12db4294e9bfd3]::ops::function::FnOnce<()>>::call_once
[INFO] [stdout]   20:     0x611ce5c6525b - test[9d35eded1c95d3be]::__rust_begin_short_backtrace::<core[df12db4294e9bfd3]::result::Result<(), alloc[2182bb758b4b3781]::string::String>, fn() -> core[df12db4294e9bfd3]::result::Result<(), alloc[2182bb758b4b3781]::string::String>>
[INFO] [stdout]   21:     0x611ce5c728c5 - test[9d35eded1c95d3be]::run_test::{closure#0}
[INFO] [stdout]   22:     0x611ce5c6c184 - std[70759c8f55707aa4]::sys::backtrace::__rust_begin_short_backtrace::<test[9d35eded1c95d3be]::run_test::{closure#1}, ()>
[INFO] [stdout]   23:     0x611ce5c75a22 - <std[70759c8f55707aa4]::thread::lifecycle::spawn_unchecked<test[9d35eded1c95d3be]::run_test::{closure#1}, ()>::{closure#1} as core[df12db4294e9bfd3]::ops::function::FnOnce<()>>::call_once::{shim:vtable#0}
[INFO] [stdout]   24:     0x611ce5d65e39 - <std[70759c8f55707aa4]::sys::thread::unix::Thread>::new::thread_start
[INFO] [stdout]   25:     0x7fef7b81edfa - <unknown>
[INFO] [stdout]   26:     0x7fef7b8b23d4 - clone
[INFO] [stdout]   27:                0x0 - <unknown>
[INFO] [stdout] 
[INFO] [stdout] ---- test_to_pretty_with_fragment stdout ----
[INFO] [stdout] 
[INFO] [stdout] thread 'test_to_pretty_with_fragment' (3445) panicked at tests/validation.rs:37:10:
[INFO] [stdout] called `Result::unwrap()` on an `Err` value: reqwest::Error { kind: Request, url: "https://en.wikipedia.org/w/api.php?action=query&meta=siteinfo&siprop=general|namespaces|namespacealiases|interwikimap&formatversion=2&format=json", source: hyper_util::client::legacy::Error(Connect, ConnectError("dns error", Custom { kind: Uncategorized, error: "failed to lookup address information: Temporary failure in name resolution" })) }
[INFO] [stdout] stack backtrace:
[INFO] [stdout]    0:     0x611ce5d66911 - <<std[70759c8f55707aa4]::sys::backtrace::BacktraceLock>::print::DisplayBacktrace as core[df12db4294e9bfd3]::fmt::Display>::fmt
[INFO] [stdout]    1:     0x611ce5d7dd0a - core[df12db4294e9bfd3]::fmt::write
[INFO] [stdout]    2:     0x611ce5d6b87c - <alloc[2182bb758b4b3781]::vec::Vec<u8> as core[df12db4294e9bfd3]::io::write::Write>::write_fmt
[INFO] [stdout]    3:     0x611ce5d418d6 - std[70759c8f55707aa4]::panicking::default_hook::{closure#0}
[INFO] [stdout]    4:     0x611ce5d5e629 - std[70759c8f55707aa4]::panicking::default_hook
[INFO] [stdout]    5:     0x611ce5c71f70 - test[9d35eded1c95d3be]::test_main_inner::<test[9d35eded1c95d3be]::test_main_static::{closure#0}>::{closure#0}
[INFO] [stdout]    6:     0x611ce5d5e952 - std[70759c8f55707aa4]::panicking::panic_with_hook
[INFO] [stdout]    7:     0x611ce5d41982 - std[70759c8f55707aa4]::panicking::panic_handler::{closure#0}
[INFO] [stdout]    8:     0x611ce5d3a589 - std[70759c8f55707aa4]::sys::backtrace::__rust_end_short_backtrace::<std[70759c8f55707aa4]::panicking::panic_handler::{closure#0}, !>
[INFO] [stdout]    9:     0x611ce5d4276d - __rustc[8fa7c3cbc660c2b3]::rust_begin_unwind
[INFO] [stdout]   10:     0x611ce5d7e4ec - core[df12db4294e9bfd3]::panicking::panic_fmt
[INFO] [stdout]   11:     0x611ce5d7e2c2 - core[df12db4294e9bfd3]::result::unwrap_failed
[INFO] [stdout]   12:     0x611ce5862f85 - validation[35c1d6a4c7b590df]::codec::{closure#0}
[INFO] [stdout]   13:     0x611ce58647d3 - validation[35c1d6a4c7b590df]::test_to_pretty_with_fragment::{closure#0}
[INFO] [stdout]   14:     0x611ce5888683 - <tokio[ea3c92df2164accc]::runtime::scheduler::current_thread::Context>::enter::<core[df12db4294e9bfd3]::task::poll::Poll<()>, <tokio[ea3c92df2164accc]::runtime::scheduler::current_thread::CoreGuard>::block_on<core[df12db4294e9bfd3]::pin::Pin<&mut core[df12db4294e9bfd3]::pin::Pin<&mut dyn core[df12db4294e9bfd3]::future::future::Future<Output = ()>>>>::{closure#0}::{closure#0}>
[INFO] [stdout]   15:     0x611ce5880f8c - <tokio[ea3c92df2164accc]::runtime::context::scoped::Scoped<tokio[ea3c92df2164accc]::runtime::scheduler::Context>>::set::<<tokio[ea3c92df2164accc]::runtime::scheduler::current_thread::CoreGuard>::enter<<tokio[ea3c92df2164accc]::runtime::scheduler::current_thread::CoreGuard>::block_on<core[df12db4294e9bfd3]::pin::Pin<&mut core[df12db4294e9bfd3]::pin::Pin<&mut dyn core[df12db4294e9bfd3]::future::future::Future<Output = ()>>>>::{closure#0}, core[df12db4294e9bfd3]::option::Option<()>>::{closure#0}, (alloc[2182bb758b4b3781]::boxed::Box<tokio[ea3c92df2164accc]::runtime::scheduler::current_thread::Core>, core[df12db4294e9bfd3]::option::Option<()>)>
[INFO] [stdout]   16:     0x611ce58889d7 - <tokio[ea3c92df2164accc]::runtime::scheduler::current_thread::CoreGuard>::block_on::<core[df12db4294e9bfd3]::pin::Pin<&mut core[df12db4294e9bfd3]::pin::Pin<&mut dyn core[df12db4294e9bfd3]::future::future::Future<Output = ()>>>>
[INFO] [stdout]   17:     0x611ce587e240 - tokio[ea3c92df2164accc]::runtime::context::runtime::enter_runtime::<<tokio[ea3c92df2164accc]::runtime::scheduler::current_thread::CurrentThread>::block_on<core[df12db4294e9bfd3]::pin::Pin<&mut dyn core[df12db4294e9bfd3]::future::future::Future<Output = ()>>>::{closure#0}, ()>
[INFO] [stdout]   18:     0x611ce5886005 - <tokio[ea3c92df2164accc]::runtime::runtime::Runtime>::block_on::<core[df12db4294e9bfd3]::pin::Pin<&mut dyn core[df12db4294e9bfd3]::future::future::Future<Output = ()>>>
[INFO] [stdout]   19:     0x611ce586ea4e - <validation[35c1d6a4c7b590df]::test_to_pretty_with_fragment::{closure#0} as core[df12db4294e9bfd3]::ops::function::FnOnce<()>>::call_once
[INFO] [stdout]   20:     0x611ce5c6525b - test[9d35eded1c95d3be]::__rust_begin_short_backtrace::<core[df12db4294e9bfd3]::result::Result<(), alloc[2182bb758b4b3781]::string::String>, fn() -> core[df12db4294e9bfd3]::result::Result<(), alloc[2182bb758b4b3781]::string::String>>
[INFO] [stdout]   21:     0x611ce5c728c5 - test[9d35eded1c95d3be]::run_test::{closure#0}
[INFO] [stdout]   22:     0x611ce5c6c184 - std[70759c8f55707aa4]::sys::backtrace::__rust_begin_short_backtrace::<test[9d35eded1c95d3be]::run_test::{closure#1}, ()>
[INFO] [stdout]   23:     0x611ce5c75a22 - <std[70759c8f55707aa4]::thread::lifecycle::spawn_unchecked<test[9d35eded1c95d3be]::run_test::{closure#1}, ()>::{closure#1} as core[df12db4294e9bfd3]::ops::function::FnOnce<()>>::call_once::{shim:vtable#0}
[INFO] [stdout]   24:     0x611ce5d65e39 - <std[70759c8f55707aa4]::sys::thread::unix::Thread>::new::thread_start
[INFO] [stdout]   25:     0x7fef7b81edfa - <unknown>
[INFO] [stdout]   26:     0x7fef7b8b23d4 - clone
[INFO] [stdout]   27:                0x0 - <unknown>
[INFO] [stdout] 
[INFO] [stdout] ---- title_capitalization_follows_php_rules stdout ----
[INFO] [stdout] 
[INFO] [stdout] thread 'title_capitalization_follows_php_rules' (3447) panicked at tests/validation.rs:37:10:
[INFO] [stdout] called `Result::unwrap()` on an `Err` value: reqwest::Error { kind: Request, url: "https://en.wikipedia.org/w/api.php?action=query&meta=siteinfo&siprop=general|namespaces|namespacealiases|interwikimap&formatversion=2&format=json", source: hyper_util::client::legacy::Error(Connect, ConnectError("dns error", Custom { kind: Uncategorized, error: "failed to lookup address information: Temporary failure in name resolution" })) }
[INFO] [stdout] stack backtrace:
[INFO] [stdout]    0:     0x611ce5d66911 - <<std[70759c8f55707aa4]::sys::backtrace::BacktraceLock>::print::DisplayBacktrace as core[df12db4294e9bfd3]::fmt::Display>::fmt
[INFO] [stdout]    1:     0x611ce5d7dd0a - core[df12db4294e9bfd3]::fmt::write
[INFO] [stdout]    2:     0x611ce5d6b87c - <alloc[2182bb758b4b3781]::vec::Vec<u8> as core[df12db4294e9bfd3]::io::write::Write>::write_fmt
[INFO] [stdout]    3:     0x611ce5d418d6 - std[70759c8f55707aa4]::panicking::default_hook::{closure#0}
[INFO] [stdout]    4:     0x611ce5d5e629 - std[70759c8f55707aa4]::panicking::default_hook
[INFO] [stdout]    5:     0x611ce5c71f70 - test[9d35eded1c95d3be]::test_main_inner::<test[9d35eded1c95d3be]::test_main_static::{closure#0}>::{closure#0}
[INFO] [stdout]    6:     0x611ce5d5e952 - std[70759c8f55707aa4]::panicking::panic_with_hook
[INFO] [stdout]    7:     0x611ce5d41982 - std[70759c8f55707aa4]::panicking::panic_handler::{closure#0}
[INFO] [stdout]    8:     0x611ce5d3a589 - std[70759c8f55707aa4]::sys::backtrace::__rust_end_short_backtrace::<std[70759c8f55707aa4]::panicking::panic_handler::{closure#0}, !>
[INFO] [stdout]    9:     0x611ce5d4276d - __rustc[8fa7c3cbc660c2b3]::rust_begin_unwind
[INFO] [stdout]   10:     0x611ce5d7e4ec - core[df12db4294e9bfd3]::panicking::panic_fmt
[INFO] [stdout]   11:     0x611ce5d7e2c2 - core[df12db4294e9bfd3]::result::unwrap_failed
[INFO] [stdout]   12:     0x611ce5862f85 - validation[35c1d6a4c7b590df]::codec::{closure#0}
[INFO] [stdout]   13:     0x611ce58664f3 - validation[35c1d6a4c7b590df]::title_capitalization_follows_php_rules::{closure#0}
[INFO] [stdout]   14:     0x611ce5888683 - <tokio[ea3c92df2164accc]::runtime::scheduler::current_thread::Context>::enter::<core[df12db4294e9bfd3]::task::poll::Poll<()>, <tokio[ea3c92df2164accc]::runtime::scheduler::current_thread::CoreGuard>::block_on<core[df12db4294e9bfd3]::pin::Pin<&mut core[df12db4294e9bfd3]::pin::Pin<&mut dyn core[df12db4294e9bfd3]::future::future::Future<Output = ()>>>>::{closure#0}::{closure#0}>
[INFO] [stdout]   15:     0x611ce5880f8c - <tokio[ea3c92df2164accc]::runtime::context::scoped::Scoped<tokio[ea3c92df2164accc]::runtime::scheduler::Context>>::set::<<tokio[ea3c92df2164accc]::runtime::scheduler::current_thread::CoreGuard>::enter<<tokio[ea3c92df2164accc]::runtime::scheduler::current_thread::CoreGuard>::block_on<core[df12db4294e9bfd3]::pin::Pin<&mut core[df12db4294e9bfd3]::pin::Pin<&mut dyn core[df12db4294e9bfd3]::future::future::Future<Output = ()>>>>::{closure#0}, core[df12db4294e9bfd3]::option::Option<()>>::{closure#0}, (alloc[2182bb758b4b3781]::boxed::Box<tokio[ea3c92df2164accc]::runtime::scheduler::current_thread::Core>, core[df12db4294e9bfd3]::option::Option<()>)>
[INFO] [stdout]   16:     0x611ce58889d7 - <tokio[ea3c92df2164accc]::runtime::scheduler::current_thread::CoreGuard>::block_on::<core[df12db4294e9bfd3]::pin::Pin<&mut core[df12db4294e9bfd3]::pin::Pin<&mut dyn core[df12db4294e9bfd3]::future::future::Future<Output = ()>>>>
[INFO] [stdout]   17:     0x611ce587e240 - tokio[ea3c92df2164accc]::runtime::context::runtime::enter_runtime::<<tokio[ea3c92df2164accc]::runtime::scheduler::current_thread::CurrentThread>::block_on<core[df12db4294e9bfd3]::pin::Pin<&mut dyn core[df12db4294e9bfd3]::future::future::Future<Output = ()>>>::{closure#0}, ()>
[INFO] [stdout]   18:     0x611ce5886005 - <tokio[ea3c92df2164accc]::runtime::runtime::Runtime>::block_on::<core[df12db4294e9bfd3]::pin::Pin<&mut dyn core[df12db4294e9bfd3]::future::future::Future<Output = ()>>>
[INFO] [stdout]   19:     0x611ce586f64d - <validation[35c1d6a4c7b590df]::title_capitalization_follows_php_rules::{closure#0} as core[df12db4294e9bfd3]::ops::function::FnOnce<()>>::call_once
[INFO] [stdout]   20:     0x611ce5c6525b - test[9d35eded1c95d3be]::__rust_begin_short_backtrace::<core[df12db4294e9bfd3]::result::Result<(), alloc[2182bb758b4b3781]::string::String>, fn() -> core[df12db4294e9bfd3]::result::Result<(), alloc[2182bb758b4b3781]::string::String>>
[INFO] [stdout]   21:     0x611ce5c728c5 - test[9d35eded1c95d3be]::run_test::{closure#0}
[INFO] [stdout]   22:     0x611ce5c6c184 - std[70759c8f55707aa4]::sys::backtrace::__rust_begin_short_backtrace::<test[9d35eded1c95d3be]::run_test::{closure#1}, ()>
[INFO] [stdout]   23:     0x611ce5c75a22 - <std[70759c8f55707aa4]::thread::lifecycle::spawn_unchecked<test[9d35eded1c95d3be]::run_test::{closure#1}, ()>::{closure#1} as core[df12db4294e9bfd3]::ops::function::FnOnce<()>>::call_once::{shim:vtable#0}
[INFO] [stdout]   24:     0x611ce5d65e39 - <std[70759c8f55707aa4]::sys::thread::unix::Thread>::new::thread_start
[INFO] [stdout]   25:     0x7fef7b81edfa - <unknown>
[INFO] [stdout]   26:     0x7fef7b8b23d4 - clone
[INFO] [stdout]   27:                0x0 - <unknown>
[INFO] [stdout] 
[INFO] [stdout] ---- title_length_constraints_apply_to_database_page_title stdout ----
[INFO] [stdout] 
[INFO] [stdout] thread 'title_length_constraints_apply_to_database_page_title' (3449) panicked at tests/validation.rs:37:10:
[INFO] [stdout] called `Result::unwrap()` on an `Err` value: reqwest::Error { kind: Request, url: "https://en.wikipedia.org/w/api.php?action=query&meta=siteinfo&siprop=general|namespaces|namespacealiases|interwikimap&formatversion=2&format=json", source: hyper_util::client::legacy::Error(Connect, ConnectError("dns error", Custom { kind: Uncategorized, error: "failed to lookup address information: Temporary failure in name resolution" })) }
[INFO] [stdout] stack backtrace:
[INFO] [stdout]    0:     0x611ce5d66911 - <<std[70759c8f55707aa4]::sys::backtrace::BacktraceLock>::print::DisplayBacktrace as core[df12db4294e9bfd3]::fmt::Display>::fmt
[INFO] [stdout]    1:     0x611ce5d7dd0a - core[df12db4294e9bfd3]::fmt::write
[INFO] [stdout]    2:     0x611ce5d6b87c - <alloc[2182bb758b4b3781]::vec::Vec<u8> as core[df12db4294e9bfd3]::io::write::Write>::write_fmt
[INFO] [stdout]    3:     0x611ce5d418d6 - std[70759c8f55707aa4]::panicking::default_hook::{closure#0}
[INFO] [stdout]    4:     0x611ce5d5e629 - std[70759c8f55707aa4]::panicking::default_hook
[INFO] [stdout]    5:     0x611ce5c71f70 - test[9d35eded1c95d3be]::test_main_inner::<test[9d35eded1c95d3be]::test_main_static::{closure#0}>::{closure#0}
[INFO] [stdout]    6:     0x611ce5d5e952 - std[70759c8f55707aa4]::panicking::panic_with_hook
[INFO] [stdout]    7:     0x611ce5d41982 - std[70759c8f55707aa4]::panicking::panic_handler::{closure#0}
[INFO] [stdout]    8:     0x611ce5d3a589 - std[70759c8f55707aa4]::sys::backtrace::__rust_end_short_backtrace::<std[70759c8f55707aa4]::panicking::panic_handler::{closure#0}, !>
[INFO] [stdout]    9:     0x611ce5d4276d - __rustc[8fa7c3cbc660c2b3]::rust_begin_unwind
[INFO] [stdout]   10:     0x611ce5d7e4ec - core[df12db4294e9bfd3]::panicking::panic_fmt
[INFO] [stdout]   11:     0x611ce5d7e2c2 - core[df12db4294e9bfd3]::result::unwrap_failed
[INFO] [stdout]   12:     0x611ce5862f85 - validation[35c1d6a4c7b590df]::codec::{closure#0}
[INFO] [stdout]   13:     0x611ce58684e6 - validation[35c1d6a4c7b590df]::title_length_constraints_apply_to_database_page_title::{closure#0}
[INFO] [stdout]   14:     0x611ce5888683 - <tokio[ea3c92df2164accc]::runtime::scheduler::current_thread::Context>::enter::<core[df12db4294e9bfd3]::task::poll::Poll<()>, <tokio[ea3c92df2164accc]::runtime::scheduler::current_thread::CoreGuard>::block_on<core[df12db4294e9bfd3]::pin::Pin<&mut core[df12db4294e9bfd3]::pin::Pin<&mut dyn core[df12db4294e9bfd3]::future::future::Future<Output = ()>>>>::{closure#0}::{closure#0}>
[INFO] [stdout]   15:     0x611ce5880f8c - <tokio[ea3c92df2164accc]::runtime::context::scoped::Scoped<tokio[ea3c92df2164accc]::runtime::scheduler::Context>>::set::<<tokio[ea3c92df2164accc]::runtime::scheduler::current_thread::CoreGuard>::enter<<tokio[ea3c92df2164accc]::runtime::scheduler::current_thread::CoreGuard>::block_on<core[df12db4294e9bfd3]::pin::Pin<&mut core[df12db4294e9bfd3]::pin::Pin<&mut dyn core[df12db4294e9bfd3]::future::future::Future<Output = ()>>>>::{closure#0}, core[df12db4294e9bfd3]::option::Option<()>>::{closure#0}, (alloc[2182bb758b4b3781]::boxed::Box<tokio[ea3c92df2164accc]::runtime::scheduler::current_thread::Core>, core[df12db4294e9bfd3]::option::Option<()>)>
[INFO] [stdout]   16:     0x611ce58889d7 - <tokio[ea3c92df2164accc]::runtime::scheduler::current_thread::CoreGuard>::block_on::<core[df12db4294e9bfd3]::pin::Pin<&mut core[df12db4294e9bfd3]::pin::Pin<&mut dyn core[df12db4294e9bfd3]::future::future::Future<Output = ()>>>>
[INFO] [stdout]   17:     0x611ce587e240 - tokio[ea3c92df2164accc]::runtime::context::runtime::enter_runtime::<<tokio[ea3c92df2164accc]::runtime::scheduler::current_thread::CurrentThread>::block_on<core[df12db4294e9bfd3]::pin::Pin<&mut dyn core[df12db4294e9bfd3]::future::future::Future<Output = ()>>>::{closure#0}, ()>
[INFO] [stdout]   18:     0x611ce5886005 - <tokio[ea3c92df2164accc]::runtime::runtime::Runtime>::block_on::<core[df12db4294e9bfd3]::pin::Pin<&mut dyn core[df12db4294e9bfd3]::future::future::Future<Output = ()>>>
[INFO] [stdout]   19:     0x611ce587024e - <validation[35c1d6a4c7b590df]::title_length_constraints_apply_to_database_page_title::{closure#0} as core[df12db4294e9bfd3]::ops::function::FnOnce<()>>::call_once
[INFO] [stdout]   20:     0x611ce5c6525b - test[9d35eded1c95d3be]::__rust_begin_short_backtrace::<core[df12db4294e9bfd3]::result::Result<(), alloc[2182bb758b4b3781]::string::String>, fn() -> core[df12db4294e9bfd3]::result::Result<(), alloc[2182bb758b4b3781]::string::String>>
[INFO] [stdout]   21:     0x611ce5c728c5 - test[9d35eded1c95d3be]::run_test::{closure#0}
[INFO] [stdout]   22:     0x611ce5c6c184 - std[70759c8f55707aa4]::sys::backtrace::__rust_begin_short_backtrace::<test[9d35eded1c95d3be]::run_test::{closure#1}, ()>
[INFO] [stdout]   23:     0x611ce5c75a22 - <std[70759c8f55707aa4]::thread::lifecycle::spawn_unchecked<test[9d35eded1c95d3be]::run_test::{closure#1}, ()>::{closure#1} as core[df12db4294e9bfd3]::ops::function::FnOnce<()>>::call_once::{shim:vtable#0}
[INFO] [stdout]   24:     0x611ce5d65e39 - <std[70759c8f55707aa4]::sys::thread::unix::Thread>::new::thread_start
[INFO] [stdout]   25:     0x7fef7b81edfa - <unknown>
[INFO] [stdout]   26:     0x7fef7b8b23d4 - clone
[INFO] [stdout]   27:                0x0 - <unknown>
[INFO] [stdout] 
[INFO] [stdout] ---- title_parses_identically_after_leading_and_trailing_whitespace_is_added stdout ----
[INFO] [stdout] 
[INFO] [stdout] thread 'title_parses_identically_after_leading_and_trailing_whitespace_is_added' (3451) panicked at tests/validation.rs:37:10:
[INFO] [stdout] called `Result::unwrap()` on an `Err` value: reqwest::Error { kind: Request, url: "https://en.wikipedia.org/w/api.php?action=query&meta=siteinfo&siprop=general|namespaces|namespacealiases|interwikimap&formatversion=2&format=json", source: hyper_util::client::legacy::Error(Connect, ConnectError("dns error", Custom { kind: Uncategorized, error: "failed to lookup address information: Temporary failure in name resolution" })) }
[INFO] [stdout] stack backtrace:
[INFO] [stdout]    0:     0x611ce5d66911 - <<std[70759c8f55707aa4]::sys::backtrace::BacktraceLock>::print::DisplayBacktrace as core[df12db4294e9bfd3]::fmt::Display>::fmt
[INFO] [stdout]    1:     0x611ce5d7dd0a - core[df12db4294e9bfd3]::fmt::write
[INFO] [stdout]    2:     0x611ce5d6b87c - <alloc[2182bb758b4b3781]::vec::Vec<u8> as core[df12db4294e9bfd3]::io::write::Write>::write_fmt
[INFO] [stdout]    3:     0x611ce5d418d6 - std[70759c8f55707aa4]::panicking::default_hook::{closure#0}
[INFO] [stdout]    4:     0x611ce5d5e629 - std[70759c8f55707aa4]::panicking::default_hook
[INFO] [stdout]    5:     0x611ce5c71f70 - test[9d35eded1c95d3be]::test_main_inner::<test[9d35eded1c95d3be]::test_main_static::{closure#0}>::{closure#0}
[INFO] [stdout]    6:     0x611ce5d5e952 - std[70759c8f55707aa4]::panicking::panic_with_hook
[INFO] [stdout]    7:     0x611ce5d41982 - std[70759c8f55707aa4]::panicking::panic_handler::{closure#0}
[INFO] [stdout]    8:     0x611ce5d3a589 - std[70759c8f55707aa4]::sys::backtrace::__rust_end_short_backtrace::<std[70759c8f55707aa4]::panicking::panic_handler::{closure#0}, !>
[INFO] [stdout]    9:     0x611ce5d4276d - __rustc[8fa7c3cbc660c2b3]::rust_begin_unwind
[INFO] [stdout]   10:     0x611ce5d7e4ec - core[df12db4294e9bfd3]::panicking::panic_fmt
[INFO] [stdout]   11:     0x611ce5d7e2c2 - core[df12db4294e9bfd3]::result::unwrap_failed
[INFO] [stdout]   12:     0x611ce5862f85 - validation[35c1d6a4c7b590df]::codec::{closure#0}
[INFO] [stdout]   13:     0x611ce586d8e5 - validation[35c1d6a4c7b590df]::title_parses_identically_after_leading_and_trailing_whitespace_is_added::{closure#0}
[INFO] [stdout]   14:     0x611ce5888683 - <tokio[ea3c92df2164accc]::runtime::scheduler::current_thread::Context>::enter::<core[df12db4294e9bfd3]::task::poll::Poll<()>, <tokio[ea3c92df2164accc]::runtime::scheduler::current_thread::CoreGuard>::block_on<core[df12db4294e9bfd3]::pin::Pin<&mut core[df12db4294e9bfd3]::pin::Pin<&mut dyn core[df12db4294e9bfd3]::future::future::Future<Output = ()>>>>::{closure#0}::{closure#0}>
[INFO] [stdout]   15:     0x611ce5880f8c - <tokio[ea3c92df2164accc]::runtime::context::scoped::Scoped<tokio[ea3c92df2164accc]::runtime::scheduler::Context>>::set::<<tokio[ea3c92df2164accc]::runtime::scheduler::current_thread::CoreGuard>::enter<<tokio[ea3c92df2164accc]::runtime::scheduler::current_thread::CoreGuard>::block_on<core[df12db4294e9bfd3]::pin::Pin<&mut core[df12db4294e9bfd3]::pin::Pin<&mut dyn core[df12db4294e9bfd3]::future::future::Future<Output = ()>>>>::{closure#0}, core[df12db4294e9bfd3]::option::Option<()>>::{closure#0}, (alloc[2182bb758b4b3781]::boxed::Box<tokio[ea3c92df2164accc]::runtime::scheduler::current_thread::Core>, core[df12db4294e9bfd3]::option::Option<()>)>
[INFO] [stdout]   16:     0x611ce58889d7 - <tokio[ea3c92df2164accc]::runtime::scheduler::current_thread::CoreGuard>::block_on::<core[df12db4294e9bfd3]::pin::Pin<&mut core[df12db4294e9bfd3]::pin::Pin<&mut dyn core[df12db4294e9bfd3]::future::future::Future<Output = ()>>>>
[INFO] [stdout]   17:     0x611ce587e240 - tokio[ea3c92df2164accc]::runtime::context::runtime::enter_runtime::<<tokio[ea3c92df2164accc]::runtime::scheduler::current_thread::CurrentThread>::block_on<core[df12db4294e9bfd3]::pin::Pin<&mut dyn core[df12db4294e9bfd3]::future::future::Future<Output = ()>>>::{closure#0}, ()>
[INFO] [stdout]   18:     0x611ce5886005 - <tokio[ea3c92df2164accc]::runtime::runtime::Runtime>::block_on::<core[df12db4294e9bfd3]::pin::Pin<&mut dyn core[df12db4294e9bfd3]::future::future::Future<Output = ()>>>
[INFO] [stdout]   19:     0x611ce58711fe - <validation[35c1d6a4c7b590df]::title_parses_identically_after_leading_and_trailing_whitespace_is_added::{closure#0} as core[df12db4294e9bfd3]::ops::function::FnOnce<()>>::call_once
[INFO] [stdout]   20:     0x611ce5c6525b - test[9d35eded1c95d3be]::__rust_begin_short_backtrace::<core[df12db4294e9bfd3]::result::Result<(), alloc[2182bb758b4b3781]::string::String>, fn() -> core[df12db4294e9bfd3]::result::Result<(), alloc[2182bb758b4b3781]::string::String>>
[INFO] [stdout]   21:     0x611ce5c728c5 - test[9d35eded1c95d3be]::run_test::{closure#0}
[INFO] [stdout]   22:     0x611ce5c6c184 - std[70759c8f55707aa4]::sys::backtrace::__rust_begin_short_backtrace::<test[9d35eded1c95d3be]::run_test::{closure#1}, ()>
[INFO] [stdout]   23:     0x611ce5c75a22 - <std[70759c8f55707aa4]::thread::lifecycle::spawn_unchecked<test[9d35eded1c95d3be]::run_test::{closure#1}, ()>::{closure#1} as core[df12db4294e9bfd3]::ops::function::FnOnce<()>>::call_once::{shim:vtable#0}
[INFO] [stdout]   24:     0x611ce5d65e39 - <std[70759c8f55707aa4]::sys::thread::unix::Thread>::new::thread_start
[INFO] [stdout]   25:     0x7fef7b81edfa - <unknown>
[INFO] [stdout]   26:     0x7fef7b8b23d4 - clone
[INFO] [stdout]   27:                0x0 - <unknown>
[INFO] [stdout] 
[INFO] [stdout] ---- title_with_local_interwiki_is_capitalized_according_to_namespace stdout ----
[INFO] [stdout] 
[INFO] [stdout] thread 'title_with_local_interwiki_is_capitalized_according_to_namespace' (3453) panicked at tests/validation.rs:37:10:
[INFO] [stdout] called `Result::unwrap()` on an `Err` value: reqwest::Error { kind: Request, url: "https://en.wikipedia.org/w/api.php?action=query&meta=siteinfo&siprop=general|namespaces|namespacealiases|interwikimap&formatversion=2&format=json", source: hyper_util::client::legacy::Error(Connect, ConnectError("dns error", Custom { kind: Uncategorized, error: "failed to lookup address information: Temporary failure in name resolution" })) }
[INFO] [stdout] stack backtrace:
[INFO] [stdout]    0:     0x611ce5d66911 - <<std[70759c8f55707aa4]::sys::backtrace::BacktraceLock>::print::DisplayBacktrace as core[df12db4294e9bfd3]::fmt::Display>::fmt
[INFO] [stdout]    1:     0x611ce5d7dd0a - core[df12db4294e9bfd3]::fmt::write
[INFO] [stdout]    2:     0x611ce5d6b87c - <alloc[2182bb758b4b3781]::vec::Vec<u8> as core[df12db4294e9bfd3]::io::write::Write>::write_fmt
[INFO] [stdout]    3:     0x611ce5d418d6 - std[70759c8f55707aa4]::panicking::default_hook::{closure#0}
[INFO] [stdout]    4:     0x611ce5d5e629 - std[70759c8f55707aa4]::panicking::default_hook
[INFO] [stdout]    5:     0x611ce5c71f70 - test[9d35eded1c95d3be]::test_main_inner::<test[9d35eded1c95d3be]::test_main_static::{closure#0}>::{closure#0}
[INFO] [stdout]    6:     0x611ce5d5e952 - std[70759c8f55707aa4]::panicking::panic_with_hook
[INFO] [stdout]    7:     0x611ce5d41982 - std[70759c8f55707aa4]::panicking::panic_handler::{closure#0}
[INFO] [stdout]    8:     0x611ce5d3a589 - std[70759c8f55707aa4]::sys::backtrace::__rust_end_short_backtrace::<std[70759c8f55707aa4]::panicking::panic_handler::{closure#0}, !>
[INFO] [stdout]    9:     0x611ce5d4276d - __rustc[8fa7c3cbc660c2b3]::rust_begin_unwind
[INFO] [stdout]   10:     0x611ce5d7e4ec - core[df12db4294e9bfd3]::panicking::panic_fmt
[INFO] [stdout]   11:     0x611ce5d7e2c2 - core[df12db4294e9bfd3]::result::unwrap_failed
[INFO] [stdout]   12:     0x611ce5862f85 - validation[35c1d6a4c7b590df]::codec::{closure#0}
[INFO] [stdout]   13:     0x611ce586b448 - validation[35c1d6a4c7b590df]::title_with_local_interwiki_is_capitalized_according_to_namespace::{closure#0}
[INFO] [stdout]   14:     0x611ce5888683 - <tokio[ea3c92df2164accc]::runtime::scheduler::current_thread::Context>::enter::<core[df12db4294e9bfd3]::task::poll::Poll<()>, <tokio[ea3c92df2164accc]::runtime::scheduler::current_thread::CoreGuard>::block_on<core[df12db4294e9bfd3]::pin::Pin<&mut core[df12db4294e9bfd3]::pin::Pin<&mut dyn core[df12db4294e9bfd3]::future::future::Future<Output = ()>>>>::{closure#0}::{closure#0}>
[INFO] [stdout]   15:     0x611ce5880f8c - <tokio[ea3c92df2164accc]::runtime::context::scoped::Scoped<tokio[ea3c92df2164accc]::runtime::scheduler::Context>>::set::<<tokio[ea3c92df2164accc]::runtime::scheduler::current_thread::CoreGuard>::enter<<tokio[ea3c92df2164accc]::runtime::scheduler::current_thread::CoreGuard>::block_on<core[df12db4294e9bfd3]::pin::Pin<&mut core[df12db4294e9bfd3]::pin::Pin<&mut dyn core[df12db4294e9bfd3]::future::future::Future<Output = ()>>>>::{closure#0}, core[df12db4294e9bfd3]::option::Option<()>>::{closure#0}, (alloc[2182bb758b4b3781]::boxed::Box<tokio[ea3c92df2164accc]::runtime::scheduler::current_thread::Core>, core[df12db4294e9bfd3]::option::Option<()>)>
[INFO] [stdout]   16:     0x611ce58889d7 - <tokio[ea3c92df2164accc]::runtime::scheduler::current_thread::CoreGuard>::block_on::<core[df12db4294e9bfd3]::pin::Pin<&mut core[df12db4294e9bfd3]::pin::Pin<&mut dyn core[df12db4294e9bfd3]::future::future::Future<Output = ()>>>>
[INFO] [stdout]   17:     0x611ce587e240 - tokio[ea3c92df2164accc]::runtime::context::runtime::enter_runtime::<<tokio[ea3c92df2164accc]::runtime::scheduler::current_thread::CurrentThread>::block_on<core[df12db4294e9bfd3]::pin::Pin<&mut dyn core[df12db4294e9bfd3]::future::future::Future<Output = ()>>>::{closure#0}, ()>
[INFO] [stdout]   18:     0x611ce5886005 - <tokio[ea3c92df2164accc]::runtime::runtime::Runtime>::block_on::<core[df12db4294e9bfd3]::pin::Pin<&mut dyn core[df12db4294e9bfd3]::future::future::Future<Output = ()>>>
[INFO] [stdout]   19:     0x611ce5870bfe - <validation[35c1d6a4c7b590df]::title_with_local_interwiki_is_capitalized_according_to_namespace::{closure#0} as core[df12db4294e9bfd3]::ops::function::FnOnce<()>>::call_once
[INFO] [stdout]   20:     0x611ce5c6525b - test[9d35eded1c95d3be]::__rust_begin_short_backtrace::<core[df12db4294e9bfd3]::result::Result<(), alloc[2182bb758b4b3781]::string::String>, fn() -> core[df12db4294e9bfd3]::result::Result<(), alloc[2182bb758b4b3781]::string::String>>
[INFO] [stdout]   21:     0x611ce5c728c5 - test[9d35eded1c95d3be]::run_test::{closure#0}
[INFO] [stdout]   22:     0x611ce5c6c184 - std[70759c8f55707aa4]::sys::backtrace::__rust_begin_short_backtrace::<test[9d35eded1c95d3be]::run_test::{closure#1}, ()>
[INFO] [stdout]   23:     0x611ce5c75a22 - <std[70759c8f55707aa4]::thread::lifecycle::spawn_unchecked<test[9d35eded1c95d3be]::run_test::{closure#1}, ()>::{closure#1} as core[df12db4294e9bfd3]::ops::function::FnOnce<()>>::call_once::{shim:vtable#0}
[INFO] [stdout]   24:     0x611ce5d65e39 - <std[70759c8f55707aa4]::sys::thread::unix::Thread>::new::thread_start
[INFO] [stdout]   25:     0x7fef7b81edfa - <unknown>
[INFO] [stdout]   26:     0x7fef7b8b23d4 - clone
[INFO] [stdout]   27:                0x0 - <unknown>
[INFO] [stdout] 
[INFO] [stdout] ---- titles_that_cannot_roundtrip_from_talk_to_main_and_back_are_rejected stdout ----
[INFO] [stdout] 
[INFO] [stdout] thread 'titles_that_cannot_roundtrip_from_talk_to_main_and_back_are_rejected' (3455) panicked at tests/validation.rs:37:10:
[INFO] [stdout] called `Result::unwrap()` on an `Err` value: reqwest::Error { kind: Request, url: "https://en.wikipedia.org/w/api.php?action=query&meta=siteinfo&siprop=general|namespaces|namespacealiases|interwikimap&formatversion=2&format=json", source: hyper_util::client::legacy::Error(Connect, ConnectError("dns error", Custom { kind: Uncategorized, error: "failed to lookup address information: Temporary failure in name resolution" })) }
[INFO] [stdout] stack backtrace:
[INFO] [stdout]    0:     0x611ce5d66911 - <<std[70759c8f55707aa4]::sys::backtrace::BacktraceLock>::print::DisplayBacktrace as core[df12db4294e9bfd3]::fmt::Display>::fmt
[INFO] [stdout]    1:     0x611ce5d7dd0a - core[df12db4294e9bfd3]::fmt::write
[INFO] [stdout]    2:     0x611ce5d6b87c - <alloc[2182bb758b4b3781]::vec::Vec<u8> as core[df12db4294e9bfd3]::io::write::Write>::write_fmt
[INFO] [stdout]    3:     0x611ce5d418d6 - std[70759c8f55707aa4]::panicking::default_hook::{closure#0}
[INFO] [stdout]    4:     0x611ce5d5e629 - std[70759c8f55707aa4]::panicking::default_hook
[INFO] [stdout]    5:     0x611ce5c71f70 - test[9d35eded1c95d3be]::test_main_inner::<test[9d35eded1c95d3be]::test_main_static::{closure#0}>::{closure#0}
[INFO] [stdout]    6:     0x611ce5d5e952 - std[70759c8f55707aa4]::panicking::panic_with_hook
[INFO] [stdout]    7:     0x611ce5d41982 - std[70759c8f55707aa4]::panicking::panic_handler::{closure#0}
[INFO] [stdout]    8:     0x611ce5d3a589 - std[70759c8f55707aa4]::sys::backtrace::__rust_end_short_backtrace::<std[70759c8f55707aa4]::panicking::panic_handler::{closure#0}, !>
[INFO] [stdout]    9:     0x611ce5d4276d - __rustc[8fa7c3cbc660c2b3]::rust_begin_unwind
[INFO] [stdout]   10:     0x611ce5d7e4ec - core[df12db4294e9bfd3]::panicking::panic_fmt
[INFO] [stdout]   11:     0x611ce5d7e2c2 - core[df12db4294e9bfd3]::result::unwrap_failed
[INFO] [stdout]   12:     0x611ce5862f85 - validation[35c1d6a4c7b590df]::codec::{closure#0}
[INFO] [stdout]   13:     0x611ce586c783 - validation[35c1d6a4c7b590df]::titles_that_cannot_roundtrip_from_talk_to_main_and_back_are_rejected::{closure#0}
[INFO] [stdout]   14:     0x611ce5888683 - <tokio[ea3c92df2164accc]::runtime::scheduler::current_thread::Context>::enter::<core[df12db4294e9bfd3]::task::poll::Poll<()>, <tokio[ea3c92df2164accc]::runtime::scheduler::current_thread::CoreGuard>::block_on<core[df12db4294e9bfd3]::pin::Pin<&mut core[df12db4294e9bfd3]::pin::Pin<&mut dyn core[df12db4294e9bfd3]::future::future::Future<Output = ()>>>>::{closure#0}::{closure#0}>
[INFO] [stdout]   15:     0x611ce5880f8c - <tokio[ea3c92df2164accc]::runtime::context::scoped::Scoped<tokio[ea3c92df2164accc]::runtime::scheduler::Context>>::set::<<tokio[ea3c92df2164accc]::runtime::scheduler::current_thread::CoreGuard>::enter<<tokio[ea3c92df2164accc]::runtime::scheduler::current_thread::CoreGuard>::block_on<core[df12db4294e9bfd3]::pin::Pin<&mut core[df12db4294e9bfd3]::pin::Pin<&mut dyn core[df12db4294e9bfd3]::future::future::Future<Output = ()>>>>::{closure#0}, core[df12db4294e9bfd3]::option::Option<()>>::{closure#0}, (alloc[2182bb758b4b3781]::boxed::Box<tokio[ea3c92df2164accc]::runtime::scheduler::current_thread::Core>, core[df12db4294e9bfd3]::option::Option<()>)>
[INFO] [stdout]   16:     0x611ce58889d7 - <tokio[ea3c92df2164accc]::runtime::scheduler::current_thread::CoreGuard>::block_on::<core[df12db4294e9bfd3]::pin::Pin<&mut core[df12db4294e9bfd3]::pin::Pin<&mut dyn core[df12db4294e9bfd3]::future::future::Future<Output = ()>>>>
[INFO] [stdout]   17:     0x611ce587e240 - tokio[ea3c92df2164accc]::runtime::context::runtime::enter_runtime::<<tokio[ea3c92df2164accc]::runtime::scheduler::current_thread::CurrentThread>::block_on<core[df12db4294e9bfd3]::pin::Pin<&mut dyn core[df12db4294e9bfd3]::future::future::Future<Output = ()>>>::{closure#0}, ()>
[INFO] [stdout]   18:     0x611ce5886005 - <tokio[ea3c92df2164accc]::runtime::runtime::Runtime>::block_on::<core[df12db4294e9bfd3]::pin::Pin<&mut dyn core[df12db4294e9bfd3]::future::future::Future<Output = ()>>>
[INFO] [stdout]   19:     0x611ce5870efe - <validation[35c1d6a4c7b590df]::titles_that_cannot_roundtrip_from_talk_to_main_and_back_are_rejected::{closure#0} as core[df12db4294e9bfd3]::ops::function::FnOnce<()>>::call_once
[INFO] [stdout]   20:     0x611ce5c6525b - test[9d35eded1c95d3be]::__rust_begin_short_backtrace::<core[df12db4294e9bfd3]::result::Result<(), alloc[2182bb758b4b3781]::string::String>, fn() -> core[df12db4294e9bfd3]::result::Result<(), alloc[2182bb758b4b3781]::string::String>>
[INFO] [stdout]   21:     0x611ce5c728c5 - test[9d35eded1c95d3be]::run_test::{closure#0}
[INFO] [stdout]   22:     0x611ce5c6c184 - std[70759c8f55707aa4]::sys::backtrace::__rust_begin_short_backtrace::<test[9d35eded1c95d3be]::run_test::{closure#1}, ()>
[INFO] [stdout]   23:     0x611ce5c75a22 - <std[70759c8f55707aa4]::thread::lifecycle::spawn_unchecked<test[9d35eded1c95d3be]::run_test::{closure#1}, ()>::{closure#1} as core[df12db4294e9bfd3]::ops::function::FnOnce<()>>::call_once::{shim:vtable#0}
[INFO] [stdout]   24:     0x611ce5d65e39 - <std[70759c8f55707aa4]::sys::thread::unix::Thread>::new::thread_start
[INFO] [stdout]   25:     0x7fef7b81edfa - <unknown>
[INFO] [stdout]   26:     0x7fef7b8b23d4 - clone
[INFO] [stdout]   27:                0x0 - <unknown>
[INFO] [stdout] 
[INFO] [stdout] ---- titles_with_fake_namespaces_arent_trimmed_or_capitalized_after_colon stdout ----
[INFO] [stdout] 
[INFO] [stdout] thread 'titles_with_fake_namespaces_arent_trimmed_or_capitalized_after_colon' (3457) panicked at tests/validation.rs:37:10:
[INFO] [stdout] called `Result::unwrap()` on an `Err` value: reqwest::Error { kind: Request, url: "https://en.wikipedia.org/w/api.php?action=query&meta=siteinfo&siprop=general|namespaces|namespacealiases|interwikimap&formatversion=2&format=json", source: hyper_util::client::legacy::Error(Connect, ConnectError("dns error", Custom { kind: Uncategorized, error: "failed to lookup address information: Temporary failure in name resolution" })) }
[INFO] [stdout] stack backtrace:
[INFO] [stdout]    0:     0x611ce5d66911 - <<std[70759c8f55707aa4]::sys::backtrace::BacktraceLock>::print::DisplayBacktrace as core[df12db4294e9bfd3]::fmt::Display>::fmt
[INFO] [stdout]    1:     0x611ce5d7dd0a - core[df12db4294e9bfd3]::fmt::write
[INFO] [stdout]    2:     0x611ce5d6b87c - <alloc[2182bb758b4b3781]::vec::Vec<u8> as core[df12db4294e9bfd3]::io::write::Write>::write_fmt
[INFO] [stdout]    3:     0x611ce5d418d6 - std[70759c8f55707aa4]::panicking::default_hook::{closure#0}
[INFO] [stdout]    4:     0x611ce5d5e629 - std[70759c8f55707aa4]::panicking::default_hook
[INFO] [stdout]    5:     0x611ce5c71f70 - test[9d35eded1c95d3be]::test_main_inner::<test[9d35eded1c95d3be]::test_main_static::{closure#0}>::{closure#0}
[INFO] [stdout]    6:     0x611ce5d5e952 - std[70759c8f55707aa4]::panicking::panic_with_hook
[INFO] [stdout]    7:     0x611ce5d41982 - std[70759c8f55707aa4]::panicking::panic_handler::{closure#0}
[INFO] [stdout]    8:     0x611ce5d3a589 - std[70759c8f55707aa4]::sys::backtrace::__rust_end_short_backtrace::<std[70759c8f55707aa4]::panicking::panic_handler::{closure#0}, !>
[INFO] [stdout]    9:     0x611ce5d4276d - __rustc[8fa7c3cbc660c2b3]::rust_begin_unwind
[INFO] [stdout]   10:     0x611ce5d7e4ec - core[df12db4294e9bfd3]::panicking::panic_fmt
[INFO] [stdout]   11:     0x611ce5d7e2c2 - core[df12db4294e9bfd3]::result::unwrap_failed
[INFO] [stdout]   12:     0x611ce5862f85 - validation[35c1d6a4c7b590df]::codec::{closure#0}
[INFO] [stdout]   13:     0x611ce586ce76 - validation[35c1d6a4c7b590df]::titles_with_fake_namespaces_arent_trimmed_or_capitalized_after_colon::{closure#0}
[INFO] [stdout]   14:     0x611ce5888683 - <tokio[ea3c92df2164accc]::runtime::scheduler::current_thread::Context>::enter::<core[df12db4294e9bfd3]::task::poll::Poll<()>, <tokio[ea3c92df2164accc]::runtime::scheduler::current_thread::CoreGuard>::block_on<core[df12db4294e9bfd3]::pin::Pin<&mut core[df12db4294e9bfd3]::pin::Pin<&mut dyn core[df12db4294e9bfd3]::future::future::Future<Output = ()>>>>::{closure#0}::{closure#0}>
[INFO] [stdout]   15:     0x611ce5880f8c - <tokio[ea3c92df2164accc]::runtime::context::scoped::Scoped<tokio[ea3c92df2164accc]::runtime::scheduler::Context>>::set::<<tokio[ea3c92df2164accc]::runtime::scheduler::current_thread::CoreGuard>::enter<<tokio[ea3c92df2164accc]::runtime::scheduler::current_thread::CoreGuard>::block_on<core[df12db4294e9bfd3]::pin::Pin<&mut core[df12db4294e9bfd3]::pin::Pin<&mut dyn core[df12db4294e9bfd3]::future::future::Future<Output = ()>>>>::{closure#0}, core[df12db4294e9bfd3]::option::Option<()>>::{closure#0}, (alloc[2182bb758b4b3781]::boxed::Box<tokio[ea3c92df2164accc]::runtime::scheduler::current_thread::Core>, core[df12db4294e9bfd3]::option::Option<()>)>
[INFO] [stdout]   16:     0x611ce58889d7 - <tokio[ea3c92df2164accc]::runtime::scheduler::current_thread::CoreGuard>::block_on::<core[df12db4294e9bfd3]::pin::Pin<&mut core[df12db4294e9bfd3]::pin::Pin<&mut dyn core[df12db4294e9bfd3]::future::future::Future<Output = ()>>>>
[INFO] [stdout]   17:     0x611ce587e240 - tokio[ea3c92df2164accc]::runtime::context::runtime::enter_runtime::<<tokio[ea3c92df2164accc]::runtime::scheduler::current_thread::CurrentThread>::block_on<core[df12db4294e9bfd3]::pin::Pin<&mut dyn core[df12db4294e9bfd3]::future::future::Future<Output = ()>>>::{closure#0}, ()>
[INFO] [stdout]   18:     0x611ce5886005 - <tokio[ea3c92df2164accc]::runtime::runtime::Runtime>::block_on::<core[df12db4294e9bfd3]::pin::Pin<&mut dyn core[df12db4294e9bfd3]::future::future::Future<Output = ()>>>
[INFO] [stdout]   19:     0x611ce587107e - <validation[35c1d6a4c7b590df]::titles_with_fake_namespaces_arent_trimmed_or_capitalized_after_colon::{closure#0} as core[df12db4294e9bfd3]::ops::function::FnOnce<()>>::call_once
[INFO] [stdout]   20:     0x611ce5c6525b - test[9d35eded1c95d3be]::__rust_begin_short_backtrace::<core[df12db4294e9bfd3]::result::Result<(), alloc[2182bb758b4b3781]::string::String>, fn() -> core[df12db4294e9bfd3]::result::Result<(), alloc[2182bb758b4b3781]::string::String>>
[INFO] [stdout]   21:     0x611ce5c728c5 - test[9d35eded1c95d3be]::run_test::{closure#0}
[INFO] [stdout]   22:     0x611ce5c6c184 - std[70759c8f55707aa4]::sys::backtrace::__rust_begin_short_backtrace::<test[9d35eded1c95d3be]::run_test::{closure#1}, ()>
[INFO] [stdout]   23:     0x611ce5c75a22 - <std[70759c8f55707aa4]::thread::lifecycle::spawn_unchecked<test[9d35eded1c95d3be]::run_test::{closure#1}, ()>::{closure#1} as core[df12db4294e9bfd3]::ops::function::FnOnce<()>>::call_once::{shim:vtable#0}
[INFO] [stdout]   24:     0x611ce5d65e39 - <std[70759c8f55707aa4]::sys::thread::unix::Thread>::new::thread_start
[INFO] [stdout]   25:     0x7fef7b81edfa - <unknown>
[INFO] [stdout]   26:     0x7fef7b8b23d4 - clone
[INFO] [stdout]   27:                0x0 - <unknown>
[INFO] [stdout] 
[INFO] [stdout] ---- url_percent_encoding_is_rejected stdout ----
[INFO] [stdout] 
[INFO] [stdout] thread 'url_percent_encoding_is_rejected' (3459) panicked at tests/validation.rs:37:10:
[INFO] [stdout] called `Result::unwrap()` on an `Err` value: reqwest::Error { kind: Request, url: "https://en.wikipedia.org/w/api.php?action=query&meta=siteinfo&siprop=general|namespaces|namespacealiases|interwikimap&formatversion=2&format=json", source: hyper_util::client::legacy::Error(Connect, ConnectError("dns error", Custom { kind: Uncategorized, error: "failed to lookup address information: Temporary failure in name resolution" })) }
[INFO] [stdout] stack backtrace:
[INFO] [stdout]    0:     0x611ce5d66911 - <<std[70759c8f55707aa4]::sys::backtrace::BacktraceLock>::print::DisplayBacktrace as core[df12db4294e9bfd3]::fmt::Display>::fmt
[INFO] [stdout]    1:     0x611ce5d7dd0a - core[df12db4294e9bfd3]::fmt::write
[INFO] [stdout]    2:     0x611ce5d6b87c - <alloc[2182bb758b4b3781]::vec::Vec<u8> as core[df12db4294e9bfd3]::io::write::Write>::write_fmt
[INFO] [stdout]    3:     0x611ce5d418d6 - std[70759c8f55707aa4]::panicking::default_hook::{closure#0}
[INFO] [stdout]    4:     0x611ce5d5e629 - std[70759c8f55707aa4]::panicking::default_hook
[INFO] [stdout]    5:     0x611ce5c71f70 - test[9d35eded1c95d3be]::test_main_inner::<test[9d35eded1c95d3be]::test_main_static::{closure#0}>::{closure#0}
[INFO] [stdout]    6:     0x611ce5d5e952 - std[70759c8f55707aa4]::panicking::panic_with_hook
[INFO] [stdout]    7:     0x611ce5d41982 - std[70759c8f55707aa4]::panicking::panic_handler::{closure#0}
[INFO] [stdout]    8:     0x611ce5d3a589 - std[70759c8f55707aa4]::sys::backtrace::__rust_end_short_backtrace::<std[70759c8f55707aa4]::panicking::panic_handler::{closure#0}, !>
[INFO] [stdout]    9:     0x611ce5d4276d - __rustc[8fa7c3cbc660c2b3]::rust_begin_unwind
[INFO] [stdout]   10:     0x611ce5d7e4ec - core[df12db4294e9bfd3]::panicking::panic_fmt
[INFO] [stdout]   11:     0x611ce5d7e2c2 - core[df12db4294e9bfd3]::result::unwrap_failed
[INFO] [stdout]   12:     0x611ce5862f85 - validation[35c1d6a4c7b590df]::codec::{closure#0}
[INFO] [stdout]   13:     0x611ce585fe25 - validation[35c1d6a4c7b590df]::test_failure::<3usize>::{closure#0}
[INFO] [stdout]   14:     0x611ce5864e63 - validation[35c1d6a4c7b590df]::url_percent_encoding_is_rejected::{closure#0}
[INFO] [stdout]   15:     0x611ce5888683 - <tokio[ea3c92df2164accc]::runtime::scheduler::current_thread::Context>::enter::<core[df12db4294e9bfd3]::task::poll::Poll<()>, <tokio[ea3c92df2164accc]::runtime::scheduler::current_thread::CoreGuard>::block_on<core[df12db4294e9bfd3]::pin::Pin<&mut core[df12db4294e9bfd3]::pin::Pin<&mut dyn core[df12db4294e9bfd3]::future::future::Future<Output = ()>>>>::{closure#0}::{closure#0}>
[INFO] [stdout]   16:     0x611ce5880f8c - <tokio[ea3c92df2164accc]::runtime::context::scoped::Scoped<tokio[ea3c92df2164accc]::runtime::scheduler::Context>>::set::<<tokio[ea3c92df2164accc]::runtime::scheduler::current_thread::CoreGuard>::enter<<tokio[ea3c92df2164accc]::runtime::scheduler::current_thread::CoreGuard>::block_on<core[df12db4294e9bfd3]::pin::Pin<&mut core[df12db4294e9bfd3]::pin::Pin<&mut dyn core[df12db4294e9bfd3]::future::future::Future<Output = ()>>>>::{closure#0}, core[df12db4294e9bfd3]::option::Option<()>>::{closure#0}, (alloc[2182bb758b4b3781]::boxed::Box<tokio[ea3c92df2164accc]::runtime::scheduler::current_thread::Core>, core[df12db4294e9bfd3]::option::Option<()>)>
[INFO] [stdout]   17:     0x611ce58889d7 - <tokio[ea3c92df2164accc]::runtime::scheduler::current_thread::CoreGuard>::block_on::<core[df12db4294e9bfd3]::pin::Pin<&mut core[df12db4294e9bfd3]::pin::Pin<&mut dyn core[df12db4294e9bfd3]::future::future::Future<Output = ()>>>>
[INFO] [stdout]   18:     0x611ce587e240 - tokio[ea3c92df2164accc]::runtime::context::runtime::enter_runtime::<<tokio[ea3c92df2164accc]::runtime::scheduler::current_thread::CurrentThread>::block_on<core[df12db4294e9bfd3]::pin::Pin<&mut dyn core[df12db4294e9bfd3]::future::future::Future<Output = ()>>>::{closure#0}, ()>
[INFO] [stdout]   19:     0x611ce5886005 - <tokio[ea3c92df2164accc]::runtime::runtime::Runtime>::block_on::<core[df12db4294e9bfd3]::pin::Pin<&mut dyn core[df12db4294e9bfd3]::future::future::Future<Output = ()>>>
[INFO] [stdout]   20:     0x611ce586f03e - <validation[35c1d6a4c7b590df]::url_percent_encoding_is_rejected::{closure#0} as core[df12db4294e9bfd3]::ops::function::FnOnce<()>>::call_once
[INFO] [stdout]   21:     0x611ce5c6525b - test[9d35eded1c95d3be]::__rust_begin_short_backtrace::<core[df12db4294e9bfd3]::result::Result<(), alloc[2182bb758b4b3781]::string::String>, fn() -> core[df12db4294e9bfd3]::result::Result<(), alloc[2182bb758b4b3781]::string::String>>
[INFO] [stdout]   22:     0x611ce5c728c5 - test[9d35eded1c95d3be]::run_test::{closure#0}
[INFO] [stdout]   23:     0x611ce5c6c184 - std[70759c8f55707aa4]::sys::backtrace::__rust_begin_short_backtrace::<test[9d35eded1c95d3be]::run_test::{closure#1}, ()>
[INFO] [stdout]   24:     0x611ce5c75a22 - <std[70759c8f55707aa4]::thread::lifecycle::spawn_unchecked<test[9d35eded1c95d3be]::run_test::{closure#1}, ()>::{closure#1} as core[df12db4294e9bfd3]::ops::function::FnOnce<()>>::call_once::{shim:vtable#0}
[INFO] [stdout]   25:     0x611ce5d65e39 - <std[70759c8f55707aa4]::sys::thread::unix::Thread>::new::thread_start
[INFO] [stdout]   26:     0x7fef7b81edfa - <unknown>
[INFO] [stdout]   27:     0x7fef7b8b23d4 - clone
[INFO] [stdout]   28:                0x0 - <unknown>
[INFO] [stdout] 
[INFO] [stdout] ---- whitespace_is_trimmed_and_leading_colons_are_removed stdout ----
[INFO] [stdout] 
[INFO] [stdout] thread 'whitespace_is_trimmed_and_leading_colons_are_removed' (3461) panicked at tests/validation.rs:37:10:
[INFO] [stdout] called `Result::unwrap()` on an `Err` value: reqwest::Error { kind: Request, url: "https://en.wikipedia.org/w/api.php?action=query&meta=siteinfo&siprop=general|namespaces|namespacealiases|interwikimap&formatversion=2&format=json", source: hyper_util::client::legacy::Error(Connect, ConnectError("dns error", Custom { kind: Uncategorized, error: "failed to lookup address information: Temporary failure in name resolution" })) }
[INFO] [stdout] stack backtrace:
[INFO] [stdout]    0:     0x611ce5d66911 - <<std[70759c8f55707aa4]::sys::backtrace::BacktraceLock>::print::DisplayBacktrace as core[df12db4294e9bfd3]::fmt::Display>::fmt
[INFO] [stdout]    1:     0x611ce5d7dd0a - core[df12db4294e9bfd3]::fmt::write
[INFO] [stdout]    2:     0x611ce5d6b87c - <alloc[2182bb758b4b3781]::vec::Vec<u8> as core[df12db4294e9bfd3]::io::write::Write>::write_fmt
[INFO] [stdout]    3:     0x611ce5d418d6 - std[70759c8f55707aa4]::panicking::default_hook::{closure#0}
[INFO] [stdout]    4:     0x611ce5d5e629 - std[70759c8f55707aa4]::panicking::default_hook
[INFO] [stdout]    5:     0x611ce5c71f70 - test[9d35eded1c95d3be]::test_main_inner::<test[9d35eded1c95d3be]::test_main_static::{closure#0}>::{closure#0}
[INFO] [stdout]    6:     0x611ce5d5e952 - std[70759c8f55707aa4]::panicking::panic_with_hook
[INFO] [stdout]    7:     0x611ce5d41982 - std[70759c8f55707aa4]::panicking::panic_handler::{closure#0}
[INFO] [stdout]    8:     0x611ce5d3a589 - std[70759c8f55707aa4]::sys::backtrace::__rust_end_short_backtrace::<std[70759c8f55707aa4]::panicking::panic_handler::{closure#0}, !>
[INFO] [stdout]    9:     0x611ce5d4276d - __rustc[8fa7c3cbc660c2b3]::rust_begin_unwind
[INFO] [stdout]   10:     0x611ce5d7e4ec - core[df12db4294e9bfd3]::panicking::panic_fmt
[INFO] [stdout]   11:     0x611ce5d7e2c2 - core[df12db4294e9bfd3]::result::unwrap_failed
[INFO] [stdout]   12:     0x611ce5862f85 - validation[35c1d6a4c7b590df]::codec::{closure#0}
[INFO] [stdout]   13:     0x611ce586807d - validation[35c1d6a4c7b590df]::whitespace_is_trimmed_and_leading_colons_are_removed::{closure#0}
[INFO] [stdout]   14:     0x611ce5888683 - <tokio[ea3c92df2164accc]::runtime::scheduler::current_thread::Context>::enter::<core[df12db4294e9bfd3]::task::poll::Poll<()>, <tokio[ea3c92df2164accc]::runtime::scheduler::current_thread::CoreGuard>::block_on<core[df12db4294e9bfd3]::pin::Pin<&mut core[df12db4294e9bfd3]::pin::Pin<&mut dyn core[df12db4294e9bfd3]::future::future::Future<Output = ()>>>>::{closure#0}::{closure#0}>
[INFO] [stdout]   15:     0x611ce5880f8c - <tokio[ea3c92df2164accc]::runtime::context::scoped::Scoped<tokio[ea3c92df2164accc]::runtime::scheduler::Context>>::set::<<tokio[ea3c92df2164accc]::runtime::scheduler::current_thread::CoreGuard>::enter<<tokio[ea3c92df2164accc]::runtime::scheduler::current_thread::CoreGuard>::block_on<core[df12db4294e9bfd3]::pin::Pin<&mut core[df12db4294e9bfd3]::pin::Pin<&mut dyn core[df12db4294e9bfd3]::future::future::Future<Output = ()>>>>::{closure#0}, core[df12db4294e9bfd3]::option::Option<()>>::{closure#0}, (alloc[2182bb758b4b3781]::boxed::Box<tokio[ea3c92df2164accc]::runtime::scheduler::current_thread::Core>, core[df12db4294e9bfd3]::option::Option<()>)>
[INFO] [stdout]   16:     0x611ce58889d7 - <tokio[ea3c92df2164accc]::runtime::scheduler::current_thread::CoreGuard>::block_on::<core[df12db4294e9bfd3]::pin::Pin<&mut core[df12db4294e9bfd3]::pin::Pin<&mut dyn core[df12db4294e9bfd3]::future::future::Future<Output = ()>>>>
[INFO] [stdout]   17:     0x611ce587e240 - tokio[ea3c92df2164accc]::runtime::context::runtime::enter_runtime::<<tokio[ea3c92df2164accc]::runtime::scheduler::current_thread::CurrentThread>::block_on<core[df12db4294e9bfd3]::pin::Pin<&mut dyn core[df12db4294e9bfd3]::future::future::Future<Output = ()>>>::{closure#0}, ()>
[INFO] [stdout]   18:     0x611ce5886005 - <tokio[ea3c92df2164accc]::runtime::runtime::Runtime>::block_on::<core[df12db4294e9bfd3]::pin::Pin<&mut dyn core[df12db4294e9bfd3]::future::future::Future<Output = ()>>>
[INFO] [stdout]   19:     0x611ce58700ce - <validation[35c1d6a4c7b590df]::whitespace_is_trimmed_and_leading_colons_are_removed::{closure#0} as core[df12db4294e9bfd3]::ops::function::FnOnce<()>>::call_once
[INFO] [stdout]   20:     0x611ce5c6525b - test[9d35eded1c95d3be]::__rust_begin_short_backtrace::<core[df12db4294e9bfd3]::result::Result<(), alloc[2182bb758b4b3781]::string::String>, fn() -> core[df12db4294e9bfd3]::result::Result<(), alloc[2182bb758b4b3781]::string::String>>
[INFO] [stdout]   21:     0x611ce5c728c5 - test[9d35eded1c95d3be]::run_test::{closure#0}
[INFO] [stdout]   22:     0x611ce5c6c184 - std[70759c8f55707aa4]::sys::backtrace::__rust_begin_short_backtrace::<test[9d35eded1c95d3be]::run_test::{closure#1}, ()>
[INFO] [stdout]   23:     0x611ce5c75a22 - <std[70759c8f55707aa4]::thread::lifecycle::spawn_unchecked<test[9d35eded1c95d3be]::run_test::{closure#1}, ()>::{closure#1} as core[df12db4294e9bfd3]::ops::function::FnOnce<()>>::call_once::{shim:vtable#0}
[INFO] [stdout]   24:     0x611ce5d65e39 - <std[70759c8f55707aa4]::sys::thread::unix::Thread>::new::thread_start
[INFO] [stdout]   25:     0x7fef7b81edfa - <unknown>
[INFO] [stdout]   26:     0x7fef7b8b23d4 - clone
[INFO] [stdout]   27:                0x0 - <unknown>
[INFO] [stdout] 
[INFO] [stdout] 
[INFO] [stdout] failures:
[INFO] [stdout]     c0_control_character_whitespace_is_rejected
[INFO] [stdout]     default_namespace_is_assigned_to_title_without_namespace_prefix
[INFO] [stdout]     dotted_i_is_uppercased_to_dotted_capital_i_according_to_language
[INFO] [stdout]     empty_database_page_titles_are_rejected
[INFO] [stdout]     formatversion_one
[INFO] [stdout]     interwiki_prefix_is_normalized
[INFO] [stdout]     ip_addresses_outside_of_user_namespaces_are_not_sanitized
[INFO] [stdout]     ipv4_address_is_sanitized_in_user_namespaces
[INFO] [stdout]     ipv6_address_is_sanitized_in_user_namespaces
[INFO] [stdout]     leading_colon_is_rejected
[INFO] [stdout]     local_interwiki_with_mainspace_and_empty_title_points_to_main_page
[INFO] [stdout]     local_interwiki_with_namespace_and_empty_dbkey_is_rejected
[INFO] [stdout]     magic_tilde_is_rejected
[INFO] [stdout]     more_than_two_dots_are_accepted
[INFO] [stdout]     namespace_aliases_map_to_local_namespace_names
[INFO] [stdout]     non_ip_addresses_are_not_sanitized
[INFO] [stdout]     non_mediawiki_whitespace_is_not_collapsed_or_trimmed
[INFO] [stdout]     one_or_two_tildes_are_accepted
[INFO] [stdout]     punctuation_characters_used_in_wikitext_or_html_are_rejected
[INFO] [stdout]     relative_directory_syntax_is_rejected
[INFO] [stdout]     replacement_character_is_rejected
[INFO] [stdout]     test_new_title_from_database
[INFO] [stdout]     test_to_pretty_with_fragment
[INFO] [stdout]     title_capitalization_follows_php_rules
[INFO] [stdout]     title_length_constraints_apply_to_database_page_title
[INFO] [stdout]     title_parses_identically_after_leading_and_trailing_whitespace_is_added
[INFO] [stdout]     title_with_local_interwiki_is_capitalized_according_to_namespace
[INFO] [stdout]     titles_that_cannot_roundtrip_from_talk_to_main_and_back_are_rejected
[INFO] [stdout]     titles_with_fake_namespaces_arent_trimmed_or_capitalized_after_colon
[INFO] [stdout]     url_percent_encoding_is_rejected
[INFO] [stdout]     whitespace_is_trimmed_and_leading_colons_are_removed
[INFO] [stdout] 
[INFO] [stdout] test result: FAILED. 0 passed; 31 failed; 0 ignored; 0 measured; 0 filtered out; finished in 1.18s
[INFO] [stdout] 
[INFO] running `Command { std: "docker" "inspect" "b0e58d8c990f11da49bcfeaa2101f783e2a241a015e680dc32dfd5295fd4dbce", kill_on_drop: false }`
[INFO] running `Command { std: "docker" "rm" "-f" "b0e58d8c990f11da49bcfeaa2101f783e2a241a015e680dc32dfd5295fd4dbce", kill_on_drop: false }`
[INFO] [stdout] b0e58d8c990f11da49bcfeaa2101f783e2a241a015e680dc32dfd5295fd4dbce
