[INFO] fetching crate mwapi 0.8.0-rc.1...
[INFO] testing mwapi-0.8.0-rc.1 against 1.99.0-beta.8+cargoflags=--release for beta-release-1.100-2
[INFO] extracting crate mwapi 0.8.0-rc.1 into /workspace/builds/worker-1-tc1/source
[INFO] started tweaking crates.io crate mwapi 0.8.0-rc.1
[INFO] finished tweaking crates.io crate mwapi 0.8.0-rc.1
[INFO] tweaked toml for crates.io crate mwapi 0.8.0-rc.1 written to /workspace/builds/worker-1-tc1/source/Cargo.toml
[INFO] validating manifest of crates.io crate mwapi 0.8.0-rc.1 on toolchain 1.99.0-beta.8
[INFO] running `Command { std: CARGO_HOME="/workspace/cargo-home" RUSTUP_HOME="/workspace/rustup-home" "/workspace/cargo-home/bin/cargo" "+1.99.0-beta.8" "metadata" "--manifest-path" "Cargo.toml" "--no-deps", kill_on_drop: false }`
[INFO] crate crates.io crate mwapi 0.8.0-rc.1 already has a lockfile, it will not be regenerated
[INFO] running `Command { std: CARGO_HOME="/workspace/cargo-home" RUSTUP_HOME="/workspace/rustup-home" "/workspace/cargo-home/bin/cargo" "+1.99.0-beta.8" "fetch" "--manifest-path" "Cargo.toml", kill_on_drop: false }`
[INFO] [stderr]  Downloading crates ...
[INFO] [stderr]   Downloaded deranged v0.5.6
[INFO] [stderr]   Downloaded aws-lc-rs v1.15.4
[INFO] [stderr]   Downloaded async-compression v0.4.39
[INFO] [stderr]   Downloaded security-framework v3.6.0
[INFO] [stderr]   Downloaded zerocopy-derive v0.8.39
[INFO] [stderr]   Downloaded zerocopy v0.8.39
[INFO] [stderr]   Downloaded syn v2.0.116
[INFO] [stderr]   Downloaded regex-syntax v0.8.9
[INFO] running `Command { std: "docker" "create" "-v" "/var/lib/crater-agent-workspace/builds/worker-1-tc1/source:/opt/rustwide/workdir:ro,Z" "-v" "/var/lib/crater-agent-workspace/builds/worker-1-tc1/target:/opt/rustwide/target:rw,Z" "-v" "/var/lib/crater-agent-workspace/cargo-home:/opt/rustwide/cargo-home:ro,Z" "-v" "/var/lib/crater-agent-workspace/rustup-home:/opt/rustwide/rustup-home:ro,Z" "-m" "1610612736" "--network" "none" "ghcr.io/rust-lang/crates-build-env/linux@sha256:77db811e55d90add9212f6832c23229e3de5f1c1f9905e8cb07319ea15df73ac" "sleep" "infinity", kill_on_drop: false }`
[INFO] [stdout] e96654dfb8f7c615f3589861a3afefe56b72331d4020191604c3441e81d7f1d0
[INFO] running `Command { std: "docker" "start" "e96654dfb8f7c615f3589861a3afefe56b72331d4020191604c3441e81d7f1d0", kill_on_drop: false }`
[INFO] running `Command { std: "docker" "inspect" "e96654dfb8f7c615f3589861a3afefe56b72331d4020191604c3441e81d7f1d0", kill_on_drop: false }`
[INFO] running `Command { std: "docker" "exec" "-e" "SOURCE_DIR=/opt/rustwide/workdir" "-e" "CARGO_HOME=/opt/rustwide/cargo-home" "-e" "RUSTUP_HOME=/opt/rustwide/rustup-home" "-e" "CARGO_TARGET_DIR=/opt/rustwide/target" "-w" "/opt/rustwide/workdir" "--user" "0:0" "e96654dfb8f7c615f3589861a3afefe56b72331d4020191604c3441e81d7f1d0" "/opt/rustwide/cargo-home/bin/cargo" "+1.99.0-beta.8" "metadata" "--no-deps" "--format-version=1", kill_on_drop: false }`
[INFO] running `Command { std: "docker" "inspect" "e96654dfb8f7c615f3589861a3afefe56b72331d4020191604c3441e81d7f1d0", kill_on_drop: false }`
[INFO] running `Command { std: "docker" "exec" "-e" "SOURCE_DIR=/opt/rustwide/workdir" "-e" "CARGO_HOME=/opt/rustwide/cargo-home" "-e" "RUSTUP_HOME=/opt/rustwide/rustup-home" "-e" "CARGO_TARGET_DIR=/opt/rustwide/target" "-e" "CARGO_INCREMENTAL=0" "-e" "RUST_BACKTRACE=full" "-e" "RUSTFLAGS=--cap-lints=warn" "-e" "RUSTDOCFLAGS=--cap-lints=warn" "-w" "/opt/rustwide/workdir" "--user" "0:0" "e96654dfb8f7c615f3589861a3afefe56b72331d4020191604c3441e81d7f1d0" "/opt/rustwide/cargo-home/bin/cargo" "+1.99.0-beta.8" "build" "--frozen" "--message-format=json" "--release", kill_on_drop: false }`
[INFO] [stderr]    Compiling quote v1.0.44
[INFO] [stderr]    Compiling libc v0.2.182
[INFO] [stderr]    Compiling dunce v1.0.5
[INFO] [stderr]    Compiling fs_extra v1.3.0
[INFO] [stderr]    Compiling aws-lc-rs v1.15.4
[INFO] [stderr]    Compiling http v1.4.0
[INFO] [stderr]    Compiling rustls-pki-types v1.14.0
[INFO] [stderr]    Compiling tracing-core v0.1.36
[INFO] [stderr]    Compiling rustls v0.23.36
[INFO] [stderr]    Compiling simd-adler32 v0.3.8
[INFO] [stderr]    Compiling indexmap v2.13.0
[INFO] [stderr]    Compiling syn v2.0.116
[INFO] [stderr]    Compiling miniz_oxide v0.8.9
[INFO] [stderr]    Compiling futures-util v0.3.32
[INFO] [stderr]    Compiling http-body v1.0.1
[INFO] [stderr]    Compiling jobserver v0.1.34
[INFO] [stderr]    Compiling num-conv v0.2.0
[INFO] [stderr]    Compiling cookie v0.18.1
[INFO] [stderr]    Compiling time-macros v0.2.27
[INFO] [stderr]    Compiling deranged v0.5.6
[INFO] [stderr]    Compiling cc v1.2.56
[INFO] [stderr]    Compiling mio v1.1.1
[INFO] [stderr]    Compiling socket2 v0.6.2
[INFO] [stderr]    Compiling flate2 v1.1.9
[INFO] [stderr]    Compiling compression-core v0.4.31
[INFO] [stderr]    Compiling litrs v1.0.0
[INFO] [stderr]    Compiling cmake v0.1.57
[INFO] [stderr]    Compiling tokio v1.49.0
[INFO] [stderr]    Compiling time v0.3.47
[INFO] [stderr]    Compiling compression-codecs v0.4.36
[INFO] [stderr]    Compiling openssl-probe v0.2.1
[INFO] [stderr]    Compiling psl-types v2.0.11
[INFO] [stderr]    Compiling aws-lc-sys v0.37.1
[INFO] [stderr]    Compiling rustls-native-certs v0.8.3
[INFO] [stderr]    Compiling document-features v0.2.12
[INFO] [stderr]    Compiling serde_json v1.0.149
[INFO] [stderr]    Compiling http-body-util v0.1.3
[INFO] [stderr]    Compiling bitflags v2.11.0
[INFO] [stderr]    Compiling iri-string v0.7.10
[INFO] [stderr]    Compiling encoding_rs v0.8.35
[INFO] [stderr]    Compiling synstructure v0.13.2
[INFO] [stderr]    Compiling zerofrom-derive v0.1.6
[INFO] [stderr]    Compiling yoke-derive v0.8.1
[INFO] [stderr]    Compiling zerovec-derive v0.11.2
[INFO] [stderr]    Compiling displaydoc v0.2.5
[INFO] [stderr]    Compiling tracing-attributes v0.1.31
[INFO] [stderr]    Compiling serde_derive v1.0.228
[INFO] [stderr]    Compiling zerofrom v0.1.6
[INFO] [stderr]    Compiling tokio-util v0.7.18
[INFO] [stderr]    Compiling yoke v0.8.1
[INFO] [stderr]    Compiling zerotrie v0.2.3
[INFO] [stderr]    Compiling zerovec v0.11.5
[INFO] [stderr]    Compiling tracing v0.1.44
[INFO] [stderr]    Compiling tower v0.5.3
[INFO] [stderr]    Compiling h2 v0.4.13
[INFO] [stderr]    Compiling tinystr v0.8.2
[INFO] [stderr]    Compiling potential_utf v0.1.4
[INFO] [stderr]    Compiling icu_locale_core v2.1.1
[INFO] [stderr]    Compiling async-compression v0.4.39
[INFO] [stderr]    Compiling icu_collections v2.1.1
[INFO] [stderr]    Compiling tower-http v0.6.8
[INFO] [stderr]    Compiling thiserror-impl v2.0.18
[INFO] [stderr]    Compiling icu_provider v2.1.1
[INFO] [stderr]    Compiling thiserror v2.0.18
[INFO] [stderr]    Compiling serde v1.0.228
[INFO] [stderr]    Compiling icu_normalizer v2.1.1
[INFO] [stderr]    Compiling icu_properties v2.1.2
[INFO] [stderr]    Compiling serde_urlencoded v0.7.1
[INFO] [stderr]    Compiling hyper v1.8.1
[INFO] [stderr]    Compiling idna_adapter v1.2.1
[INFO] [stderr]    Compiling idna v1.1.0
[INFO] [stderr]    Compiling hyper-util v0.1.20
[INFO] [stderr]    Compiling publicsuffix v2.3.0
[INFO] [stderr]    Compiling url v2.5.8
[INFO] [stderr]    Compiling cookie_store v0.22.1
[INFO] [stderr]    Compiling rustls-webpki v0.103.9
[INFO] [stderr]    Compiling tokio-rustls v0.26.4
[INFO] [stderr]    Compiling rustls-platform-verifier v0.6.2
[INFO] [stderr]    Compiling hyper-rustls v0.27.7
[INFO] [stderr]    Compiling reqwest v0.13.2
[INFO] [stderr]    Compiling mwapi v0.8.0-rc.1 (/opt/rustwide/workdir)
[INFO] [stderr]     Finished `release` profile [optimized] target(s) in 3m 53s
[INFO] running `Command { std: "docker" "inspect" "e96654dfb8f7c615f3589861a3afefe56b72331d4020191604c3441e81d7f1d0", kill_on_drop: false }`
[INFO] running `Command { std: "docker" "exec" "-e" "SOURCE_DIR=/opt/rustwide/workdir" "-e" "CARGO_HOME=/opt/rustwide/cargo-home" "-e" "RUSTUP_HOME=/opt/rustwide/rustup-home" "-e" "CARGO_TARGET_DIR=/opt/rustwide/target" "-e" "CARGO_INCREMENTAL=0" "-e" "RUST_BACKTRACE=full" "-e" "RUSTFLAGS=--cap-lints=warn" "-e" "RUSTDOCFLAGS=--cap-lints=warn" "-w" "/opt/rustwide/workdir" "--user" "0:0" "e96654dfb8f7c615f3589861a3afefe56b72331d4020191604c3441e81d7f1d0" "/opt/rustwide/cargo-home/bin/cargo" "+1.99.0-beta.8" "test" "--frozen" "--no-run" "--message-format=json" "--release", kill_on_drop: false }`
[INFO] [stderr]    Compiling errno v0.3.14
[INFO] [stderr]    Compiling parking_lot_core v0.9.12
[INFO] [stderr]    Compiling tokio-macros v2.6.0
[INFO] [stderr]    Compiling tracing-core v0.1.36
[INFO] [stderr]    Compiling log v0.4.29
[INFO] [stderr]    Compiling regex-syntax v0.8.9
[INFO] [stderr]    Compiling thread_local v1.1.9
[INFO] [stderr]    Compiling nu-ansi-term v0.50.3
[INFO] [stderr]    Compiling parking_lot v0.12.5
[INFO] [stderr]    Compiling signal-hook-registry v1.4.8
[INFO] [stderr]    Compiling rustls-platform-verifier v0.6.2
[INFO] [stderr]    Compiling cookie_store v0.22.1
[INFO] [stderr]    Compiling tracing v0.1.44
[INFO] [stderr]    Compiling tracing-log v0.2.0
[INFO] [stderr]    Compiling tokio v1.49.0
[INFO] [stderr]    Compiling regex-automata v0.4.14
[INFO] [stderr]    Compiling matchers v0.2.0
[INFO] [stderr]    Compiling tracing-subscriber v0.3.22
[INFO] [stderr]    Compiling tokio-util v0.7.18
[INFO] [stderr]    Compiling async-compression v0.4.39
[INFO] [stderr]    Compiling tokio-rustls v0.26.4
[INFO] [stderr]    Compiling tower v0.5.3
[INFO] [stderr]    Compiling h2 v0.4.13
[INFO] [stderr]    Compiling tower-http v0.6.8
[INFO] [stderr]    Compiling hyper v1.8.1
[INFO] [stderr]    Compiling hyper-util v0.1.20
[INFO] [stderr]    Compiling hyper-rustls v0.27.7
[INFO] [stderr]    Compiling reqwest v0.13.2
[INFO] [stderr]    Compiling mwapi v0.8.0-rc.1 (/opt/rustwide/workdir)
[INFO] [stderr]     Finished `release` profile [optimized] target(s) in 1m 36s
[INFO] running `Command { std: "docker" "inspect" "e96654dfb8f7c615f3589861a3afefe56b72331d4020191604c3441e81d7f1d0", kill_on_drop: false }`
[INFO] running `Command { std: "docker" "exec" "-e" "SOURCE_DIR=/opt/rustwide/workdir" "-e" "CARGO_HOME=/opt/rustwide/cargo-home" "-e" "RUSTUP_HOME=/opt/rustwide/rustup-home" "-e" "CARGO_TARGET_DIR=/opt/rustwide/target" "-e" "CARGO_INCREMENTAL=0" "-e" "RUST_BACKTRACE=full" "-e" "RUSTFLAGS=--cap-lints=warn" "-e" "RUSTDOCFLAGS=--cap-lints=warn" "-w" "/opt/rustwide/workdir" "--user" "0:0" "e96654dfb8f7c615f3589861a3afefe56b72331d4020191604c3441e81d7f1d0" "/opt/rustwide/cargo-home/bin/cargo" "+1.99.0-beta.8" "test" "--frozen" "--release", kill_on_drop: false }`
[INFO] [stderr]     Finished `release` profile [optimized] target(s) in 0.21s
[INFO] [stderr]      Running unittests src/lib.rs (/opt/rustwide/target/release/deps/mwapi-4163b4be8949ee1b)
[INFO] [stdout] 
[INFO] [stdout] running 17 tests
[INFO] [stdout] test client::tests::test_builder ... ok
[INFO] [stdout] test client::tests::test_login ... ok
[INFO] [stdout] test client::tests::test_bad_login ... FAILED
[INFO] [stdout] test client::tests::test_basic_get ... FAILED
[INFO] [stdout] test client::tests::test_good_assert ... FAILED
[INFO] [stdout] test error::tests::test_to_string ... ok
[INFO] [stdout] test inner::tests::test_extract_retry_after ... ok
[INFO] [stdout] test client::tests::test_bad_assert ... FAILED
[INFO] [stdout] test params::can_be_created_from_common_types ... ok
[INFO] [stdout] test tests::test_send_sync ... ok
[INFO] [stdout] test client::tests::test_basic_errors ... FAILED
[INFO] [stdout] test builder::tests::test_http_client_provider ... FAILED
[INFO] [stdout] test builder::tests::test_http_client ... FAILED
[INFO] [stdout] test error::tests::test_from_apierror ... ok
[INFO] [stdout] test client::tests::test_warning ... FAILED
[INFO] [stdout] test tokens::tests::test_tokenstore ... FAILED
[INFO] [stdout] test client::tests::test_maxlag ... FAILED
[INFO] [stdout] 
[INFO] [stdout] failures:
[INFO] [stdout] 
[INFO] [stdout] ---- client::tests::test_bad_login stdout ----
[INFO] [stdout] 
[INFO] [stdout] thread 'client::tests::test_bad_login' (3164) panicked at src/client.rs:298:13:
[INFO] [stdout] wrong error type
[INFO] [stdout] stack backtrace:
[INFO] [stdout]    0:     0x594059634121 - <<std[70759c8f55707aa4]::sys::backtrace::BacktraceLock>::print::DisplayBacktrace as core[df12db4294e9bfd3]::fmt::Display>::fmt
[INFO] [stdout]    1:     0x59405964a87a - core[df12db4294e9bfd3]::fmt::write
[INFO] [stdout]    2:     0x59405963908c - <alloc[2182bb758b4b3781]::vec::Vec<u8> as core[df12db4294e9bfd3]::io::write::Write>::write_fmt
[INFO] [stdout]    3:     0x59405960ef56 - std[70759c8f55707aa4]::panicking::default_hook::{closure#0}
[INFO] [stdout]    4:     0x59405962be39 - std[70759c8f55707aa4]::panicking::default_hook
[INFO] [stdout]    5:     0x5940591ab400 - test[9d35eded1c95d3be]::test_main_inner::<test[9d35eded1c95d3be]::test_main_static::{closure#0}>::{closure#0}
[INFO] [stdout]    6:     0x59405962c162 - std[70759c8f55707aa4]::panicking::panic_with_hook
[INFO] [stdout]    7:     0x59405960f034 - std[70759c8f55707aa4]::panicking::panic_handler::{closure#0}
[INFO] [stdout]    8:     0x594059607c09 - std[70759c8f55707aa4]::sys::backtrace::__rust_end_short_backtrace::<std[70759c8f55707aa4]::panicking::panic_handler::{closure#0}, !>
[INFO] [stdout]    9:     0x59405960fded - __rustc[8fa7c3cbc660c2b3]::rust_begin_unwind
[INFO] [stdout]   10:     0x59405964afdc - core[df12db4294e9bfd3]::panicking::panic_fmt
[INFO] [stdout]   11:     0x59405916bbde - mwapi[d17b9a5acef5cfd5]::client::tests::test_bad_login::{closure#0}
[INFO] [stdout]   12:     0x594059182dfa - <tokio[63f048c77bf7a708]::runtime::scheduler::current_thread::CurrentThread>::block_on::<core[df12db4294e9bfd3]::pin::Pin<&mut dyn core[df12db4294e9bfd3]::future::future::Future<Output = ()>>>
[INFO] [stdout]   13:     0x594059184a42 - <tokio[63f048c77bf7a708]::runtime::runtime::Runtime>::block_on::<core[df12db4294e9bfd3]::pin::Pin<&mut dyn core[df12db4294e9bfd3]::future::future::Future<Output = ()>>>
[INFO] [stdout]   14:     0x59405916d41b - mwapi[d17b9a5acef5cfd5]::client::tests::test_bad_login
[INFO] [stdout]   15:     0x59405919b569 - <mwapi[d17b9a5acef5cfd5]::client::tests::test_bad_login::{closure#0} as core[df12db4294e9bfd3]::ops::function::FnOnce<()>>::call_once
[INFO] [stdout]   16:     0x59405919e6eb - test[9d35eded1c95d3be]::__rust_begin_short_backtrace::<core[df12db4294e9bfd3]::result::Result<(), alloc[2182bb758b4b3781]::string::String>, fn() -> core[df12db4294e9bfd3]::result::Result<(), alloc[2182bb758b4b3781]::string::String>>
[INFO] [stdout]   17:     0x5940591abd55 - test[9d35eded1c95d3be]::run_test::{closure#0}
[INFO] [stdout]   18:     0x5940591a5614 - std[70759c8f55707aa4]::sys::backtrace::__rust_begin_short_backtrace::<test[9d35eded1c95d3be]::run_test::{closure#1}, ()>
[INFO] [stdout]   19:     0x5940591aeeb2 - <std[70759c8f55707aa4]::thread::lifecycle::spawn_unchecked<test[9d35eded1c95d3be]::run_test::{closure#1}, ()>::{closure#1} as core[df12db4294e9bfd3]::ops::function::FnOnce<()>>::call_once::{shim:vtable#0}
[INFO] [stdout]   20:     0x594059633649 - <std[70759c8f55707aa4]::sys::thread::unix::Thread>::new::thread_start
[INFO] [stdout]   21:     0x75fabf4fadfa - <unknown>
[INFO] [stdout]   22:     0x75fabf58e3d4 - clone
[INFO] [stdout]   23:                0x0 - <unknown>
[INFO] [stdout] 
[INFO] [stdout] ---- client::tests::test_basic_get stdout ----
[INFO] [stdout] 
[INFO] [stdout] thread 'client::tests::test_basic_get' (3166) panicked at src/client.rs:206:14:
[INFO] [stdout] called `Result::unwrap()` on an `Err` value: HttpError(reqwest::Error { kind: Request, url: "https://www.mediawiki.org/w/api.php?meta=siteinfo&formatversion=2&action=query&errorformat=plaintext&format=json", source: hyper_util::client::legacy::Error(Connect, ConnectError("dns error", Custom { kind: Uncategorized, error: "failed to lookup address information: Temporary failure in name resolution" })) })
[INFO] [stdout] stack backtrace:
[INFO] [stdout]    0:     0x594059634121 - <<std[70759c8f55707aa4]::sys::backtrace::BacktraceLock>::print::DisplayBacktrace as core[df12db4294e9bfd3]::fmt::Display>::fmt
[INFO] [stdout]    1:     0x59405964a87a - core[df12db4294e9bfd3]::fmt::write
[INFO] [stdout]    2:     0x59405963908c - <alloc[2182bb758b4b3781]::vec::Vec<u8> as core[df12db4294e9bfd3]::io::write::Write>::write_fmt
[INFO] [stdout]    3:     0x59405960ef56 - std[70759c8f55707aa4]::panicking::default_hook::{closure#0}
[INFO] [stdout]    4:     0x59405962be39 - std[70759c8f55707aa4]::panicking::default_hook
[INFO] [stdout]    5:     0x5940591ab400 - test[9d35eded1c95d3be]::test_main_inner::<test[9d35eded1c95d3be]::test_main_static::{closure#0}>::{closure#0}
[INFO] [stdout]    6:     0x59405962c162 - std[70759c8f55707aa4]::panicking::panic_with_hook
[INFO] [stdout]    7:     0x59405960f002 - std[70759c8f55707aa4]::panicking::panic_handler::{closure#0}
[INFO] [stdout]    8:     0x594059607c09 - std[70759c8f55707aa4]::sys::backtrace::__rust_end_short_backtrace::<std[70759c8f55707aa4]::panicking::panic_handler::{closure#0}, !>
[INFO] [stdout]    9:     0x59405960fded - __rustc[8fa7c3cbc660c2b3]::rust_begin_unwind
[INFO] [stdout]   10:     0x59405964afdc - core[df12db4294e9bfd3]::panicking::panic_fmt
[INFO] [stdout]   11:     0x59405964adb2 - core[df12db4294e9bfd3]::result::unwrap_failed
[INFO] [stdout]   12:     0x59405916bf9c - mwapi[d17b9a5acef5cfd5]::client::tests::test_basic_get::{closure#0}
[INFO] [stdout]   13:     0x594059182dfa - <tokio[63f048c77bf7a708]::runtime::scheduler::current_thread::CurrentThread>::block_on::<core[df12db4294e9bfd3]::pin::Pin<&mut dyn core[df12db4294e9bfd3]::future::future::Future<Output = ()>>>
[INFO] [stdout]   14:     0x594059184a42 - <tokio[63f048c77bf7a708]::runtime::runtime::Runtime>::block_on::<core[df12db4294e9bfd3]::pin::Pin<&mut dyn core[df12db4294e9bfd3]::future::future::Future<Output = ()>>>
[INFO] [stdout]   15:     0x59405916d57b - mwapi[d17b9a5acef5cfd5]::client::tests::test_basic_get
[INFO] [stdout]   16:     0x59405919b589 - <mwapi[d17b9a5acef5cfd5]::client::tests::test_basic_get::{closure#0} as core[df12db4294e9bfd3]::ops::function::FnOnce<()>>::call_once
[INFO] [stdout]   17:     0x59405919e6eb - test[9d35eded1c95d3be]::__rust_begin_short_backtrace::<core[df12db4294e9bfd3]::result::Result<(), alloc[2182bb758b4b3781]::string::String>, fn() -> core[df12db4294e9bfd3]::result::Result<(), alloc[2182bb758b4b3781]::string::String>>
[INFO] [stdout]   18:     0x5940591abd55 - test[9d35eded1c95d3be]::run_test::{closure#0}
[INFO] [stdout]   19:     0x5940591a5614 - std[70759c8f55707aa4]::sys::backtrace::__rust_begin_short_backtrace::<test[9d35eded1c95d3be]::run_test::{closure#1}, ()>
[INFO] [stdout]   20:     0x5940591aeeb2 - <std[70759c8f55707aa4]::thread::lifecycle::spawn_unchecked<test[9d35eded1c95d3be]::run_test::{closure#1}, ()>::{closure#1} as core[df12db4294e9bfd3]::ops::function::FnOnce<()>>::call_once::{shim:vtable#0}
[INFO] [stdout]   21:     0x594059633649 - <std[70759c8f55707aa4]::sys::thread::unix::Thread>::new::thread_start
[INFO] [stdout]   22:     0x75fabf4fadfa - <unknown>
[INFO] [stdout]   23:     0x75fabf58e3d4 - clone
[INFO] [stdout]   24:                0x0 - <unknown>
[INFO] [stdout] 
[INFO] [stdout] ---- client::tests::test_good_assert stdout ----
[INFO] [stdout] 
[INFO] [stdout] thread 'client::tests::test_good_assert' (3168) panicked at src/client.rs:274:56:
[INFO] [stdout] called `Result::unwrap()` on an `Err` value: HttpError(reqwest::Error { kind: Request, url: "https://test.wikipedia.org/w/api.php?formatversion=2&action=query&format=json&errorformat=plaintext&assert=anon", source: hyper_util::client::legacy::Error(Connect, ConnectError("dns error", Custom { kind: Uncategorized, error: "failed to lookup address information: Temporary failure in name resolution" })) })
[INFO] [stdout] stack backtrace:
[INFO] [stdout]    0:     0x594059634121 - <<std[70759c8f55707aa4]::sys::backtrace::BacktraceLock>::print::DisplayBacktrace as core[df12db4294e9bfd3]::fmt::Display>::fmt
[INFO] [stdout]    1:     0x59405964a87a - core[df12db4294e9bfd3]::fmt::write
[INFO] [stdout]    2:     0x59405963908c - <alloc[2182bb758b4b3781]::vec::Vec<u8> as core[df12db4294e9bfd3]::io::write::Write>::write_fmt
[INFO] [stdout]    3:     0x59405960ef56 - std[70759c8f55707aa4]::panicking::default_hook::{closure#0}
[INFO] [stdout]    4:     0x59405962be39 - std[70759c8f55707aa4]::panicking::default_hook
[INFO] [stdout]    5:     0x5940591ab400 - test[9d35eded1c95d3be]::test_main_inner::<test[9d35eded1c95d3be]::test_main_static::{closure#0}>::{closure#0}
[INFO] [stdout]    6:     0x59405962c162 - std[70759c8f55707aa4]::panicking::panic_with_hook
[INFO] [stdout]    7:     0x59405960f002 - std[70759c8f55707aa4]::panicking::panic_handler::{closure#0}
[INFO] [stdout]    8:     0x594059607c09 - std[70759c8f55707aa4]::sys::backtrace::__rust_end_short_backtrace::<std[70759c8f55707aa4]::panicking::panic_handler::{closure#0}, !>
[INFO] [stdout]    9:     0x59405960fded - __rustc[8fa7c3cbc660c2b3]::rust_begin_unwind
[INFO] [stdout]   10:     0x59405964afdc - core[df12db4294e9bfd3]::panicking::panic_fmt
[INFO] [stdout]   11:     0x59405964adb2 - core[df12db4294e9bfd3]::result::unwrap_failed
[INFO] [stdout]   12:     0x59405916c79e - mwapi[d17b9a5acef5cfd5]::client::tests::test_good_assert::{closure#0}
[INFO] [stdout]   13:     0x594059182dfa - <tokio[63f048c77bf7a708]::runtime::scheduler::current_thread::CurrentThread>::block_on::<core[df12db4294e9bfd3]::pin::Pin<&mut dyn core[df12db4294e9bfd3]::future::future::Future<Output = ()>>>
[INFO] [stdout]   14:     0x594059184a42 - <tokio[63f048c77bf7a708]::runtime::runtime::Runtime>::block_on::<core[df12db4294e9bfd3]::pin::Pin<&mut dyn core[df12db4294e9bfd3]::future::future::Future<Output = ()>>>
[INFO] [stdout]   15:     0x59405916d88b - mwapi[d17b9a5acef5cfd5]::client::tests::test_good_assert
[INFO] [stdout]   16:     0x59405919b5c9 - <mwapi[d17b9a5acef5cfd5]::client::tests::test_good_assert::{closure#0} as core[df12db4294e9bfd3]::ops::function::FnOnce<()>>::call_once
[INFO] [stdout]   17:     0x59405919e6eb - test[9d35eded1c95d3be]::__rust_begin_short_backtrace::<core[df12db4294e9bfd3]::result::Result<(), alloc[2182bb758b4b3781]::string::String>, fn() -> core[df12db4294e9bfd3]::result::Result<(), alloc[2182bb758b4b3781]::string::String>>
[INFO] [stdout]   18:     0x5940591abd55 - test[9d35eded1c95d3be]::run_test::{closure#0}
[INFO] [stdout]   19:     0x5940591a5614 - std[70759c8f55707aa4]::sys::backtrace::__rust_begin_short_backtrace::<test[9d35eded1c95d3be]::run_test::{closure#1}, ()>
[INFO] [stdout]   20:     0x5940591aeeb2 - <std[70759c8f55707aa4]::thread::lifecycle::spawn_unchecked<test[9d35eded1c95d3be]::run_test::{closure#1}, ()>::{closure#1} as core[df12db4294e9bfd3]::ops::function::FnOnce<()>>::call_once::{shim:vtable#0}
[INFO] [stdout]   21:     0x594059633649 - <std[70759c8f55707aa4]::sys::thread::unix::Thread>::new::thread_start
[INFO] [stdout]   22:     0x75fabf4fadfa - <unknown>
[INFO] [stdout]   23:     0x75fabf58e3d4 - clone
[INFO] [stdout]   24:                0x0 - <unknown>
[INFO] [stdout] 
[INFO] [stdout] ---- client::tests::test_bad_assert stdout ----
[INFO] [stdout] 
[INFO] [stdout] thread 'client::tests::test_bad_assert' (3163) panicked at src/client.rs:285:9:
[INFO] [stdout] assertion failed: matches!(error, Error::NotLoggedIn)
[INFO] [stdout] stack backtrace:
[INFO] [stdout]    0:     0x594059634121 - <<std[70759c8f55707aa4]::sys::backtrace::BacktraceLock>::print::DisplayBacktrace as core[df12db4294e9bfd3]::fmt::Display>::fmt
[INFO] [stdout]    1:     0x59405964a87a - core[df12db4294e9bfd3]::fmt::write
[INFO] [stdout]    2:     0x59405963908c - <alloc[2182bb758b4b3781]::vec::Vec<u8> as core[df12db4294e9bfd3]::io::write::Write>::write_fmt
[INFO] [stdout]    3:     0x59405960ef56 - std[70759c8f55707aa4]::panicking::default_hook::{closure#0}
[INFO] [stdout]    4:     0x59405962be39 - std[70759c8f55707aa4]::panicking::default_hook
[INFO] [stdout]    5:     0x5940591ab400 - test[9d35eded1c95d3be]::test_main_inner::<test[9d35eded1c95d3be]::test_main_static::{closure#0}>::{closure#0}
[INFO] [stdout]    6:     0x59405962c162 - std[70759c8f55707aa4]::panicking::panic_with_hook
[INFO] [stdout]    7:     0x59405960f034 - std[70759c8f55707aa4]::panicking::panic_handler::{closure#0}
[INFO] [stdout]    8:     0x594059607c09 - std[70759c8f55707aa4]::sys::backtrace::__rust_end_short_backtrace::<std[70759c8f55707aa4]::panicking::panic_handler::{closure#0}, !>
[INFO] [stdout]    9:     0x59405960fded - __rustc[8fa7c3cbc660c2b3]::rust_begin_unwind
[INFO] [stdout]   10:     0x59405964afdc - core[df12db4294e9bfd3]::panicking::panic_fmt
[INFO] [stdout]   11:     0x59405964afa2 - core[df12db4294e9bfd3]::panicking::panic
[INFO] [stdout]   12:     0x59405916c3d0 - mwapi[d17b9a5acef5cfd5]::client::tests::test_bad_assert::{closure#0}
[INFO] [stdout]   13:     0x594059182dfa - <tokio[63f048c77bf7a708]::runtime::scheduler::current_thread::CurrentThread>::block_on::<core[df12db4294e9bfd3]::pin::Pin<&mut dyn core[df12db4294e9bfd3]::future::future::Future<Output = ()>>>
[INFO] [stdout]   14:     0x594059184a42 - <tokio[63f048c77bf7a708]::runtime::runtime::Runtime>::block_on::<core[df12db4294e9bfd3]::pin::Pin<&mut dyn core[df12db4294e9bfd3]::future::future::Future<Output = ()>>>
[INFO] [stdout]   15:     0x59405916d6cb - mwapi[d17b9a5acef5cfd5]::client::tests::test_bad_assert
[INFO] [stdout]   16:     0x59405919b5a9 - <mwapi[d17b9a5acef5cfd5]::client::tests::test_bad_assert::{closure#0} as core[df12db4294e9bfd3]::ops::function::FnOnce<()>>::call_once
[INFO] [stdout]   17:     0x59405919e6eb - test[9d35eded1c95d3be]::__rust_begin_short_backtrace::<core[df12db4294e9bfd3]::result::Result<(), alloc[2182bb758b4b3781]::string::String>, fn() -> core[df12db4294e9bfd3]::result::Result<(), alloc[2182bb758b4b3781]::string::String>>
[INFO] [stdout]   18:     0x5940591abd55 - test[9d35eded1c95d3be]::run_test::{closure#0}
[INFO] [stdout]   19:     0x5940591a5614 - std[70759c8f55707aa4]::sys::backtrace::__rust_begin_short_backtrace::<test[9d35eded1c95d3be]::run_test::{closure#1}, ()>
[INFO] [stdout]   20:     0x5940591aeeb2 - <std[70759c8f55707aa4]::thread::lifecycle::spawn_unchecked<test[9d35eded1c95d3be]::run_test::{closure#1}, ()>::{closure#1} as core[df12db4294e9bfd3]::ops::function::FnOnce<()>>::call_once::{shim:vtable#0}
[INFO] [stdout]   21:     0x594059633649 - <std[70759c8f55707aa4]::sys::thread::unix::Thread>::new::thread_start
[INFO] [stdout]   22:     0x75fabf4fadfa - <unknown>
[INFO] [stdout]   23:     0x75fabf58e3d4 - clone
[INFO] [stdout]   24:                0x0 - <unknown>
[INFO] [stdout] 
[INFO] [stdout] ---- client::tests::test_basic_errors stdout ----
[INFO] [stdout] 
[INFO] [stdout] thread 'client::tests::test_basic_errors' (3165) panicked at src/client.rs:222:9:
[INFO] [stdout] assertion `left == right` failed
[INFO] [stdout]   left: "HTTP error: error sending request for url (https://www.mediawiki.org/w/api.php?action=nonexistent&errorformat=plaintext&format=json&formatversion=2)"
[INFO] [stdout]  right: "API error: (code: badvalue): Unrecognized value for parameter \"action\": nonexistent."
[INFO] [stdout] stack backtrace:
[INFO] [stdout]    0:     0x594059634121 - <<std[70759c8f55707aa4]::sys::backtrace::BacktraceLock>::print::DisplayBacktrace as core[df12db4294e9bfd3]::fmt::Display>::fmt
[INFO] [stdout]    1:     0x59405964a87a - core[df12db4294e9bfd3]::fmt::write
[INFO] [stdout]    2:     0x59405963908c - <alloc[2182bb758b4b3781]::vec::Vec<u8> as core[df12db4294e9bfd3]::io::write::Write>::write_fmt
[INFO] [stdout]    3:     0x59405960ef56 - std[70759c8f55707aa4]::panicking::default_hook::{closure#0}
[INFO] [stdout]    4:     0x59405962be39 - std[70759c8f55707aa4]::panicking::default_hook
[INFO] [stdout]    5:     0x5940591ab400 - test[9d35eded1c95d3be]::test_main_inner::<test[9d35eded1c95d3be]::test_main_static::{closure#0}>::{closure#0}
[INFO] [stdout]    6:     0x59405962c162 - std[70759c8f55707aa4]::panicking::panic_with_hook
[INFO] [stdout]    7:     0x59405960f002 - std[70759c8f55707aa4]::panicking::panic_handler::{closure#0}
[INFO] [stdout]    8:     0x594059607c09 - std[70759c8f55707aa4]::sys::backtrace::__rust_end_short_backtrace::<std[70759c8f55707aa4]::panicking::panic_handler::{closure#0}, !>
[INFO] [stdout]    9:     0x59405960fded - __rustc[8fa7c3cbc660c2b3]::rust_begin_unwind
[INFO] [stdout]   10:     0x59405964afdc - core[df12db4294e9bfd3]::panicking::panic_fmt
[INFO] [stdout]   11:     0x59405964aef3 - core[df12db4294e9bfd3]::panicking::assert_failed_inner
[INFO] [stdout]   12:     0x59405919c649 - core[df12db4294e9bfd3]::panicking::assert_failed::<&alloc[2182bb758b4b3781]::string::String, &str>
[INFO] [stdout]   13:     0x59405916cc32 - mwapi[d17b9a5acef5cfd5]::client::tests::test_basic_errors::{closure#0}
[INFO] [stdout]   14:     0x594059182dfa - <tokio[63f048c77bf7a708]::runtime::scheduler::current_thread::CurrentThread>::block_on::<core[df12db4294e9bfd3]::pin::Pin<&mut dyn core[df12db4294e9bfd3]::future::future::Future<Output = ()>>>
[INFO] [stdout]   15:     0x594059184a42 - <tokio[63f048c77bf7a708]::runtime::runtime::Runtime>::block_on::<core[df12db4294e9bfd3]::pin::Pin<&mut dyn core[df12db4294e9bfd3]::future::future::Future<Output = ()>>>
[INFO] [stdout]   16:     0x59405916da4b - mwapi[d17b9a5acef5cfd5]::client::tests::test_basic_errors
[INFO] [stdout]   17:     0x59405919b5e9 - <mwapi[d17b9a5acef5cfd5]::client::tests::test_basic_errors::{closure#0} as core[df12db4294e9bfd3]::ops::function::FnOnce<()>>::call_once
[INFO] [stdout]   18:     0x59405919e6eb - test[9d35eded1c95d3be]::__rust_begin_short_backtrace::<core[df12db4294e9bfd3]::result::Result<(), alloc[2182bb758b4b3781]::string::String>, fn() -> core[df12db4294e9bfd3]::result::Result<(), alloc[2182bb758b4b3781]::string::String>>
[INFO] [stdout]   19:     0x5940591abd55 - test[9d35eded1c95d3be]::run_test::{closure#0}
[INFO] [stdout]   20:     0x5940591a5614 - std[70759c8f55707aa4]::sys::backtrace::__rust_begin_short_backtrace::<test[9d35eded1c95d3be]::run_test::{closure#1}, ()>
[INFO] [stdout]   21:     0x5940591aeeb2 - <std[70759c8f55707aa4]::thread::lifecycle::spawn_unchecked<test[9d35eded1c95d3be]::run_test::{closure#1}, ()>::{closure#1} as core[df12db4294e9bfd3]::ops::function::FnOnce<()>>::call_once::{shim:vtable#0}
[INFO] [stdout]   22:     0x594059633649 - <std[70759c8f55707aa4]::sys::thread::unix::Thread>::new::thread_start
[INFO] [stdout]   23:     0x75fabf4fadfa - <unknown>
[INFO] [stdout]   24:     0x75fabf58e3d4 - clone
[INFO] [stdout]   25:                0x0 - <unknown>
[INFO] [stdout] 
[INFO] [stdout] ---- builder::tests::test_http_client_provider stdout ----
[INFO] [stdout] 
[INFO] [stdout] thread 'builder::tests::test_http_client_provider' (3162) panicked at src/builder.rs:377:14:
[INFO] [stdout] called `Result::unwrap()` on an `Err` value: HttpError(reqwest::Error { kind: Request, url: "https://www.mediawiki.org/w/api.php?action=query&meta=siteinfo&format=json&formatversion=2&origin=meta.wikipedia.org&errorformat=plaintext", source: hyper_util::client::legacy::Error(Connect, ConnectError("dns error", Custom { kind: Uncategorized, error: "failed to lookup address information: Temporary failure in name resolution" })) })
[INFO] [stdout] stack backtrace:
[INFO] [stdout]    0:     0x594059634121 - <<std[70759c8f55707aa4]::sys::backtrace::BacktraceLock>::print::DisplayBacktrace as core[df12db4294e9bfd3]::fmt::Display>::fmt
[INFO] [stdout]    1:     0x59405964a87a - core[df12db4294e9bfd3]::fmt::write
[INFO] [stdout]    2:     0x59405963908c - <alloc[2182bb758b4b3781]::vec::Vec<u8> as core[df12db4294e9bfd3]::io::write::Write>::write_fmt
[INFO] [stdout]    3:     0x59405960ef56 - std[70759c8f55707aa4]::panicking::default_hook::{closure#0}
[INFO] [stdout]    4:     0x59405962be39 - std[70759c8f55707aa4]::panicking::default_hook
[INFO] [stdout]    5:     0x5940591ab400 - test[9d35eded1c95d3be]::test_main_inner::<test[9d35eded1c95d3be]::test_main_static::{closure#0}>::{closure#0}
[INFO] [stdout]    6:     0x59405962c162 - std[70759c8f55707aa4]::panicking::panic_with_hook
[INFO] [stdout]    7:     0x59405960f002 - std[70759c8f55707aa4]::panicking::panic_handler::{closure#0}
[INFO] [stdout]    8:     0x594059607c09 - std[70759c8f55707aa4]::sys::backtrace::__rust_end_short_backtrace::<std[70759c8f55707aa4]::panicking::panic_handler::{closure#0}, !>
[INFO] [stdout]    9:     0x59405960fded - __rustc[8fa7c3cbc660c2b3]::rust_begin_unwind
[INFO] [stdout]   10:     0x59405964afdc - core[df12db4294e9bfd3]::panicking::panic_fmt
[INFO] [stdout]   11:     0x59405964adb2 - core[df12db4294e9bfd3]::result::unwrap_failed
[INFO] [stdout]   12:     0x594059176e93 - mwapi[d17b9a5acef5cfd5]::builder::tests::test_http_client_provider::{closure#0}
[INFO] [stdout]   13:     0x594059182dfa - <tokio[63f048c77bf7a708]::runtime::scheduler::current_thread::CurrentThread>::block_on::<core[df12db4294e9bfd3]::pin::Pin<&mut dyn core[df12db4294e9bfd3]::future::future::Future<Output = ()>>>
[INFO] [stdout]   14:     0x594059184a42 - <tokio[63f048c77bf7a708]::runtime::runtime::Runtime>::block_on::<core[df12db4294e9bfd3]::pin::Pin<&mut dyn core[df12db4294e9bfd3]::future::future::Future<Output = ()>>>
[INFO] [stdout]   15:     0x59405917750b - mwapi[d17b9a5acef5cfd5]::builder::tests::test_http_client_provider
[INFO] [stdout]   16:     0x59405919b649 - <mwapi[d17b9a5acef5cfd5]::builder::tests::test_http_client_provider::{closure#0} as core[df12db4294e9bfd3]::ops::function::FnOnce<()>>::call_once
[INFO] [stdout]   17:     0x59405919e6eb - test[9d35eded1c95d3be]::__rust_begin_short_backtrace::<core[df12db4294e9bfd3]::result::Result<(), alloc[2182bb758b4b3781]::string::String>, fn() -> core[df12db4294e9bfd3]::result::Result<(), alloc[2182bb758b4b3781]::string::String>>
[INFO] [stdout]   18:     0x5940591abd55 - test[9d35eded1c95d3be]::run_test::{closure#0}
[INFO] [stdout]   19:     0x5940591a5614 - std[70759c8f55707aa4]::sys::backtrace::__rust_begin_short_backtrace::<test[9d35eded1c95d3be]::run_test::{closure#1}, ()>
[INFO] [stdout]   20:     0x5940591aeeb2 - <std[70759c8f55707aa4]::thread::lifecycle::spawn_unchecked<test[9d35eded1c95d3be]::run_test::{closure#1}, ()>::{closure#1} as core[df12db4294e9bfd3]::ops::function::FnOnce<()>>::call_once::{shim:vtable#0}
[INFO] [stdout]   21:     0x594059633649 - <std[70759c8f55707aa4]::sys::thread::unix::Thread>::new::thread_start
[INFO] [stdout]   22:     0x75fabf4fadfa - <unknown>
[INFO] [stdout]   23:     0x75fabf58e3d4 - clone
[INFO] [stdout]   24:                0x0 - <unknown>
[INFO] [stdout] 
[INFO] [stdout] ---- builder::tests::test_http_client stdout ----
[INFO] [stdout] 
[INFO] [stdout] thread 'builder::tests::test_http_client' (3161) panicked at src/builder.rs:314:14:
[INFO] [stdout] called `Result::unwrap()` on an `Err` value: HttpError(reqwest::Error { kind: Request, url: "https://www.mediawiki.org/w/api.php?formatversion=2&origin=meta.wikipedia.org&meta=siteinfo&action=query&format=json&errorformat=plaintext", source: hyper_util::client::legacy::Error(Connect, ConnectError("dns error", Custom { kind: Uncategorized, error: "failed to lookup address information: Temporary failure in name resolution" })) })
[INFO] [stdout] stack backtrace:
[INFO] [stdout]    0:     0x594059634121 - <<std[70759c8f55707aa4]::sys::backtrace::BacktraceLock>::print::DisplayBacktrace as core[df12db4294e9bfd3]::fmt::Display>::fmt
[INFO] [stdout]    1:     0x59405964a87a - core[df12db4294e9bfd3]::fmt::write
[INFO] [stdout]    2:     0x59405963908c - <alloc[2182bb758b4b3781]::vec::Vec<u8> as core[df12db4294e9bfd3]::io::write::Write>::write_fmt
[INFO] [stdout]    3:     0x59405960ef56 - std[70759c8f55707aa4]::panicking::default_hook::{closure#0}
[INFO] [stdout]    4:     0x59405962be39 - std[70759c8f55707aa4]::panicking::default_hook
[INFO] [stdout]    5:     0x5940591ab400 - test[9d35eded1c95d3be]::test_main_inner::<test[9d35eded1c95d3be]::test_main_static::{closure#0}>::{closure#0}
[INFO] [stdout]    6:     0x59405962c162 - std[70759c8f55707aa4]::panicking::panic_with_hook
[INFO] [stdout]    7:     0x59405960f002 - std[70759c8f55707aa4]::panicking::panic_handler::{closure#0}
[INFO] [stdout]    8:     0x594059607c09 - std[70759c8f55707aa4]::sys::backtrace::__rust_end_short_backtrace::<std[70759c8f55707aa4]::panicking::panic_handler::{closure#0}, !>
[INFO] [stdout]    9:     0x59405960fded - __rustc[8fa7c3cbc660c2b3]::rust_begin_unwind
[INFO] [stdout]   10:     0x59405964afdc - core[df12db4294e9bfd3]::panicking::panic_fmt
[INFO] [stdout]   11:     0x59405964adb2 - core[df12db4294e9bfd3]::result::unwrap_failed
[INFO] [stdout]   12:     0x594059176494 - mwapi[d17b9a5acef5cfd5]::builder::tests::test_http_client::{closure#0}
[INFO] [stdout]   13:     0x594059182dfa - <tokio[63f048c77bf7a708]::runtime::scheduler::current_thread::CurrentThread>::block_on::<core[df12db4294e9bfd3]::pin::Pin<&mut dyn core[df12db4294e9bfd3]::future::future::Future<Output = ()>>>
[INFO] [stdout]   14:     0x594059184a42 - <tokio[63f048c77bf7a708]::runtime::runtime::Runtime>::block_on::<core[df12db4294e9bfd3]::pin::Pin<&mut dyn core[df12db4294e9bfd3]::future::future::Future<Output = ()>>>
[INFO] [stdout]   15:     0x5940591773bb - mwapi[d17b9a5acef5cfd5]::builder::tests::test_http_client
[INFO] [stdout]   16:     0x59405919b629 - <mwapi[d17b9a5acef5cfd5]::builder::tests::test_http_client::{closure#0} as core[df12db4294e9bfd3]::ops::function::FnOnce<()>>::call_once
[INFO] [stdout]   17:     0x59405919e6eb - test[9d35eded1c95d3be]::__rust_begin_short_backtrace::<core[df12db4294e9bfd3]::result::Result<(), alloc[2182bb758b4b3781]::string::String>, fn() -> core[df12db4294e9bfd3]::result::Result<(), alloc[2182bb758b4b3781]::string::String>>
[INFO] [stdout]   18:     0x5940591abd55 - test[9d35eded1c95d3be]::run_test::{closure#0}
[INFO] [stdout]   19:     0x5940591a5614 - std[70759c8f55707aa4]::sys::backtrace::__rust_begin_short_backtrace::<test[9d35eded1c95d3be]::run_test::{closure#1}, ()>
[INFO] [stdout]   20:     0x5940591aeeb2 - <std[70759c8f55707aa4]::thread::lifecycle::spawn_unchecked<test[9d35eded1c95d3be]::run_test::{closure#1}, ()>::{closure#1} as core[df12db4294e9bfd3]::ops::function::FnOnce<()>>::call_once::{shim:vtable#0}
[INFO] [stdout]   21:     0x594059633649 - <std[70759c8f55707aa4]::sys::thread::unix::Thread>::new::thread_start
[INFO] [stdout]   22:     0x75fabf4fadfa - <unknown>
[INFO] [stdout]   23:     0x75fabf58e3d4 - clone
[INFO] [stdout]   24:                0x0 - <unknown>
[INFO] [stdout] 
[INFO] [stdout] ---- client::tests::test_warning stdout ----
[INFO] [stdout] 
[INFO] [stdout] thread 'client::tests::test_warning' (3175) panicked at src/client.rs:330:14:
[INFO] [stdout] called `Result::unwrap()` on an `Err` value: HttpError(reqwest::Error { kind: Request, url: "https://test.wikipedia.org/w/api.php?action=query&format=json&errorformat=plaintext&list=unknown&formatversion=2", source: hyper_util::client::legacy::Error(Connect, ConnectError("dns error", Custom { kind: Uncategorized, error: "failed to lookup address information: Temporary failure in name resolution" })) })
[INFO] [stdout] stack backtrace:
[INFO] [stdout]    0:     0x594059634121 - <<std[70759c8f55707aa4]::sys::backtrace::BacktraceLock>::print::DisplayBacktrace as core[df12db4294e9bfd3]::fmt::Display>::fmt
[INFO] [stdout]    1:     0x59405964a87a - core[df12db4294e9bfd3]::fmt::write
[INFO] [stdout]    2:     0x59405963908c - <alloc[2182bb758b4b3781]::vec::Vec<u8> as core[df12db4294e9bfd3]::io::write::Write>::write_fmt
[INFO] [stdout]    3:     0x59405960ef56 - std[70759c8f55707aa4]::panicking::default_hook::{closure#0}
[INFO] [stdout]    4:     0x59405962be39 - std[70759c8f55707aa4]::panicking::default_hook
[INFO] [stderr] error: test failed, to rerun pass `--lib`
[INFO] [stdout]    5:     0x5940591ab400 - test[9d35eded1c95d3be]::test_main_inner::<test[9d35eded1c95d3be]::test_main_static::{closure#0}>::{closure#0}
[INFO] [stdout]    6:     0x59405962c162 - std[70759c8f55707aa4]::panicking::panic_with_hook
[INFO] [stdout]    7:     0x59405960f002 - std[70759c8f55707aa4]::panicking::panic_handler::{closure#0}
[INFO] [stdout]    8:     0x594059607c09 - std[70759c8f55707aa4]::sys::backtrace::__rust_end_short_backtrace::<std[70759c8f55707aa4]::panicking::panic_handler::{closure#0}, !>
[INFO] [stdout]    9:     0x59405960fded - __rustc[8fa7c3cbc660c2b3]::rust_begin_unwind
[INFO] [stdout]   10:     0x59405964afdc - core[df12db4294e9bfd3]::panicking::panic_fmt
[INFO] [stdout]   11:     0x59405964adb2 - core[df12db4294e9bfd3]::result::unwrap_failed
[INFO] [stdout]   12:     0x59405916b77e - mwapi[d17b9a5acef5cfd5]::client::tests::test_warning::{closure#0}
[INFO] [stdout]   13:     0x594059182dfa - <tokio[63f048c77bf7a708]::runtime::scheduler::current_thread::CurrentThread>::block_on::<core[df12db4294e9bfd3]::pin::Pin<&mut dyn core[df12db4294e9bfd3]::future::future::Future<Output = ()>>>
[INFO] [stdout]   14:     0x594059184a42 - <tokio[63f048c77bf7a708]::runtime::runtime::Runtime>::block_on::<core[df12db4294e9bfd3]::pin::Pin<&mut dyn core[df12db4294e9bfd3]::future::future::Future<Output = ()>>>
[INFO] [stdout]   15:     0x59405916d25b - mwapi[d17b9a5acef5cfd5]::client::tests::test_warning
[INFO] [stdout]   16:     0x59405919b549 - <mwapi[d17b9a5acef5cfd5]::client::tests::test_warning::{closure#0} as core[df12db4294e9bfd3]::ops::function::FnOnce<()>>::call_once
[INFO] [stdout]   17:     0x59405919e6eb - test[9d35eded1c95d3be]::__rust_begin_short_backtrace::<core[df12db4294e9bfd3]::result::Result<(), alloc[2182bb758b4b3781]::string::String>, fn() -> core[df12db4294e9bfd3]::result::Result<(), alloc[2182bb758b4b3781]::string::String>>
[INFO] [stdout]   18:     0x5940591abd55 - test[9d35eded1c95d3be]::run_test::{closure#0}
[INFO] [stdout]   19:     0x5940591a5614 - std[70759c8f55707aa4]::sys::backtrace::__rust_begin_short_backtrace::<test[9d35eded1c95d3be]::run_test::{closure#1}, ()>
[INFO] [stdout]   20:     0x5940591aeeb2 - <std[70759c8f55707aa4]::thread::lifecycle::spawn_unchecked<test[9d35eded1c95d3be]::run_test::{closure#1}, ()>::{closure#1} as core[df12db4294e9bfd3]::ops::function::FnOnce<()>>::call_once::{shim:vtable#0}
[INFO] [stdout]   21:     0x594059633649 - <std[70759c8f55707aa4]::sys::thread::unix::Thread>::new::thread_start
[INFO] [stdout]   22:     0x75fabf4fadfa - <unknown>
[INFO] [stdout]   23:     0x75fabf58e3d4 - clone
[INFO] [stdout]   24:                0x0 - <unknown>
[INFO] [stdout] 
[INFO] [stdout] ---- tokens::tests::test_tokenstore stdout ----
[INFO] [stdout] 
[INFO] [stdout] thread 'tokens::tests::test_tokenstore' (3184) panicked at src/tokens.rs:65:57:
[INFO] [stdout] called `Result::unwrap()` on an `Err` value: HttpError(reqwest::Error { kind: Request, url: "https://test.wikipedia.org/w/api.php?type=csrf&formatversion=2&meta=tokens&errorformat=plaintext&action=query&format=json", source: hyper_util::client::legacy::Error(Connect, ConnectError("dns error", Custom { kind: Uncategorized, error: "failed to lookup address information: Temporary failure in name resolution" })) })
[INFO] [stdout] stack backtrace:
[INFO] [stdout]    0:     0x594059634121 - <<std[70759c8f55707aa4]::sys::backtrace::BacktraceLock>::print::DisplayBacktrace as core[df12db4294e9bfd3]::fmt::Display>::fmt
[INFO] [stdout]    1:     0x59405964a87a - core[df12db4294e9bfd3]::fmt::write
[INFO] [stdout]    2:     0x59405963908c - <alloc[2182bb758b4b3781]::vec::Vec<u8> as core[df12db4294e9bfd3]::io::write::Write>::write_fmt
[INFO] [stdout]    3:     0x59405960ef56 - std[70759c8f55707aa4]::panicking::default_hook::{closure#0}
[INFO] [stdout]    4:     0x59405962be39 - std[70759c8f55707aa4]::panicking::default_hook
[INFO] [stdout]    5:     0x5940591ab400 - test[9d35eded1c95d3be]::test_main_inner::<test[9d35eded1c95d3be]::test_main_static::{closure#0}>::{closure#0}
[INFO] [stdout]    6:     0x59405962c162 - std[70759c8f55707aa4]::panicking::panic_with_hook
[INFO] [stdout]    7:     0x59405960f002 - std[70759c8f55707aa4]::panicking::panic_handler::{closure#0}
[INFO] [stdout]    8:     0x594059607c09 - std[70759c8f55707aa4]::sys::backtrace::__rust_end_short_backtrace::<std[70759c8f55707aa4]::panicking::panic_handler::{closure#0}, !>
[INFO] [stdout]    9:     0x59405960fded - __rustc[8fa7c3cbc660c2b3]::rust_begin_unwind
[INFO] [stdout]   10:     0x59405964afdc - core[df12db4294e9bfd3]::panicking::panic_fmt
[INFO] [stdout]   11:     0x59405964adb2 - core[df12db4294e9bfd3]::result::unwrap_failed
[INFO] [stdout]   12:     0x59405917dffa - mwapi[d17b9a5acef5cfd5]::tokens::tests::test_tokenstore::{closure#0}
[INFO] [stdout]   13:     0x594059182dfa - <tokio[63f048c77bf7a708]::runtime::scheduler::current_thread::CurrentThread>::block_on::<core[df12db4294e9bfd3]::pin::Pin<&mut dyn core[df12db4294e9bfd3]::future::future::Future<Output = ()>>>
[INFO] [stdout]   14:     0x594059184a42 - <tokio[63f048c77bf7a708]::runtime::runtime::Runtime>::block_on::<core[df12db4294e9bfd3]::pin::Pin<&mut dyn core[df12db4294e9bfd3]::future::future::Future<Output = ()>>>
[INFO] [stdout]   15:     0x59405917ec6b - mwapi[d17b9a5acef5cfd5]::tokens::tests::test_tokenstore
[INFO] [stdout]   16:     0x59405919b609 - <mwapi[d17b9a5acef5cfd5]::tokens::tests::test_tokenstore::{closure#0} as core[df12db4294e9bfd3]::ops::function::FnOnce<()>>::call_once
[INFO] [stdout]   17:     0x59405919e6eb - test[9d35eded1c95d3be]::__rust_begin_short_backtrace::<core[df12db4294e9bfd3]::result::Result<(), alloc[2182bb758b4b3781]::string::String>, fn() -> core[df12db4294e9bfd3]::result::Result<(), alloc[2182bb758b4b3781]::string::String>>
[INFO] [stdout]   18:     0x5940591abd55 - test[9d35eded1c95d3be]::run_test::{closure#0}
[INFO] [stdout]   19:     0x5940591a5614 - std[70759c8f55707aa4]::sys::backtrace::__rust_begin_short_backtrace::<test[9d35eded1c95d3be]::run_test::{closure#1}, ()>
[INFO] [stdout]   20:     0x5940591aeeb2 - <std[70759c8f55707aa4]::thread::lifecycle::spawn_unchecked<test[9d35eded1c95d3be]::run_test::{closure#1}, ()>::{closure#1} as core[df12db4294e9bfd3]::ops::function::FnOnce<()>>::call_once::{shim:vtable#0}
[INFO] [stdout]   21:     0x594059633649 - <std[70759c8f55707aa4]::sys::thread::unix::Thread>::new::thread_start
[INFO] [stdout]   22:     0x75fabf4fadfa - <unknown>
[INFO] [stdout]   23:     0x75fabf58e3d4 - clone
[INFO] [stdout]   24:                0x0 - <unknown>
[INFO] [stdout] 
[INFO] [stdout] ---- client::tests::test_maxlag stdout ----
[INFO] [stdout] [src/client.rs:314:13] &error = HttpError(
[INFO] [stdout]     reqwest::Error {
[INFO] [stdout]         kind: Request,
[INFO] [stdout]         url: "https://test.wikipedia.org/w/api.php?errorformat=plaintext&formatversion=2&maxlag=0&action=query&format=json",
[INFO] [stdout]         source: hyper_util::client::legacy::Error(
[INFO] [stdout]             Connect,
[INFO] [stdout]             ConnectError(
[INFO] [stdout]                 "dns error",
[INFO] [stdout]                 Custom {
[INFO] [stdout]                     kind: Uncategorized,
[INFO] [stdout]                     error: "failed to lookup address information: Temporary failure in name resolution",
[INFO] [stdout]                 },
[INFO] [stdout]             ),
[INFO] [stdout]         ),
[INFO] [stdout]     },
[INFO] [stdout] )
[INFO] [stdout] 
[INFO] [stdout] thread 'client::tests::test_maxlag' (3172) panicked at src/client.rs:315:13:
[INFO] [stdout] Error did not match MaxlagError
[INFO] [stdout] stack backtrace:
[INFO] [stdout]    0:     0x594059634121 - <<std[70759c8f55707aa4]::sys::backtrace::BacktraceLock>::print::DisplayBacktrace as core[df12db4294e9bfd3]::fmt::Display>::fmt
[INFO] [stdout]    1:     0x59405964a87a - core[df12db4294e9bfd3]::fmt::write
[INFO] [stdout]    2:     0x59405963908c - <alloc[2182bb758b4b3781]::vec::Vec<u8> as core[df12db4294e9bfd3]::io::write::Write>::write_fmt
[INFO] [stdout]    3:     0x59405960ef56 - std[70759c8f55707aa4]::panicking::default_hook::{closure#0}
[INFO] [stdout]    4:     0x59405962be39 - std[70759c8f55707aa4]::panicking::default_hook
[INFO] [stdout]    5:     0x5940591ab400 - test[9d35eded1c95d3be]::test_main_inner::<test[9d35eded1c95d3be]::test_main_static::{closure#0}>::{closure#0}
[INFO] [stdout]    6:     0x59405962c162 - std[70759c8f55707aa4]::panicking::panic_with_hook
[INFO] [stdout]    7:     0x59405960f034 - std[70759c8f55707aa4]::panicking::panic_handler::{closure#0}
[INFO] [stdout]    8:     0x594059607c09 - std[70759c8f55707aa4]::sys::backtrace::__rust_end_short_backtrace::<std[70759c8f55707aa4]::panicking::panic_handler::{closure#0}, !>
[INFO] [stdout]    9:     0x59405960fded - __rustc[8fa7c3cbc660c2b3]::rust_begin_unwind
[INFO] [stdout]   10:     0x59405964afdc - core[df12db4294e9bfd3]::panicking::panic_fmt
[INFO] [stdout]   11:     0x59405916afea - mwapi[d17b9a5acef5cfd5]::client::tests::test_maxlag::{closure#0}
[INFO] [stdout]   12:     0x594059182dfa - <tokio[63f048c77bf7a708]::runtime::scheduler::current_thread::CurrentThread>::block_on::<core[df12db4294e9bfd3]::pin::Pin<&mut dyn core[df12db4294e9bfd3]::future::future::Future<Output = ()>>>
[INFO] [stdout]   13:     0x594059184a42 - <tokio[63f048c77bf7a708]::runtime::runtime::Runtime>::block_on::<core[df12db4294e9bfd3]::pin::Pin<&mut dyn core[df12db4294e9bfd3]::future::future::Future<Output = ()>>>
[INFO] [stdout]   14:     0x59405916cf3b - mwapi[d17b9a5acef5cfd5]::client::tests::test_maxlag
[INFO] [stdout]   15:     0x59405919b509 - <mwapi[d17b9a5acef5cfd5]::client::tests::test_maxlag::{closure#0} as core[df12db4294e9bfd3]::ops::function::FnOnce<()>>::call_once
[INFO] [stdout]   16:     0x59405919e6eb - test[9d35eded1c95d3be]::__rust_begin_short_backtrace::<core[df12db4294e9bfd3]::result::Result<(), alloc[2182bb758b4b3781]::string::String>, fn() -> core[df12db4294e9bfd3]::result::Result<(), alloc[2182bb758b4b3781]::string::String>>
[INFO] [stdout]   17:     0x5940591abd55 - test[9d35eded1c95d3be]::run_test::{closure#0}
[INFO] [stdout]   18:     0x5940591a5614 - std[70759c8f55707aa4]::sys::backtrace::__rust_begin_short_backtrace::<test[9d35eded1c95d3be]::run_test::{closure#1}, ()>
[INFO] [stdout]   19:     0x5940591aeeb2 - <std[70759c8f55707aa4]::thread::lifecycle::spawn_unchecked<test[9d35eded1c95d3be]::run_test::{closure#1}, ()>::{closure#1} as core[df12db4294e9bfd3]::ops::function::FnOnce<()>>::call_once::{shim:vtable#0}
[INFO] [stdout]   20:     0x594059633649 - <std[70759c8f55707aa4]::sys::thread::unix::Thread>::new::thread_start
[INFO] [stdout]   21:     0x75fabf4fadfa - <unknown>
[INFO] [stdout]   22:     0x75fabf58e3d4 - clone
[INFO] [stdout]   23:                0x0 - <unknown>
[INFO] [stdout] 
[INFO] [stdout] 
[INFO] [stdout] failures:
[INFO] [stdout]     builder::tests::test_http_client
[INFO] [stdout]     builder::tests::test_http_client_provider
[INFO] [stdout]     client::tests::test_bad_assert
[INFO] [stdout]     client::tests::test_bad_login
[INFO] [stdout]     client::tests::test_basic_errors
[INFO] [stdout]     client::tests::test_basic_get
[INFO] [stdout]     client::tests::test_good_assert
[INFO] [stdout]     client::tests::test_maxlag
[INFO] [stdout]     client::tests::test_warning
[INFO] [stdout]     tokens::tests::test_tokenstore
[INFO] [stdout] 
[INFO] [stdout] test result: FAILED. 7 passed; 10 failed; 0 ignored; 0 measured; 0 filtered out; finished in 0.18s
[INFO] [stdout] 
[INFO] running `Command { std: "docker" "inspect" "e96654dfb8f7c615f3589861a3afefe56b72331d4020191604c3441e81d7f1d0", kill_on_drop: false }`
[INFO] running `Command { std: "docker" "rm" "-f" "e96654dfb8f7c615f3589861a3afefe56b72331d4020191604c3441e81d7f1d0", kill_on_drop: false }`
[INFO] [stdout] e96654dfb8f7c615f3589861a3afefe56b72331d4020191604c3441e81d7f1d0
