[INFO] fetching crate musts-core 0.7.1...
[INFO] testing musts-core-0.7.1 against 1.99.0-beta.8+cargoflags=--release for beta-release-1.100-2
[INFO] extracting crate musts-core 0.7.1 into /workspace/builds/worker-7-tc1/source
[INFO] started tweaking crates.io crate musts-core 0.7.1
[INFO] removed 0 missing tests
[INFO] finished tweaking crates.io crate musts-core 0.7.1
[INFO] tweaked toml for crates.io crate musts-core 0.7.1 written to /workspace/builds/worker-7-tc1/source/Cargo.toml
[INFO] validating manifest of crates.io crate musts-core 0.7.1 on toolchain 1.99.0-beta.8
[INFO] running `Command { std: CARGO_HOME="/workspace/cargo-home" RUSTUP_HOME="/workspace/rustup-home" "/workspace/cargo-home/bin/cargo" "+1.99.0-beta.8" "metadata" "--manifest-path" "Cargo.toml" "--no-deps", kill_on_drop: false }`
[INFO] crate crates.io crate musts-core 0.7.1 already has a lockfile, it will not be regenerated
[INFO] running `Command { std: CARGO_HOME="/workspace/cargo-home" RUSTUP_HOME="/workspace/rustup-home" "/workspace/cargo-home/bin/cargo" "+1.99.0-beta.8" "fetch" "--manifest-path" "Cargo.toml", kill_on_drop: false }`
[INFO] [stderr]     Updating crates.io index
[INFO] [stderr]  Downloading crates ...
[INFO] [stderr]   Downloaded shell-words v1.1.1
[INFO] [stderr]   Downloaded serial_test v3.4.0
[INFO] [stderr]   Downloaded serial_test_derive v3.4.0
[INFO] [stderr]   Downloaded num-conv v0.2.1
[INFO] [stderr]   Downloaded scc v2.4.0
[INFO] [stderr]   Downloaded wasm-bindgen-macro v0.2.121
[INFO] [stderr]   Downloaded wasm-bindgen-shared v0.2.121
[INFO] [stderr]   Downloaded fs2 v0.4.3
[INFO] [stderr]   Downloaded toml_datetime v1.1.1+spec-1.1.0
[INFO] [stderr]   Downloaded musts-protocol v0.2.0
[INFO] [stderr]   Downloaded sdd v3.0.10
[INFO] [stderr]   Downloaded relative-path v1.9.3
[INFO] [stderr]   Downloaded futures-timer v3.0.3
[INFO] [stderr]   Downloaded toml_parser v1.1.2+spec-1.1.0
[INFO] [stderr]   Downloaded console v0.16.3
[INFO] [stderr]   Downloaded globset v0.4.18
[INFO] [stderr]   Downloaded rstest v0.26.1
[INFO] [stderr]   Downloaded ignore v0.4.25
[INFO] [stderr]   Downloaded referencing v0.46.4
[INFO] [stderr]   Downloaded wasm-bindgen v0.2.121
[INFO] [stderr]   Downloaded wasm-bindgen-macro-support v0.2.121
[INFO] [stderr]   Downloaded toml_edit v0.25.11+spec-1.1.0
[INFO] [stderr]   Downloaded rstest_macros v0.26.1
[INFO] [stderr]   Downloaded zerocopy-derive v0.8.48
[INFO] [stderr]   Downloaded fraction v0.15.4
[INFO] [stderr]   Downloaded js-sys v0.3.98
[INFO] [stderr]   Downloaded insta v1.47.2
[INFO] [stderr]   Downloaded rusqlite v0.39.0
[INFO] [stderr]   Downloaded winnow v1.0.2
[INFO] [stderr]   Downloaded jsonschema v0.46.4
[INFO] [stderr]   Downloaded blake3 v1.8.5
[INFO] [stderr]   Downloaded zerocopy v0.8.48
[INFO] [stderr]   Downloaded bstr v1.12.1
[INFO] [stderr]   Downloaded libsqlite3-sys v0.37.0
[INFO] [stderr]   Downloaded sqlite-wasm-rs v0.5.3
[INFO] running `Command { std: "docker" "create" "-v" "/var/lib/crater-agent-workspace/builds/worker-7-tc1/source:/opt/rustwide/workdir:ro,Z" "-v" "/var/lib/crater-agent-workspace/builds/worker-7-tc1/target:/opt/rustwide/target:rw,Z" "-v" "/var/lib/crater-agent-workspace/cargo-home:/opt/rustwide/cargo-home:ro,Z" "-v" "/var/lib/crater-agent-workspace/rustup-home:/opt/rustwide/rustup-home:ro,Z" "-m" "1610612736" "--network" "none" "ghcr.io/rust-lang/crates-build-env/linux@sha256:77db811e55d90add9212f6832c23229e3de5f1c1f9905e8cb07319ea15df73ac" "sleep" "infinity", kill_on_drop: false }`
[INFO] [stdout] b62c195abf3d2f8c6ecd5a5987c87440e767d3ecfed8ee64c01d5f42a6517ebd
[INFO] running `Command { std: "docker" "start" "b62c195abf3d2f8c6ecd5a5987c87440e767d3ecfed8ee64c01d5f42a6517ebd", kill_on_drop: false }`
[INFO] running `Command { std: "docker" "inspect" "b62c195abf3d2f8c6ecd5a5987c87440e767d3ecfed8ee64c01d5f42a6517ebd", kill_on_drop: false }`
[INFO] running `Command { std: "docker" "exec" "-e" "SOURCE_DIR=/opt/rustwide/workdir" "-e" "CARGO_HOME=/opt/rustwide/cargo-home" "-e" "RUSTUP_HOME=/opt/rustwide/rustup-home" "-e" "CARGO_TARGET_DIR=/opt/rustwide/target" "-w" "/opt/rustwide/workdir" "--user" "0:0" "b62c195abf3d2f8c6ecd5a5987c87440e767d3ecfed8ee64c01d5f42a6517ebd" "/opt/rustwide/cargo-home/bin/cargo" "+1.99.0-beta.8" "metadata" "--no-deps" "--format-version=1", kill_on_drop: false }`
[INFO] running `Command { std: "docker" "inspect" "b62c195abf3d2f8c6ecd5a5987c87440e767d3ecfed8ee64c01d5f42a6517ebd", kill_on_drop: false }`
[INFO] running `Command { std: "docker" "exec" "-e" "SOURCE_DIR=/opt/rustwide/workdir" "-e" "CARGO_HOME=/opt/rustwide/cargo-home" "-e" "RUSTUP_HOME=/opt/rustwide/rustup-home" "-e" "CARGO_TARGET_DIR=/opt/rustwide/target" "-e" "CARGO_INCREMENTAL=0" "-e" "RUST_BACKTRACE=full" "-e" "RUSTFLAGS=--cap-lints=warn" "-e" "RUSTDOCFLAGS=--cap-lints=warn" "-w" "/opt/rustwide/workdir" "--user" "0:0" "b62c195abf3d2f8c6ecd5a5987c87440e767d3ecfed8ee64c01d5f42a6517ebd" "/opt/rustwide/cargo-home/bin/cargo" "+1.99.0-beta.8" "build" "--frozen" "--message-format=json" "--release", kill_on_drop: false }`
[INFO] [stderr]    Compiling stable_deref_trait v1.2.1
[INFO] [stderr]    Compiling smallvec v1.15.1
[INFO] [stderr]    Compiling writeable v0.6.3
[INFO] [stderr]    Compiling num-traits v0.2.19
[INFO] [stderr]    Compiling cc v1.2.62
[INFO] [stderr]    Compiling equivalent v1.0.2
[INFO] [stderr]    Compiling litemap v0.8.2
[INFO] [stderr]    Compiling aho-corasick v1.1.4
[INFO] [stderr]    Compiling utf8_iter v1.0.4
[INFO] [stderr]    Compiling icu_properties_data v2.2.0
[INFO] [stderr]    Compiling regex-syntax v0.8.10
[INFO] [stderr]    Compiling icu_normalizer_data v2.2.0
[INFO] [stderr]    Compiling syn v2.0.117
[INFO] [stderr]    Compiling once_cell v1.21.4
[INFO] [stderr]    Compiling allocator-api2 v0.2.21
[INFO] [stderr]    Compiling serde_json v1.0.149
[INFO] [stderr]    Compiling zerocopy v0.8.48
[INFO] [stderr]    Compiling crossbeam-utils v0.8.21
[INFO] [stderr]    Compiling ahash v0.8.12
[INFO] [stderr]    Compiling pkg-config v0.3.33
[INFO] [stderr]    Compiling parking_lot_core v0.9.12
[INFO] [stderr]    Compiling getrandom v0.3.4
[INFO] [stderr]    Compiling bit-vec v0.8.0
[INFO] [stderr]    Compiling borrow-or-share v0.2.4
[INFO] [stderr]    Compiling unicode-general-category v1.1.0
[INFO] [stderr]    Compiling unicase v2.9.0
[INFO] [stderr]    Compiling bstr v1.12.1
[INFO] [stderr]    Compiling vsimd v0.8.0
[INFO] [stderr]    Compiling mime_guess v2.0.5
[INFO] [stderr]    Compiling parking_lot v0.12.5
[INFO] [stderr]    Compiling hashbrown v0.16.1
[INFO] [stderr]    Compiling bit-set v0.8.0
[INFO] [stderr]    Compiling outref v0.5.2
[INFO] [stderr]    Compiling powerfmt v0.2.0
[INFO] [stderr]    Compiling lazy_static v1.5.0
[INFO] [stderr]    Compiling percent-encoding v2.3.2
[INFO] [stderr]    Compiling same-file v1.0.6
[INFO] [stderr]    Compiling crossbeam-epoch v0.9.18
[INFO] [stderr]    Compiling rustix v1.1.4
[INFO] [stderr]    Compiling hashbrown v0.17.1
[INFO] [stderr]    Compiling micromap v0.3.0
[INFO] [stderr]    Compiling tinyvec_macros v0.1.1
[INFO] [stderr]    Compiling tinyvec v1.11.0
[INFO] [stderr]    Compiling uuid-simd v0.8.0
[INFO] [stderr]    Compiling walkdir v2.5.0
[INFO] [stderr]    Compiling num-integer v0.1.46
[INFO] [stderr]    Compiling num-complex v0.4.6
[INFO] [stderr]    Compiling crossbeam-deque v0.8.6
[INFO] [stderr]    Compiling deranged v0.5.8
[INFO] [stderr]    Compiling hashlink v0.11.0
[INFO] [stderr]    Compiling num-bigint v0.4.6
[INFO] [stderr]    Compiling num-iter v0.1.45
[INFO] [stderr]    Compiling tracing-core v0.1.36
[INFO] [stderr]    Compiling cpufeatures v0.3.0
[INFO] [stderr]    Compiling num-cmp v0.1.0
[INFO] [stderr]    Compiling bytecount v0.6.9
[INFO] [stderr]    Compiling ryu v1.0.23
[INFO] [stderr]    Compiling indexmap v2.14.0
[INFO] [stderr]    Compiling libsqlite3-sys v0.37.0
[INFO] [stderr]    Compiling blake3 v1.8.5
[INFO] [stderr]    Compiling arrayref v0.3.9
[INFO] [stderr]    Compiling pin-project-lite v0.2.17
[INFO] [stderr]    Compiling data-encoding v2.11.0
[INFO] [stderr]    Compiling mime v0.3.17
[INFO] [stderr]    Compiling constant_time_eq v0.4.2
[INFO] [stderr]    Compiling unsafe-libyaml v0.2.11
[INFO] [stderr]    Compiling arrayvec v0.7.6
[INFO] [stderr]    Compiling time-core v0.1.8
[INFO] [stderr]    Compiling linux-raw-sys v0.12.1
[INFO] [stderr]    Compiling num-conv v0.2.1
[INFO] [stderr]    Compiling regex-automata v0.4.14
[INFO] [stderr]    Compiling unicode-normalization v0.1.25
[INFO] [stderr]    Compiling fs2 v0.4.3
[INFO] [stderr]    Compiling shell-words v1.1.1
[INFO] [stderr]    Compiling time v0.3.47
[INFO] [stderr]    Compiling num-rational v0.4.2
[INFO] [stderr]    Compiling num v0.4.3
[INFO] [stderr]    Compiling fraction v0.15.4
[INFO] [stderr]    Compiling synstructure v0.13.2
[INFO] [stderr]    Compiling zerofrom-derive v0.1.7
[INFO] [stderr]    Compiling yoke-derive v0.8.2
[INFO] [stderr]    Compiling zerovec-derive v0.11.3
[INFO] [stderr]    Compiling displaydoc v0.2.5
[INFO] [stderr]    Compiling serde_derive v1.0.228
[INFO] [stderr]    Compiling ref-cast-impl v1.0.25
[INFO] [stderr]    Compiling thiserror-impl v2.0.18
[INFO] [stderr]    Compiling tracing-attributes v0.1.31
[INFO] [stderr]    Compiling ref-cast v1.0.25
[INFO] [stderr]    Compiling zerofrom v0.1.8
[INFO] [stderr]    Compiling thiserror v2.0.18
[INFO] [stderr]    Compiling yoke v0.8.2
[INFO] [stderr]    Compiling zerotrie v0.2.4
[INFO] [stderr]    Compiling zerovec v0.11.6
[INFO] [stderr]    Compiling tracing v0.1.44
[INFO] [stderr]    Compiling regex v1.12.3
[INFO] [stderr]    Compiling fancy-regex v0.18.0
[INFO] [stderr]    Compiling globset v0.4.18
[INFO] [stderr]    Compiling tinystr v0.8.3
[INFO] [stderr]    Compiling potential_utf v0.1.5
[INFO] [stderr]    Compiling icu_collections v2.2.0
[INFO] [stderr]    Compiling icu_locale_core v2.2.0
[INFO] [stderr]    Compiling ignore v0.4.25
[INFO] [stderr]    Compiling serde v1.0.228
[INFO] [stderr]    Compiling icu_provider v2.2.0
[INFO] [stderr]    Compiling icu_normalizer v2.2.0
[INFO] [stderr]    Compiling icu_properties v2.2.0
[INFO] [stderr]    Compiling fluent-uri v0.4.1
[INFO] [stderr]    Compiling email_address v0.2.9
[INFO] [stderr]    Compiling referencing v0.46.4
[INFO] [stderr]    Compiling musts-protocol v0.2.0
[INFO] [stderr]    Compiling serde_yaml v0.9.34+deprecated
[INFO] [stderr]    Compiling idna_adapter v1.2.2
[INFO] [stderr]    Compiling idna v1.1.0
[INFO] [stderr]    Compiling jsonschema v0.46.4
[INFO] [stderr]    Compiling rusqlite v0.39.0
[INFO] [stderr]    Compiling musts-core v0.7.1 (/opt/rustwide/workdir)
[INFO] [stderr]     Finished `release` profile [optimized] target(s) in 2m 57s
[INFO] running `Command { std: "docker" "inspect" "b62c195abf3d2f8c6ecd5a5987c87440e767d3ecfed8ee64c01d5f42a6517ebd", kill_on_drop: false }`
[INFO] running `Command { std: "docker" "exec" "-e" "SOURCE_DIR=/opt/rustwide/workdir" "-e" "CARGO_HOME=/opt/rustwide/cargo-home" "-e" "RUSTUP_HOME=/opt/rustwide/rustup-home" "-e" "CARGO_TARGET_DIR=/opt/rustwide/target" "-e" "CARGO_INCREMENTAL=0" "-e" "RUST_BACKTRACE=full" "-e" "RUSTFLAGS=--cap-lints=warn" "-e" "RUSTDOCFLAGS=--cap-lints=warn" "-w" "/opt/rustwide/workdir" "--user" "0:0" "b62c195abf3d2f8c6ecd5a5987c87440e767d3ecfed8ee64c01d5f42a6517ebd" "/opt/rustwide/cargo-home/bin/cargo" "+1.99.0-beta.8" "test" "--frozen" "--no-run" "--message-format=json" "--release", kill_on_drop: false }`
[INFO] [stderr]    Compiling winnow v1.0.2
[INFO] [stderr]    Compiling equivalent v1.0.2
[INFO] [stderr]    Compiling hashbrown v0.17.1
[INFO] [stderr]    Compiling semver v1.0.28
[INFO] [stderr]    Compiling rustix v1.1.4
[INFO] [stderr]    Compiling memchr v2.8.0
[INFO] [stderr]    Compiling futures-macro v0.3.32
[INFO] [stderr]    Compiling futures-core v0.3.32
[INFO] [stderr]    Compiling toml_datetime v1.1.1+spec-1.1.0
[INFO] [stderr]    Compiling futures-task v0.3.32
[INFO] [stderr]    Compiling regex-syntax v0.8.10
[INFO] [stderr]    Compiling slab v0.4.12
[INFO] [stderr]    Compiling relative-path v1.9.3
[INFO] [stderr]    Compiling cfg-if v1.0.4
[INFO] [stderr]    Compiling sdd v3.0.10
[INFO] [stderr]    Compiling glob v0.3.3
[INFO] [stderr]    Compiling console v0.16.3
[INFO] [stderr]    Compiling serial_test_derive v3.4.0
[INFO] [stderr]    Compiling similar v2.7.0
[INFO] [stderr]    Compiling rustc_version v0.4.1
[INFO] [stderr]    Compiling futures-timer v3.0.3
[INFO] [stderr]    Compiling aho-corasick v1.1.4
[INFO] [stderr]    Compiling rstest_macros v0.26.1
[INFO] [stderr]    Compiling scc v2.4.0
[INFO] [stderr]    Compiling indexmap v2.14.0
[INFO] [stderr]    Compiling futures-util v0.3.32
[INFO] [stderr]    Compiling toml_parser v1.1.2+spec-1.1.0
[INFO] [stderr]    Compiling toml_edit v0.25.11+spec-1.1.0
[INFO] [stderr]    Compiling regex-automata v0.4.14
[INFO] [stderr]    Compiling futures-executor v0.3.32
[INFO] [stderr]    Compiling proc-macro-crate v3.5.0
[INFO] [stderr]    Compiling serial_test v3.4.0
[INFO] [stderr]    Compiling tempfile v3.27.0
[INFO] [stderr]    Compiling musts-core v0.7.1 (/opt/rustwide/workdir)
[INFO] [stderr]    Compiling insta v1.47.2
[INFO] [stderr]    Compiling regex v1.12.3
[INFO] [stderr]    Compiling rstest v0.26.1
[INFO] [stderr]     Finished `release` profile [optimized] target(s) in 59.91s
[INFO] running `Command { std: "docker" "inspect" "b62c195abf3d2f8c6ecd5a5987c87440e767d3ecfed8ee64c01d5f42a6517ebd", kill_on_drop: false }`
[INFO] running `Command { std: "docker" "exec" "-e" "SOURCE_DIR=/opt/rustwide/workdir" "-e" "CARGO_HOME=/opt/rustwide/cargo-home" "-e" "RUSTUP_HOME=/opt/rustwide/rustup-home" "-e" "CARGO_TARGET_DIR=/opt/rustwide/target" "-e" "CARGO_INCREMENTAL=0" "-e" "RUST_BACKTRACE=full" "-e" "RUSTFLAGS=--cap-lints=warn" "-e" "RUSTDOCFLAGS=--cap-lints=warn" "-w" "/opt/rustwide/workdir" "--user" "0:0" "b62c195abf3d2f8c6ecd5a5987c87440e767d3ecfed8ee64c01d5f42a6517ebd" "/opt/rustwide/cargo-home/bin/cargo" "+1.99.0-beta.8" "test" "--frozen" "--release", kill_on_drop: false }`
[INFO] [stderr]     Finished `release` profile [optimized] target(s) in 0.25s
[INFO] [stderr]      Running unittests src/lib.rs (/opt/rustwide/target/release/deps/musts_core-cd495cb56a0805ff)
[INFO] [stdout] 
[INFO] [stdout] running 284 tests
[INFO] [stdout] test bootstrap::tests::a_dead_pid_in_the_record_is_reported_as_stale_not_as_a_holder ... ok
[INFO] [stdout] test builtin::agent::tests::evidence_accepts_text_with_arbitrary_assets ... ok
[INFO] [stdout] test bootstrap::tests::durations_read_the_way_a_person_would_say_them ... ok
[INFO] [stdout] test builtin::agent::tests::evidence_accepts_text_with_no_assets ... ok
[INFO] [stdout] test builtin::agent::tests::resolve_ignores_malformed_payload ... ok
[INFO] [stdout] test builtin::agent::tests::evidence_rejects_missing_text ... ok
[INFO] [stdout] test builtin::agent::tests::resolve_separates_scopes ... ok
[INFO] [stdout] test builtin::agent::tests::resolve_buckets_two_checks_into_one_task_per_scope ... ok
[INFO] [stdout] test builtin::agent::tests::evidence_rejects_empty_text ... ok
[INFO] [stdout] test builtin::agent::tests::resolve_root_scope_uses_root_slug ... ok
[INFO] [stdout] test builtin::bazel_build::tests::deepest_target_subsumes_ancestor_check_into_one_task ... ok
[INFO] [stdout] test builtin::bazel_build::tests::evidence_accepts_octet_stream_log ... ok
[INFO] [stdout] test builtin::bazel_build::tests::deeper_scope_subsumes_every_root_target ... ok
[INFO] [stdout] test builtin::bazel_build::tests::evidence_rejects_empty_text ... ok
[INFO] [stdout] test builtin::bazel_build::tests::evidence_accepts_text_plus_clean_log ... ok
[INFO] [stdout] test builtin::agent::tests::schema_accepts_valid_payload ... ok
[INFO] [stdout] test builtin::agent::tests::schema_rejects_empty_facts_array ... ok
[INFO] [stdout] test builtin::agent::tests::schema_rejects_non_string_fact ... ok
[INFO] [stdout] test builtin::bazel_build::tests::evidence_rejects_loading_error_terminal_line ... ok
[INFO] [stdout] test builtin::bazel_build::tests::evidence_accepts_green_build_with_stray_error_line ... ok
[INFO] [stdout] test builtin::bazel_build::tests::evidence_rejects_zero_byte_log ... ok
[INFO] [stdout] test builtin::bazel_build::tests::is_deeper_segment_aware ... ok
[INFO] [stdout] test builtin::bazel_build::tests::malformed_with_payload_is_reported_as_ignored ... ok
[INFO] [stdout] test builtin::agent::tests::schema_rejects_missing_facts ... ok
[INFO] [stdout] test builtin::agent::tests::schema_rejects_additional_properties ... ok
[INFO] [stdout] test builtin::bazel_build::tests::only_root_present_emits_root_task ... ok
[INFO] [stdout] test builtin::bazel_build::tests::evidence_rejects_missing_log ... ok
[INFO] [stdout] test builtin::bazel_build::tests::target_slug_strips_prefix_and_normalises_separators ... ok
[INFO] [stdout] test builtin::bazel_build::tests::sibling_scopes_each_get_a_task ... ok
[INFO] [stdout] test builtin::bazel_build::tests::same_scope_same_target_still_merges ... ok
[INFO] [stdout] test builtin::bazel_test::tests::a_deeper_scope_does_not_subsume_its_parent ... ok
[INFO] [stdout] test builtin::bazel_build::tests::evidence_rejects_failed_build_log ... ok
[INFO] [stdout] test builtin::bazel_build::tests::shared_ancestor_subsumes_into_every_winner ... ok
[INFO] [stdout] test builtin::bazel_test::tests::malformed_payload_is_ignored_not_run ... ok
[INFO] [stdout] test builtin::bazel_test::tests::an_all_empty_target_list_never_produces_a_command ... ok
[INFO] [stdout] test builtin::bazel_test::tests::accepts_a_green_run_that_merely_mentions_failure ... ok
[INFO] [stdout] test builtin::bazel_test::tests::rejects_a_build_failure_under_test ... ok
[INFO] [stdout] test builtin::bazel_test::tests::rejects_a_run_where_nothing_executed ... ok
[INFO] [stdout] test builtin::bazel_test::tests::rejects_a_timeout ... ok
[INFO] [stdout] test builtin::bazel_build::tests::same_scope_distinct_targets_each_get_a_task ... ok
[INFO] [stdout] test builtin::bazel_test::tests::duplicate_targets_across_checks_run_once ... ok
[INFO] [stdout] test builtin::bazel_test::tests::rejects_missing_text_and_missing_log ... ok
[INFO] [stdout] test builtin::bazel_build::tests::evidence_rejects_unreadable_log ... ok
[INFO] [stdout] test builtin::bazel_test::tests::target_order_does_not_depend_on_manifest_order ... ok
[INFO] [stdout] test builtin::bazel_test::tests::targets_in_one_scope_group_into_a_single_command ... ok
[INFO] [stdout] test builtin::bazel_test::tests::accepts_a_passing_run ... ok
[INFO] [stdout] test builtin::bazel_test::tests::rejects_a_failing_target ... ok
[INFO] [stdout] test builtin::bazel_test::tests::rejects_an_empty_log ... ok
[INFO] [stdout] test builtin::bazel_test::tests::schema_matches_the_design_doc ... ok
[INFO] [stdout] test builtin::cargo::tests::evidence_fmt_rejects_diff_in_marker ... ok
[INFO] [stdout] test builtin::cargo::tests::evidence_rejects_empty_text ... ok
[INFO] [stdout] test builtin::cargo::tests::evidence_rejects_missing_log ... ok
[INFO] [stdout] test builtin::cargo::tests::evidence_rejects_zero_byte_log ... ok
[INFO] [stdout] test builtin::cargo::tests::evidence_clippy_accepts_clean_log ... ok
[INFO] [stdout] test builtin::cargo::tests::evidence_test_accepts_ok_summary ... ok
[INFO] [stdout] test builtin::cargo::tests::evidence_test_rejects_failed_summary ... ok
[INFO] [stdout] test builtin::cargo::tests::resolve_dispatches_per_capability ... ok
[INFO] [stdout] test builtin::cargo::tests::resolve_emits_one_task_per_check ... ok
[INFO] [stdout] test builtin::cargo::tests::resolve_rejects_unknown_capability ... ok
[INFO] [stdout] test builtin::cargo::tests::evidence_test_rejects_missing_summary ... ok
[INFO] [stdout] test builtin::cargo::tests::evidence_clippy_rejects_error_line ... ok
[INFO] [stdout] test builtin::cargo::tests::evidence_clippy_rejects_warning_line ... ok
[INFO] [stdout] test builtin::mav_expect::tests::evidence_accepts_accessibility_tree_from_json_asset ... ok
[INFO] [stdout] test builtin::cargo::tests::evidence_fmt_accepts_clean_log ... ok
[INFO] [stdout] test builtin::cargo::tests::evidence_rejects_unreadable_log_path ... ok
[INFO] [stdout] test builtin::cargo::tests::resolve_ignores_checks_with_unexpected_with_payload ... ok
[INFO] [stdout] test builtin::mav_expect::tests::evidence_rejects_missing_kind ... ok
[INFO] [stdout] test builtin::mav_expect::tests::evidence_rejects_missing_text ... ok
[INFO] [stdout] test builtin::mav_expect::tests::groups_two_checks_in_one_scope_into_one_task ... ok
[INFO] [stdout] test builtin::mav_expect::tests::evidence_rejects_zero_byte_asset ... ok
[INFO] [stdout] test builtin::mav_expect::tests::malformed_payload_is_ignored_with_reason ... ok
[INFO] [stdout] test builtin::mav_expect::tests::sibling_scopes_each_get_one_task ... ok
[INFO] [stdout] test calibrate::tests::a_missing_boundary_is_said_out_loud ... ok
[INFO] [stdout] test calibrate::tests::a_question_that_never_fires_on_clean_history_is_mute_not_approved ... ok
[INFO] [stdout] test calibrate::tests::a_control_that_fires_on_the_near_miss_is_broken ... ok
[INFO] [stdout] test calibrate::tests::a_short_sample_is_reported_rather_than_topped_up ... ok
[INFO] [stdout] test calibrate::tests::coming_close_without_firing_is_decisive_not_mute ... ok
[INFO] [stdout] test builtin::mav_expect::tests::evidence_rejects_invalid_mav_report_json ... ok
[INFO] [stdout] test builtin::mav_expect::tests::evidence_accepts_all_required_kinds ... ok
[INFO] [stdout] test builtin::mav_expect::tests::unknown_evidence_kind_is_ignored ... ok
[INFO] [stdout] test calibrate::tests::expect_yes_inverts_the_violation_probability ... ok
[INFO] [stdout] test calibrate::tests::firing_on_most_of_history_is_noisy ... ok
[INFO] [stdout] test calibrate::tests::same_history_with_a_failing_control_is_broken_not_mute ... ok
[INFO] [stdout] test calibrate::tests::firing_on_a_minority_with_spread_is_decisive ... ok
[INFO] [stdout] test calibrate::tests::median_of_an_even_sample_is_the_mean_of_the_middle_two ... ok
[INFO] [stdout] test calibrate::tests::mute_is_never_offered_as_an_edit ... ok
[INFO] [stdout] test calibrate::tests::no_controls_is_its_own_verdict_and_never_a_pass ... ok
[INFO] [stdout] test calibrate::tests::too_few_samples_is_thin_rather_than_a_verdict_about_history ... ok
[INFO] [stdout] test bootstrap::tests::unlocked_rewrites_the_owner_record_on_the_way_back_in ... ok
[INFO] [stdout] test bootstrap::tests::second_acquire_in_same_process_is_lock_busy ... ok
[INFO] [stdout] test bootstrap::tests::acquire_succeeds_after_previous_session_drops ... ok
[INFO] [stdout] test bootstrap::tests::acquire_creates_musts_dir_and_opens_db ... ok
[INFO] [stdout] test bootstrap::tests::a_clean_exit_leaves_no_owner_record_behind ... ok
[INFO] [stdout] test diagnose::tests::outside_a_git_repo_nothing_is_reported_as_ignored ... ok
[INFO] [stdout] test bootstrap::tests::the_lock_is_free_while_unlocked_runs_and_held_again_after ... ok
[INFO] [stdout] test evidence::store::tests::describe_asset_rejects_missing_file ... ok
[INFO] [stdout] test evidence::store::tests::describe_asset_rejects_directory ... ok
[INFO] [stdout] test evidence::store::tests::describe_asset_reports_mime_and_size_without_copying ... ok
[INFO] [stdout] test evidence::submit::tests::recompute_task_snapshot_hash_changes_when_a_hash_changes ... ok
[INFO] [stdout] test evidence::submit::tests::recompute_task_snapshot_hash_is_order_independent ... ok
[INFO] [stdout] test extension::descriptor::program_path_tests::a_bare_name_is_left_for_the_os_to_find_on_path ... ok
[INFO] [stdout] test evidence::store::tests::new_submission_id_is_prefixed_and_carries_pid ... ok
[INFO] [stdout] test extension::descriptor::program_path_tests::a_relative_path_still_resolves_against_the_descriptor_root ... ok
[INFO] [stdout] test extension::descriptor::program_path_tests::a_dot_relative_path_still_resolves_against_the_descriptor_root ... ok
[INFO] [stdout] test extension::descriptor::program_path_tests::an_absolute_path_is_untouched ... ok
[INFO] [stdout] test extension::descriptor::tests::argv_form_allows_special_chars ... ok
[INFO] [stdout] test diagnose::tests::empty_ledger_with_nothing_pending_is_silent ... ok
[INFO] [stdout] test extension::descriptor::tests::discover_returns_empty_when_extensions_dir_missing ... ok
[INFO] [stdout] test extension::descriptor::tests::discover_walks_extensions_dir_and_sorts ... ok
[INFO] [stdout] test diagnose::tests::gitignored_and_empty_reports_only_the_cause ... ok
[INFO] [stdout] test bootstrap::tests::contention_names_the_holding_process ... ok
[INFO] [stdout] test diagnose::tests::ledger_ignored_among_legitimate_musts_ignores_is_still_caught ... ok
[INFO] [stdout] test extension::descriptor::tests::rejects_shell_metacharacters_in_string_form ... ok
[INFO] [stdout] test extension::descriptor::tests::loads_argv_form_descriptor ... ok
[INFO] [stdout] test extension::runtime::tests::parse_single_json_accepts_one_object ... ok
[INFO] [stdout] test extension::runtime::tests::parse_single_json_rejects_garbage_after_object ... ok
[INFO] [stdout] test extension::descriptor::tests::program_path_resolves_relative_against_descriptor_root ... ok
[INFO] [stdout] test extension::runtime::tests::parse_single_json_rejects_two_concatenated_objects ... ok
[INFO] [stdout] test extension::descriptor::tests::loads_schema_file_when_present ... ok
[INFO] [stdout] test extension::runtime::tests::from_env_default_and_override ... ok
[INFO] [stdout] test extension::runtime::tests::parse_single_json_rejects_non_json ... ok
[INFO] [stdout] test extension::descriptor::tests::rejects_empty_argv ... ok
[INFO] [stdout] test diagnose::tests::gitignored_ledger_is_reported ... ok
[INFO] [stdout] test lint::tests::a_suppression_can_list_several_rules ... ok
[INFO] [stdout] test lint::tests::a_mav_check_with_no_paths_is_flagged ... ok
[INFO] [stdout] test diagnose::tests::a_tracked_ledger_is_not_reported ... ok
[INFO] [stdout] test extension::descriptor::tests::loads_string_form_descriptor ... ok
[INFO] [stdout] test lint::tests::a_genuine_judgment_fact_is_not_flagged ... ok
[INFO] [stdout] test lint::tests::a_third_party_capability_with_no_paths_is_not_flagged ... ok
[INFO] [stdout] test lint::tests::a_manifest_relative_glob_in_a_nested_manifest_now_matches ... ok
[INFO] [stdout] test lint::tests::a_runnable_check_with_no_paths_is_not_flagged ... ok
[INFO] [stdout] test lint::tests::a_scope_prefixed_glob_in_a_nested_manifest_is_diagnosed ... ok
[INFO] [stdout] test lint::tests::an_empty_match_caused_by_an_ignore_rule_says_so ... ok
[INFO] [stdout] test lint::tests::a_well_written_manifest_is_clean ... ok
[INFO] [stdout] test lint::tests::an_unknown_key_error_can_also_be_suppressed ... ok
[INFO] [stdout] test lint::tests::an_empty_match_with_nothing_on_disk_still_suggests_a_typo ... ok
[INFO] [stdout] test lint::tests::flags_a_case_insensitive_glob_collision_with_the_real_file ... ok
[INFO] [stdout] test lint::tests::an_unknown_key_is_an_error_not_a_warning ... ok
[INFO] [stdout] test lint::tests::is_judgment_splits_cost_not_builtin_ness ... ok
[INFO] [stdout] test lint::tests::flags_a_glob_that_matches_nothing ... ok
[INFO] [stdout] test lint::tests::a_suppression_comment_silences_exactly_that_rule ... ok
[INFO] [stdout] test lint::tests::suppression_parsing_ignores_unrelated_comments_and_yaml ... ok
[INFO] [stdout] test lint::tests::errors_sort_above_warnings ... ok
[INFO] [stdout] test lint::tests::flags_a_path_condition_written_as_prose ... ok
[INFO] [stdout] test manifest::discovery::tests::empty_workspace_returns_empty ... ok
[INFO] [stdout] test lint::tests::suppressing_one_rule_leaves_the_others_reporting ... ok
[INFO] [stdout] test lint::tests::suppression_is_scoped_to_its_own_manifest ... ok
[INFO] [stdout] test lint::tests::flags_a_fact_that_only_asserts_an_exit_code ... ok
[INFO] [stdout] test diagnose::tests::empty_ledger_with_pending_tasks_says_it_is_missing_state ... ok
[INFO] [stdout] test manifest::discovery::tests::finds_root_and_nested_manifests_sorted ... ok
[INFO] [stdout] test lint::tests::reports_effective_scope_for_a_check_with_no_paths ... ok
[INFO] [stdout] test manifest::discovery::tests::mustsignore_supports_negation ... ok
[INFO] [stdout] test manifest::ids::tests::check_id_format_is_stable ... ok
[INFO] [stdout] test manifest::ids::tests::nested_manifest_scope_uses_forward_slashes ... ok
[INFO] [stdout] test manifest::ids::tests::root_manifest_has_root_scope ... ok
[INFO] [stdout] test manifest::ids::tests::same_local_id_under_different_scopes_yields_distinct_globals ... ok
[INFO] [stdout] test manifest::parser::tests::edit_distance_is_symmetric_and_zero_on_equal ... ok
[INFO] [stdout] test manifest::parser::tests::absent_with_defaults_to_empty_object ... ok
[INFO] [stdout] test manifest::parser::tests::a_valid_manifest_warns_about_nothing ... ok
[INFO] [stdout] test manifest::parser::tests::excludes_suggests_exclude_paths_not_paths ... ok
[INFO] [stdout] test manifest::parser::tests::exclude_paths_defaults_to_empty ... ok
[INFO] [stdout] test manifest::parser::tests::explicit_null_with_is_preserved ... ok
[INFO] [stdout] test manifest::parser::tests::missing_uses_field_is_rejected ... ok
[INFO] [stdout] test manifest::parser::tests::parses_exclude_paths_list_and_single ... ok
[INFO] [stdout] test manifest::discovery::tests::obeys_mustsignore ... ok
[INFO] [stdout] test manifest::parser::tests::near_misses_are_suggested ... ok
[INFO] [stdout] test manifest::parser::tests::parses_minimal_manifest ... ok
[INFO] [stdout] test manifest::parser::tests::paths_accepts_list ... ok
[INFO] [stdout] test manifest::parser::tests::parses_two_checks_with_payload ... ok
[INFO] [stdout] test manifest::discovery::tests::nested_mustsignore_scopes_to_subtree ... ok
[INFO] [stdout] test manifest::parser::tests::paths_accepts_single_string ... ok
[INFO] [stdout] test manifest::parser::tests::paths_defaults_to_empty ... ok
[INFO] [stdout] test manifest::parser::tests::rejects_bang_negation_in_exclude_paths ... ok
[INFO] [stdout] test manifest::parser::tests::rejects_bang_negation_in_paths_with_guidance ... ok
[INFO] [stdout] test manifest::parser::tests::rejects_bang_negation_with_leading_whitespace ... ok
[INFO] [stdout] test manifest::parser::tests::rejects_duplicate_check_keys ... ok
[INFO] [stdout] test evidence::ledger::tests::is_green_returns_true_after_insert ... ok
[INFO] [stdout] test manifest::parser::tests::rejects_empty_exclude_pattern ... ok
[INFO] [stdout] test manifest::discovery::tests::obeys_gitignore ... ok
[INFO] [stdout] test manifest::parser::tests::rejects_empty_pattern ... ok
[INFO] [stdout] test evidence::ledger::tests::is_green_is_scope_hash_specific ... ok
[INFO] [stdout] test manifest::parser::tests::rejects_invalid_glob ... ok
[INFO] [stdout] test evidence::ledger::tests::rejected_rows_do_not_count_as_green ... ok
[INFO] [stdout] test evidence::ledger::tests::fetch_task_returns_none_when_absent ... ok
[INFO] [stdout] test manifest::parser::tests::rejects_missing_version ... ok
[INFO] [stdout] test manifest::parser::tests::rejects_unsupported_version ... ok
[INFO] [stdout] test lint::tests::flags_a_star_that_crosses_directories ... ok
[INFO] [stdout] test manifest::parser::tests::unknown_top_level_key_is_warned ... ok
[INFO] [stdout] test manifest::parser::tests::unknown_check_key_is_warned_not_rejected ... ok
[INFO] [stdout] test manifest::discovery::tests::skips_sub_workspaces ... ok
[INFO] [stdout] test manifest::parser::tests::unrelated_keys_get_no_suggestion ... ok
[INFO] [stdout] test manifest::parser::tests::warning_display_names_the_check_the_key_and_the_fix ... ok
[INFO] [stdout] test manifest::with_validation::tests::missing_schema_is_a_pass ... ok
[INFO] [stdout] test manifest::with_validation::tests::rejects_additional_properties ... ok
[INFO] [stdout] test manifest::with_validation::tests::rejects_payload_missing_required_field ... ok
[INFO] [stdout] test report::tests::text_repeated_judgment_task_is_never_compacted ... ok
[INFO] [stdout] test report::tests::text_clean_render ... ok
[INFO] [stdout] test report::tests::text_repeated_runnable_task_is_compact ... ok
[INFO] [stdout] test report::tests::text_non_repeated_task_shows_full_body ... ok
[INFO] [stdout] test report::tests::text_pending_render_is_compact_and_actionable ... ok
[INFO] [stdout] test report::tests::json_runnable_task_carries_command_array ... ok
[INFO] [stdout] test report::tests::text_runnable_task_shows_run_line ... ok
[INFO] [stdout] test manifest::with_validation::tests::rejects_wrong_type_with_pointer_to_field ... ok
[INFO] [stdout] test snapshot::fingerprint::tests::cached_hash_returns_none_on_mtime_change ... ok
[INFO] [stdout] test run::tests::temp_log_path_is_outside_cwd_and_sanitised ... ok
[INFO] [stdout] test snapshot::fingerprint::tests::cached_hash_returns_none_on_size_change ... ok
[INFO] [stdout] test manifest::discovery::tests::skips_built_in_ignored_dirs ... ok
[INFO] [stdout] test snapshot::fingerprint::tests::hash_bytes_is_deterministic ... ok
[INFO] [stdout] test snapshot::paths::tests::always_lowercases_regardless_of_host_fs ... ok
[INFO] [stdout] test snapshot::fingerprint::tests::cached_hash_returns_previous_on_metadata_match ... ok
[INFO] [stdout] test snapshot::fingerprint::tests::hash_file_handles_large_files_in_chunks ... ok
[INFO] [stdout] test snapshot::fingerprint::tests::hash_file_matches_hash_bytes ... ok
[INFO] [stdout] test snapshot::scope::tests::changing_a_file_changes_the_hash ... ok
[INFO] [stdout] test snapshot::paths::tests::normalises_to_nfc_and_uses_forward_slashes ... ok
[INFO] [stdout] test snapshot::scope::tests::descendant_paths_order_independent ... ok
[INFO] [stdout] test snapshot::scope::tests::adding_a_descendant_manifest_changes_the_hash ... ok
[INFO] [stdout] test snapshot::paths::tests::lowercases_unicode_paths ... ok
[INFO] [stdout] test snapshot::scope::tests::ext_descriptor_hash_affects_scope_hash ... ok
[INFO] [stdout] test snapshot::scope::tests::is_deterministic_and_sorted_internally ... ok
[INFO] [stdout] test report::tests::json_pending_has_stable_shape ... ok
[INFO] [stdout] test report::tests::json_clean_has_empty_arrays ... ok
[INFO] [stdout] test snapshot::scope::tests::manifest_hash_affects_scope_hash ... ok
[INFO] [stdout] test state::lock::tests::check_ids_with_flow_context_characters_round_trip ... ok
[INFO] [stdout] test state::lock::tests::an_empty_lock_round_trips ... ok
[INFO] [stdout] test state::lock::tests::existing_rule_for_the_lock_file_is_left_alone ... ok
[INFO] [stdout] test state::lock::tests::block_style_entries_written_by_older_releases_still_load ... ok
[INFO] [stdout] test state::lock::tests::contains_matches_only_exact_pair ... ok
[INFO] [stdout] test state::lock::tests::load_missing_file_yields_empty_lock ... ok
[INFO] [stdout] test state::lock::tests::flow_style_output_is_still_read_by_a_plain_serde_derive ... ok
[INFO] [stdout] test state::lock::tests::installing_the_attribute_twice_does_not_duplicate_it ... ok
[INFO] [stdout] test state::lock::tests::malformed_yaml_surfaces_as_ledger_lock_error ... ok
[INFO] [stdout] test state::lock::tests::record_is_idempotent ... ok
[INFO] [stdout] test state::lock::tests::save_then_load_roundtrips ... ok
[INFO] [stdout] test state::lock::tests::saved_format_is_deterministic_and_sorted ... ok
[INFO] [stdout] test state::lock::tests::each_entry_occupies_exactly_one_line ... ok
[INFO] [stdout] test state::lock::tests::saving_installs_the_union_merge_attribute ... ok
[INFO] [stdout] test state::lock::tests::unresolved_conflict_markers_are_reported_as_such ... ok
[INFO] [stdout] test state::lock::tests::unsupported_version_is_rejected ... ok
[INFO] [stdout] test state::lock::tests::unrelated_attributes_are_appended_to_not_replaced ... ok
[INFO] [stdout] test stats::tests::counts_distinct_scopes_per_check ... ok
[INFO] [stdout] test manifest::with_validation::tests::accepts_valid_payload ... ok
[INFO] [stdout] test stats::tests::empty_workspace_renders_without_panicking ... ok
[INFO] [stdout] test stats::tests::declared_checks_appear_even_with_no_history ... ok
[INFO] [stdout] test stats::tests::evidence_text_len_counts_chars_not_bytes ... ok
[INFO] [stdout] test stats::tests::ledger_residue_is_flagged_as_no_longer_declared ... ok
[INFO] [stdout] test stats::tests::sorts_most_expensive_first ... ok
[INFO] [stdout] test stats::tests::suspect_list_is_capped_and_says_what_it_dropped ... ok
[INFO] [stdout] test stats::tests::missing_local_db_is_reported_not_silently_zero ... ok
[INFO] [stdout] test stats::tests::suspect_needs_both_reopens_and_zero_reds ... ok
[INFO] [stdout] test validate::tests::builtin_capabilities_share_one_descriptor_hash ... ok
[INFO] [stdout] test stats::tests::text_renderer_calls_out_suspects ... ok
[INFO] [stdout] test validate::tests::canonical_json_is_key_order_independent ... ok
[INFO] [stdout] test validate::tests::canonical_json_still_separates_different_values ... ok
[INFO] [stdout] test validate::tests::check_declaration_hash_changes_with_every_field_that_matters ... ok
[INFO] [stdout] test validate::tests::exclude_paths_subtracts_from_all_files_when_no_include ... ok
[INFO] [stdout] test validate::tests::check_declaration_hash_ignores_sibling_checks_entirely ... ok
[INFO] [stdout] test validate::tests::exclude_paths_applies_after_include ... ok
[INFO] [stdout] test validate::tests::filter_effective_files_is_case_insensitive ... ok
[INFO] [stdout] test validate::tests::filter_effective_files_keeps_matches ... ok
[INFO] [stdout] test validate::tests::filter_effective_files_no_filter_is_passthrough ... ok
[INFO] [stdout] test validate::tests::filter_effective_files_returns_empty_when_no_matches ... ok
[INFO] [stdout] test validate::tests::filter_effective_files_supports_multiple_patterns ... ok
[INFO] [stdout] test validate::tests::ingest_keeps_command_when_trusted ... ok
[INFO] [stdout] test validate::tests::ingest_strips_command_when_untrusted ... ok
[INFO] [stdout] test validate::tests::rel_starts_with_dir_requires_segment_boundary ... ok
[INFO] [stdout] test validate::tests::scope_depth_works ... ok
[INFO] [stdout] test validate::tests::legacy_aggregate_descriptor_hash_is_byte_stable ... ok
[INFO] [stdout] test workspace::tests::broken_cwd_returns_canonicalisation_error ... ok
[INFO] [stdout] test workspace::tests::explicit_workspace_is_used_verbatim ... ok
[INFO] [stdout] test workspace::tests::manifest_fallback_when_no_git ... ok
[INFO] [stdout] test workspace::tests::worktree_gitlink_anchors_locally ... ok
[INFO] [stdout] test validate::tests::paths_and_exclude_paths_are_not_interchangeable_in_the_hash ... ok
[INFO] [stdout] test validate::tests::rel_starts_with_dir_empty_matches_everything ... ok
[INFO] [stdout] test workspace::tests::missing_returns_workspace_not_found ... ok
[INFO] [stdout] test workspace::tests::submodule_gitlink_is_transparent ... ok
[INFO] [stdout] test state::db::tests::all_tables_are_created ... ok
[INFO] [stdout] test workspace::tests::manifest_fallback_stops_at_first_match ... ok
[INFO] [stdout] test builtin::jev::tests::resolve_picks_the_changed_file_in_its_own_scope_not_the_first_across_the_workspace ... ok
[INFO] [stdout] test workspace::tests::git_anchor_wins_over_deeper_manifest ... ok
[INFO] [stdout] test state::db::tests::manifest_index_upserts_and_overwrites ... ok
[INFO] [stdout] test state::db::tests::open_is_idempotent ... ok
[INFO] [stdout] test bootstrap::tests::a_brief_holder_is_waited_out_rather_than_reported ... ok
[INFO] [stdout] test state::db::tests::fingerprint_round_trip ... ok
[INFO] [stdout] test builtin::jev::tests::resolve_stays_green_when_the_scope_has_no_real_changes ... ok
[INFO] [stdout] 
[INFO] [stderr]      Running tests/extension_ipc.rs (/opt/rustwide/target/release/deps/extension_ipc-9fbfed566715d35d)
[INFO] [stdout] test result: ok. 284 passed; 0 failed; 0 ignored; 0 measured; 0 filtered out; finished in 0.22s
[INFO] [stdout] 
[INFO] [stdout] 
[INFO] [stdout] running 14 tests
[INFO] [stdout] test resolve_ignore_all_shape ... FAILED
[INFO] [stdout] test evidence_overclaim_returns_extra_satisfies ... FAILED
[INFO] [stdout] test evidence_timeout_is_rejected ... FAILED
[INFO] [stdout] test stdin_is_closed_before_reading_stdout ... FAILED
[INFO] [stdout] test evidence_accept_all_round_trip ... FAILED
[INFO] [stdout] test resolve_garbage_stdout_is_rejected ... FAILED
[INFO] [stdout] test resolve_timeout_is_rejected ... FAILED
[INFO] [stdout] test resolve_oversized_response_is_rejected ... FAILED
[INFO] [stdout] test resolve_bad_protocol_version_is_rejected ... FAILED
[INFO] [stdout] test resolve_nonzero_exit_is_surfaced_with_stderr ... FAILED
[INFO] [stdout] test evidence_accept_subset ... FAILED
[INFO] [stdout] test resolve_round_trip_default_shape ... FAILED
[INFO] [stdout] test evidence_reject_shape ... FAILED
[INFO] [stdout] test evidence_bad_protocol_version_is_rejected ... FAILED
[INFO] [stdout] 
[INFO] [stdout] failures:
[INFO] [stdout] 
[INFO] [stdout] ---- resolve_ignore_all_shape stdout ----
[INFO] [stdout] 
[INFO] [stdout] thread 'resolve_ignore_all_shape' (3258) panicked at tests/extension_ipc.rs:31:9:
[INFO] [stdout] stub-extension binary not found at /opt/rustwide/target/release/stub-extension — run `cargo build -p stub-extension` first (cargo test --workspace usually triggers this)
[INFO] [stdout] stack backtrace:
[INFO] [stdout]    0:     0x59cc49b0c051 - <<std[70759c8f55707aa4]::sys::backtrace::BacktraceLock>::print::DisplayBacktrace as core[df12db4294e9bfd3]::fmt::Display>::fmt
[INFO] [stdout]    1:     0x59cc49b2159a - core[df12db4294e9bfd3]::fmt::write
[INFO] [stdout]    2:     0x59cc49b109dc - <alloc[2182bb758b4b3781]::vec::Vec<u8> as core[df12db4294e9bfd3]::io::write::Write>::write_fmt
[INFO] [stdout]    3:     0x59cc49ae64d6 - std[70759c8f55707aa4]::panicking::default_hook::{closure#0}
[INFO] [stdout]    4:     0x59cc49b03d09 - std[70759c8f55707aa4]::panicking::default_hook
[INFO] [stdout]    5:     0x59cc49a5e010 - test[9d35eded1c95d3be]::test_main_inner::<test[9d35eded1c95d3be]::test_main_static::{closure#0}>::{closure#0}
[INFO] [stdout]    6:     0x59cc49b03ec2 - std[70759c8f55707aa4]::panicking::panic_with_hook
[INFO] [stdout]    7:     0x59cc49ae6582 - std[70759c8f55707aa4]::panicking::panic_handler::{closure#0}
[INFO] [stdout]    8:     0x59cc49adf059 - std[70759c8f55707aa4]::sys::backtrace::__rust_end_short_backtrace::<std[70759c8f55707aa4]::panicking::panic_handler::{closure#0}, !>
[INFO] [stdout]    9:     0x59cc49ae739d - __rustc[8fa7c3cbc660c2b3]::rust_begin_unwind
[INFO] [stdout]   10:     0x59cc49b21ccc - core[df12db4294e9bfd3]::panicking::panic_fmt
[INFO] [stdout]   11:     0x59cc49a42e9c - extension_ipc[1f94246139e38b4f]::descriptor_for_stub
[INFO] [stdout]   12:     0x59cc49a46474 - <extension_ipc[1f94246139e38b4f]::resolve_ignore_all_shape::{closure#0} as core[df12db4294e9bfd3]::ops::function::FnOnce<()>>::call_once
[INFO] [stdout]   13:     0x59cc49a92c43 - serial_test[54da3cbe40ac960d]::serial_code_lock::local_serial_core
[INFO] [stdout]   14:     0x59cc49a450cd - <extension_ipc[1f94246139e38b4f]::resolve_ignore_all_shape::{closure#0} as core[df12db4294e9bfd3]::ops::function::FnOnce<()>>::call_once
[INFO] [stdout]   15:     0x59cc49a512fb - test[9d35eded1c95d3be]::__rust_begin_short_backtrace::<core[df12db4294e9bfd3]::result::Result<(), alloc[2182bb758b4b3781]::string::String>, fn() -> core[df12db4294e9bfd3]::result::Result<(), alloc[2182bb758b4b3781]::string::String>>
[INFO] [stdout]   16:     0x59cc49a5e965 - test[9d35eded1c95d3be]::run_test::{closure#0}
[INFO] [stdout]   17:     0x59cc49a58224 - std[70759c8f55707aa4]::sys::backtrace::__rust_begin_short_backtrace::<test[9d35eded1c95d3be]::run_test::{closure#1}, ()>
[INFO] [stdout]   18:     0x59cc49a61ac2 - <std[70759c8f55707aa4]::thread::lifecycle::spawn_unchecked<test[9d35eded1c95d3be]::run_test::{closure#1}, ()>::{closure#1} as core[df12db4294e9bfd3]::ops::function::FnOnce<()>>::call_once::{shim:vtable#0}
[INFO] [stdout]   19:     0x59cc49b0b8f9 - <std[70759c8f55707aa4]::sys::thread::unix::Thread>::new::thread_start
[INFO] [stdout]   20:     0x7d1ea77a8dfa - <unknown>
[INFO] [stdout]   21:     0x7d1ea783c3d4 - clone
[INFO] [stdout]   22:                0x0 - <unknown>
[INFO] [stdout] 
[INFO] [stdout] ---- evidence_overclaim_returns_extra_satisfies stdout ----
[INFO] [stdout] 
[INFO] [stdout] thread 'evidence_overclaim_returns_extra_satisfies' (3253) panicked at tests/extension_ipc.rs:31:9:
[INFO] [stdout] stub-extension binary not found at /opt/rustwide/target/release/stub-extension — run `cargo build -p stub-extension` first (cargo test --workspace usually triggers this)
[INFO] [stdout] stack backtrace:
[INFO] [stdout]    0:     0x59cc49b0c051 - <<std[70759c8f55707aa4]::sys::backtrace::BacktraceLock>::print::DisplayBacktrace as core[df12db4294e9bfd3]::fmt::Display>::fmt
[INFO] [stdout]    1:     0x59cc49b2159a - core[df12db4294e9bfd3]::fmt::write
[INFO] [stdout]    2:     0x59cc49b109dc - <alloc[2182bb758b4b3781]::vec::Vec<u8> as core[df12db4294e9bfd3]::io::write::Write>::write_fmt
[INFO] [stdout]    3:     0x59cc49ae64d6 - std[70759c8f55707aa4]::panicking::default_hook::{closure#0}
[INFO] [stdout]    4:     0x59cc49b03d09 - std[70759c8f55707aa4]::panicking::default_hook
[INFO] [stdout]    5:     0x59cc49a5e010 - test[9d35eded1c95d3be]::test_main_inner::<test[9d35eded1c95d3be]::test_main_static::{closure#0}>::{closure#0}
[INFO] [stdout]    6:     0x59cc49b03ec2 - std[70759c8f55707aa4]::panicking::panic_with_hook
[INFO] [stdout]    7:     0x59cc49ae6582 - std[70759c8f55707aa4]::panicking::panic_handler::{closure#0}
[INFO] [stdout]    8:     0x59cc49adf059 - std[70759c8f55707aa4]::sys::backtrace::__rust_end_short_backtrace::<std[70759c8f55707aa4]::panicking::panic_handler::{closure#0}, !>
[INFO] [stdout]    9:     0x59cc49ae739d - __rustc[8fa7c3cbc660c2b3]::rust_begin_unwind
[INFO] [stdout]   10:     0x59cc49b21ccc - core[df12db4294e9bfd3]::panicking::panic_fmt
[INFO] [stdout]   11:     0x59cc49a42e9c - extension_ipc[1f94246139e38b4f]::descriptor_for_stub
[INFO] [stdout]   12:     0x59cc49a4a6d4 - <extension_ipc[1f94246139e38b4f]::evidence_overclaim_returns_extra_satisfies::{closure#0} as core[df12db4294e9bfd3]::ops::function::FnOnce<()>>::call_once
[INFO] [stdout]   13:     0x59cc49a92c43 - serial_test[54da3cbe40ac960d]::serial_code_lock::local_serial_core
[INFO] [stdout]   14:     0x59cc49a455cd - <extension_ipc[1f94246139e38b4f]::evidence_overclaim_returns_extra_satisfies::{closure#0} as core[df12db4294e9bfd3]::ops::function::FnOnce<()>>::call_once
[INFO] [stdout]   15:     0x59cc49a512fb - test[9d35eded1c95d3be]::__rust_begin_short_backtrace::<core[df12db4294e9bfd3]::result::Result<(), alloc[2182bb758b4b3781]::string::String>, fn() -> core[df12db4294e9bfd3]::result::Result<(), alloc[2182bb758b4b3781]::string::String>>
[INFO] [stdout]   16:     0x59cc49a5e965 - test[9d35eded1c95d3be]::run_test::{closure#0}
[INFO] [stdout]   17:     0x59cc49a58224 - std[70759c8f55707aa4]::sys::backtrace::__rust_begin_short_backtrace::<test[9d35eded1c95d3be]::run_test::{closure#1}, ()>
[INFO] [stdout]   18:     0x59cc49a61ac2 - <std[70759c8f55707aa4]::thread::lifecycle::spawn_unchecked<test[9d35eded1c95d3be]::run_test::{closure#1}, ()>::{closure#1} as core[df12db4294e9bfd3]::ops::function::FnOnce<()>>::call_once::{shim:vtable#0}
[INFO] [stdout]   19:     0x59cc49b0b8f9 - <std[70759c8f55707aa4]::sys::thread::unix::Thread>::new::thread_start
[INFO] [stdout]   20:     0x7d1ea77a8dfa - <unknown>
[INFO] [stdout]   21:     0x7d1ea783c3d4 - clone
[INFO] [stdout]   22:                0x0 - <unknown>
[INFO] [stdout] 
[INFO] [stdout] ---- evidence_timeout_is_rejected stdout ----
[INFO] [stdout] 
[INFO] [stdout] thread 'evidence_timeout_is_rejected' (3255) panicked at tests/extension_ipc.rs:31:9:
[INFO] [stdout] stub-extension binary not found at /opt/rustwide/target/release/stub-extension — run `cargo build -p stub-extension` first (cargo test --workspace usually triggers this)
[INFO] [stdout] stack backtrace:
[INFO] [stdout]    0:     0x59cc49b0c051 - <<std[70759c8f55707aa4]::sys::backtrace::BacktraceLock>::print::DisplayBacktrace as core[df12db4294e9bfd3]::fmt::Display>::fmt
[INFO] [stdout]    1:     0x59cc49b2159a - core[df12db4294e9bfd3]::fmt::write
[INFO] [stdout]    2:     0x59cc49b109dc - <alloc[2182bb758b4b3781]::vec::Vec<u8> as core[df12db4294e9bfd3]::io::write::Write>::write_fmt
[INFO] [stdout]    3:     0x59cc49ae64d6 - std[70759c8f55707aa4]::panicking::default_hook::{closure#0}
[INFO] [stdout]    4:     0x59cc49b03d09 - std[70759c8f55707aa4]::panicking::default_hook
[INFO] [stdout]    5:     0x59cc49a5e010 - test[9d35eded1c95d3be]::test_main_inner::<test[9d35eded1c95d3be]::test_main_static::{closure#0}>::{closure#0}
[INFO] [stdout]    6:     0x59cc49b03ec2 - std[70759c8f55707aa4]::panicking::panic_with_hook
[INFO] [stdout]    7:     0x59cc49ae6582 - std[70759c8f55707aa4]::panicking::panic_handler::{closure#0}
[INFO] [stdout]    8:     0x59cc49adf059 - std[70759c8f55707aa4]::sys::backtrace::__rust_end_short_backtrace::<std[70759c8f55707aa4]::panicking::panic_handler::{closure#0}, !>
[INFO] [stdout]    9:     0x59cc49ae739d - __rustc[8fa7c3cbc660c2b3]::rust_begin_unwind
[INFO] [stdout]   10:     0x59cc49b21ccc - core[df12db4294e9bfd3]::panicking::panic_fmt
[INFO] [stdout]   11:     0x59cc49a42e9c - extension_ipc[1f94246139e38b4f]::descriptor_for_stub
[INFO] [stdout]   12:     0x59cc49a47222 - <extension_ipc[1f94246139e38b4f]::evidence_timeout_is_rejected::{closure#0} as core[df12db4294e9bfd3]::ops::function::FnOnce<()>>::call_once
[INFO] [stdout]   13:     0x59cc49a92c43 - serial_test[54da3cbe40ac960d]::serial_code_lock::local_serial_core
[INFO] [stdout]   14:     0x59cc49a451cd - <extension_ipc[1f94246139e38b4f]::evidence_timeout_is_rejected::{closure#0} as core[df12db4294e9bfd3]::ops::function::FnOnce<()>>::call_once
[INFO] [stdout]   15:     0x59cc49a512fb - test[9d35eded1c95d3be]::__rust_begin_short_backtrace::<core[df12db4294e9bfd3]::result::Result<(), alloc[2182bb758b4b3781]::string::String>, fn() -> core[df12db4294e9bfd3]::result::Result<(), alloc[2182bb758b4b3781]::string::String>>
[INFO] [stdout]   16:     0x59cc49a5e965 - test[9d35eded1c95d3be]::run_test::{closure#0}
[INFO] [stdout]   17:     0x59cc49a58224 - std[70759c8f55707aa4]::sys::backtrace::__rust_begin_short_backtrace::<test[9d35eded1c95d3be]::run_test::{closure#1}, ()>
[INFO] [stdout]   18:     0x59cc49a61ac2 - <std[70759c8f55707aa4]::thread::lifecycle::spawn_unchecked<test[9d35eded1c95d3be]::run_test::{closure#1}, ()>::{closure#1} as core[df12db4294e9bfd3]::ops::function::FnOnce<()>>::call_once::{shim:vtable#0}
[INFO] [stdout]   19:     0x59cc49b0b8f9 - <std[70759c8f55707aa4]::sys::thread::unix::Thread>::new::thread_start
[INFO] [stdout]   20:     0x7d1ea77a8dfa - <unknown>
[INFO] [stdout]   21:     0x7d1ea783c3d4 - clone
[INFO] [stdout]   22:                0x0 - <unknown>
[INFO] [stdout] 
[INFO] [stdout] ---- stdin_is_closed_before_reading_stdout stdout ----
[INFO] [stdout] 
[INFO] [stdout] thread 'stdin_is_closed_before_reading_stdout' (3263) panicked at tests/extension_ipc.rs:31:9:
[INFO] [stdout] stub-extension binary not found at /opt/rustwide/target/release/stub-extension — run `cargo build -p stub-extension` first (cargo test --workspace usually triggers this)
[INFO] [stdout] stack backtrace:
[INFO] [stdout]    0:     0x59cc49b0c051 - <<std[70759c8f55707aa4]::sys::backtrace::BacktraceLock>::print::DisplayBacktrace as core[df12db4294e9bfd3]::fmt::Display>::fmt
[INFO] [stdout]    1:     0x59cc49b2159a - core[df12db4294e9bfd3]::fmt::write
[INFO] [stdout]    2:     0x59cc49b109dc - <alloc[2182bb758b4b3781]::vec::Vec<u8> as core[df12db4294e9bfd3]::io::write::Write>::write_fmt
[INFO] [stdout]    3:     0x59cc49ae64d6 - std[70759c8f55707aa4]::panicking::default_hook::{closure#0}
[INFO] [stdout]    4:     0x59cc49b03d09 - std[70759c8f55707aa4]::panicking::default_hook
[INFO] [stdout]    5:     0x59cc49a5e010 - test[9d35eded1c95d3be]::test_main_inner::<test[9d35eded1c95d3be]::test_main_static::{closure#0}>::{closure#0}
[INFO] [stdout]    6:     0x59cc49b03ec2 - std[70759c8f55707aa4]::panicking::panic_with_hook
[INFO] [stdout]    7:     0x59cc49ae6582 - std[70759c8f55707aa4]::panicking::panic_handler::{closure#0}
[INFO] [stdout]    8:     0x59cc49adf059 - std[70759c8f55707aa4]::sys::backtrace::__rust_end_short_backtrace::<std[70759c8f55707aa4]::panicking::panic_handler::{closure#0}, !>
[INFO] [stdout]    9:     0x59cc49ae739d - __rustc[8fa7c3cbc660c2b3]::rust_begin_unwind
[INFO] [stdout]   10:     0x59cc49b21ccc - core[df12db4294e9bfd3]::panicking::panic_fmt
[INFO] [stdout]   11:     0x59cc49a42e9c - extension_ipc[1f94246139e38b4f]::descriptor_for_stub
[INFO] [stdout]   12:     0x59cc49a48cd2 - <extension_ipc[1f94246139e38b4f]::stdin_is_closed_before_reading_stdout::{closure#0} as core[df12db4294e9bfd3]::ops::function::FnOnce<()>>::call_once
[INFO] [stdout]   13:     0x59cc49a92c43 - serial_test[54da3cbe40ac960d]::serial_code_lock::local_serial_core
[INFO] [stdout]   14:     0x59cc49a453cd - <extension_ipc[1f94246139e38b4f]::stdin_is_closed_before_reading_stdout::{closure#0} as core[df12db4294e9bfd3]::ops::function::FnOnce<()>>::call_once
[INFO] [stdout]   15:     0x59cc49a512fb - test[9d35eded1c95d3be]::__rust_begin_short_backtrace::<core[df12db4294e9bfd3]::result::Result<(), alloc[2182bb758b4b3781]::string::String>, fn() -> core[df12db4294e9bfd3]::result::Result<(), alloc[2182bb758b4b3781]::string::String>>
[INFO] [stdout]   16:     0x59cc49a5e965 - test[9d35eded1c95d3be]::run_test::{closure#0}
[INFO] [stdout]   17:     0x59cc49a58224 - std[70759c8f55707aa4]::sys::backtrace::__rust_begin_short_backtrace::<test[9d35eded1c95d3be]::run_test::{closure#1}, ()>
[INFO] [stdout]   18:     0x59cc49a61ac2 - <std[70759c8f55707aa4]::thread::lifecycle::spawn_unchecked<test[9d35eded1c95d3be]::run_test::{closure#1}, ()>::{closure#1} as core[df12db4294e9bfd3]::ops::function::FnOnce<()>>::call_once::{shim:vtable#0}
[INFO] [stdout]   19:     0x59cc49b0b8f9 - <std[70759c8f55707aa4]::sys::thread::unix::Thread>::new::thread_start
[INFO] [stdout]   20:     0x7d1ea77a8dfa - <unknown>
[INFO] [stdout]   21:     0x7d1ea783c3d4 - clone
[INFO] [stdout]   22:                0x0 - <unknown>
[INFO] [stdout] 
[INFO] [stdout] ---- evidence_accept_all_round_trip stdout ----
[INFO] [stdout] 
[INFO] [stdout] thread 'evidence_accept_all_round_trip' (3250) panicked at tests/extension_ipc.rs:31:9:
[INFO] [stdout] stub-extension binary not found at /opt/rustwide/target/release/stub-extension — run `cargo build -p stub-extension` first (cargo test --workspace usually triggers this)
[INFO] [stdout] stack backtrace:
[INFO] [stdout]    0:     0x59cc49b0c051 - <<std[70759c8f55707aa4]::sys::backtrace::BacktraceLock>::print::DisplayBacktrace as core[df12db4294e9bfd3]::fmt::Display>::fmt
[INFO] [stdout]    1:     0x59cc49b2159a - core[df12db4294e9bfd3]::fmt::write
[INFO] [stdout]    2:     0x59cc49b109dc - <alloc[2182bb758b4b3781]::vec::Vec<u8> as core[df12db4294e9bfd3]::io::write::Write>::write_fmt
[INFO] [stdout]    3:     0x59cc49ae64d6 - std[70759c8f55707aa4]::panicking::default_hook::{closure#0}
[INFO] [stdout]    4:     0x59cc49b03d09 - std[70759c8f55707aa4]::panicking::default_hook
[INFO] [stdout]    5:     0x59cc49a5e010 - test[9d35eded1c95d3be]::test_main_inner::<test[9d35eded1c95d3be]::test_main_static::{closure#0}>::{closure#0}
[INFO] [stdout]    6:     0x59cc49b03ec2 - std[70759c8f55707aa4]::panicking::panic_with_hook
[INFO] [stdout]    7:     0x59cc49ae6582 - std[70759c8f55707aa4]::panicking::panic_handler::{closure#0}
[INFO] [stdout]    8:     0x59cc49adf059 - std[70759c8f55707aa4]::sys::backtrace::__rust_end_short_backtrace::<std[70759c8f55707aa4]::panicking::panic_handler::{closure#0}, !>
[INFO] [stdout]    9:     0x59cc49ae739d - __rustc[8fa7c3cbc660c2b3]::rust_begin_unwind
[INFO] [stdout]   10:     0x59cc49b21ccc - core[df12db4294e9bfd3]::panicking::panic_fmt
[INFO] [stdout]   11:     0x59cc49a42e9c - extension_ipc[1f94246139e38b4f]::descriptor_for_stub
[INFO] [stdout]   12:     0x59cc49a47932 - <extension_ipc[1f94246139e38b4f]::evidence_accept_all_round_trip::{closure#0} as core[df12db4294e9bfd3]::ops::function::FnOnce<()>>::call_once
[INFO] [stdout]   13:     0x59cc49a92c43 - serial_test[54da3cbe40ac960d]::serial_code_lock::local_serial_core
[INFO] [stdout]   14:     0x59cc49a4524d - <extension_ipc[1f94246139e38b4f]::evidence_accept_all_round_trip::{closure#0} as core[df12db4294e9bfd3]::ops::function::FnOnce<()>>::call_once
[INFO] [stdout]   15:     0x59cc49a512fb - test[9d35eded1c95d3be]::__rust_begin_short_backtrace::<core[df12db4294e9bfd3]::result::Result<(), alloc[2182bb758b4b3781]::string::String>, fn() -> core[df12db4294e9bfd3]::result::Result<(), alloc[2182bb758b4b3781]::string::String>>
[INFO] [stdout]   16:     0x59cc49a5e965 - test[9d35eded1c95d3be]::run_test::{closure#0}
[INFO] [stdout]   17:     0x59cc49a58224 - std[70759c8f55707aa4]::sys::backtrace::__rust_begin_short_backtrace::<test[9d35eded1c95d3be]::run_test::{closure#1}, ()>
[INFO] [stdout]   18:     0x59cc49a61ac2 - <std[70759c8f55707aa4]::thread::lifecycle::spawn_unchecked<test[9d35eded1c95d3be]::run_test::{closure#1}, ()>::{closure#1} as core[df12db4294e9bfd3]::ops::function::FnOnce<()>>::call_once::{shim:vtable#0}
[INFO] [stdout]   19:     0x59cc49b0b8f9 - <std[70759c8f55707aa4]::sys::thread::unix::Thread>::new::thread_start
[INFO] [stdout]   20:     0x7d1ea77a8dfa - <unknown>
[INFO] [stdout]   21:     0x7d1ea783c3d4 - clone
[INFO] [stdout]   22:                0x0 - <unknown>
[INFO] [stdout] 
[INFO] [stdout] ---- resolve_garbage_stdout_is_rejected stdout ----
[INFO] [stdout] 
[INFO] [stdout] thread 'resolve_garbage_stdout_is_rejected' (3257) panicked at tests/extension_ipc.rs:31:9:
[INFO] [stdout] stub-extension binary not found at /opt/rustwide/target/release/stub-extension — run `cargo build -p stub-extension` first (cargo test --workspace usually triggers this)
[INFO] [stdout] stack backtrace:
[INFO] [stdout]    0:     0x59cc49b0c051 - <<std[70759c8f55707aa4]::sys::backtrace::BacktraceLock>::print::DisplayBacktrace as core[df12db4294e9bfd3]::fmt::Display>::fmt
[INFO] [stdout]    1:     0x59cc49b2159a - core[df12db4294e9bfd3]::fmt::write
[INFO] [stdout]    2:     0x59cc49b109dc - <alloc[2182bb758b4b3781]::vec::Vec<u8> as core[df12db4294e9bfd3]::io::write::Write>::write_fmt
[INFO] [stdout]    3:     0x59cc49ae64d6 - std[70759c8f55707aa4]::panicking::default_hook::{closure#0}
[INFO] [stdout]    4:     0x59cc49b03d09 - std[70759c8f55707aa4]::panicking::default_hook
[INFO] [stdout]    5:     0x59cc49a5e010 - test[9d35eded1c95d3be]::test_main_inner::<test[9d35eded1c95d3be]::test_main_static::{closure#0}>::{closure#0}
[INFO] [stdout]    6:     0x59cc49b03ec2 - std[70759c8f55707aa4]::panicking::panic_with_hook
[INFO] [stdout]    7:     0x59cc49ae6582 - std[70759c8f55707aa4]::panicking::panic_handler::{closure#0}
[INFO] [stdout]    8:     0x59cc49adf059 - std[70759c8f55707aa4]::sys::backtrace::__rust_end_short_backtrace::<std[70759c8f55707aa4]::panicking::panic_handler::{closure#0}, !>
[INFO] [stdout]    9:     0x59cc49ae739d - __rustc[8fa7c3cbc660c2b3]::rust_begin_unwind
[INFO] [stdout]   10:     0x59cc49b21ccc - core[df12db4294e9bfd3]::panicking::panic_fmt
[INFO] [stdout]   11:     0x59cc49a42e9c - extension_ipc[1f94246139e38b4f]::descriptor_for_stub
[INFO] [stdout]   12:     0x59cc49a485d2 - <extension_ipc[1f94246139e38b4f]::resolve_garbage_stdout_is_rejected::{closure#0} as core[df12db4294e9bfd3]::ops::function::FnOnce<()>>::call_once
[INFO] [stdout]   13:     0x59cc49a92c43 - serial_test[54da3cbe40ac960d]::serial_code_lock::local_serial_core
[INFO] [stdout]   14:     0x59cc49a4534d - <extension_ipc[1f94246139e38b4f]::resolve_garbage_stdout_is_rejected::{closure#0} as core[df12db4294e9bfd3]::ops::function::FnOnce<()>>::call_once
[INFO] [stdout]   15:     0x59cc49a512fb - test[9d35eded1c95d3be]::__rust_begin_short_backtrace::<core[df12db4294e9bfd3]::result::Result<(), alloc[2182bb758b4b3781]::string::String>, fn() -> core[df12db4294e9bfd3]::result::Result<(), alloc[2182bb758b4b3781]::string::String>>
[INFO] [stdout]   16:     0x59cc49a5e965 - test[9d35eded1c95d3be]::run_test::{closure#0}
[INFO] [stdout]   17:     0x59cc49a58224 - std[70759c8f55707aa4]::sys::backtrace::__rust_begin_short_backtrace::<test[9d35eded1c95d3be]::run_test::{closure#1}, ()>
[INFO] [stdout]   18:     0x59cc49a61ac2 - <std[70759c8f55707aa4]::thread::lifecycle::spawn_unchecked<test[9d35eded1c95d3be]::run_test::{closure#1}, ()>::{closure#1} as core[df12db4294e9bfd3]::ops::function::FnOnce<()>>::call_once::{shim:vtable#0}
[INFO] [stdout]   19:     0x59cc49b0b8f9 - <std[70759c8f55707aa4]::sys::thread::unix::Thread>::new::thread_start
[INFO] [stdout]   20:     0x7d1ea77a8dfa - <unknown>
[INFO] [stdout]   21:     0x7d1ea783c3d4 - clone
[INFO] [stdout]   22:                0x0 - <unknown>
[INFO] [stdout] 
[INFO] [stdout] ---- resolve_timeout_is_rejected stdout ----
[INFO] [stdout] 
[INFO] [stdout] thread 'resolve_timeout_is_rejected' (3262) panicked at tests/extension_ipc.rs:31:9:
[INFO] [stdout] stub-extension binary not found at /opt/rustwide/target/release/stub-extension — run `cargo build -p stub-extension` first (cargo test --workspace usually triggers this)
[INFO] [stdout] stack backtrace:
[INFO] [stdout]    0:     0x59cc49b0c051 - <<std[70759c8f55707aa4]::sys::backtrace::BacktraceLock>::print::DisplayBacktrace as core[df12db4294e9bfd3]::fmt::Display>::fmt
[INFO] [stdout]    1:     0x59cc49b2159a - core[df12db4294e9bfd3]::fmt::write
[INFO] [stdout]    2:     0x59cc49b109dc - <alloc[2182bb758b4b3781]::vec::Vec<u8> as core[df12db4294e9bfd3]::io::write::Write>::write_fmt
[INFO] [stdout]    3:     0x59cc49ae64d6 - std[70759c8f55707aa4]::panicking::default_hook::{closure#0}
[INFO] [stdout]    4:     0x59cc49b03d09 - std[70759c8f55707aa4]::panicking::default_hook
[INFO] [stdout]    5:     0x59cc49a5e010 - test[9d35eded1c95d3be]::test_main_inner::<test[9d35eded1c95d3be]::test_main_static::{closure#0}>::{closure#0}
[INFO] [stdout]    6:     0x59cc49b03ec2 - std[70759c8f55707aa4]::panicking::panic_with_hook
[INFO] [stdout]    7:     0x59cc49ae6582 - std[70759c8f55707aa4]::panicking::panic_handler::{closure#0}
[INFO] [stdout]    8:     0x59cc49adf059 - std[70759c8f55707aa4]::sys::backtrace::__rust_end_short_backtrace::<std[70759c8f55707aa4]::panicking::panic_handler::{closure#0}, !>
[INFO] [stdout]    9:     0x59cc49ae739d - __rustc[8fa7c3cbc660c2b3]::rust_begin_unwind
[INFO] [stdout]   10:     0x59cc49b21ccc - core[df12db4294e9bfd3]::panicking::panic_fmt
[INFO] [stdout]   11:     0x59cc49a42e9c - extension_ipc[1f94246139e38b4f]::descriptor_for_stub
[INFO] [stdout]   12:     0x59cc49a46b02 - <extension_ipc[1f94246139e38b4f]::resolve_timeout_is_rejected::{closure#0} as core[df12db4294e9bfd3]::ops::function::FnOnce<()>>::call_once
[INFO] [stdout]   13:     0x59cc49a92c43 - serial_test[54da3cbe40ac960d]::serial_code_lock::local_serial_core
[INFO] [stdout]   14:     0x59cc49a4514d - <extension_ipc[1f94246139e38b4f]::resolve_timeout_is_rejected::{closure#0} as core[df12db4294e9bfd3]::ops::function::FnOnce<()>>::call_once
[INFO] [stdout]   15:     0x59cc49a512fb - test[9d35eded1c95d3be]::__rust_begin_short_backtrace::<core[df12db4294e9bfd3]::result::Result<(), alloc[2182bb758b4b3781]::string::String>, fn() -> core[df12db4294e9bfd3]::result::Result<(), alloc[2182bb758b4b3781]::string::String>>
[INFO] [stdout]   16:     0x59cc49a5e965 - test[9d35eded1c95d3be]::run_test::{closure#0}
[INFO] [stdout]   17:     0x59cc49a58224 - std[70759c8f55707aa4]::sys::backtrace::__rust_begin_short_backtrace::<test[9d35eded1c95d3be]::run_test::{closure#1}, ()>
[INFO] [stdout]   18:     0x59cc49a61ac2 - <std[70759c8f55707aa4]::thread::lifecycle::spawn_unchecked<test[9d35eded1c95d3be]::run_test::{closure#1}, ()>::{closure#1} as core[df12db4294e9bfd3]::ops::function::FnOnce<()>>::call_once::{shim:vtable#0}
[INFO] [stdout]   19:     0x59cc49b0b8f9 - <std[70759c8f55707aa4]::sys::thread::unix::Thread>::new::thread_start
[INFO] [stdout]   20:     0x7d1ea77a8dfa - <unknown>
[INFO] [stdout]   21:     0x7d1ea783c3d4 - clone
[INFO] [stdout]   22:                0x0 - <unknown>
[INFO] [stdout] 
[INFO] [stdout] ---- resolve_oversized_response_is_rejected stdout ----
[INFO] [stdout] 
[INFO] [stdout] thread 'resolve_oversized_response_is_rejected' (3260) panicked at tests/extension_ipc.rs:31:9:
[INFO] [stdout] stub-extension binary not found at /opt/rustwide/target/release/stub-extension — run `cargo build -p stub-extension` first (cargo test --workspace usually triggers this)
[INFO] [stdout] stack backtrace:
[INFO] [stdout]    0:     0x59cc49b0c051 - <<std[70759c8f55707aa4]::sys::backtrace::BacktraceLock>::print::DisplayBacktrace as core[df12db4294e9bfd3]::fmt::Display>::fmt
[INFO] [stdout]    1:     0x59cc49b2159a - core[df12db4294e9bfd3]::fmt::write
[INFO] [stdout]    2:     0x59cc49b109dc - <alloc[2182bb758b4b3781]::vec::Vec<u8> as core[df12db4294e9bfd3]::io::write::Write>::write_fmt
[INFO] [stdout]    3:     0x59cc49ae64d6 - std[70759c8f55707aa4]::panicking::default_hook::{closure#0}
[INFO] [stdout]    4:     0x59cc49b03d09 - std[70759c8f55707aa4]::panicking::default_hook
[INFO] [stdout]    5:     0x59cc49a5e010 - test[9d35eded1c95d3be]::test_main_inner::<test[9d35eded1c95d3be]::test_main_static::{closure#0}>::{closure#0}
[INFO] [stdout]    6:     0x59cc49b03ec2 - std[70759c8f55707aa4]::panicking::panic_with_hook
[INFO] [stdout]    7:     0x59cc49ae6582 - std[70759c8f55707aa4]::panicking::panic_handler::{closure#0}
[INFO] [stdout]    8:     0x59cc49adf059 - std[70759c8f55707aa4]::sys::backtrace::__rust_end_short_backtrace::<std[70759c8f55707aa4]::panicking::panic_handler::{closure#0}, !>
[INFO] [stdout]    9:     0x59cc49ae739d - __rustc[8fa7c3cbc660c2b3]::rust_begin_unwind
[INFO] [stdout]   10:     0x59cc49b21ccc - core[df12db4294e9bfd3]::panicking::panic_fmt
[INFO] [stdout]   11:     0x59cc49a42e9c - extension_ipc[1f94246139e38b4f]::descriptor_for_stub
[INFO] [stdout]   12:     0x59cc49a49212 - <extension_ipc[1f94246139e38b4f]::resolve_oversized_response_is_rejected::{closure#0} as core[df12db4294e9bfd3]::ops::function::FnOnce<()>>::call_once
[INFO] [stdout]   13:     0x59cc49a92c43 - serial_test[54da3cbe40ac960d]::serial_code_lock::local_serial_core
[INFO] [stdout]   14:     0x59cc49a4544d - <extension_ipc[1f94246139e38b4f]::resolve_oversized_response_is_rejected::{closure#0} as core[df12db4294e9bfd3]::ops::function::FnOnce<()>>::call_once
[INFO] [stdout]   15:     0x59cc49a512fb - test[9d35eded1c95d3be]::__rust_begin_short_backtrace::<core[df12db4294e9bfd3]::result::Result<(), alloc[2182bb758b4b3781]::string::String>, fn() -> core[df12db4294e9bfd3]::result::Result<(), alloc[2182bb758b4b3781]::string::String>>
[INFO] [stdout]   16:     0x59cc49a5e965 - test[9d35eded1c95d3be]::run_test::{closure#0}
[INFO] [stdout]   17:     0x59cc49a58224 - std[70759c8f55707aa4]::sys::backtrace::__rust_begin_short_backtrace::<test[9d35eded1c95d3be]::run_test::{closure#1}, ()>
[INFO] [stdout]   18:     0x59cc49a61ac2 - <std[70759c8f55707aa4]::thread::lifecycle::spawn_unchecked<test[9d35eded1c95d3be]::run_test::{closure#1}, ()>::{closure#1} as core[df12db4294e9bfd3]::ops::function::FnOnce<()>>::call_once::{shim:vtable#0}
[INFO] [stdout]   19:     0x59cc49b0b8f9 - <std[70759c8f55707aa4]::sys::thread::unix::Thread>::new::thread_start
[INFO] [stdout]   20:     0x7d1ea77a8dfa - <unknown>
[INFO] [stdout]   21:     0x7d1ea783c3d4 - clone
[INFO] [stdout]   22:                0x0 - <unknown>
[INFO] [stdout] 
[INFO] [stdout] ---- resolve_bad_protocol_version_is_rejected stdout ----
[INFO] [stdout] 
[INFO] [stdout] thread 'resolve_bad_protocol_version_is_rejected' (3256) panicked at tests/extension_ipc.rs:31:9:
[INFO] [stdout] stub-extension binary not found at /opt/rustwide/target/release/stub-extension — run `cargo build -p stub-extension` first (cargo test --workspace usually triggers this)
[INFO] [stdout] stack backtrace:
[INFO] [stdout]    0:     0x59cc49b0c051 - <<std[70759c8f55707aa4]::sys::backtrace::BacktraceLock>::print::DisplayBacktrace as core[df12db4294e9bfd3]::fmt::Display>::fmt
[INFO] [stdout]    1:     0x59cc49b2159a - core[df12db4294e9bfd3]::fmt::write
[INFO] [stdout]    2:     0x59cc49b109dc - <alloc[2182bb758b4b3781]::vec::Vec<u8> as core[df12db4294e9bfd3]::io::write::Write>::write_fmt
[INFO] [stdout]    3:     0x59cc49ae64d6 - std[70759c8f55707aa4]::panicking::default_hook::{closure#0}
[INFO] [stdout]    4:     0x59cc49b03d09 - std[70759c8f55707aa4]::panicking::default_hook
[INFO] [stdout]    5:     0x59cc49a5e010 - test[9d35eded1c95d3be]::test_main_inner::<test[9d35eded1c95d3be]::test_main_static::{closure#0}>::{closure#0}
[INFO] [stdout]    6:     0x59cc49b03ec2 - std[70759c8f55707aa4]::panicking::panic_with_hook
[INFO] [stdout]    7:     0x59cc49ae6582 - std[70759c8f55707aa4]::panicking::panic_handler::{closure#0}
[INFO] [stdout]    8:     0x59cc49adf059 - std[70759c8f55707aa4]::sys::backtrace::__rust_end_short_backtrace::<std[70759c8f55707aa4]::panicking::panic_handler::{closure#0}, !>
[INFO] [stdout]    9:     0x59cc49ae739d - __rustc[8fa7c3cbc660c2b3]::rust_begin_unwind
[INFO] [stdout]   10:     0x59cc49b21ccc - core[df12db4294e9bfd3]::panicking::panic_fmt
[INFO] [stdout]   11:     0x59cc49a42e9c - extension_ipc[1f94246139e38b4f]::descriptor_for_stub
[INFO] [stdout]   12:     0x59cc49a498f2 - <extension_ipc[1f94246139e38b4f]::resolve_bad_protocol_version_is_rejected::{closure#0} as core[df12db4294e9bfd3]::ops::function::FnOnce<()>>::call_once
[INFO] [stdout]   13:     0x59cc49a92c43 - serial_test[54da3cbe40ac960d]::serial_code_lock::local_serial_core
[INFO] [stdout]   14:     0x59cc49a454cd - <extension_ipc[1f94246139e38b4f]::resolve_bad_protocol_version_is_rejected::{closure#0} as core[df12db4294e9bfd3]::ops::function::FnOnce<()>>::call_once
[INFO] [stdout]   15:     0x59cc49a512fb - test[9d35eded1c95d3be]::__rust_begin_short_backtrace::<core[df12db4294e9bfd3]::result::Result<(), alloc[2182bb758b4b3781]::string::String>, fn() -> core[df12db4294e9bfd3]::result::Result<(), alloc[2182bb758b4b3781]::string::String>>
[INFO] [stdout]   16:     0x59cc49a5e965 - test[9d35eded1c95d3be]::run_test::{closure#0}
[INFO] [stdout]   17:     0x59cc49a58224 - std[70759c8f55707aa4]::sys::backtrace::__rust_begin_short_backtrace::<test[9d35eded1c95d3be]::run_test::{closure#1}, ()>
[INFO] [stdout]   18:     0x59cc49a61ac2 - <std[70759c8f55707aa4]::thread::lifecycle::spawn_unchecked<test[9d35eded1c95d3be]::run_test::{closure#1}, ()>::{closure#1} as core[df12db4294e9bfd3]::ops::function::FnOnce<()>>::call_once::{shim:vtable#0}
[INFO] [stdout]   19:     0x59cc49b0b8f9 - <std[70759c8f55707aa4]::sys::thread::unix::Thread>::new::thread_start
[INFO] [stdout]   20:     0x7d1ea77a8dfa - <unknown>
[INFO] [stdout]   21:     0x7d1ea783c3d4 - clone
[INFO] [stdout]   22:                0x0 - <unknown>
[INFO] [stdout] 
[INFO] [stdout] ---- resolve_nonzero_exit_is_surfaced_with_stderr stdout ----
[INFO] [stdout] 
[INFO] [stdout] thread 'resolve_nonzero_exit_is_surfaced_with_stderr' (3259) panicked at tests/extension_ipc.rs:31:9:
[INFO] [stdout] stub-extension binary not found at /opt/rustwide/target/release/stub-extension — run `cargo build -p stub-extension` first (cargo test --workspace usually triggers this)
[INFO] [stdout] stack backtrace:
[INFO] [stdout]    0:     0x59cc49b0c051 - <<std[70759c8f55707aa4]::sys::backtrace::BacktraceLock>::print::DisplayBacktrace as core[df12db4294e9bfd3]::fmt::Display>::fmt
[INFO] [stdout]    1:     0x59cc49b2159a - core[df12db4294e9bfd3]::fmt::write
[INFO] [stdout]    2:     0x59cc49b109dc - <alloc[2182bb758b4b3781]::vec::Vec<u8> as core[df12db4294e9bfd3]::io::write::Write>::write_fmt
[INFO] [stdout]    3:     0x59cc49ae64d6 - std[70759c8f55707aa4]::panicking::default_hook::{closure#0}
[INFO] [stdout]    4:     0x59cc49b03d09 - std[70759c8f55707aa4]::panicking::default_hook
[INFO] [stdout]    5:     0x59cc49a5e010 - test[9d35eded1c95d3be]::test_main_inner::<test[9d35eded1c95d3be]::test_main_static::{closure#0}>::{closure#0}
[INFO] [stdout]    6:     0x59cc49b03ec2 - std[70759c8f55707aa4]::panicking::panic_with_hook
[INFO] [stdout]    7:     0x59cc49ae6582 - std[70759c8f55707aa4]::panicking::panic_handler::{closure#0}
[INFO] [stdout]    8:     0x59cc49adf059 - std[70759c8f55707aa4]::sys::backtrace::__rust_end_short_backtrace::<std[70759c8f55707aa4]::panicking::panic_handler::{closure#0}, !>
[INFO] [stdout]    9:     0x59cc49ae739d - __rustc[8fa7c3cbc660c2b3]::rust_begin_unwind
[INFO] [stdout]   10:     0x59cc49b21ccc - core[df12db4294e9bfd3]::panicking::panic_fmt
[INFO] [stdout]   11:     0x59cc49a42e9c - extension_ipc[1f94246139e38b4f]::descriptor_for_stub
[INFO] [stdout]   12:     0x59cc49a4add2 - <extension_ipc[1f94246139e38b4f]::resolve_nonzero_exit_is_surfaced_with_stderr::{closure#0} as core[df12db4294e9bfd3]::ops::function::FnOnce<()>>::call_once
[INFO] [stdout]   13:     0x59cc49a92c43 - serial_test[54da3cbe40ac960d]::serial_code_lock::local_serial_core
[INFO] [stdout]   14:     0x59cc49a4564d - <extension_ipc[1f94246139e38b4f]::resolve_nonzero_exit_is_surfaced_with_stderr::{closure#0} as core[df12db4294e9bfd3]::ops::function::FnOnce<()>>::call_once
[INFO] [stdout]   15:     0x59cc49a512fb - test[9d35eded1c95d3be]::__rust_begin_short_backtrace::<core[df12db4294e9bfd3]::result::Result<(), alloc[2182bb758b4b3781]::string::String>, fn() -> core[df12db4294e9bfd3]::result::Result<(), alloc[2182bb758b4b3781]::string::String>>
[INFO] [stdout]   16:     0x59cc49a5e965 - test[9d35eded1c95d3be]::run_test::{closure#0}
[INFO] [stdout]   17:     0x59cc49a58224 - std[70759c8f55707aa4]::sys::backtrace::__rust_begin_short_backtrace::<test[9d35eded1c95d3be]::run_test::{closure#1}, ()>
[INFO] [stdout]   18:     0x59cc49a61ac2 - <std[70759c8f55707aa4]::thread::lifecycle::spawn_unchecked<test[9d35eded1c95d3be]::run_test::{closure#1}, ()>::{closure#1} as core[df12db4294e9bfd3]::ops::function::FnOnce<()>>::call_once::{shim:vtable#0}
[INFO] [stdout]   19:     0x59cc49b0b8f9 - <std[70759c8f55707aa4]::sys::thread::unix::Thread>::new::thread_start
[INFO] [stdout]   20:     0x7d1ea77a8dfa - <unknown>
[INFO] [stdout]   21:     0x7d1ea783c3d4 - clone
[INFO] [stdout]   22:                0x0 - <unknown>
[INFO] [stdout] 
[INFO] [stdout] ---- evidence_accept_subset stdout ----
[INFO] [stdout] 
[INFO] [stdout] thread 'evidence_accept_subset' (3251) panicked at tests/extension_ipc.rs:31:9:
[INFO] [stdout] stub-extension binary not found at /opt/rustwide/target/release/stub-extension — run `cargo build -p stub-extension` first (cargo test --workspace usually triggers this)
[INFO] [stdout] stack backtrace:
[INFO] [stdout]    0:     0x59cc49b0c051 - <<std[70759c8f55707aa4]::sys::backtrace::BacktraceLock>::print::DisplayBacktrace as core[df12db4294e9bfd3]::fmt::Display>::fmt
[INFO] [stdout]    1:     0x59cc49b2159a - core[df12db4294e9bfd3]::fmt::write
[INFO] [stdout]    2:     0x59cc49b109dc - <alloc[2182bb758b4b3781]::vec::Vec<u8> as core[df12db4294e9bfd3]::io::write::Write>::write_fmt
[INFO] [stdout]    3:     0x59cc49ae64d6 - std[70759c8f55707aa4]::panicking::default_hook::{closure#0}
[INFO] [stdout]    4:     0x59cc49b03d09 - std[70759c8f55707aa4]::panicking::default_hook
[INFO] [stdout]    5:     0x59cc49a5e010 - test[9d35eded1c95d3be]::test_main_inner::<test[9d35eded1c95d3be]::test_main_static::{closure#0}>::{closure#0}
[INFO] [stdout]    6:     0x59cc49b03ec2 - std[70759c8f55707aa4]::panicking::panic_with_hook
[INFO] [stdout]    7:     0x59cc49ae6582 - std[70759c8f55707aa4]::panicking::panic_handler::{closure#0}
[INFO] [stdout]    8:     0x59cc49adf059 - std[70759c8f55707aa4]::sys::backtrace::__rust_end_short_backtrace::<std[70759c8f55707aa4]::panicking::panic_handler::{closure#0}, !>
[INFO] [stdout]    9:     0x59cc49ae739d - __rustc[8fa7c3cbc660c2b3]::rust_begin_unwind
[INFO] [stdout]   10:     0x59cc49b21ccc - core[df12db4294e9bfd3]::panicking::panic_fmt
[INFO] [stdout]   11:     0x59cc49a42e9c - extension_ipc[1f94246139e38b4f]::descriptor_for_stub
[INFO] [stdout]   12:     0x59cc49a45d34 - <extension_ipc[1f94246139e38b4f]::evidence_accept_subset::{closure#0} as core[df12db4294e9bfd3]::ops::function::FnOnce<()>>::call_once
[INFO] [stdout]   13:     0x59cc49a92c43 - serial_test[54da3cbe40ac960d]::serial_code_lock::local_serial_core
[INFO] [stdout]   14:     0x59cc49a4504d - <extension_ipc[1f94246139e38b4f]::evidence_accept_subset::{closure#0} as core[df12db4294e9bfd3]::ops::function::FnOnce<()>>::call_once
[INFO] [stdout]   15:     0x59cc49a512fb - test[9d35eded1c95d3be]::__rust_begin_short_backtrace::<core[df12db4294e9bfd3]::result::Result<(), alloc[2182bb758b4b3781]::string::String>, fn() -> core[df12db4294e9bfd3]::result::Result<(), alloc[2182bb758b4b3781]::string::String>>
[INFO] [stdout]   16:     0x59cc49a5e965 - test[9d35eded1c95d3be]::run_test::{closure#0}
[INFO] [stdout]   17:     0x59cc49a58224 - std[70759c8f55707aa4]::sys::backtrace::__rust_begin_short_backtrace::<test[9d35eded1c95d3be]::run_test::{closure#1}, ()>
[INFO] [stdout]   18:     0x59cc49a61ac2 - <std[70759c8f55707aa4]::thread::lifecycle::spawn_unchecked<test[9d35eded1c95d3be]::run_test::{closure#1}, ()>::{closure#1} as core[df12db4294e9bfd3]::ops::function::FnOnce<()>>::call_once::{shim:vtable#0}
[INFO] [stdout]   19:     0x59cc49b0b8f9 - <std[70759c8f55707aa4]::sys::thread::unix::Thread>::new::thread_start
[INFO] [stdout]   20:     0x7d1ea77a8dfa - <unknown>
[INFO] [stdout]   21:     0x7d1ea783c3d4 - clone
[INFO] [stdout]   22:                0x0 - <unknown>
[INFO] [stdout] 
[INFO] [stdout] ---- resolve_round_trip_default_shape stdout ----
[INFO] [stdout] 
[INFO] [stdout] thread 'resolve_round_trip_default_shape' (3261) panicked at tests/extension_ipc.rs:31:9:
[INFO] [stdout] stub-extension binary not found at /opt/rustwide/target/release/stub-extension — run `cargo build -p stub-extension` first (cargo test --workspace usually triggers this)
[INFO] [stdout] stack backtrace:
[INFO] [stdout]    0:     0x59cc49b0c051 - <<std[70759c8f55707aa4]::sys::backtrace::BacktraceLock>::print::DisplayBacktrace as core[df12db4294e9bfd3]::fmt::Display>::fmt
[INFO] [stdout]    1:     0x59cc49b2159a - core[df12db4294e9bfd3]::fmt::write
[INFO] [stdout]    2:     0x59cc49b109dc - <alloc[2182bb758b4b3781]::vec::Vec<u8> as core[df12db4294e9bfd3]::io::write::Write>::write_fmt
[INFO] [stdout]    3:     0x59cc49ae64d6 - std[70759c8f55707aa4]::panicking::default_hook::{closure#0}
[INFO] [stdout]    4:     0x59cc49b03d09 - std[70759c8f55707aa4]::panicking::default_hook
[INFO] [stdout]    5:     0x59cc49a5e010 - test[9d35eded1c95d3be]::test_main_inner::<test[9d35eded1c95d3be]::test_main_static::{closure#0}>::{closure#0}
[INFO] [stdout]    6:     0x59cc49b03ec2 - std[70759c8f55707aa4]::panicking::panic_with_hook
[INFO] [stdout]    7:     0x59cc49ae6582 - std[70759c8f55707aa4]::panicking::panic_handler::{closure#0}
[INFO] [stdout]    8:     0x59cc49adf059 - std[70759c8f55707aa4]::sys::backtrace::__rust_end_short_backtrace::<std[70759c8f55707aa4]::panicking::panic_handler::{closure#0}, !>
[INFO] [stdout]    9:     0x59cc49ae739d - __rustc[8fa7c3cbc660c2b3]::rust_begin_unwind
[INFO] [stdout]   10:     0x59cc49b21ccc - core[df12db4294e9bfd3]::panicking::panic_fmt
[INFO] [stdout]   11:     0x59cc49a42e9c - extension_ipc[1f94246139e38b4f]::descriptor_for_stub
[INFO] [stdout]   12:     0x59cc49a47ee4 - <extension_ipc[1f94246139e38b4f]::resolve_round_trip_default_shape::{closure#0} as core[df12db4294e9bfd3]::ops::function::FnOnce<()>>::call_once
[INFO] [stdout]   13:     0x59cc49a92c43 - serial_test[54da3cbe40ac960d]::serial_code_lock::local_serial_core
[INFO] [stdout]   14:     0x59cc49a452cd - <extension_ipc[1f94246139e38b4f]::resolve_round_trip_default_shape::{closure#0} as core[df12db4294e9bfd3]::ops::function::FnOnce<()>>::call_once
[INFO] [stdout]   15:     0x59cc49a512fb - test[9d35eded1c95d3be]::__rust_begin_short_backtrace::<core[df12db4294e9bfd3]::result::Result<(), alloc[2182bb758b4b3781]::string::String>, fn() -> core[df12db4294e9bfd3]::result::Result<(), alloc[2182bb758b4b3781]::string::String>>
[INFO] [stdout]   16:     0x59cc49a5e965 - test[9d35eded1c95d3be]::run_test::{closure#0}
[INFO] [stdout]   17:     0x59cc49a58224 - std[70759c8f55707aa4]::sys::backtrace::__rust_begin_short_backtrace::<test[9d35eded1c95d3be]::run_test::{closure#1}, ()>
[INFO] [stdout]   18:     0x59cc49a61ac2 - <std[70759c8f55707aa4]::thread::lifecycle::spawn_unchecked<test[9d35eded1c95d3be]::run_test::{closure#1}, ()>::{closure#1} as core[df12db4294e9bfd3]::ops::function::FnOnce<()>>::call_once::{shim:vtable#0}
[INFO] [stdout]   19:     0x59cc49b0b8f9 - <std[70759c8f55707aa4]::sys::thread::unix::Thread>::new::thread_start
[INFO] [stdout]   20:     0x7d1ea77a8dfa - <unknown>
[INFO] [stdout]   21:     0x7d1ea783c3d4 - clone
[INFO] [stdout]   22:                0x0 - <unknown>
[INFO] [stdout] 
[INFO] [stdout] ---- evidence_reject_shape stdout ----
[INFO] [stdout] 
[INFO] [stdout] thread 'evidence_reject_shape' (3254) panicked at tests/extension_ipc.rs:31:9:
[INFO] [stdout] stub-extension binary not found at /opt/rustwide/target/release/stub-extension — run `cargo build -p stub-extension` first (cargo test --workspace usually triggers this)
[INFO] [stdout] stack backtrace:
[INFO] [stdout]    0:     0x59cc49b0c051 - <<std[70759c8f55707aa4]::sys::backtrace::BacktraceLock>::print::DisplayBacktrace as core[df12db4294e9bfd3]::fmt::Display>::fmt
[INFO] [stdout]    1:     0x59cc49b2159a - core[df12db4294e9bfd3]::fmt::write
[INFO] [stderr] error: test failed, to rerun pass `--test extension_ipc`
[INFO] [stdout]    2:     0x59cc49b109dc - <alloc[2182bb758b4b3781]::vec::Vec<u8> as core[df12db4294e9bfd3]::io::write::Write>::write_fmt
[INFO] [stdout]    3:     0x59cc49ae64d6 - std[70759c8f55707aa4]::panicking::default_hook::{closure#0}
[INFO] [stdout]    4:     0x59cc49b03d09 - std[70759c8f55707aa4]::panicking::default_hook
[INFO] [stdout]    5:     0x59cc49a5e010 - test[9d35eded1c95d3be]::test_main_inner::<test[9d35eded1c95d3be]::test_main_static::{closure#0}>::{closure#0}
[INFO] [stdout]    6:     0x59cc49b03ec2 - std[70759c8f55707aa4]::panicking::panic_with_hook
[INFO] [stdout]    7:     0x59cc49ae6582 - std[70759c8f55707aa4]::panicking::panic_handler::{closure#0}
[INFO] [stdout]    8:     0x59cc49adf059 - std[70759c8f55707aa4]::sys::backtrace::__rust_end_short_backtrace::<std[70759c8f55707aa4]::panicking::panic_handler::{closure#0}, !>
[INFO] [stdout]    9:     0x59cc49ae739d - __rustc[8fa7c3cbc660c2b3]::rust_begin_unwind
[INFO] [stdout]   10:     0x59cc49b21ccc - core[df12db4294e9bfd3]::panicking::panic_fmt
[INFO] [stdout]   11:     0x59cc49a42e9c - extension_ipc[1f94246139e38b4f]::descriptor_for_stub
[INFO] [stdout]   12:     0x59cc49a456e2 - <extension_ipc[1f94246139e38b4f]::evidence_reject_shape::{closure#0} as core[df12db4294e9bfd3]::ops::function::FnOnce<()>>::call_once
[INFO] [stdout]   13:     0x59cc49a92c43 - serial_test[54da3cbe40ac960d]::serial_code_lock::local_serial_core
[INFO] [stdout]   14:     0x59cc49a44fcd - <extension_ipc[1f94246139e38b4f]::evidence_reject_shape::{closure#0} as core[df12db4294e9bfd3]::ops::function::FnOnce<()>>::call_once
[INFO] [stdout]   15:     0x59cc49a512fb - test[9d35eded1c95d3be]::__rust_begin_short_backtrace::<core[df12db4294e9bfd3]::result::Result<(), alloc[2182bb758b4b3781]::string::String>, fn() -> core[df12db4294e9bfd3]::result::Result<(), alloc[2182bb758b4b3781]::string::String>>
[INFO] [stdout]   16:     0x59cc49a5e965 - test[9d35eded1c95d3be]::run_test::{closure#0}
[INFO] [stdout]   17:     0x59cc49a58224 - std[70759c8f55707aa4]::sys::backtrace::__rust_begin_short_backtrace::<test[9d35eded1c95d3be]::run_test::{closure#1}, ()>
[INFO] [stdout]   18:     0x59cc49a61ac2 - <std[70759c8f55707aa4]::thread::lifecycle::spawn_unchecked<test[9d35eded1c95d3be]::run_test::{closure#1}, ()>::{closure#1} as core[df12db4294e9bfd3]::ops::function::FnOnce<()>>::call_once::{shim:vtable#0}
[INFO] [stdout]   19:     0x59cc49b0b8f9 - <std[70759c8f55707aa4]::sys::thread::unix::Thread>::new::thread_start
[INFO] [stdout]   20:     0x7d1ea77a8dfa - <unknown>
[INFO] [stdout]   21:     0x7d1ea783c3d4 - clone
[INFO] [stdout]   22:                0x0 - <unknown>
[INFO] [stdout] 
[INFO] [stdout] ---- evidence_bad_protocol_version_is_rejected stdout ----
[INFO] [stdout] 
[INFO] [stdout] thread 'evidence_bad_protocol_version_is_rejected' (3252) panicked at tests/extension_ipc.rs:31:9:
[INFO] [stdout] stub-extension binary not found at /opt/rustwide/target/release/stub-extension — run `cargo build -p stub-extension` first (cargo test --workspace usually triggers this)
[INFO] [stdout] stack backtrace:
[INFO] [stdout]    0:     0x59cc49b0c051 - <<std[70759c8f55707aa4]::sys::backtrace::BacktraceLock>::print::DisplayBacktrace as core[df12db4294e9bfd3]::fmt::Display>::fmt
[INFO] [stdout]    1:     0x59cc49b2159a - core[df12db4294e9bfd3]::fmt::write
[INFO] [stdout]    2:     0x59cc49b109dc - <alloc[2182bb758b4b3781]::vec::Vec<u8> as core[df12db4294e9bfd3]::io::write::Write>::write_fmt
[INFO] [stdout]    3:     0x59cc49ae64d6 - std[70759c8f55707aa4]::panicking::default_hook::{closure#0}
[INFO] [stdout]    4:     0x59cc49b03d09 - std[70759c8f55707aa4]::panicking::default_hook
[INFO] [stdout]    5:     0x59cc49a5e010 - test[9d35eded1c95d3be]::test_main_inner::<test[9d35eded1c95d3be]::test_main_static::{closure#0}>::{closure#0}
[INFO] [stdout]    6:     0x59cc49b03ec2 - std[70759c8f55707aa4]::panicking::panic_with_hook
[INFO] [stdout]    7:     0x59cc49ae6582 - std[70759c8f55707aa4]::panicking::panic_handler::{closure#0}
[INFO] [stdout]    8:     0x59cc49adf059 - std[70759c8f55707aa4]::sys::backtrace::__rust_end_short_backtrace::<std[70759c8f55707aa4]::panicking::panic_handler::{closure#0}, !>
[INFO] [stdout]    9:     0x59cc49ae739d - __rustc[8fa7c3cbc660c2b3]::rust_begin_unwind
[INFO] [stdout]   10:     0x59cc49b21ccc - core[df12db4294e9bfd3]::panicking::panic_fmt
[INFO] [stdout]   11:     0x59cc49a42e9c - extension_ipc[1f94246139e38b4f]::descriptor_for_stub
[INFO] [stdout]   12:     0x59cc49a49fd2 - <extension_ipc[1f94246139e38b4f]::evidence_bad_protocol_version_is_rejected::{closure#0} as core[df12db4294e9bfd3]::ops::function::FnOnce<()>>::call_once
[INFO] [stdout]   13:     0x59cc49a92c43 - serial_test[54da3cbe40ac960d]::serial_code_lock::local_serial_core
[INFO] [stdout]   14:     0x59cc49a4554d - <extension_ipc[1f94246139e38b4f]::evidence_bad_protocol_version_is_rejected::{closure#0} as core[df12db4294e9bfd3]::ops::function::FnOnce<()>>::call_once
[INFO] [stdout]   15:     0x59cc49a512fb - test[9d35eded1c95d3be]::__rust_begin_short_backtrace::<core[df12db4294e9bfd3]::result::Result<(), alloc[2182bb758b4b3781]::string::String>, fn() -> core[df12db4294e9bfd3]::result::Result<(), alloc[2182bb758b4b3781]::string::String>>
[INFO] [stdout]   16:     0x59cc49a5e965 - test[9d35eded1c95d3be]::run_test::{closure#0}
[INFO] [stdout]   17:     0x59cc49a58224 - std[70759c8f55707aa4]::sys::backtrace::__rust_begin_short_backtrace::<test[9d35eded1c95d3be]::run_test::{closure#1}, ()>
[INFO] [stdout]   18:     0x59cc49a61ac2 - <std[70759c8f55707aa4]::thread::lifecycle::spawn_unchecked<test[9d35eded1c95d3be]::run_test::{closure#1}, ()>::{closure#1} as core[df12db4294e9bfd3]::ops::function::FnOnce<()>>::call_once::{shim:vtable#0}
[INFO] [stdout]   19:     0x59cc49b0b8f9 - <std[70759c8f55707aa4]::sys::thread::unix::Thread>::new::thread_start
[INFO] [stdout]   20:     0x7d1ea77a8dfa - <unknown>
[INFO] [stdout]   21:     0x7d1ea783c3d4 - clone
[INFO] [stdout]   22:                0x0 - <unknown>
[INFO] [stdout] 
[INFO] [stdout] 
[INFO] [stdout] failures:
[INFO] [stdout]     evidence_accept_all_round_trip
[INFO] [stdout]     evidence_accept_subset
[INFO] [stdout]     evidence_bad_protocol_version_is_rejected
[INFO] [stdout]     evidence_overclaim_returns_extra_satisfies
[INFO] [stdout]     evidence_reject_shape
[INFO] [stdout]     evidence_timeout_is_rejected
[INFO] [stdout]     resolve_bad_protocol_version_is_rejected
[INFO] [stdout]     resolve_garbage_stdout_is_rejected
[INFO] [stdout]     resolve_ignore_all_shape
[INFO] [stdout]     resolve_nonzero_exit_is_surfaced_with_stderr
[INFO] [stdout]     resolve_oversized_response_is_rejected
[INFO] [stdout]     resolve_round_trip_default_shape
[INFO] [stdout]     resolve_timeout_is_rejected
[INFO] [stdout]     stdin_is_closed_before_reading_stdout
[INFO] [stdout] 
[INFO] [stdout] test result: FAILED. 0 passed; 14 failed; 0 ignored; 0 measured; 0 filtered out; finished in 2.01s
[INFO] [stdout] 
[INFO] running `Command { std: "docker" "inspect" "b62c195abf3d2f8c6ecd5a5987c87440e767d3ecfed8ee64c01d5f42a6517ebd", kill_on_drop: false }`
[INFO] running `Command { std: "docker" "rm" "-f" "b62c195abf3d2f8c6ecd5a5987c87440e767d3ecfed8ee64c01d5f42a6517ebd", kill_on_drop: false }`
[INFO] [stdout] b62c195abf3d2f8c6ecd5a5987c87440e767d3ecfed8ee64c01d5f42a6517ebd
