[INFO] fetching crate musli-web-macros 0.4.11...
[INFO] testing musli-web-macros-0.4.11 against 1.99.0-beta.8+cargoflags=--release for beta-release-1.100-2
[INFO] extracting crate musli-web-macros 0.4.11 into /workspace/builds/worker-2-tc1/source
[INFO] started tweaking crates.io crate musli-web-macros 0.4.11
[INFO] removed 0 missing tests
[INFO] finished tweaking crates.io crate musli-web-macros 0.4.11
[INFO] tweaked toml for crates.io crate musli-web-macros 0.4.11 written to /workspace/builds/worker-2-tc1/source/Cargo.toml
[INFO] validating manifest of crates.io crate musli-web-macros 0.4.11 on toolchain 1.99.0-beta.8
[INFO] running `Command { std: CARGO_HOME="/workspace/cargo-home" RUSTUP_HOME="/workspace/rustup-home" "/workspace/cargo-home/bin/cargo" "+1.99.0-beta.8" "metadata" "--manifest-path" "Cargo.toml" "--no-deps", kill_on_drop: false }`
[INFO] crate crates.io crate musli-web-macros 0.4.11 already has a lockfile, it will not be regenerated
[INFO] running `Command { std: CARGO_HOME="/workspace/cargo-home" RUSTUP_HOME="/workspace/rustup-home" "/workspace/cargo-home/bin/cargo" "+1.99.0-beta.8" "fetch" "--manifest-path" "Cargo.toml", kill_on_drop: false }`
[INFO] [stderr]  Downloading crates ...
[INFO] [stderr]   Downloaded trybuild v1.0.120
[INFO] [stderr]   Downloaded target-triple v1.0.1
[INFO] running `Command { std: "docker" "create" "-v" "/var/lib/crater-agent-workspace/builds/worker-2-tc1/source:/opt/rustwide/workdir:ro,Z" "-v" "/var/lib/crater-agent-workspace/builds/worker-2-tc1/target:/opt/rustwide/target:rw,Z" "-v" "/var/lib/crater-agent-workspace/cargo-home:/opt/rustwide/cargo-home:ro,Z" "-v" "/var/lib/crater-agent-workspace/rustup-home:/opt/rustwide/rustup-home:ro,Z" "-m" "1610612736" "--network" "none" "ghcr.io/rust-lang/crates-build-env/linux@sha256:77db811e55d90add9212f6832c23229e3de5f1c1f9905e8cb07319ea15df73ac" "sleep" "infinity", kill_on_drop: false }`
[INFO] [stdout] 026b356d0e9107b95e184c8e6069a9c495ec49d57693d7f3ca8d18f2dd3e71d6
[INFO] running `Command { std: "docker" "start" "026b356d0e9107b95e184c8e6069a9c495ec49d57693d7f3ca8d18f2dd3e71d6", kill_on_drop: false }`
[INFO] running `Command { std: "docker" "inspect" "026b356d0e9107b95e184c8e6069a9c495ec49d57693d7f3ca8d18f2dd3e71d6", kill_on_drop: false }`
[INFO] running `Command { std: "docker" "exec" "-e" "SOURCE_DIR=/opt/rustwide/workdir" "-e" "CARGO_HOME=/opt/rustwide/cargo-home" "-e" "RUSTUP_HOME=/opt/rustwide/rustup-home" "-e" "CARGO_TARGET_DIR=/opt/rustwide/target" "-w" "/opt/rustwide/workdir" "--user" "0:0" "026b356d0e9107b95e184c8e6069a9c495ec49d57693d7f3ca8d18f2dd3e71d6" "/opt/rustwide/cargo-home/bin/cargo" "+1.99.0-beta.8" "metadata" "--no-deps" "--format-version=1", kill_on_drop: false }`
[INFO] running `Command { std: "docker" "inspect" "026b356d0e9107b95e184c8e6069a9c495ec49d57693d7f3ca8d18f2dd3e71d6", kill_on_drop: false }`
[INFO] running `Command { std: "docker" "exec" "-e" "SOURCE_DIR=/opt/rustwide/workdir" "-e" "CARGO_HOME=/opt/rustwide/cargo-home" "-e" "RUSTUP_HOME=/opt/rustwide/rustup-home" "-e" "CARGO_TARGET_DIR=/opt/rustwide/target" "-e" "CARGO_INCREMENTAL=0" "-e" "RUST_BACKTRACE=full" "-e" "RUSTFLAGS=--cap-lints=warn" "-e" "RUSTDOCFLAGS=--cap-lints=warn" "-w" "/opt/rustwide/workdir" "--user" "0:0" "026b356d0e9107b95e184c8e6069a9c495ec49d57693d7f3ca8d18f2dd3e71d6" "/opt/rustwide/cargo-home/bin/cargo" "+1.99.0-beta.8" "build" "--frozen" "--message-format=json" "--release", kill_on_drop: false }`
[INFO] [stderr]    Compiling quote v1.0.47
[INFO] [stderr]    Compiling syn v3.0.5
[INFO] [stderr]    Compiling musli-web-macros v0.4.11 (/opt/rustwide/workdir)
[INFO] [stderr]     Finished `release` profile [optimized] target(s) in 7.11s
[INFO] running `Command { std: "docker" "inspect" "026b356d0e9107b95e184c8e6069a9c495ec49d57693d7f3ca8d18f2dd3e71d6", kill_on_drop: false }`
[INFO] running `Command { std: "docker" "exec" "-e" "SOURCE_DIR=/opt/rustwide/workdir" "-e" "CARGO_HOME=/opt/rustwide/cargo-home" "-e" "RUSTUP_HOME=/opt/rustwide/rustup-home" "-e" "CARGO_TARGET_DIR=/opt/rustwide/target" "-e" "CARGO_INCREMENTAL=0" "-e" "RUST_BACKTRACE=full" "-e" "RUSTFLAGS=--cap-lints=warn" "-e" "RUSTDOCFLAGS=--cap-lints=warn" "-w" "/opt/rustwide/workdir" "--user" "0:0" "026b356d0e9107b95e184c8e6069a9c495ec49d57693d7f3ca8d18f2dd3e71d6" "/opt/rustwide/cargo-home/bin/cargo" "+1.99.0-beta.8" "test" "--frozen" "--no-run" "--message-format=json" "--release", kill_on_drop: false }`
[INFO] [stderr]    Compiling serde_core v1.0.229
[INFO] [stderr]    Compiling serde v1.0.229
[INFO] [stderr]    Compiling target-triple v1.0.1
[INFO] [stderr]    Compiling winnow v1.0.4
[INFO] [stderr]    Compiling unicode-ident v1.0.24
[INFO] [stderr]    Compiling toml_writer v1.1.2+spec-1.1.0
[INFO] [stderr]    Compiling proc-macro2 v1.0.107
[INFO] [stderr]    Compiling quote v1.0.47
[INFO] [stderr]    Compiling serde_json v1.0.151
[INFO] [stderr]    Compiling glob v0.3.4
[INFO] [stderr]    Compiling termcolor v1.4.1
[INFO] [stderr]    Compiling serde_derive v1.0.229
[INFO] [stderr]    Compiling musli-web-macros v0.4.11 (/opt/rustwide/workdir)
[INFO] [stderr]    Compiling toml_parser v1.1.3+spec-1.1.0
[INFO] [stderr]    Compiling syn v3.0.5
[INFO] [stderr]    Compiling serde_spanned v1.1.1
[INFO] [stderr]    Compiling toml_datetime v1.1.1+spec-1.1.0
[INFO] [stderr]    Compiling toml v1.1.5+spec-1.1.0
[INFO] [stderr]    Compiling trybuild v1.0.120
[INFO] [stderr]     Finished `release` profile [optimized] target(s) in 30.48s
[INFO] running `Command { std: "docker" "inspect" "026b356d0e9107b95e184c8e6069a9c495ec49d57693d7f3ca8d18f2dd3e71d6", kill_on_drop: false }`
[INFO] running `Command { std: "docker" "exec" "-e" "SOURCE_DIR=/opt/rustwide/workdir" "-e" "CARGO_HOME=/opt/rustwide/cargo-home" "-e" "RUSTUP_HOME=/opt/rustwide/rustup-home" "-e" "CARGO_TARGET_DIR=/opt/rustwide/target" "-e" "CARGO_INCREMENTAL=0" "-e" "RUST_BACKTRACE=full" "-e" "RUSTFLAGS=--cap-lints=warn" "-e" "RUSTDOCFLAGS=--cap-lints=warn" "-w" "/opt/rustwide/workdir" "--user" "0:0" "026b356d0e9107b95e184c8e6069a9c495ec49d57693d7f3ca8d18f2dd3e71d6" "/opt/rustwide/cargo-home/bin/cargo" "+1.99.0-beta.8" "test" "--frozen" "--release", kill_on_drop: false }`
[INFO] [stderr]     Finished `release` profile [optimized] target(s) in 0.08s
[INFO] [stderr]      Running unittests src/lib.rs (/opt/rustwide/target/release/deps/musli_web_macros-f510b6725f5610e8)
[INFO] [stdout] 
[INFO] [stdout] running 0 tests
[INFO] [stdout] 
[INFO] [stdout] test result: ok. 0 passed; 0 failed; 0 ignored; 0 measured; 0 filtered out; finished in 0.00s
[INFO] [stdout] 
[INFO] [stderr]      Running tests/ui.rs (/opt/rustwide/target/release/deps/ui-800ecbbf1efafe67)
[INFO] [stdout] 
[INFO] [stdout] running 1 test
[INFO] [stderr]    Compiling proc-macro2 v1.0.107
[INFO] [stderr]    Compiling quote v1.0.47
[INFO] [stderr]    Compiling unicode-ident v1.0.24
[INFO] [stderr]    Compiling syn v3.0.5
[INFO] [stderr]    Compiling musli-web-macros v0.4.11 (/opt/rustwide/workdir)
[INFO] [stderr]    Compiling musli-web-macros-tests v0.0.0 (/opt/rustwide/target/tests/trybuild/musli-web-macros)
[INFO] [stderr]     Finished `dev` profile [unoptimized + debuginfo] target(s) in 9.07s
[INFO] [stderr] 
[INFO] [stderr] 
[INFO] [stderr] test tests/ui/invalid-id-error.rs [should fail to compile] ... ok
[INFO] [stderr] test tests/ui/invalid-name-error.rs [should fail to compile] ... ok
[INFO] [stderr] test tests/ui/missing-type-error.rs [should fail to compile] ... ok
[INFO] [stderr] test tests/ui/event-ok.rs [should pass] ... error
[INFO] [stderr] ┈┈┈┈┈┈┈┈┈┈┈┈┈┈┈┈┈┈┈┈┈┈┈┈┈┈┈┈┈┈┈┈┈┈┈┈┈┈┈┈┈┈┈┈┈┈┈┈┈┈┈┈┈┈┈┈┈┈┈┈
[INFO] [stdout] test ui ... FAILED
[INFO] [stderr] error[E0433]: cannot find module or crate `musli_web` in this scope
[INFO] [stdout] 
[INFO] [stderr]  --> tests/ui/event-ok.rs:2:5
[INFO] [stdout] failures:
[INFO] [stderr]   |
[INFO] [stdout] 
[INFO] [stderr] 2 | use musli_web::api::EncodeBody;
[INFO] [stdout] ---- ui stdout ----
[INFO] [stderr]   |     ^^^^^^^^^ use of unresolved module or unlinked crate `musli_web`
[INFO] [stdout] 
[INFO] [stderr]   |
[INFO] [stdout] thread 'ui' (714) panicked at /opt/rustwide/cargo-home/registry/src/index.crates.io-1949cf8c6b5b557f/trybuild-1.0.120/src/run.rs:103:13:
[INFO] [stderr]   = help: if you wanted to use a crate named `musli_web`, use `cargo add musli_web` to add it to your `Cargo.toml`
[INFO] [stdout] 1 of 4 tests failed
[INFO] [stderr] 
[INFO] [stdout] stack backtrace:
[INFO] [stderr] error[E0432]: unresolved import `musli`
[INFO] [stdout]    0:     0x56ec768d0051 - <<std[70759c8f55707aa4]::sys::backtrace::BacktraceLock>::print::DisplayBacktrace as core[df12db4294e9bfd3]::fmt::Display>::fmt
[INFO] [stderr]  --> tests/ui/event-ok.rs:1:5
[INFO] [stdout]    1:     0x56ec768e66da - core[df12db4294e9bfd3]::fmt::write
[INFO] [stderr]   |
[INFO] [stdout]    2:     0x56ec768d4b1c - <alloc[2182bb758b4b3781]::vec::Vec<u8> as core[df12db4294e9bfd3]::io::write::Write>::write_fmt
[INFO] [stderr] 1 | use musli::{Encode, Decode};
[INFO] [stdout]    3:     0x56ec768a9536 - std[70759c8f55707aa4]::panicking::default_hook::{closure#0}
[INFO] [stderr]   |     ^^^^^ use of unresolved module or unlinked crate `musli`
[INFO] [stdout]    4:     0x56ec768c76c9 - std[70759c8f55707aa4]::panicking::default_hook
[INFO] [stderr]   |
[INFO] [stdout]    5:     0x56ec768609a0 - test[9d35eded1c95d3be]::test_main_inner::<test[9d35eded1c95d3be]::test_main_static::{closure#0}>::{closure#0}
[INFO] [stderr]   = help: if you wanted to use a crate named `musli`, use `cargo add musli` to add it to your `Cargo.toml`
[INFO] [stdout]    6:     0x56ec768c7882 - std[70759c8f55707aa4]::panicking::panic_with_hook
[INFO] [stderr] 
[INFO] [stdout]    7:     0x56ec768a95e2 - std[70759c8f55707aa4]::panicking::panic_handler::{closure#0}
[INFO] [stderr] error[E0433]: cannot find `musli_web` in the list of imported crates
[INFO] [stdout]    8:     0x56ec768a1ea9 - std[70759c8f55707aa4]::sys::backtrace::__rust_end_short_backtrace::<std[70759c8f55707aa4]::panicking::panic_handler::{closure#0}, !>
[INFO] [stderr]   --> tests/ui/event-ok.rs:14:1
[INFO] [stdout]    9:     0x56ec768aa1dd - __rustc[8fa7c3cbc660c2b3]::rust_begin_unwind
[INFO] [stderr]    |
[INFO] [stdout]   10:     0x56ec768e6e4c - core[df12db4294e9bfd3]::panicking::panic_fmt
[INFO] [stderr] 14 | / musli_web_macros::define! {
[INFO] [stdout]   11:     0x56ec767b51d8 - <trybuild[68ca49ed6fc064e3]::Runner>::run
[INFO] [stderr] 15 | |     type Type1;
[INFO] [stdout]   12:     0x56ec767b85c0 - <trybuild[68ca49ed6fc064e3]::TestCases as core[df12db4294e9bfd3]::ops::drop::Drop>::drop
[INFO] [stderr] 16 | |
[INFO] [stdout]   13:     0x56ec767aea66 - ui[133a708689a920f8]::ui
[INFO] [stderr] 17 | |     impl Broadcast for Type1 {
[INFO] [stdout]   14:     0x56ec767aec99 - <ui[133a708689a920f8]::ui::{closure#0} as core[df12db4294e9bfd3]::ops::function::FnOnce<()>>::call_once
[INFO] [stderr] ...  |
[INFO] [stdout]   15:     0x56ec76853c8b - test[9d35eded1c95d3be]::__rust_begin_short_backtrace::<core[df12db4294e9bfd3]::result::Result<(), alloc[2182bb758b4b3781]::string::String>, fn() -> core[df12db4294e9bfd3]::result::Result<(), alloc[2182bb758b4b3781]::string::String>>
[INFO] [stderr] 28 | | }
[INFO] [stdout]   16:     0x56ec768612f5 - test[9d35eded1c95d3be]::run_test::{closure#0}
[INFO] [stderr]    | |_^ could not find `musli_web` in the list of imported crates
[INFO] [stdout]   17:     0x56ec7685abb4 - std[70759c8f55707aa4]::sys::backtrace::__rust_begin_short_backtrace::<test[9d35eded1c95d3be]::run_test::{closure#1}, ()>
[INFO] [stderr]    |
[INFO] [stdout]   18:     0x56ec76864452 - <std[70759c8f55707aa4]::thread::lifecycle::spawn_unchecked<test[9d35eded1c95d3be]::run_test::{closure#1}, ()>::{closure#1} as core[df12db4294e9bfd3]::ops::function::FnOnce<()>>::call_once::{shim:vtable#0}
[INFO] [stderr]    = note: this error originates in the macro `musli_web_macros::define` (in Nightly builds, run with -Z macro-backtrace for more info)
[INFO] [stdout]   19:     0x56ec768cf309 - <std[70759c8f55707aa4]::sys::thread::unix::Thread>::new::thread_start
[INFO] [stderr] 
[INFO] [stdout]   20:     0x7595c2d85dfa - <unknown>
[INFO] [stderr] error[E0433]: cannot find `musli_web` in the list of imported crates
[INFO] [stdout]   21:     0x7595c2e193d4 - clone
[INFO] [stderr]   --> tests/ui/event-ok.rs:14:1
[INFO] [stdout]   22:                0x0 - <unknown>
[INFO] [stderr]    |
[INFO] [stdout] 
[INFO] [stderr] 14 | / musli_web_macros::define! {
[INFO] [stdout] 
[INFO] [stderr] 15 | |     type Type1;
[INFO] [stdout] failures:
[INFO] [stderr] 16 | |
[INFO] [stdout]     ui
[INFO] [stderr] 17 | |     impl Broadcast for Type1 {
[INFO] [stdout] 
[INFO] [stderr] ...  |
[INFO] [stdout] test result: FAILED. 0 passed; 1 failed; 0 ignored; 0 measured; 0 filtered out; finished in 16.36s
[INFO] [stderr] 28 | | }
[INFO] [stdout] 
[INFO] [stderr]    | |_^ could not find `musli_web` in the list of imported crates
[INFO] [stderr]    |
[INFO] [stderr]    = note: this error originates in the macro `musli_web_macros::define` (in Nightly builds, run with -Z macro-backtrace for more info)
[INFO] [stderr] help: consider importing this module
[INFO] [stderr]    |
[INFO] [stderr]  1 + use std::fmt;
[INFO] [stderr]    |
[INFO] [stderr] ┈┈┈┈┈┈┈┈┈┈┈┈┈┈┈┈┈┈┈┈┈┈┈┈┈┈┈┈┈┈┈┈┈┈┈┈┈┈┈┈┈┈┈┈┈┈┈┈┈┈┈┈┈┈┈┈┈┈┈┈
[INFO] [stderr] 
[INFO] [stderr] 
[INFO] [stderr] 
[INFO] [stderr] error: test failed, to rerun pass `--test ui`
[INFO] running `Command { std: "docker" "inspect" "026b356d0e9107b95e184c8e6069a9c495ec49d57693d7f3ca8d18f2dd3e71d6", kill_on_drop: false }`
[INFO] running `Command { std: "docker" "rm" "-f" "026b356d0e9107b95e184c8e6069a9c495ec49d57693d7f3ca8d18f2dd3e71d6", kill_on_drop: false }`
[INFO] [stdout] 026b356d0e9107b95e184c8e6069a9c495ec49d57693d7f3ca8d18f2dd3e71d6
