[INFO] fetching crate musli-serde 0.0.117...
[INFO] testing musli-serde-0.0.117 against 1.100.0-beta.1+cargoflags=--release for beta-release-1.100-2
[INFO] extracting crate musli-serde 0.0.117 into /workspace/builds/worker-3-tc2/source
[INFO] started tweaking crates.io crate musli-serde 0.0.117
[INFO] finished tweaking crates.io crate musli-serde 0.0.117
[INFO] tweaked toml for crates.io crate musli-serde 0.0.117 written to /workspace/builds/worker-3-tc2/source/Cargo.toml
[INFO] validating manifest of crates.io crate musli-serde 0.0.117 on toolchain 1.100.0-beta.1
[INFO] running `Command { std: CARGO_HOME="/workspace/cargo-home" RUSTUP_HOME="/workspace/rustup-home" "/workspace/cargo-home/bin/cargo" "+1.100.0-beta.1" "metadata" "--manifest-path" "Cargo.toml" "--no-deps", kill_on_drop: false }`
[INFO] running `Command { std: CARGO_HOME="/workspace/cargo-home" RUSTUP_HOME="/workspace/rustup-home" "/workspace/cargo-home/bin/cargo" "+1.100.0-beta.1" "generate-lockfile" "--manifest-path" "Cargo.toml", kill_on_drop: false }`
[INFO] [stderr]     Updating crates.io index
[INFO] [stderr]      Locking 54 packages to highest compatible versions
[INFO] [stderr]       Adding musli v0.0.117 (available: v0.1.9)
[INFO] running `Command { std: CARGO_HOME="/workspace/cargo-home" RUSTUP_HOME="/workspace/rustup-home" "/workspace/cargo-home/bin/cargo" "+1.100.0-beta.1" "fetch" "--manifest-path" "Cargo.toml", kill_on_drop: false }`
[INFO] [stderr] warning: `package.homepage` is redundant with `package.repository`
[INFO] [stderr]   --> Cargo.toml:37:12
[INFO] [stderr]    |
[INFO] [stderr] 37 | homepage = "https://github.com/udoprog/musli"
[INFO] [stderr]    |            ^^^^^^^^^^^^^^^^^^^^^^^^^^^^^^^^^^
[INFO] [stderr] ...
[INFO] [stderr] 42 | repository = "https://github.com/udoprog/musli"
[INFO] [stderr]    |              ----------------------------------
[INFO] [stderr]    |
[INFO] [stderr]    = note: `cargo::redundant_homepage` is set to `warn` by default
[INFO] [stderr] help: consider removing `package.homepage`
[INFO] [stderr] warning: `musli-serde` (manifest) generated 1 warning
[INFO] running `Command { std: "docker" "create" "-v" "/var/lib/crater-agent-workspace/builds/worker-3-tc2/source:/opt/rustwide/workdir:ro,Z" "-v" "/var/lib/crater-agent-workspace/builds/worker-3-tc2/target:/opt/rustwide/target:rw,Z" "-v" "/var/lib/crater-agent-workspace/cargo-home:/opt/rustwide/cargo-home:ro,Z" "-v" "/var/lib/crater-agent-workspace/rustup-home:/opt/rustwide/rustup-home:ro,Z" "-m" "1610612736" "--network" "none" "ghcr.io/rust-lang/crates-build-env/linux@sha256:77db811e55d90add9212f6832c23229e3de5f1c1f9905e8cb07319ea15df73ac" "sleep" "infinity", kill_on_drop: false }`
[INFO] [stdout] f1b42ccd31510520a4c4a71f0a03c108eaad91723201d61f971b89bf85c6442a
[INFO] running `Command { std: "docker" "start" "f1b42ccd31510520a4c4a71f0a03c108eaad91723201d61f971b89bf85c6442a", kill_on_drop: false }`
[INFO] running `Command { std: "docker" "inspect" "f1b42ccd31510520a4c4a71f0a03c108eaad91723201d61f971b89bf85c6442a", kill_on_drop: false }`
[INFO] running `Command { std: "docker" "exec" "-e" "SOURCE_DIR=/opt/rustwide/workdir" "-e" "CARGO_HOME=/opt/rustwide/cargo-home" "-e" "RUSTUP_HOME=/opt/rustwide/rustup-home" "-e" "CARGO_TARGET_DIR=/opt/rustwide/target" "-w" "/opt/rustwide/workdir" "--user" "0:0" "f1b42ccd31510520a4c4a71f0a03c108eaad91723201d61f971b89bf85c6442a" "/opt/rustwide/cargo-home/bin/cargo" "+1.100.0-beta.1" "metadata" "--no-deps" "--format-version=1", kill_on_drop: false }`
[INFO] running `Command { std: "docker" "inspect" "f1b42ccd31510520a4c4a71f0a03c108eaad91723201d61f971b89bf85c6442a", kill_on_drop: false }`
[INFO] running `Command { std: "docker" "exec" "-e" "SOURCE_DIR=/opt/rustwide/workdir" "-e" "CARGO_HOME=/opt/rustwide/cargo-home" "-e" "RUSTUP_HOME=/opt/rustwide/rustup-home" "-e" "CARGO_TARGET_DIR=/opt/rustwide/target" "-e" "CARGO_INCREMENTAL=0" "-e" "RUST_BACKTRACE=full" "-e" "RUSTFLAGS=--cap-lints=warn" "-e" "RUSTDOCFLAGS=--cap-lints=warn" "-w" "/opt/rustwide/workdir" "--user" "0:0" "f1b42ccd31510520a4c4a71f0a03c108eaad91723201d61f971b89bf85c6442a" "/opt/rustwide/cargo-home/bin/cargo" "+1.100.0-beta.1" "build" "--frozen" "--message-format=json" "--release", kill_on_drop: false }`
[INFO] [stderr] warning: `package.homepage` is redundant with `package.repository`
[INFO] [stderr]   --> Cargo.toml:37:12
[INFO] [stderr]    |
[INFO] [stderr] 37 | homepage = "https://github.com/udoprog/musli"
[INFO] [stderr]    |            ^^^^^^^^^^^^^^^^^^^^^^^^^^^^^^^^^^
[INFO] [stderr] ...
[INFO] [stderr] 42 | repository = "https://github.com/udoprog/musli"
[INFO] [stderr]    |              ----------------------------------
[INFO] [stderr]    |
[INFO] [stderr]    = note: `cargo::redundant_homepage` is set to `warn` by default
[INFO] [stderr] help: consider removing `package.homepage`
[INFO] [stderr] warning: `musli-serde` (manifest) generated 1 warning
[INFO] [stderr]    Compiling serde v1.0.229
[INFO] [stderr]    Compiling syn v2.0.119
[INFO] [stderr]    Compiling musli-macros v0.0.117
[INFO] [stderr]    Compiling musli v0.0.117
[INFO] [stderr]    Compiling musli-allocator v0.0.117
[INFO] [stderr]    Compiling musli-utils v0.0.117
[INFO] [stderr]    Compiling musli-serde v0.0.117 (/opt/rustwide/workdir)
[INFO] [stderr]     Finished `release` profile [optimized] target(s) in 11.08s
[INFO] running `Command { std: "docker" "inspect" "f1b42ccd31510520a4c4a71f0a03c108eaad91723201d61f971b89bf85c6442a", kill_on_drop: false }`
[INFO] running `Command { std: "docker" "exec" "-e" "SOURCE_DIR=/opt/rustwide/workdir" "-e" "CARGO_HOME=/opt/rustwide/cargo-home" "-e" "RUSTUP_HOME=/opt/rustwide/rustup-home" "-e" "CARGO_TARGET_DIR=/opt/rustwide/target" "-e" "CARGO_INCREMENTAL=0" "-e" "RUST_BACKTRACE=full" "-e" "RUSTFLAGS=--cap-lints=warn" "-e" "RUSTDOCFLAGS=--cap-lints=warn" "-w" "/opt/rustwide/workdir" "--user" "0:0" "f1b42ccd31510520a4c4a71f0a03c108eaad91723201d61f971b89bf85c6442a" "/opt/rustwide/cargo-home/bin/cargo" "+1.100.0-beta.1" "test" "--frozen" "--no-run" "--message-format=json" "--release", kill_on_drop: false }`
[INFO] [stderr] warning: `package.homepage` is redundant with `package.repository`
[INFO] [stderr]   --> Cargo.toml:37:12
[INFO] [stderr]    |
[INFO] [stderr] 37 | homepage = "https://github.com/udoprog/musli"
[INFO] [stderr]    |            ^^^^^^^^^^^^^^^^^^^^^^^^^^^^^^^^^^
[INFO] [stderr] ...
[INFO] [stderr] 42 | repository = "https://github.com/udoprog/musli"
[INFO] [stderr]    |              ----------------------------------
[INFO] [stderr]    |
[INFO] [stderr]    = note: `cargo::redundant_homepage` is set to `warn` by default
[INFO] [stderr] help: consider removing `package.homepage`
[INFO] [stderr] warning: `musli-serde` (manifest) generated 1 warning
[INFO] [stderr]    Compiling syn v3.0.9
[INFO] [stderr]    Compiling litemap v0.8.3
[INFO] [stderr]    Compiling writeable v0.6.4
[INFO] [stderr]    Compiling icu_properties_data v2.3.0
[INFO] [stderr]    Compiling lexical-util v0.8.5
[INFO] [stderr]    Compiling icu_normalizer_data v2.3.0
[INFO] [stderr]    Compiling smallvec v1.16.3
[INFO] [stderr]    Compiling musli-storage v0.0.117
[INFO] [stderr]    Compiling percent-encoding v2.3.2
[INFO] [stderr]    Compiling simdutf8 v0.1.5
[INFO] [stderr]    Compiling form_urlencoded v1.2.2
[INFO] [stderr]    Compiling lexical-parse-integer v0.8.6
[INFO] [stderr]    Compiling lexical-write-integer v0.8.5
[INFO] [stderr]    Compiling lexical-write-float v0.8.5
[INFO] [stderr]    Compiling lexical-parse-float v0.8.5
[INFO] [stderr]    Compiling lexical-core v0.8.5
[INFO] [stderr]    Compiling lexical v6.1.1
[INFO] [stderr]    Compiling musli-value v0.0.117
[INFO] [stderr]    Compiling musli-json v0.0.117
[INFO] [stderr]    Compiling synstructure v0.14.0
[INFO] [stderr]    Compiling zerovec-derive v0.11.6
[INFO] [stderr]    Compiling displaydoc v0.2.7
[INFO] [stderr]    Compiling serde_derive v1.0.229
[INFO] [stderr]    Compiling zerofrom-derive v0.1.8
[INFO] [stderr]    Compiling yoke-derive v0.8.4
[INFO] [stderr]    Compiling zerofrom v0.1.8
[INFO] [stderr]    Compiling yoke v0.8.3
[INFO] [stderr]    Compiling zerovec v0.11.8
[INFO] [stderr]    Compiling zerotrie v0.2.5
[INFO] [stderr]    Compiling tinystr v0.8.4
[INFO] [stderr]    Compiling potential_utf v0.1.6
[INFO] [stderr]    Compiling icu_collections v2.3.0
[INFO] [stderr]    Compiling icu_locale_core v2.3.0
[INFO] [stderr]    Compiling icu_provider v2.3.1
[INFO] [stderr]    Compiling icu_normalizer v2.3.0
[INFO] [stderr]    Compiling icu_properties v2.3.0
[INFO] [stderr]    Compiling idna_adapter v1.2.2
[INFO] [stderr]    Compiling idna v1.1.0
[INFO] [stderr]    Compiling url v2.5.8
[INFO] [stderr]    Compiling musli-serde v0.0.117 (/opt/rustwide/workdir)
[INFO] [stdout] warning: struct `Serde` is never constructed
[INFO] [stdout]  --> tests/compat.rs:7:8
[INFO] [stdout]   |
[INFO] [stdout] 7 | struct Serde {
[INFO] [stdout]   |        ^^^^^
[INFO] [stdout]   |
[INFO] [stdout]   = note: `#[warn(dead_code)]` (part of `#[warn(unused)]`) on by default
[INFO] [stdout] 
[INFO] [stdout] 
[INFO] [stdout] warning: struct `Struct` is never constructed
[INFO] [stdout]   --> tests/compat.rs:12:8
[INFO] [stdout]    |
[INFO] [stdout] 12 | struct Struct {
[INFO] [stdout]    |        ^^^^^^
[INFO] [stdout] 
[INFO] [stdout] 
[INFO] [stderr]     Finished `release` profile [optimized] target(s) in 29.60s
[INFO] running `Command { std: "docker" "inspect" "f1b42ccd31510520a4c4a71f0a03c108eaad91723201d61f971b89bf85c6442a", kill_on_drop: false }`
[INFO] running `Command { std: "docker" "exec" "-e" "SOURCE_DIR=/opt/rustwide/workdir" "-e" "CARGO_HOME=/opt/rustwide/cargo-home" "-e" "RUSTUP_HOME=/opt/rustwide/rustup-home" "-e" "CARGO_TARGET_DIR=/opt/rustwide/target" "-e" "CARGO_INCREMENTAL=0" "-e" "RUST_BACKTRACE=full" "-e" "RUSTFLAGS=--cap-lints=warn" "-e" "RUSTDOCFLAGS=--cap-lints=warn" "-w" "/opt/rustwide/workdir" "--user" "0:0" "f1b42ccd31510520a4c4a71f0a03c108eaad91723201d61f971b89bf85c6442a" "/opt/rustwide/cargo-home/bin/cargo" "+1.100.0-beta.1" "test" "--frozen" "--release", kill_on_drop: false }`
[INFO] [stderr] warning: `package.homepage` is redundant with `package.repository`
[INFO] [stderr]   --> Cargo.toml:37:12
[INFO] [stderr]    |
[INFO] [stderr] 37 | homepage = "https://github.com/udoprog/musli"
[INFO] [stderr]    |            ^^^^^^^^^^^^^^^^^^^^^^^^^^^^^^^^^^
[INFO] [stderr] ...
[INFO] [stderr] 42 | repository = "https://github.com/udoprog/musli"
[INFO] [stderr]    |              ----------------------------------
[INFO] [stderr]    |
[INFO] [stderr]    = note: `cargo::redundant_homepage` is set to `warn` by default
[INFO] [stderr] help: consider removing `package.homepage`
[INFO] [stderr] warning: `musli-serde` (manifest) generated 1 warning
[INFO] [stderr] warning: struct `Serde` is never constructed
[INFO] [stderr]  --> tests/compat.rs:7:8
[INFO] [stderr]   |
[INFO] [stderr] 7 | struct Serde {
[INFO] [stderr]   |        ^^^^^
[INFO] [stderr]   |
[INFO] [stderr]   = note: `#[warn(dead_code)]` (part of `#[warn(unused)]`) on by default
[INFO] [stderr] 
[INFO] [stderr] warning: struct `Struct` is never constructed
[INFO] [stderr]   --> tests/compat.rs:12:8
[INFO] [stderr]    |
[INFO] [stderr] 12 | struct Struct {
[INFO] [stderr]    |        ^^^^^^
[INFO] [stderr] 
[INFO] [stderr] warning: `musli-serde` (test "compat") generated 2 warnings
[INFO] [stderr]     Finished `release` profile [optimized] target(s) in 0.11s
[INFO] [stderr]      Running unittests src/lib.rs (/opt/rustwide/target/release/build/musli-serde/74721e593f13500d/out/musli_serde-74721e593f13500d)
[INFO] [stdout] 
[INFO] [stdout] running 0 tests
[INFO] [stdout] 
[INFO] [stdout] test result: ok. 0 passed; 0 failed; 0 ignored; 0 measured; 0 filtered out; finished in 0.00s
[INFO] [stdout] 
[INFO] [stderr]      Running tests/compat.rs (/opt/rustwide/target/release/build/musli-serde/cb50ec8f7874b717/out/compat-cb50ec8f7874b717)
[INFO] [stdout] 
[INFO] [stdout] running 0 tests
[INFO] [stdout] 
[INFO] [stdout] test result: ok. 0 passed; 0 failed; 0 ignored; 0 measured; 0 filtered out; finished in 0.00s
[INFO] [stdout] 
[INFO] [stderr]    Doc-tests musli_serde
[INFO] [stdout] 
[INFO] [stdout] running 2 tests
[INFO] [stdout] test src/lib.rs - (line 21) ... FAILED
[INFO] [stdout] test src/lib.rs - (line 46) ... FAILED
[INFO] [stdout] 
[INFO] [stdout] failures:
[INFO] [stdout] 
[INFO] [stdout] ---- src/lib.rs - (line 21) stdout ----
[INFO] [stdout] error: cannot find derive macro `Serialize` in this scope
[INFO] [stdout]    --> src/lib.rs:27:10
[INFO] [stdout]     |
[INFO] [stdout]  27 | #[derive(Serialize, Deserialize)]
[INFO] [stdout]     |          ^^^^^^^^^
[INFO] [stdout]     |
[INFO] [stdout] note: `Serialize` is a trait, not a derive macro
[INFO] [stdout]    --> /opt/rustwide/cargo-home/registry/src/index.crates.io-1949cf8c6b5b557f/serde_core-1.0.229/src/ser/mod.rs:234:1
[INFO] [stdout]     |
[INFO] [stdout] 234 | pub trait Serialize {
[INFO] [stdout]     | ^^^^^^^^^^^^^^^^^^^
[INFO] [stdout]     = help: consider implementing `Serialize` for your type manually
[INFO] [stdout] 
[INFO] [stdout] error: cannot find derive macro `Deserialize` in this scope
[INFO] [stdout]    --> src/lib.rs:27:21
[INFO] [stdout]     |
[INFO] [stdout]  27 | #[derive(Serialize, Deserialize)]
[INFO] [stdout]     |                     ^^^^^^^^^^^
[INFO] [stdout]     |
[INFO] [stdout] note: `Deserialize` is a trait, not a derive macro
[INFO] [stdout]    --> /opt/rustwide/cargo-home/registry/src/index.crates.io-1949cf8c6b5b557f/serde_core-1.0.229/src/de/mod.rs:554:1
[INFO] [stdout]     |
[INFO] [stdout] 554 | pub trait Deserialize<'de>: Sized {
[INFO] [stdout]     | ^^^^^^^^^^^^^^^^^^^^^^^^^^^^^^^^^
[INFO] [stdout]     = help: consider implementing `Deserialize` for your type manually
[INFO] [stdout] 
[INFO] [stdout] error[E0277]: the trait bound `Address: serde::Serialize` is not satisfied
[INFO] [stdout]    --> src/lib.rs:34:10
[INFO] [stdout]     |
[INFO] [stdout]  34 | #[derive(Encode, Decode)]
[INFO] [stdout]     |          ^^^^^^ unsatisfied trait bound
[INFO] [stdout] ...
[INFO] [stdout]  38 |     #[musli(with = musli_serde)]
[INFO] [stdout]     |                    ----------- required by a bound introduced by this call
[INFO] [stdout]     |
[INFO] [stdout] help: the trait `Serialize` is not implemented for `Address`
[INFO] [stdout]    --> src/lib.rs:28:1
[INFO] [stdout]     |
[INFO] [stdout]  28 | struct Address {
[INFO] [stdout]     | ^^^^^^^^^^^^^^
[INFO] [stdout]     = note: for local types consider adding `#[derive(serde::Serialize)]` to your `Address` type
[INFO] [stdout]     = note: for types from other crates check whether the crate offers a `serde` feature flag
[INFO] [stdout]     = help: the following other types implement trait `Serialize`:
[INFO] [stdout]               &'a T
[INFO] [stdout]               &'a mut T
[INFO] [stdout]               ()
[INFO] [stdout]               (T,)
[INFO] [stdout]               (T0, T1)
[INFO] [stdout]               (T0, T1, T2)
[INFO] [stdout]               (T0, T1, T2, T3)
[INFO] [stdout]               (T0, T1, T2, T3, T4)
[INFO] [stdout]             and 128 others
[INFO] [stdout] note: required by a bound in `musli_serde::encode`
[INFO] [stdout]    --> src/lib.rs:188:8
[INFO] [stdout]     |
[INFO] [stdout] 185 | pub fn encode<E, T>(value: &T, cx: &E::Cx, encoder: E) -> Result<E::Ok, E::Error>
[INFO] [stdout] ...
[INFO] [stdout] 188 |     T: Serialize,
[INFO] [stdout]     |        ^^^^^^^^^ required by this bound in `encode`
[INFO] [stdout]     = note: this error originates in the derive macro `Encode` (in Nightly builds, run with -Z macro-backtrace for more info)
[INFO] [stdout] 
[INFO] [stdout] error[E0277]: the trait bound `Address: serde::Deserialize<'de>` is not satisfied
[INFO] [stdout]    --> src/lib.rs:34:18
[INFO] [stdout]     |
[INFO] [stdout]  34 | #[derive(Encode, Decode)]
[INFO] [stdout]     |                  ^^^^^^ unsatisfied trait bound
[INFO] [stdout]     |
[INFO] [stdout] help: the trait `Deserialize<'_>` is not implemented for `Address`
[INFO] [stdout]    --> src/lib.rs:28:1
[INFO] [stdout]     |
[INFO] [stdout]  28 | struct Address {
[INFO] [stdout]     | ^^^^^^^^^^^^^^
[INFO] [stdout]     = note: for local types consider adding `#[derive(serde::Deserialize)]` to your `Address` type
[INFO] [stdout]     = note: for types from other crates check whether the crate offers a `serde` feature flag
[INFO] [stdout]     = help: the following other types implement trait `Deserialize<'de>`:
[INFO] [stdout]               &'a Path
[INFO] [stdout]               &'a [u8]
[INFO] [stdout]               &'a str
[INFO] [stdout]               ()
[INFO] [stdout]               (T,)
[INFO] [stdout]               (T0, T1)
[INFO] [stdout]               (T0, T1, T2)
[INFO] [stdout]               (T0, T1, T2, T3)
[INFO] [stdout]             and 140 others
[INFO] [stdout] note: required by a bound in `musli_serde::decode`
[INFO] [stdout]    --> src/lib.rs:220:8
[INFO] [stdout]     |
[INFO] [stdout] 217 | pub fn decode<'de, D, T>(cx: &D::Cx, decoder: D) -> Result<T, D::Error>
[INFO] [stdout] ...
[INFO] [stdout] 220 |     T: Deserialize<'de>,
[INFO] [stdout]     |        ^^^^^^^^^^^^^^^^ required by this bound in `decode`
[INFO] [stdout]     = note: this error originates in the derive macro `Decode` (in Nightly builds, run with -Z macro-backtrace for more info)
[INFO] [stdout] 
[INFO] [stdout] error: aborting due to 4 previous errors
[INFO] [stdout] 
[INFO] [stdout] For more information about this error, try `rustc --explain E0277`.
[INFO] [stdout] Couldn't compile the test.
[INFO] [stdout] ---- src/lib.rs - (line 46) stdout ----
[INFO] [stdout] error: cannot find derive macro `Serialize` in this scope
[INFO] [stdout]    --> src/lib.rs:51:10
[INFO] [stdout]     |
[INFO] [stdout]  51 | #[derive(Serialize, Deserialize)]
[INFO] [stdout]     |          ^^^^^^^^^
[INFO] [stdout]     |
[INFO] [stdout] note: `Serialize` is a trait, not a derive macro
[INFO] [stdout]    --> /opt/rustwide/cargo-home/registry/src/index.crates.io-1949cf8c6b5b557f/serde_core-1.0.229/src/ser/mod.rs:234:1
[INFO] [stdout]     |
[INFO] [stdout] 234 | pub trait Serialize {
[INFO] [stdout]     | ^^^^^^^^^^^^^^^^^^^
[INFO] [stdout]     = help: consider implementing `Serialize` for your type manually
[INFO] [stdout] 
[INFO] [stdout] error: cannot find derive macro `Deserialize` in this scope
[INFO] [stdout]    --> src/lib.rs:51:21
[INFO] [stdout]     |
[INFO] [stdout]  51 | #[derive(Serialize, Deserialize)]
[INFO] [stdout]     |                     ^^^^^^^^^^^
[INFO] [stdout]     |
[INFO] [stdout] note: `Deserialize` is a trait, not a derive macro
[INFO] [stdout]    --> /opt/rustwide/cargo-home/registry/src/index.crates.io-1949cf8c6b5b557f/serde_core-1.0.229/src/de/mod.rs:554:1
[INFO] [stdout]     |
[INFO] [stdout] 554 | pub trait Deserialize<'de>: Sized {
[INFO] [stdout]     | ^^^^^^^^^^^^^^^^^^^^^^^^^^^^^^^^^
[INFO] [stdout]     = help: consider implementing `Deserialize` for your type manually
[INFO] [stdout] 
[INFO] [stdout] error[E0277]: the trait bound `Address: serde::Serialize` is not satisfied
[INFO] [stdout]    --> src/lib.rs:53:10
[INFO] [stdout]     |
[INFO] [stdout]  53 | #[derive(Encode, Decode)]
[INFO] [stdout]     |          ^^^^^^ unsatisfied trait bound
[INFO] [stdout]  54 | #[musli(name_all = "name")]
[INFO] [stdout]  55 | struct Person { name: String, #[musli(with = musli_serde)] address: Address, #[musli(with = musli_serde)] url: Url }
[INFO] [stdout]     |                                              ----------- required by a bound introduced by this call
[INFO] [stdout]     |
[INFO] [stdout] help: the trait `Serialize` is not implemented for `Address`
[INFO] [stdout]    --> src/lib.rs:52:1
[INFO] [stdout]     |
[INFO] [stdout]  52 | struct Address { street: String, city: String, zip: u32 }
[INFO] [stdout]     | ^^^^^^^^^^^^^^
[INFO] [stdout]     = note: for local types consider adding `#[derive(serde::Serialize)]` to your `Address` type
[INFO] [stdout]     = note: for types from other crates check whether the crate offers a `serde` feature flag
[INFO] [stdout]     = help: the following other types implement trait `Serialize`:
[INFO] [stdout]               &'a T
[INFO] [stdout]               &'a mut T
[INFO] [stdout]               ()
[INFO] [stdout]               (T,)
[INFO] [stdout]               (T0, T1)
[INFO] [stdout]               (T0, T1, T2)
[INFO] [stdout]               (T0, T1, T2, T3)
[INFO] [stdout]               (T0, T1, T2, T3, T4)
[INFO] [stdout]             and 128 others
[INFO] [stdout] note: required by a bound in `musli_serde::encode`
[INFO] [stdout]    --> src/lib.rs:188:8
[INFO] [stdout]     |
[INFO] [stdout] 185 | pub fn encode<E, T>(value: &T, cx: &E::Cx, encoder: E) -> Result<E::Ok, E::Error>
[INFO] [stdout] ...
[INFO] [stdout] 188 |     T: Serialize,
[INFO] [stdout]     |        ^^^^^^^^^ required by this bound in `encode`
[INFO] [stdout]     = note: this error originates in the derive macro `Encode` (in Nightly builds, run with -Z macro-backtrace for more info)
[INFO] [stdout] 
[INFO] [stdout] error[E0277]: the trait bound `Address: serde::Deserialize<'de>` is not satisfied
[INFO] [stdout]    --> src/lib.rs:53:18
[INFO] [stdout]     |
[INFO] [stdout]  53 | #[derive(Encode, Decode)]
[INFO] [stdout]     |                  ^^^^^^ unsatisfied trait bound
[INFO] [stdout]     |
[INFO] [stdout] help: the trait `Deserialize<'_>` is not implemented for `Address`
[INFO] [stdout]    --> src/lib.rs:52:1
[INFO] [stdout]     |
[INFO] [stdout]  52 | struct Address { street: String, city: String, zip: u32 }
[INFO] [stdout]     | ^^^^^^^^^^^^^^
[INFO] [stdout]     = note: for local types consider adding `#[derive(serde::Deserialize)]` to your `Address` type
[INFO] [stdout]     = note: for types from other crates check whether the crate offers a `serde` feature flag
[INFO] [stdout]     = help: the following other types implement trait `Deserialize<'de>`:
[INFO] [stdout]               &'a Path
[INFO] [stdout]               &'a [u8]
[INFO] [stdout]               &'a str
[INFO] [stdout]               ()
[INFO] [stdout]               (T,)
[INFO] [stdout]               (T0, T1)
[INFO] [stdout]               (T0, T1, T2)
[INFO] [stdout]               (T0, T1, T2, T3)
[INFO] [stdout]             and 140 others
[INFO] [stdout] note: required by a bound in `musli_serde::decode`
[INFO] [stdout]    --> src/lib.rs:220:8
[INFO] [stdout]     |
[INFO] [stdout] 217 | pub fn decode<'de, D, T>(cx: &D::Cx, decoder: D) -> Result<T, D::Error>
[INFO] [stdout] ...
[INFO] [stdout] 220 |     T: Deserialize<'de>,
[INFO] [stdout]     |        ^^^^^^^^^^^^^^^^ required by this bound in `decode`
[INFO] [stdout]     = note: this error originates in the derive macro `Decode` (in Nightly builds, run with -Z macro-backtrace for more info)
[INFO] [stdout] 
[INFO] [stdout] error: aborting due to 4 previous errors
[INFO] [stdout] 
[INFO] [stdout] For more information about this error, try `rustc --explain E0277`.
[INFO] [stdout] Couldn't compile the test.
[INFO] [stdout] 
[INFO] [stdout] failures:
[INFO] [stdout]     src/lib.rs - (line 21)
[INFO] [stdout]     src/lib.rs - (line 46)
[INFO] [stdout] 
[INFO] [stdout] test result: FAILED. 0 passed; 2 failed; 0 ignored; 0 measured; 0 filtered out; finished in 0.48s
[INFO] [stdout] 
[INFO] [stderr] error: doctest failed, to rerun pass `--doc`
[INFO] running `Command { std: "docker" "inspect" "f1b42ccd31510520a4c4a71f0a03c108eaad91723201d61f971b89bf85c6442a", kill_on_drop: false }`
[INFO] running `Command { std: "docker" "rm" "-f" "f1b42ccd31510520a4c4a71f0a03c108eaad91723201d61f971b89bf85c6442a", kill_on_drop: false }`
[INFO] [stdout] f1b42ccd31510520a4c4a71f0a03c108eaad91723201d61f971b89bf85c6442a
