[INFO] fetching crate mushroomdb-extract 0.8.0...
[INFO] testing mushroomdb-extract-0.8.0 against 1.100.0-beta.1+cargoflags=--release for beta-release-1.100-2
[INFO] extracting crate mushroomdb-extract 0.8.0 into /workspace/builds/worker-5-tc2/source
[INFO] started tweaking crates.io crate mushroomdb-extract 0.8.0
[INFO] removed 0 missing tests
[INFO] finished tweaking crates.io crate mushroomdb-extract 0.8.0
[INFO] tweaked toml for crates.io crate mushroomdb-extract 0.8.0 written to /workspace/builds/worker-5-tc2/source/Cargo.toml
[INFO] validating manifest of crates.io crate mushroomdb-extract 0.8.0 on toolchain 1.100.0-beta.1
[INFO] running `Command { std: CARGO_HOME="/workspace/cargo-home" RUSTUP_HOME="/workspace/rustup-home" "/workspace/cargo-home/bin/cargo" "+1.100.0-beta.1" "metadata" "--manifest-path" "Cargo.toml" "--no-deps", kill_on_drop: false }`
[INFO] crate crates.io crate mushroomdb-extract 0.8.0 already has a lockfile, it will not be regenerated
[INFO] running `Command { std: CARGO_HOME="/workspace/cargo-home" RUSTUP_HOME="/workspace/rustup-home" "/workspace/cargo-home/bin/cargo" "+1.100.0-beta.1" "fetch" "--manifest-path" "Cargo.toml", kill_on_drop: false }`
[INFO] running `Command { std: "docker" "create" "-v" "/var/lib/crater-agent-workspace/builds/worker-5-tc2/source:/opt/rustwide/workdir:ro,Z" "-v" "/var/lib/crater-agent-workspace/builds/worker-5-tc2/target:/opt/rustwide/target:rw,Z" "-v" "/var/lib/crater-agent-workspace/cargo-home:/opt/rustwide/cargo-home:ro,Z" "-v" "/var/lib/crater-agent-workspace/rustup-home:/opt/rustwide/rustup-home:ro,Z" "-m" "1610612736" "--network" "none" "ghcr.io/rust-lang/crates-build-env/linux@sha256:77db811e55d90add9212f6832c23229e3de5f1c1f9905e8cb07319ea15df73ac" "sleep" "infinity", kill_on_drop: false }`
[INFO] [stdout] 1ba1243589cf63999128a9fb0b4dfaa1416fd64f2d45553fc5b981284a9821ca
[INFO] running `Command { std: "docker" "start" "1ba1243589cf63999128a9fb0b4dfaa1416fd64f2d45553fc5b981284a9821ca", kill_on_drop: false }`
[INFO] running `Command { std: "docker" "inspect" "1ba1243589cf63999128a9fb0b4dfaa1416fd64f2d45553fc5b981284a9821ca", kill_on_drop: false }`
[INFO] running `Command { std: "docker" "exec" "-e" "SOURCE_DIR=/opt/rustwide/workdir" "-e" "CARGO_HOME=/opt/rustwide/cargo-home" "-e" "RUSTUP_HOME=/opt/rustwide/rustup-home" "-e" "CARGO_TARGET_DIR=/opt/rustwide/target" "-w" "/opt/rustwide/workdir" "--user" "0:0" "1ba1243589cf63999128a9fb0b4dfaa1416fd64f2d45553fc5b981284a9821ca" "/opt/rustwide/cargo-home/bin/cargo" "+1.100.0-beta.1" "metadata" "--no-deps" "--format-version=1", kill_on_drop: false }`
[INFO] running `Command { std: "docker" "inspect" "1ba1243589cf63999128a9fb0b4dfaa1416fd64f2d45553fc5b981284a9821ca", kill_on_drop: false }`
[INFO] running `Command { std: "docker" "exec" "-e" "SOURCE_DIR=/opt/rustwide/workdir" "-e" "CARGO_HOME=/opt/rustwide/cargo-home" "-e" "RUSTUP_HOME=/opt/rustwide/rustup-home" "-e" "CARGO_TARGET_DIR=/opt/rustwide/target" "-e" "CARGO_INCREMENTAL=0" "-e" "RUST_BACKTRACE=full" "-e" "RUSTFLAGS=--cap-lints=warn" "-e" "RUSTDOCFLAGS=--cap-lints=warn" "-w" "/opt/rustwide/workdir" "--user" "0:0" "1ba1243589cf63999128a9fb0b4dfaa1416fd64f2d45553fc5b981284a9821ca" "/opt/rustwide/cargo-home/bin/cargo" "+1.100.0-beta.1" "build" "--frozen" "--message-format=json" "--release", kill_on_drop: false }`
[INFO] [stderr]    Compiling find-msvc-tools v0.1.11
[INFO] [stderr]    Compiling tree-sitter-language v0.1.8
[INFO] [stderr]    Compiling serde_core v1.0.229
[INFO] [stderr]    Compiling serde_json v1.0.151
[INFO] [stderr]    Compiling indexmap v2.14.1
[INFO] [stderr]    Compiling aho-corasick v1.1.5
[INFO] [stderr]    Compiling cc v1.4.4
[INFO] [stderr]    Compiling tree-sitter-rust v0.24.2
[INFO] [stderr]    Compiling tree-sitter-typescript v0.23.2
[INFO] [stderr]    Compiling blake3 v1.8.7
[INFO] [stderr]    Compiling tree-sitter-javascript v0.25.0
[INFO] [stderr]    Compiling tree-sitter-python v0.25.0
[INFO] [stderr]    Compiling tree-sitter-go v0.25.0
[INFO] [stderr]    Compiling regex-automata v0.4.18
[INFO] [stderr]    Compiling tree-sitter v0.27.0
[INFO] [stderr]    Compiling regex v1.13.1
[INFO] [stderr]    Compiling mushroomdb-extract v0.8.0 (/opt/rustwide/workdir)
[INFO] [stderr]     Finished `release` profile [optimized] target(s) in 57.73s
[INFO] running `Command { std: "docker" "inspect" "1ba1243589cf63999128a9fb0b4dfaa1416fd64f2d45553fc5b981284a9821ca", kill_on_drop: false }`
[INFO] running `Command { std: "docker" "exec" "-e" "SOURCE_DIR=/opt/rustwide/workdir" "-e" "CARGO_HOME=/opt/rustwide/cargo-home" "-e" "RUSTUP_HOME=/opt/rustwide/rustup-home" "-e" "CARGO_TARGET_DIR=/opt/rustwide/target" "-e" "CARGO_INCREMENTAL=0" "-e" "RUST_BACKTRACE=full" "-e" "RUSTFLAGS=--cap-lints=warn" "-e" "RUSTDOCFLAGS=--cap-lints=warn" "-w" "/opt/rustwide/workdir" "--user" "0:0" "1ba1243589cf63999128a9fb0b4dfaa1416fd64f2d45553fc5b981284a9821ca" "/opt/rustwide/cargo-home/bin/cargo" "+1.100.0-beta.1" "test" "--frozen" "--no-run" "--message-format=json" "--release", kill_on_drop: false }`
[INFO] [stderr]    Compiling mushroomdb-extract v0.8.0 (/opt/rustwide/workdir)
[INFO] [stderr]     Finished `release` profile [optimized] target(s) in 6.36s
[INFO] running `Command { std: "docker" "inspect" "1ba1243589cf63999128a9fb0b4dfaa1416fd64f2d45553fc5b981284a9821ca", kill_on_drop: false }`
[INFO] running `Command { std: "docker" "exec" "-e" "SOURCE_DIR=/opt/rustwide/workdir" "-e" "CARGO_HOME=/opt/rustwide/cargo-home" "-e" "RUSTUP_HOME=/opt/rustwide/rustup-home" "-e" "CARGO_TARGET_DIR=/opt/rustwide/target" "-e" "CARGO_INCREMENTAL=0" "-e" "RUST_BACKTRACE=full" "-e" "RUSTFLAGS=--cap-lints=warn" "-e" "RUSTDOCFLAGS=--cap-lints=warn" "-w" "/opt/rustwide/workdir" "--user" "0:0" "1ba1243589cf63999128a9fb0b4dfaa1416fd64f2d45553fc5b981284a9821ca" "/opt/rustwide/cargo-home/bin/cargo" "+1.100.0-beta.1" "test" "--frozen" "--release", kill_on_drop: false }`
[INFO] [stderr]     Finished `release` profile [optimized] target(s) in 0.06s
[INFO] [stderr]      Running unittests src/lib.rs (/opt/rustwide/target/release/build/mushroomdb-extract/1c6d0d55b7a027ca/out/code_extract-1c6d0d55b7a027ca)
[INFO] [stdout] 
[INFO] [stdout] running 15 tests
[INFO] [stdout] test docs::tests::link_targets_drop_urls_titles_and_fragments ... ok
[INFO] [stdout] test lang::go::tests::test_files_are_not_package_sources ... ok
[INFO] [stdout] test docs::tests::only_path_shaped_backtick_spans_are_mentions ... ok
[INFO] [stdout] test docs::tests::a_double_backtick_span_does_not_hide_later_mentions ... ok
[INFO] [stdout] test hash::tests::hex32_is_32_lowercase_hex_chars ... ok
[INFO] [stdout] test hash::tests::line_counts_match_editor_conventions ... ok
[INFO] [stdout] test lang::go::tests::receivers_reduce_to_a_bare_type_name ... ok
[INFO] [stdout] test tests::paths_normalise_without_touching_disk ... ok
[INFO] [stdout] test lang::tests::doc_lines_lose_their_punctuation ... ok
[INFO] [stdout] test lang::python::tests::the_stdlib_snapshot_is_sorted_for_binary_search ... ok
[INFO] [stdout] test tests::text_helpers_stay_on_character_boundaries ... ok
[INFO] [stdout] test docs::tests::headings_need_a_space_after_the_hashes ... ok
[INFO] [stdout] test tests::extensions_map_to_languages ... ok
[INFO] [stdout] test lang::tests::every_language_query_compiles ... ok
[INFO] [stderr]      Running tests/extract.rs (/opt/rustwide/target/release/build/mushroomdb-extract/a01b10ba95d79b7a/out/extract-a01b10ba95d79b7a)
[INFO] [stdout] test lang::tests::an_exhausted_budget_cancels_the_parse ... ok
[INFO] [stdout] 
[INFO] [stdout] test result: ok. 15 passed; 0 failed; 0 ignored; 0 measured; 0 filtered out; finished in 0.31s
[INFO] [stdout] 
[INFO] [stdout] 
[INFO] [stdout] running 48 tests
[INFO] [stdout] test call_lookup_names_covers_every_form_the_resolver_tries ... ok
[INFO] [stdout] test a_dot_in_the_callee_is_what_makes_it_a_method_call ... ok
[INFO] [stdout] test a_narrowed_index_resolves_exactly_as_the_whole_tree_one ... ok
[INFO] [stdout] test a_method_call_on_an_unknown_receiver_gets_no_edge ... ok
[INFO] [stdout] test external_path_calls_resolve_to_nothing ... ok
[INFO] [stdout] test a_method_call_reaches_its_type_through_the_bare_name ... ok
[INFO] [stdout] test extract_of_this_repo_is_deterministic ... FAILED
[INFO] [stdout] test go_imports_resolve_to_every_file_in_the_package ... ok
[INFO] [stdout] test calls_never_cross_a_language_boundary ... ok
[INFO] [stdout] test body_cut_is_utf8_safe ... ok
[INFO] [stdout] test go_symbols_and_imports_are_extracted ... ok
[INFO] [stdout] test indexed_under_names_both_forms_of_a_method ... ok
[INFO] [stdout] test calls_inside_macro_arguments_are_extracted ... ok
[INFO] [stdout] test a_blank_line_detaches_an_outer_doc_comment ... ok
[INFO] [stdout] test a_tuple_struct_pattern_in_a_macro_is_not_a_call ... ok
[INFO] [stdout] test macro_token_runs_that_are_not_calls_are_left_alone ... ok
[INFO] [stdout] test javascript_relative_specifiers_resolve ... ok
[INFO] [stdout] test markdown_extraction_finds_headings_mentions_and_body ... ok
[INFO] [stdout] test method_calls_do_not_resolve_repo_wide ... ok
[INFO] [stdout] test method_calls_only_match_methods_in_the_imported_tier ... ok
[INFO] [stdout] test hash_is_stable_and_sensitive ... ok
[INFO] [stdout] test python_dotted_modules_resolve_to_files_and_packages ... ok
[INFO] [stdout] test python_relative_imports_walk_upwards ... ok
[INFO] [stdout] test python_stdlib_modules_resolve_to_nothing ... ok
[INFO] [stdout] test markdown_mentions_resolve_by_path_then_unique_basename ... ok
[INFO] [stdout] test javascript_symbols_and_imports_are_extracted ... ok
[INFO] [stdout] test resolve_call_prefers_same_file_then_directory_then_unique ... ok
[INFO] [stdout] test resolve_call_uses_imports_to_break_a_repo_wide_tie ... ok
[INFO] [stdout] test rust_crate_paths_resolve_under_the_nearest_manifest ... ok
[INFO] [stdout] test rust_external_crates_resolve_to_nothing ... ok
[INFO] [stdout] test rust_module_declarations_resolve_to_file_or_mod_rs ... ok
[INFO] [stdout] test rust_self_paths_resolve_within_the_module_not_a_sibling_package ... ok
[INFO] [stdout] test rust_super_paths_resolve_relative_to_the_module ... ok
[INFO] [stdout] test rust_package_paths_reach_the_defining_module ... ok
[INFO] [stdout] test rust_symbols_are_qualified_with_kinds_docs_and_calls ... ok
[INFO] [stdout] test rust_workspace_package_paths_resolve_to_lib_rs ... ok
[INFO] [stdout] test self_reaches_a_method_only_in_the_calling_file ... ok
[INFO] [stdout] test python_symbols_and_imports_are_extracted ... ok
[INFO] [stdout] test two_types_sharing_a_method_need_a_receiver_that_names_one ... ok
[INFO] [stdout] test typescript_specifiers_try_extensions_and_index_files ... ok
[INFO] [stdout] test module_doc_is_not_attributed_to_first_item ... ok
[INFO] [stdout] test typescript_symbols_and_imports_are_extracted ... ok
[INFO] [stdout] test symbols_sorted_by_line_and_qualified ... ok
[INFO] [stdout] test typescript_js_specifiers_fall_back_to_ts_sources ... ok
[INFO] [stdout] test tsx_files_parse_with_the_tsx_grammar ... ok
[INFO] [stdout] test extraction_is_capped_and_repeatable_for_every_fixture ... ok
[INFO] [stdout] test never_panics_on_binary_and_huge_input ... ok
[INFO] [stdout] test calls_attach_to_the_innermost_definition_at_scale ... ok
[INFO] [stdout] 
[INFO] [stdout] failures:
[INFO] [stdout] 
[INFO] [stdout] ---- extract_of_this_repo_is_deterministic stdout ----
[INFO] [stdout] 
[INFO] [stdout] thread 'extract_of_this_repo_is_deterministic' (793) panicked at tests/extract.rs:1320:5:
[INFO] [stdout] expected real sources under crates/cli/src
[INFO] [stdout] stack backtrace:
[INFO] [stdout]    0:     0x5a89041c99f1 - <<std[617be2ca0a6fd877]::sys::backtrace::BacktraceLock>::print::DisplayBacktrace as core[a373ad73a504971]::fmt::Display>::fmt
[INFO] [stdout]    1:     0x5a89041df3ba - core[a373ad73a504971]::fmt::write
[INFO] [stdout]    2:     0x5a89041cdedc - <alloc[2e1b2a31b91974c5]::vec::Vec<u8> as core[a373ad73a504971]::io::write::Write>::write_fmt
[INFO] [stdout]    3:     0x5a89041a5216 - std[617be2ca0a6fd877]::panicking::default_hook::{closure#0}
[INFO] [stdout]    4:     0x5a89041c1b69 - std[617be2ca0a6fd877]::panicking::default_hook
[INFO] [stdout]    5:     0x5a89040113e0 - test[aada8e7e76ba119b]::test_main_inner::{closure#0}
[INFO] [stdout]    6:     0x5a89041c1d22 - std[617be2ca0a6fd877]::panicking::panic_with_hook
[INFO] [stdout]    7:     0x5a89041a52f4 - std[617be2ca0a6fd877]::panicking::panic_handler::{closure#0}
[INFO] [stdout]    8:     0x5a890419dda9 - std[617be2ca0a6fd877]::sys::backtrace::__rust_end_short_backtrace::<std[617be2ca0a6fd877]::panicking::panic_handler::{closure#0}, !>
[INFO] [stdout]    9:     0x5a89041a5ecd - __rustc[ea4f61d10b84890b]::rust_begin_unwind
[INFO] [stdout]   10:     0x5a89041dfb9c - core[a373ad73a504971]::panicking::panic_fmt
[INFO] [stdout]   11:     0x5a8903fe63c7 - <extract[c5de9f337432c99d]::extract_of_this_repo_is_deterministic::{closure#0} as core[a373ad73a504971]::ops::function::FnOnce<()>>::call_once
[INFO] [stdout]   12:     0x5a890400482b - test[aada8e7e76ba119b]::__rust_begin_short_backtrace::<core[a373ad73a504971]::result::Result<(), alloc[2e1b2a31b91974c5]::string::String>, fn() -> core[a373ad73a504971]::result::Result<(), alloc[2e1b2a31b91974c5]::string::String>>
[INFO] [stdout]   13:     0x5a8904011a05 - test[aada8e7e76ba119b]::run_test::{closure#0}
[INFO] [stdout]   14:     0x5a890400b2f4 - std[617be2ca0a6fd877]::sys::backtrace::__rust_begin_short_backtrace::<test[aada8e7e76ba119b]::run_test::{closure#1}, ()>
[INFO] [stdout]   15:     0x5a8904014a92 - <std[617be2ca0a6fd877]::thread::lifecycle::spawn_unchecked<test[aada8e7e76ba119b]::run_test::{closure#1}, ()>::{closure#1} as core[a373ad73a504971]::ops::function::FnOnce<()>>::call_once::{shim:vtable#0}
[INFO] [stdout]   16:     0x5a89041c8f3f - <std[617be2ca0a6fd877]::sys::thread::unix::Thread>::new::thread_start
[INFO] [stdout]   17:     0x6ffc89dc9dfa - <unknown>
[INFO] [stdout]   18:     0x6ffc89e5d3d4 - clone
[INFO] [stdout]   19:                0x0 - <unknown>
[INFO] [stdout] 
[INFO] [stdout] 
[INFO] [stdout] failures:
[INFO] [stdout]     extract_of_this_repo_is_deterministic
[INFO] [stdout] 
[INFO] [stdout] test result: FAILED. 47 passed; 1 failed; 0 ignored; 0 measured; 0 filtered out; finished in 0.64s
[INFO] [stdout] 
[INFO] [stderr] error: test failed, to rerun pass `--test extract`
[INFO] running `Command { std: "docker" "inspect" "1ba1243589cf63999128a9fb0b4dfaa1416fd64f2d45553fc5b981284a9821ca", kill_on_drop: false }`
[INFO] running `Command { std: "docker" "rm" "-f" "1ba1243589cf63999128a9fb0b4dfaa1416fd64f2d45553fc5b981284a9821ca", kill_on_drop: false }`
[INFO] [stdout] 1ba1243589cf63999128a9fb0b4dfaa1416fd64f2d45553fc5b981284a9821ca
