[INFO] fetching crate murgamu 0.8.21...
[INFO] testing murgamu-0.8.21 against 1.99.0-beta.8+cargoflags=--release for beta-release-1.100-2
[INFO] extracting crate murgamu 0.8.21 into /workspace/builds/worker-3-tc1/source
[INFO] started tweaking crates.io crate murgamu 0.8.21
[INFO] removed 0 missing tests
[INFO] finished tweaking crates.io crate murgamu 0.8.21
[INFO] tweaked toml for crates.io crate murgamu 0.8.21 written to /workspace/builds/worker-3-tc1/source/Cargo.toml
[INFO] validating manifest of crates.io crate murgamu 0.8.21 on toolchain 1.99.0-beta.8
[INFO] running `Command { std: CARGO_HOME="/workspace/cargo-home" RUSTUP_HOME="/workspace/rustup-home" "/workspace/cargo-home/bin/cargo" "+1.99.0-beta.8" "metadata" "--manifest-path" "Cargo.toml" "--no-deps", kill_on_drop: false }`
[INFO] crate crates.io crate murgamu 0.8.21 already has a lockfile, it will not be regenerated
[INFO] running `Command { std: CARGO_HOME="/workspace/cargo-home" RUSTUP_HOME="/workspace/rustup-home" "/workspace/cargo-home/bin/cargo" "+1.99.0-beta.8" "fetch" "--manifest-path" "Cargo.toml", kill_on_drop: false }`
[INFO] [stderr]     Updating crates.io index
[INFO] [stderr]  Downloading crates ...
[INFO] [stderr]   Downloaded rcgen v0.14.7
[INFO] [stderr]   Downloaded murgamu-macros v0.5.6
[INFO] running `Command { std: "docker" "create" "-v" "/var/lib/crater-agent-workspace/builds/worker-3-tc1/source:/opt/rustwide/workdir:ro,Z" "-v" "/var/lib/crater-agent-workspace/builds/worker-3-tc1/target:/opt/rustwide/target:rw,Z" "-v" "/var/lib/crater-agent-workspace/cargo-home:/opt/rustwide/cargo-home:ro,Z" "-v" "/var/lib/crater-agent-workspace/rustup-home:/opt/rustwide/rustup-home:ro,Z" "-m" "1610612736" "--network" "none" "ghcr.io/rust-lang/crates-build-env/linux@sha256:77db811e55d90add9212f6832c23229e3de5f1c1f9905e8cb07319ea15df73ac" "sleep" "infinity", kill_on_drop: false }`
[INFO] [stdout] 0da1191319a76044df0a84867f9ed5fdef6ef00a03ba62b88d2942fb8438360d
[INFO] running `Command { std: "docker" "start" "0da1191319a76044df0a84867f9ed5fdef6ef00a03ba62b88d2942fb8438360d", kill_on_drop: false }`
[INFO] running `Command { std: "docker" "inspect" "0da1191319a76044df0a84867f9ed5fdef6ef00a03ba62b88d2942fb8438360d", kill_on_drop: false }`
[INFO] running `Command { std: "docker" "exec" "-e" "SOURCE_DIR=/opt/rustwide/workdir" "-e" "CARGO_HOME=/opt/rustwide/cargo-home" "-e" "RUSTUP_HOME=/opt/rustwide/rustup-home" "-e" "CARGO_TARGET_DIR=/opt/rustwide/target" "-w" "/opt/rustwide/workdir" "--user" "0:0" "0da1191319a76044df0a84867f9ed5fdef6ef00a03ba62b88d2942fb8438360d" "/opt/rustwide/cargo-home/bin/cargo" "+1.99.0-beta.8" "metadata" "--no-deps" "--format-version=1", kill_on_drop: false }`
[INFO] running `Command { std: "docker" "inspect" "0da1191319a76044df0a84867f9ed5fdef6ef00a03ba62b88d2942fb8438360d", kill_on_drop: false }`
[INFO] running `Command { std: "docker" "exec" "-e" "SOURCE_DIR=/opt/rustwide/workdir" "-e" "CARGO_HOME=/opt/rustwide/cargo-home" "-e" "RUSTUP_HOME=/opt/rustwide/rustup-home" "-e" "CARGO_TARGET_DIR=/opt/rustwide/target" "-e" "CARGO_INCREMENTAL=0" "-e" "RUST_BACKTRACE=full" "-e" "RUSTFLAGS=--cap-lints=warn" "-e" "RUSTDOCFLAGS=--cap-lints=warn" "-w" "/opt/rustwide/workdir" "--user" "0:0" "0da1191319a76044df0a84867f9ed5fdef6ef00a03ba62b88d2942fb8438360d" "/opt/rustwide/cargo-home/bin/cargo" "+1.99.0-beta.8" "build" "--frozen" "--message-format=json" "--release", kill_on_drop: false }`
[INFO] [stderr]    Compiling libc v0.2.185
[INFO] [stderr]    Compiling aws-lc-rs v1.16.3
[INFO] [stderr]    Compiling http v1.4.0
[INFO] [stderr]    Compiling num-traits v0.2.19
[INFO] [stderr]    Compiling thiserror v2.0.18
[INFO] [stderr]    Compiling hashbrown v0.17.0
[INFO] [stderr]    Compiling futures-sink v0.3.32
[INFO] [stderr]    Compiling deranged v0.5.8
[INFO] [stderr]    Compiling pq-sys v0.7.5
[INFO] [stderr]    Compiling time-macros v0.2.27
[INFO] [stderr]    Compiling rustls v0.23.38
[INFO] [stderr]    Compiling serde v1.0.228
[INFO] [stderr]    Compiling diesel_derives v2.3.7
[INFO] [stderr]    Compiling dsl_auto_type v0.2.0
[INFO] [stderr]    Compiling diesel_table_macro_syntax v0.3.0
[INFO] [stderr]    Compiling aho-corasick v1.1.4
[INFO] [stderr]    Compiling futures-channel v0.3.32
[INFO] [stderr]    Compiling futures-task v0.3.32
[INFO] [stderr]    Compiling serde_json v1.0.149
[INFO] [stderr]    Compiling pem v3.0.6
[INFO] [stderr]    Compiling futures-util v0.3.32
[INFO] [stderr]    Compiling ipnet v2.12.0
[INFO] [stderr]    Compiling signature v2.2.0
[INFO] [stderr]    Compiling downcast-rs v2.0.2
[INFO] [stderr]    Compiling murgamu-macros v0.5.6
[INFO] [stderr]    Compiling webpki-roots v1.0.7
[INFO] [stderr]    Compiling rustls-pemfile v2.2.0
[INFO] [stderr]    Compiling serde_urlencoded v0.7.1
[INFO] [stderr]    Compiling indexmap v2.14.0
[INFO] [stderr]    Compiling http-body v1.0.1
[INFO] [stderr]    Compiling num-integer v0.1.46
[INFO] [stderr]    Compiling chrono v0.4.44
[INFO] [stderr]    Compiling http-body-util v0.1.3
[INFO] [stderr]    Compiling num-bigint v0.4.6
[INFO] [stderr]    Compiling jobserver v0.1.34
[INFO] [stderr]    Compiling time v0.3.47
[INFO] [stderr]    Compiling parking_lot_core v0.9.12
[INFO] [stderr]    Compiling cc v1.2.60
[INFO] [stderr]    Compiling errno v0.3.14
[INFO] [stderr]    Compiling parking_lot v0.12.5
[INFO] [stderr]    Compiling mio v1.2.0
[INFO] [stderr]    Compiling signal-hook-registry v1.4.8
[INFO] [stderr]    Compiling socket2 v0.6.3
[INFO] [stderr]    Compiling regex-automata v0.4.14
[INFO] [stderr]    Compiling scheduled-thread-pool v0.2.7
[INFO] [stderr]    Compiling r2d2 v0.8.10
[INFO] [stderr]    Compiling tokio v1.52.1
[INFO] [stderr]    Compiling simple_asn1 v0.6.4
[INFO] [stderr]    Compiling cmake v0.1.58
[INFO] [stderr]    Compiling jsonwebtoken v10.3.0
[INFO] [stderr]    Compiling aws-lc-sys v0.40.0
[INFO] [stderr]    Compiling diesel v2.3.7
[INFO] [stderr]    Compiling regex v1.12.3
[INFO] [stderr]    Compiling tokio-util v0.7.18
[INFO] [stderr]    Compiling h2 v0.4.13
[INFO] [stderr]    Compiling hyper v1.9.0
[INFO] [stderr]    Compiling hyper-util v0.1.20
[INFO] [stderr]    Compiling rustls-webpki v0.103.12
[INFO] [stderr]    Compiling tokio-rustls v0.26.4
[INFO] [stderr]    Compiling murgamu v0.8.21 (/opt/rustwide/workdir)
[INFO] [stderr]     Finished `release` profile [optimized] target(s) in 2m 22s
[INFO] running `Command { std: "docker" "inspect" "0da1191319a76044df0a84867f9ed5fdef6ef00a03ba62b88d2942fb8438360d", kill_on_drop: false }`
[INFO] running `Command { std: "docker" "exec" "-e" "SOURCE_DIR=/opt/rustwide/workdir" "-e" "CARGO_HOME=/opt/rustwide/cargo-home" "-e" "RUSTUP_HOME=/opt/rustwide/rustup-home" "-e" "CARGO_TARGET_DIR=/opt/rustwide/target" "-e" "CARGO_INCREMENTAL=0" "-e" "RUST_BACKTRACE=full" "-e" "RUSTFLAGS=--cap-lints=warn" "-e" "RUSTDOCFLAGS=--cap-lints=warn" "-w" "/opt/rustwide/workdir" "--user" "0:0" "0da1191319a76044df0a84867f9ed5fdef6ef00a03ba62b88d2942fb8438360d" "/opt/rustwide/cargo-home/bin/cargo" "+1.99.0-beta.8" "test" "--frozen" "--no-run" "--message-format=json" "--release", kill_on_drop: false }`
[INFO] [stderr]    Compiling tokio v1.52.1
[INFO] [stderr]    Compiling ring v0.17.14
[INFO] [stderr]    Compiling getrandom v0.2.17
[INFO] [stderr]    Compiling getrandom v0.4.2
[INFO] [stderr]    Compiling miniz_oxide v0.8.9
[INFO] [stderr]    Compiling yasna v0.5.2
[INFO] [stderr]    Compiling uuid v1.23.1
[INFO] [stderr]    Compiling flate2 v1.1.9
[INFO] [stderr]    Compiling tokio-util v0.7.18
[INFO] [stderr]    Compiling tokio-stream v0.1.18
[INFO] [stderr]    Compiling tokio-rustls v0.26.4
[INFO] [stderr]    Compiling h2 v0.4.13
[INFO] [stderr]    Compiling tokio-test v0.4.5
[INFO] [stderr]    Compiling rcgen v0.14.7
[INFO] [stderr]    Compiling hyper v1.9.0
[INFO] [stderr]    Compiling hyper-util v0.1.20
[INFO] [stderr]    Compiling murgamu v0.8.21 (/opt/rustwide/workdir)
[INFO] [stderr]     Finished `release` profile [optimized] target(s) in 1m 16s
[INFO] running `Command { std: "docker" "inspect" "0da1191319a76044df0a84867f9ed5fdef6ef00a03ba62b88d2942fb8438360d", kill_on_drop: false }`
[INFO] running `Command { std: "docker" "exec" "-e" "SOURCE_DIR=/opt/rustwide/workdir" "-e" "CARGO_HOME=/opt/rustwide/cargo-home" "-e" "RUSTUP_HOME=/opt/rustwide/rustup-home" "-e" "CARGO_TARGET_DIR=/opt/rustwide/target" "-e" "CARGO_INCREMENTAL=0" "-e" "RUST_BACKTRACE=full" "-e" "RUSTFLAGS=--cap-lints=warn" "-e" "RUSTDOCFLAGS=--cap-lints=warn" "-w" "/opt/rustwide/workdir" "--user" "0:0" "0da1191319a76044df0a84867f9ed5fdef6ef00a03ba62b88d2942fb8438360d" "/opt/rustwide/cargo-home/bin/cargo" "+1.99.0-beta.8" "test" "--frozen" "--release", kill_on_drop: false }`
[INFO] [stderr]     Finished `release` profile [optimized] target(s) in 0.17s
[INFO] [stderr]      Running unittests src/lib.rs (/opt/rustwide/target/release/deps/murgamu-613ff75d95fa36fc)
[INFO] [stdout] 
[INFO] [stdout] running 179 tests
[INFO] [stdout] test server::builder::tests::test_server_default ... ok
[INFO] [stdout] test server::config::base::test::test_parse_dotenv_quoted ... ok
[INFO] [stdout] test server::config::base::test::test_parse_dotenv_simple ... ok
[INFO] [stdout] test server::config::base::test::test_parse_dotenv_comments ... ok
[INFO] [stdout] test core::utils::test::test_slugify ... ok
[INFO] [stdout] test core::utils::test::test_base64_encode ... ok
[INFO] [stdout] test server::builder::tests::test_server_builder ... ok
[INFO] [stdout] test server::config::base::test::test_builder ... ok
[INFO] [stdout] test core::utils::test::test_truncate ... ok
[INFO] [stdout] test server::config::base::test::test_get_list ... ok
[INFO] [stdout] test core::utils::test::test_decode ... ok
[INFO] [stdout] test server::config::base::test::test_get_bool ... ok
[INFO] [stdout] test server::config::base::test::test_subset ... ok
[INFO] [stdout] test server::config::base::test::test_parse_duration ... ok
[INFO] [stdout] test server::config::base::test::test_get_or ... ok
[INFO] [stdout] test server::config::base::test::test_parse_size ... ok
[INFO] [stdout] test server::config::env::mur_env::tests::lone_quote_does_not_panic ... ok
[INFO] [stdout] test server::config::env::mur_env::tests::parses_double_quoted_with_escapes ... ok
[INFO] [stdout] test server::config::env::mur_env::tests::parses_plain_value ... ok
[INFO] [stdout] test server::config::env::mur_env::tests::parses_single_quoted_literally ... ok
[INFO] [stdout] test server::config::env::test::test_display ... ok
[INFO] [stdout] test server::config::env::test::test_server_defaults ... ok
[INFO] [stdout] test server::config::env::mur_env::tests::quote_only_pair_is_empty ... ok
[INFO] [stdout] test server::config::env::test::test_env_files ... ok
[INFO] [stdout] test server::config::env::test::test_custom_profile ... ok
[INFO] [stdout] test server::config::server::tests::test_config_builder ... ok
[INFO] [stdout] test server::config::provider::test::test_config_provider ... ok
[INFO] [stdout] test server::config::provider::test::test_config_provider_builder ... ok
[INFO] [stdout] test server::config::provider::test::test_config_service ... ok
[INFO] [stdout] test server::config::provider::test::test_from_config_trait ... ok
[INFO] [stdout] test server::config::server::tests::test_config_defaults ... ok
[INFO] [stdout] test server::config::base::test::test_validate_required ... ok
[INFO] [stdout] test server::config::env::mur_env::tests::empty_value_does_not_panic ... ok
[INFO] [stdout] test server::config::env::mur_env::tests::strips_trailing_inline_comment ... ok
[INFO] [stdout] test server::config::env::test::test_env_file ... ok
[INFO] [stdout] test server::config::source::test::test_parse_json ... ok
[INFO] [stdout] test server::config::source::test::test_prefixed_source ... ok
[INFO] [stdout] test server::config::test::test_mur_env_is_true ... ok
[INFO] [stdout] test server::config::env::test::test_profile_as_str ... ok
[INFO] [stdout] test server::config::env::test::test_profile_checks ... ok
[INFO] [stdout] test server::error::builder::tests::test_from_string ... ok
[INFO] [stdout] test server::http::extractors::test::test_mur_body_len ... ok
[INFO] [stdout] test server::http::extractors::test::test_mur_header ... ok
[INFO] [stdout] test server::http::extractors::test::test_mur_json_deref ... ok
[INFO] [stdout] test server::http::extractors::test::test_mur_json_into_inner ... ok
[INFO] [stdout] test server::http::extractors::test::test_mur_path_deref ... ok
[INFO] [stdout] test server::config::env::test::test_profile_from_str ... ok
[INFO] [stdout] test server::error::builder::tests::test_error_kind ... ok
[INFO] [stdout] test server::config::provider::test::test_config_service_as_service ... ok
[INFO] [stdout] test server::config::source::test::test_file_source_optional ... ok
[INFO] [stdout] test server::config::source::test::test_parse_dotenv ... ok
[INFO] [stdout] test server::config::source::test::test_chained_source ... ok
[INFO] [stdout] test server::config::provider::test::test_from_config_prefix ... ok
[INFO] [stdout] test server::error::builder::tests::test_error_status_codes ... ok
[INFO] [stdout] test server::http::extractors::test::test_mur_query_deref ... ok
[INFO] [stdout] test server::http::multipart::test::test_multipart_config ... ok
[INFO] [stdout] test server::http::multipart::test::test_multipart_config_presets ... ok
[INFO] [stdout] test server::http::multipart::test::test_multipart_empty ... ok
[INFO] [stdout] test server::http::multipart::test::test_parse_boundary ... ok
[INFO] [stdout] test server::http::multipart::test::test_is_multipart_content_type ... ok
[INFO] [stdout] test server::config::source::test::test_memory_source ... ok
[INFO] [stdout] test server::error::builder::tests::test_error_display ... ok
[INFO] [stdout] test server::http::multipart::test::test_uploaded_file ... ok
[INFO] [stdout] test server::http::multipart::test::test_uploaded_file_extensions ... ok
[INFO] [stdout] test server::http::response::test::test_http_response_not_found ... ok
[INFO] [stdout] test server::http::multipart::test::test_parse_boundary_wrong_content_type ... ok
[INFO] [stdout] test server::http::response::test::test_http_response_ok ... ok
[INFO] [stdout] test server::http::extractors::test::test_mur_query_param ... ok
[INFO] [stdout] test server::http::multipart::test::test_unique_filename ... ok
[INFO] [stdout] test server::http::multipart::test::test_extract_extension ... ok
[INFO] [stdout] test server::http::response::test::test_http_response_created ... ok
[INFO] [stdout] test server::http::multipart::test::test_parse_boundary_missing ... ok
[INFO] [stdout] test server::http::response::test::test_http_response_no_content ... ok
[INFO] [stdout] test server::config::test::test_mur_env_or ... ok
[INFO] [stdout] test server::http::multipart::test::test_sanitize_filename ... ok
[INFO] [stdout] test server::http::multipart::test::test_form_field ... ok
[INFO] [stdout] test server::config::test::test_mur_env_parse_or ... ok
[INFO] [stdout] test server::http::response::test::test_response_builder_json ... ok
[INFO] [stdout] test server::http::response::test::test_response_builder_text ... ok
[INFO] [stdout] test server::http::response::test::test_response_builder_with_headers ... ok
[INFO] [stdout] test server::http::sse::test::test_event_comment ... ok
[INFO] [stdout] test server::http::sse::test::test_event_data_only ... ok
[INFO] [stdout] test server::http::response::test::test_into_response_status_code ... ok
[INFO] [stdout] test server::http::sse::test::test_event_from_string ... ok
[INFO] [stdout] test server::http::response::test::test_into_response_string ... ok
[INFO] [stdout] test server::http::response::test::test_into_response_unit ... ok
[INFO] [stdout] test server::http::sse::test::test_event_with_retry ... ok
[INFO] [stdout] test server::http::sse::test::test_event_with_type ... ok
[INFO] [stdout] test server::http::sse::test::test_sse_builder ... ok
[INFO] [stdout] test server::http::sse::test::test_sse_channel ... ok
[INFO] [stdout] test server::http::sse::test::test_sse_headers ... ok
[INFO] [stdout] test server::http::sse::test::test_sse_sender_closed ... ok
[INFO] [stdout] test server::http::sse::test::test_event_full ... ok
[INFO] [stdout] test server::http::sse::test::test_event_is_empty ... ok
[INFO] [stdout] test server::http::sse::test::test_event_keep_alive ... ok
[INFO] [stdout] test server::http::sse::test::test_event_with_id ... ok
[INFO] [stdout] test server::http::sse::test::test_sse_config_default ... ok
[INFO] [stdout] test server::middleware::compression::test::gzip_actually_shrinks_repetitive_data ... ok
[INFO] [stdout] test server::http::sse::test::test_event_multiline_data ... ok
[INFO] [stdout] test server::middleware::compression::test::test_compression_algorithm_from_accept_encoding ... ok
[INFO] [stdout] test server::middleware::compression::test::test_compression_level ... ok
[INFO] [stdout] test server::middleware::compression::test::gzip_handles_binary_data ... ok
[INFO] [stdout] test server::middleware::compression::test::test_crc32 ... ok
[INFO] [stdout] test server::http::extractors::test::test_mur_query_param_unwrap_or ... ok
[INFO] [stdout] test server::middleware::rate_limit::test::test_in_memory_store_different_keys ... ok
[INFO] [stdout] test server::middleware::compression::test::test_should_compress_content_type ... ok
[INFO] [stdout] test server::http::extractors::test::test_mur_text ... ok
[INFO] [stdout] test server::middleware::cors::test::test_allowed_origins_list ... ok
[INFO] [stdout] test server::http::multipart::test::test_extract_header_param ... ok
[INFO] [stdout] test server::middleware::compression::test::gzip_round_trips_various_inputs ... ok
[INFO] [stdout] test server::middleware::rate_limit::test::test_convenience_functions ... ok
[INFO] [stdout] test server::middleware::cors::test::test_allowed_origins_mirror ... ok
[INFO] [stdout] test server::middleware::cors::test::test_allowed_origins_any ... ok
[INFO] [stdout] test server::middleware::compression::test::raw_deflate_round_trips ... ok
[INFO] [stdout] test server::middleware::rate_limit::test::test_in_memory_store_basic ... ok
[INFO] [stdout] test server::middleware::timeout::test::test_timeout_config_builder ... ok
[INFO] [stdout] test server::middleware::rate_limit::test::test_config_defaults ... ok
[INFO] [stdout] test server::middleware::rate_limit::test::test_skip_paths ... ok
[INFO] [stdout] test server::middleware::timeout::test::test_timeout_config_default ... ok
[INFO] [stdout] test server::middleware::rate_limit::test::test_sliding_window_store ... ok
[INFO] [stdout] test server::middleware::rate_limit::test::test_rate_limit_algorithms ... ok
[INFO] [stdout] test server::middleware::timeout::test::test_timeout_middleware_builder ... ok
[INFO] [stdout] test server::middleware::rate_limit::test::test_token_bucket_store ... ok
[INFO] [stdout] test server::middleware::rate_limit::test::test_store_reset ... ok
[INFO] [stdout] test server::router::open_api::test::test_openapi_builder ... ok
[INFO] [stdout] test server::middleware::timeout::test::test_convenience_functions ... ok
[INFO] [stdout] test server::middleware::rate_limit::test::test_rate_limit_builder ... ok
[INFO] [stdout] test server::middleware::timeout::test::test_should_skip ... ok
[INFO] [stdout] test server::middleware::rate_limit::test::test_rate_limit_key_extraction ... ok
[INFO] [stdout] test server::router::pattern::tests::test_specificity ... ok
[INFO] [stdout] test server::router::pattern::tests::test_static_route_optimization ... ok
[INFO] [stdout] test server::security::headers::test::test_config_defaults ... ok
[INFO] [stdout] test server::router::pattern::tests::test_pattern_catch_all ... ok
[INFO] [stdout] test server::router::open_api::test::test_to_json ... ok
[INFO] [stdout] test server::router::pattern::tests::test_pattern_literal ... ok
[INFO] [stdout] test server::router::pattern::tests::test_pattern_param ... ok
[INFO] [stdout] test server::router::pattern::tests::test_pattern_wildcard ... ok
[INFO] [stdout] test server::middleware::rate_limit::test::test_rate_limit_clone ... ok
[INFO] [stdout] test server::security::headers::test::test_cross_origin_policies ... ok
[INFO] [stdout] test server::security::headers::test::test_cross_domain_policy ... ok
[INFO] [stdout] test server::security::headers::test::test_content_security_policy_builder ... ok
[INFO] [stdout] test server::security::headers::test::test_convenience_functions ... ok
[INFO] [stdout] test server::security::headers::test::test_csp_report_only ... ok
[INFO] [stdout] test server::router::pattern::tests::test_pattern_catch_all_named ... ok
[INFO] [stdout] test server::security::headers::test::test_csp_upgrade_insecure_requests ... ok
[INFO] [stdout] test server::router::open_api::test::test_operation_builder ... ok
[INFO] [stdout] test server::router::open_api::test::test_schema_object ... ok
[INFO] [stdout] test server::router::open_api::test::test_schema_string ... ok
[INFO] [stdout] test server::router::pattern::tests::test_pattern_multiple_params ... ok
[INFO] [stdout] test server::router::pattern::tests::test_normalize_path ... ok
[INFO] [stdout] test server::security::headers::test::test_x_frame_options ... ok
[INFO] [stdout] test server::security::headers::test::test_xss_protection ... ok
[INFO] [stdout] test server::security::headers::test::test_hsts_one_year ... ok
[INFO] [stdout] test server::security::headers::test::test_permissions_policy_builder ... ok
[INFO] [stdout] test server::security::tls::test::tests::test_build_acceptor ... ok
[INFO] [stdout] test server::security::headers::test::test_security_headers_builder ... ok
[INFO] [stdout] test server::service::builder::tests::test_builder ... ok
[INFO] [stdout] test server::security::headers::test::test_permissions_policy_disable_all ... ok
[INFO] [stdout] test server::security::headers::test::test_security_headers_disable ... ok
[INFO] [stdout] test server::security::tls::test::tests::test_tls_version_default ... ok
[INFO] [stdout] test server::security::headers::test::test_security_headers_clone ... ok
[INFO] [stdout] test server::service::container::tests::alias_resolves_to_implementation ... ok
[INFO] [stdout] test server::service::container::tests::merge_combines_services ... ok
[INFO] [stdout] test server::service::container::tests::child_container_has_isolated_request_store ... ok
[INFO] [stdout] test server::security::headers::test::test_hsts_config ... ok
[INFO] [stdout] test server::security::headers::test::test_referrer_policy ... ok
[INFO] [stdout] test server::security::tls::test::tests::test_load_from_generated_pem ... ok
[INFO] [stdout] test server::security::tls::test::tests::test_tls_config_builder ... ok
[INFO] [stdout] test server::security::tls::test::tests::test_tls_error_display ... ok
[INFO] [stdout] test server::security::tls::test::tests::test_generate_self_signed ... ok
[INFO] [stdout] test server::security::headers::test::test_custom_headers ... ok
[INFO] [stdout] test tests::test_version ... ok
[INFO] [stdout] test server::service::container::tests::test_downcast_arc_shares_same_allocation ... ok
[INFO] [stdout] test server::service::container::tests::request_scoped_service_is_resolvable_and_clearable ... ok
[INFO] [stdout] test server::service::container::tests::test_has ... ok
[INFO] [stdout] test server::service::container::tests::test_register_and_get ... ok
[INFO] [stdout] test server::service::container::tests::transient_factory_creates_new_instances ... ok
[INFO] [stdout] test server::service::container::tests::unregistered_service_returns_none ... ok
[INFO] [stdout] test tests::test_name ... ok
[INFO] [stdout] 
[INFO] [stdout] test result: ok. 179 passed; 0 failed; 0 ignored; 0 measured; 0 filtered out; finished in 0.04s
[INFO] [stdout] 
[INFO] [stderr]      Running tests/public_api.rs (/opt/rustwide/target/release/deps/public_api-6eacd17ed59dbc90)
[INFO] [stdout] 
[INFO] [stdout] running 17 tests
[INFO] [stdout] test base64_decode_rejects_invalid_input ... ok
[INFO] [stdout] test base64_round_trips_text_and_binary ... ok
[INFO] [stdout] test client_error_response_includes_message ... ok
[INFO] [stdout] test responder_allows_safe_redirect ... ok
[INFO] [stdout] test cookie_default_is_lax_without_flags ... ok
[INFO] [stdout] test sliding_window_allows_quota_then_blocks ... ok
[INFO] [stdout] test fixed_window_keys_are_independent ... ok
[INFO] [stdout] test responder_blocks_dangerous_redirect_schemes ... ok
[INFO] [stdout] test cookie_renders_all_attributes ... ok
[INFO] [stdout] test error_status_and_kind_mapping ... ok
[INFO] [stdout] test fixed_window_reset_restores_quota ... ok
[INFO] [stdout] test fixed_window_allows_quota_then_blocks ... ok
[INFO] [stdout] test internal_error_response_does_not_leak_message ... ok
[INFO] [stdout] test token_bucket_allows_quota_then_blocks ... ok
[INFO] [stdout] test url_decode_rejects_invalid_utf8 ... ok
[INFO] [stdout] test url_encode_decode_round_trip ... ok
[INFO] [stdout] test token_bucket_refills_over_time ... ok
[INFO] [stdout] 
[INFO] [stdout] test result: ok. 17 passed; 0 failed; 0 ignored; 0 measured; 0 filtered out; finished in 0.40s
[INFO] [stdout] 
[INFO] [stderr]      Running tests/server_integration.rs (/opt/rustwide/target/release/deps/server_integration-8bd0763039ea6e19)
[INFO] [stdout] 
[INFO] [stdout] running 58 tests
[INFO] [stdout] test empty_body_to_json_route_is_rejected ... ok
[INFO] [stdout] test head_falls_back_to_get_handler ... ok
[INFO] [stdout] test deeply_nested_catch_all_path_is_handled ... ok
[INFO] [stdout] test cors_preflight_returns_no_content_with_headers ... ok
[INFO] [stdout] test body_size_limit_returns_413 ... ok
[INFO] [stdout] test catch_all_captures_remaining_path ... ok
[INFO] [stdout] test cors_restricted_rejects_unknown_origin ... ok
[INFO] [stdout] test fast_handler_under_timeout_succeeds ... ok
[INFO] [stdout] test cors_permissive_allows_any_origin ... ok
[INFO] [stdout] test cors_restricted_reflects_allowed_origin ... ok
[INFO] [stdout] test dependency_injection_resolves_nested_services ... ok
[INFO] [stdout] test interceptor_after_adds_header ... ok
[INFO] [stdout] test body_within_limit_is_accepted ... ok
[INFO] [stdout] test interceptor_before_can_short_circuit ... ok
[INFO] [stdout] test interceptor_macro_noop_does_not_affect_response ... ok
[INFO] [stdout] test get_returns_json_body ... ok
[INFO] [stdout] test error_type_maps_to_status_codes ... ok
[INFO] [stdout] test json_content_type_with_charset_still_parses ... ok
[INFO] [stdout] test many_distinct_routes_remain_independently_resolvable ... ok
[INFO] [stdout] test malformed_json_body_is_rejected ... ok
[INFO] [stdout] test interceptor_macro_with_di_stamps_header ... ok
[INFO] [stdout] test interceptor_macro_noop_passes_requests_through ... ok
[INFO] [stdout] test middleware_adds_header ... ok
[INFO] [stdout] test large_response_is_gzip_compressed_when_accepted ... ok
[INFO] [stdout] test invalid_path_param_is_rejected ... ok
[INFO] [stdout] test internal_errors_do_not_leak_details ... ok
[INFO] [stdout] test middleware_can_short_circuit ... ok
[INFO] [stdout] test options_lists_allowed_methods ... ok
[INFO] [stdout] test post_form_body_is_deserialized ... ok
[INFO] [stdout] test path_param_is_parsed ... ok
[INFO] [stdout] test protected_route_with_invalid_token_is_rejected ... ok
[INFO] [stdout] test protected_route_with_valid_token_is_allowed ... ok
[INFO] [stdout] test post_json_body_is_deserialized ... ok
[INFO] [stdout] test response_not_compressed_without_accept_encoding ... ok
[INFO] [stdout] test query_params_are_parsed ... ok
[INFO] [stdout] test rate_limit_is_per_forwarded_ip ... ok
[INFO] [stdout] test protected_route_without_token_is_rejected ... ok
[INFO] [stdout] test rate_limiter_blocks_after_quota ... ok
[INFO] [stdout] test public_route_bypasses_auth ... ok
[INFO] [stdout] test role_protected_route_allows_matching_role ... ok
[INFO] [stdout] test query_params_use_defaults_when_missing ... ok
[INFO] [stdout] test role_protected_route_denies_insufficient_role ... ok
[INFO] [stdout] test put_patch_delete_reach_handlers ... ok
[INFO] [stdout] test rate_limit_is_bypassable_by_spoofing_forwarded_ip ... ok
[INFO] [stdout] test security_headers_absent_by_default ... ok
[INFO] [stdout] test set_cookie_carries_security_attributes ... ok
[INFO] [stdout] test static_route_beats_dynamic_param ... ok
[INFO] [stdout] test trailing_slash_is_normalized ... ok
[INFO] [stdout] test text_and_html_content_types ... ok
[INFO] [stdout] test small_response_is_not_compressed ... ok
[INFO] [stdout] test very_long_query_string_does_not_crash ... ok
[INFO] [stdout] test security_headers_are_applied_when_enabled ... ok
[INFO] [stdout] test unknown_route_returns_404_json ... ok
[INFO] [stdout] test wildcard_matches_exactly_one_segment ... ok
[INFO] [stdout] test wrong_method_on_existing_path_is_404 ... ok
[INFO] [stdout] test slow_handler_times_out ... ok
[INFO] [stdout] test perf_sequential_throughput_is_reasonable ... ok
[INFO] [stderr]      Running tests/stability.rs (/opt/rustwide/target/release/deps/stability-2903128d515eee21)
[INFO] [stdout] test perf_handles_concurrent_requests ... ok
[INFO] [stdout] 
[INFO] [stdout] test result: ok. 58 passed; 0 failed; 0 ignored; 0 measured; 0 filtered out; finished in 1.14s
[INFO] [stdout] 
[INFO] [stdout] 
[INFO] [stdout] running 29 tests
[INFO] [stdout] test internal_server_errors_do_not_leak_sensitive_details ... ok
[INFO] [stdout] test head_response_has_no_body ... ok
[INFO] [stdout] test keepalive_reuses_connection_for_sequential_requests ... ok
[INFO] [stdout] test html_response_content_type_is_text_html ... ok
[INFO] [stdout] test json_response_content_type_is_application_json ... ok
[INFO] [stdout] test error_responses_have_json_content_type ... ok
[INFO] [stdout] test head_content_length_matches_get_body_size ... ok
[INFO] [stdout] test large_response_body_arrives_intact ... ok
[INFO] [stdout] test not_found_response_includes_json_status_field ... ok
[INFO] [stdout] test many_query_params_do_not_crash ... ok
[INFO] [stdout] test error_variants_map_to_correct_http_status_codes ... ok
[INFO] [stdout] test custom_response_header_survives_round_trip ... ok
[INFO] [stdout] test no_content_204_body_is_absent ... ok
[INFO] [stdout] test connection_close_request_header_accepted ... ok
[INFO] [stdout] test path_traversal_segments_return_404 ... ok
[INFO] [stdout] test text_response_content_type_is_text_plain ... ok
[INFO] [stdout] test post_echo_preserves_body_exactly ... ok
[INFO] [stdout] test oversized_header_value_does_not_crash_server ... ok
[INFO] [stdout] test unknown_http_method_does_not_crash_server ... ok
[INFO] [stdout] test post_with_empty_body_content_length_zero_accepted ... ok
[INFO] [stdout] test two_servers_operate_independently_on_separate_ports ... ok
[INFO] [stdout] test sequential_throughput_is_stable_over_1000_requests ... FAILED
[INFO] [stdout] test very_long_url_does_not_crash_server ... ok
[INFO] [stdout] test burst_throughput_500_concurrent_requests ... FAILED
[INFO] [stdout] test redirect_has_location_header ... ok
[INFO] [stdout] test burst_of_300_concurrent_get_requests_all_succeed ... FAILED
[INFO] [stdout] test concurrent_mixed_method_requests_route_correctly ... ok
[INFO] [stdout] test three_servers_handle_concurrent_load_in_isolation ... ok
[INFO] [stdout] test concurrent_post_requests_with_bodies_are_parsed_correctly ... ok
[INFO] [stdout] 
[INFO] [stdout] failures:
[INFO] [stdout] 
[INFO] [stdout] ---- sequential_throughput_is_stable_over_1000_requests stdout ----
[INFO] [stdout] Murgamü server listening on http://127.0.0.1:41913
[INFO] [stdout] Accept error: Too many open files (os error 24)
[INFO] [stdout] Accept error: Too many open files (os error 24)
[INFO] [stdout] Accept error: Too many open files (os error 24)
[INFO] [stdout] Accept error: Too many open files (os error 24)
[INFO] [stdout] Accept error: Too many open files (os error 24)
[INFO] [stdout] Accept error: Too many open files (os error 24)
[INFO] [stdout] Accept error: Too many open files (os error 24)
[INFO] [stdout] Accept error: Too many open files (os error 24)
[INFO] [stdout] Accept error: Too many open files (os error 24)
[INFO] [stdout] Accept error: Too many open files (os error 24)
[INFO] [stdout] Accept error: Too many open files (os error 24)
[INFO] [stdout] Accept error: Too many open files (os error 24)
[INFO] [stdout] Accept error: Too many open files (os error 24)
[INFO] [stdout] Accept error: Too many open files (os error 24)
[INFO] [stdout] Accept error: Too many open files (os error 24)
[INFO] [stdout] Accept error: Too many open files (os error 24)
[INFO] [stdout] Accept error: Too many open files (os error 24)
[INFO] [stdout] Accept error: Too many open files (os error 24)
[INFO] [stdout] Accept error: Too many open files (os error 24)
[INFO] [stdout] Accept error: Too many open files (os error 24)
[INFO] [stdout] Accept error: Too many open files (os error 24)
[INFO] [stdout] Accept error: Too many open files (os error 24)
[INFO] [stdout] Accept error: Too many open files (os error 24)
[INFO] [stdout] Accept error: Too many open files (os error 24)
[INFO] [stdout] Accept error: Too many open files (os error 24)
[INFO] [stdout] Accept error: Too many open files (os error 24)
[INFO] [stdout] Accept error: Too many open files (os error 24)
[INFO] [stdout] Accept error: Too many open files (os error 24)
[INFO] [stdout] Accept error: Too many open files (os error 24)
[INFO] [stdout] Accept error: Too many open files (os error 24)
[INFO] [stdout] Accept error: Too many open files (os error 24)
[INFO] [stdout] Accept error: Too many open files (os error 24)
[INFO] [stdout] Accept error: Too many open files (os error 24)
[INFO] [stdout] Accept error: Too many open files (os error 24)
[INFO] [stdout] Accept error: Too many open files (os error 24)
[INFO] [stdout] Accept error: Too many open files (os error 24)
[INFO] [stdout] Accept error: Too many open files (os error 24)
[INFO] [stdout] Accept error: Too many open files (os error 24)
[INFO] [stdout] Accept error: Too many open files (os error 24)
[INFO] [stdout] Accept error: Too many open files (os error 24)
[INFO] [stdout] Accept error: Too many open files (os error 24)
[INFO] [stdout] Accept error: Too many open files (os error 24)
[INFO] [stdout] Accept error: Too many open files (os error 24)
[INFO] [stdout] Accept error: Too many open files (os error 24)
[INFO] [stdout] Accept error: Too many open files (os error 24)
[INFO] [stdout] Accept error: Too many open files (os error 24)
[INFO] [stdout] Accept error: Too many open files (os error 24)
[INFO] [stdout] Accept error: Too many open files (os error 24)
[INFO] [stdout] Accept error: Too many open files (os error 24)
[INFO] [stdout] Accept error: Too many open files (os error 24)
[INFO] [stdout] Accept error: Too many open files (os error 24)
[INFO] [stdout] Accept error: Too many open files (os error 24)
[INFO] [stdout] Accept error: Too many open files (os error 24)
[INFO] [stdout] Accept error: Too many open files (os error 24)
[INFO] [stdout] Accept error: Too many open files (os error 24)
[INFO] [stdout] Accept error: Too many open files (os error 24)
[INFO] [stdout] Accept error: Too many open files (os error 24)
[INFO] [stdout] Accept error: Too many open files (os error 24)
[INFO] [stdout] Accept error: Too many open files (os error 24)
[INFO] [stdout] Accept error: Too many open files (os error 24)
[INFO] [stdout] Accept error: Too many open files (os error 24)
[INFO] [stdout] Accept error: Too many open files (os error 24)
[INFO] [stdout] Accept error: Too many open files (os error 24)
[INFO] [stdout] Accept error: Too many open files (os error 24)
[INFO] [stdout] Accept error: Too many open files (os error 24)
[INFO] [stdout] Accept error: Too many open files (os error 24)
[INFO] [stdout] Accept error: Too many open files (os error 24)
[INFO] [stdout] Accept error: Too many open files (os error 24)
[INFO] [stdout] Accept error: Too many open files (os error 24)
[INFO] [stdout] Accept error: Too many open files (os error 24)
[INFO] [stdout] Accept error: Too many open files (os error 24)
[INFO] [stdout] Accept error: Too many open files (os error 24)
[INFO] [stdout] Accept error: Too many open files (os error 24)
[INFO] [stdout] Accept error: Too many open files (os error 24)
[INFO] [stdout] Accept error: Too many open files (os error 24)
[INFO] [stdout] Accept error: Too many open files (os error 24)
[INFO] [stdout] Accept error: Too many open files (os error 24)
[INFO] [stdout] Accept error: Too many open files (os error 24)
[INFO] [stdout] Accept error: Too many open files (os error 24)
[INFO] [stdout] Accept error: Too many open files (os error 24)
[INFO] [stdout] Accept error: Too many open files (os error 24)
[INFO] [stdout] Accept error: Too many open files (os error 24)
[INFO] [stdout] Accept error: Too many open files (os error 24)
[INFO] [stdout] Accept error: Too many open files (os error 24)
[INFO] [stdout] Accept error: Too many open files (os error 24)
[INFO] [stdout] Accept error: Too many open files (os error 24)
[INFO] [stdout] Accept error: Too many open files (os error 24)
[INFO] [stdout] Accept error: Too many open files (os error 24)
[INFO] [stdout] Accept error: Too many open files (os error 24)
[INFO] [stdout] Accept error: Too many open files (os error 24)
[INFO] [stdout] Accept error: Too many open files (os error 24)
[INFO] [stdout] Accept error: Too many open files (os error 24)
[INFO] [stdout] Accept error: Too many open files (os error 24)
[INFO] [stdout] Accept error: Too many open files (os error 24)
[INFO] [stdout] Accept error: Too many open files (os error 24)
[INFO] [stdout] Accept error: Too many open files (os error 24)
[INFO] [stdout] Accept error: Too many open files (os error 24)
[INFO] [stdout] Accept error: Too many open files (os error 24)
[INFO] [stdout] Accept error: Too many open files (os error 24)
[INFO] [stdout] Accept error: Too many open files (os error 24)
[INFO] [stdout] Accept error: Too many open files (os error 24)
[INFO] [stdout] Accept error: Too many open files (os error 24)
[INFO] [stdout] Accept error: Too many open files (os error 24)
[INFO] [stdout] Accept error: Too many open files (os error 24)
[INFO] [stdout] Accept error: Too many open files (os error 24)
[INFO] [stdout] Accept error: Too many open files (os error 24)
[INFO] [stdout] Accept error: Too many open files (os error 24)
[INFO] [stdout] Accept error: Too many open files (os error 24)
[INFO] [stdout] Accept error: Too many open files (os error 24)
[INFO] [stdout] Accept error: Too many open files (os error 24)
[INFO] [stdout] Accept error: Too many open files (os error 24)
[INFO] [stdout] Accept error: Too many open files (os error 24)
[INFO] [stdout] Accept error: Too many open files (os error 24)
[INFO] [stdout] Accept error: Too many open files (os error 24)
[INFO] [stdout] Accept error: Too many open files (os error 24)
[INFO] [stdout] Accept error: Too many open files (os error 24)
[INFO] [stdout] Accept error: Too many open files (os error 24)
[INFO] [stdout] Accept error: Too many open files (os error 24)
[INFO] [stdout] Accept error: Too many open files (os error 24)
[INFO] [stdout] Accept error: Too many open files (os error 24)
[INFO] [stdout] Accept error: Too many open files (os error 24)
[INFO] [stdout] Accept error: Too many open files (os error 24)
[INFO] [stdout] Accept error: Too many open files (os error 24)
[INFO] [stdout] Accept error: Too many open files (os error 24)
[INFO] [stdout] Accept error: Too many open files (os error 24)
[INFO] [stdout] Accept error: Too many open files (os error 24)
[INFO] [stdout] Accept error: Too many open files (os error 24)
[INFO] [stdout] Accept error: Too many open files (os error 24)
[INFO] [stdout] Accept error: Too many open files (os error 24)
[INFO] [stdout] Accept error: Too many open files (os error 24)
[INFO] [stdout] Accept error: Too many open files (os error 24)
[INFO] [stdout] Accept error: Too many open files (os error 24)
[INFO] [stdout] Accept error: Too many open files (os error 24)
[INFO] [stdout] Accept error: Too many open files (os error 24)
[INFO] [stdout] Accept error: Too many open files (os error 24)
[INFO] [stdout] Accept error: Too many open files (os error 24)
[INFO] [stdout] Accept error: Too many open files (os error 24)
[INFO] [stdout] Accept error: Too many open files (os error 24)
[INFO] [stdout] Accept error: Too many open files (os error 24)
[INFO] [stdout] Accept error: Too many open files (os error 24)
[INFO] [stdout] Accept error: Too many open files (os error 24)
[INFO] [stdout] Accept error: Too many open files (os error 24)
[INFO] [stdout] Accept error: Too many open files (os error 24)
[INFO] [stdout] Accept error: Too many open files (os error 24)
[INFO] [stdout] Accept error: Too many open files (os error 24)
[INFO] [stdout] Accept error: Too many open files (os error 24)
[INFO] [stdout] Accept error: Too many open files (os error 24)
[INFO] [stdout] Accept error: Too many open files (os error 24)
[INFO] [stdout] Accept error: Too many open files (os error 24)
[INFO] [stdout] Accept error: Too many open files (os error 24)
[INFO] [stdout] Accept error: Too many open files (os error 24)
[INFO] [stdout] Accept error: Too many open files (os error 24)
[INFO] [stdout] Accept error: Too many open files (os error 24)
[INFO] [stdout] Accept error: Too many open files (os error 24)
[INFO] [stdout] Accept error: Too many open files (os error 24)
[INFO] [stdout] Accept error: Too many open files (os error 24)
[INFO] [stdout] Accept error: Too many open files (os error 24)
[INFO] [stdout] Accept error: Too many open files (os error 24)
[INFO] [stdout] Accept error: Too many open files (os error 24)
[INFO] [stdout] Accept error: Too many open files (os error 24)
[INFO] [stdout] Accept error: Too many open files (os error 24)
[INFO] [stdout] Accept error: Too many open files (os error 24)
[INFO] [stdout] Accept error: Too many open files (os error 24)
[INFO] [stdout] Accept error: Too many open files (os error 24)
[INFO] [stdout] Accept error: Too many open files (os error 24)
[INFO] [stdout] Accept error: Too many open files (os error 24)
[INFO] [stdout] Accept error: Too many open files (os error 24)
[INFO] [stdout] Accept error: Too many open files (os error 24)
[INFO] [stdout] Accept error: Too many open files (os error 24)
[INFO] [stdout] Accept error: Too many open files (os error 24)
[INFO] [stdout] Accept error: Too many open files (os error 24)
[INFO] [stdout] Accept error: Too many open files (os error 24)
[INFO] [stdout] Accept error: Too many open files (os error 24)
[INFO] [stdout] Accept error: Too many open files (os error 24)
[INFO] [stdout] Accept error: Too many open files (os error 24)
[INFO] [stdout] Accept error: Too many open files (os error 24)
[INFO] [stdout] Accept error: Too many open files (os error 24)
[INFO] [stdout] Accept error: Too many open files (os error 24)
[INFO] [stdout] Accept error: Too many open files (os error 24)
[INFO] [stdout] Accept error: Too many open files (os error 24)
[INFO] [stdout] Accept error: Too many open files (os error 24)
[INFO] [stdout] Accept error: Too many open files (os error 24)
[INFO] [stdout] Accept error: Too many open files (os error 24)
[INFO] [stdout] Accept error: Too many open files (os error 24)
[INFO] [stdout] Accept error: Too many open files (os error 24)
[INFO] [stdout] Accept error: Too many open files (os error 24)
[INFO] [stdout] Accept error: Too many open files (os error 24)
[INFO] [stdout] Accept error: Too many open files (os error 24)
[INFO] [stdout] Accept error: Too many open files (os error 24)
[INFO] [stdout] Accept error: Too many open files (os error 24)
[INFO] [stdout] Accept error: Too many open files (os error 24)
[INFO] [stdout] Accept error: Too many open files (os error 24)
[INFO] [stdout] Accept error: Too many open files (os error 24)
[INFO] [stdout] Accept error: Too many open files (os error 24)
[INFO] [stdout] Accept error: Too many open files (os error 24)
[INFO] [stdout] Accept error: Too many open files (os error 24)
[INFO] [stdout] Accept error: Too many open files (os error 24)
[INFO] [stdout] Accept error: Too many open files (os error 24)
[INFO] [stdout] Accept error: Too many open files (os error 24)
[INFO] [stdout] Accept error: Too many open files (os error 24)
[INFO] [stdout] Accept error: Too many open files (os error 24)
[INFO] [stdout] Accept error: Too many open files (os error 24)
[INFO] [stdout] Accept error: Too many open files (os error 24)
[INFO] [stdout] Accept error: Too many open files (os error 24)
[INFO] [stdout] Accept error: Too many open files (os error 24)
[INFO] [stdout] Accept error: Too many open files (os error 24)
[INFO] [stdout] Accept error: Too many open files (os error 24)
[INFO] [stdout] Accept error: Too many open files (os error 24)
[INFO] [stdout] Accept error: Too many open files (os error 24)
[INFO] [stdout] Accept error: Too many open files (os error 24)
[INFO] [stdout] Accept error: Too many open files (os error 24)
[INFO] [stdout] Accept error: Too many open files (os error 24)
[INFO] [stdout] Accept error: Too many open files (os error 24)
[INFO] [stdout] Accept error: Too many open files (os error 24)
[INFO] [stdout] Accept error: Too many open files (os error 24)
[INFO] [stdout] Accept error: Too many open files (os error 24)
[INFO] [stdout] Accept error: Too many open files (os error 24)
[INFO] [stdout] Accept error: Too many open files (os error 24)
[INFO] [stdout] Accept error: Too many open files (os error 24)
[INFO] [stdout] Accept error: Too many open files (os error 24)
[INFO] [stdout] Accept error: Too many open files (os error 24)
[INFO] [stdout] Accept error: Too many open files (os error 24)
[INFO] [stdout] Accept error: Too many open files (os error 24)
[INFO] [stdout] Accept error: Too many open files (os error 24)
[INFO] [stdout] Accept error: Too many open files (os error 24)
[INFO] [stdout] Accept error: Too many open files (os error 24)
[INFO] [stdout] Accept error: Too many open files (os error 24)
[INFO] [stdout] Accept error: Too many open files (os error 24)
[INFO] [stdout] Accept error: Too many open files (os error 24)
[INFO] [stdout] Accept error: Too many open files (os error 24)
[INFO] [stdout] Accept error: Too many open files (os error 24)
[INFO] [stdout] Accept error: Too many open files (os error 24)
[INFO] [stdout] Accept error: Too many open files (os error 24)
[INFO] [stdout] Accept error: Too many open files (os error 24)
[INFO] [stdout] Accept error: Too many open files (os error 24)
[INFO] [stdout] Accept error: Too many open files (os error 24)
[INFO] [stdout] Accept error: Too many open files (os error 24)
[INFO] [stdout] Accept error: Too many open files (os error 24)
[INFO] [stdout] Accept error: Too many open files (os error 24)
[INFO] [stdout] Accept error: Too many open files (os error 24)
[INFO] [stdout] Accept error: Too many open files (os error 24)
[INFO] [stdout] Accept error: Too many open files (os error 24)
[INFO] [stdout] Accept error: Too many open files (os error 24)
[INFO] [stdout] Accept error: Too many open files (os error 24)
[INFO] [stdout] Accept error: Too many open files (os error 24)
[INFO] [stdout] Accept error: Too many open files (os error 24)
[INFO] [stdout] Accept error: Too many open files (os error 24)
[INFO] [stdout] Accept error: Too many open files (os error 24)
[INFO] [stdout] Accept error: Too many open files (os error 24)
[INFO] [stdout] Accept error: Too many open files (os error 24)
[INFO] [stdout] Accept error: Too many open files (os error 24)
[INFO] [stdout] Accept error: Too many open files (os error 24)
[INFO] [stdout] Accept error: Too many open files (os error 24)
[INFO] [stdout] Accept error: Too many open files (os error 24)
[INFO] [stdout] 
[INFO] [stdout] thread 'sequential_throughput_is_stable_over_1000_requests' (3460) panicked at tests/stability.rs:215:49:
[INFO] [stdout] connect: Os { code: 24, kind: TooManyOpenFiles, message: "Too many open files" }
[INFO] [stdout] stack backtrace:
[INFO] [stdout]    0:     0x57bc888e13f1 - <<std[70759c8f55707aa4]::sys::backtrace::BacktraceLock>::print::DisplayBacktrace as core[df12db4294e9bfd3]::fmt::Display>::fmt
[INFO] [stdout]    1:     0x57bc888f86ea - core[df12db4294e9bfd3]::fmt::write
[INFO] [stdout]    2:     0x57bc888e5fac - <alloc[2182bb758b4b3781]::vec::Vec<u8> as core[df12db4294e9bfd3]::io::write::Write>::write_fmt
[INFO] [stdout]    3:     0x57bc888bc3b6 - std[70759c8f55707aa4]::panicking::default_hook::{closure#0}
[INFO] [stdout]    4:     0x57bc888d8d69 - std[70759c8f55707aa4]::panicking::default_hook
[INFO] [stdout]    5:     0x57bc8854b070 - test[9d35eded1c95d3be]::test_main_inner::<test[9d35eded1c95d3be]::test_main_static::{closure#0}>::{closure#0}
[INFO] [stdout]    6:     0x57bc888d9092 - std[70759c8f55707aa4]::panicking::panic_with_hook
[INFO] [stdout]    7:     0x57bc888bc462 - std[70759c8f55707aa4]::panicking::panic_handler::{closure#0}
[INFO] [stdout]    8:     0x57bc888b4d39 - std[70759c8f55707aa4]::sys::backtrace::__rust_end_short_backtrace::<std[70759c8f55707aa4]::panicking::panic_handler::{closure#0}, !>
[INFO] [stdout]    9:     0x57bc888bd2ed - __rustc[8fa7c3cbc660c2b3]::rust_begin_unwind
[INFO] [stdout]   10:     0x57bc888f8e4c - core[df12db4294e9bfd3]::panicking::panic_fmt
[INFO] [stdout]   11:     0x57bc888f8c22 - core[df12db4294e9bfd3]::result::unwrap_failed
[INFO] [stdout]   12:     0x57bc884f559d - <stability[56f637e45ab18eab]::TestServer>::send::{closure#0}
[INFO] [stdout]   13:     0x57bc884f46c4 - <stability[56f637e45ab18eab]::TestServer>::get::{closure#0}
[INFO] [stdout]   14:     0x57bc884f26e5 - stability[56f637e45ab18eab]::sequential_throughput_is_stable_over_1000_requests::{closure#0}
[INFO] [stdout]   15:     0x57bc8853686b - <tokio[669ba5ae65e18009]::runtime::runtime::Runtime>::block_on::<core[df12db4294e9bfd3]::pin::Pin<&mut dyn core[df12db4294e9bfd3]::future::future::Future<Output = ()>>>
[INFO] [stdout]   16:     0x57bc884f85ce - <stability[56f637e45ab18eab]::sequential_throughput_is_stable_over_1000_requests::{closure#0} as core[df12db4294e9bfd3]::ops::function::FnOnce<()>>::call_once
[INFO] [stdout]   17:     0x57bc8853e35b - test[9d35eded1c95d3be]::__rust_begin_short_backtrace::<core[df12db4294e9bfd3]::result::Result<(), alloc[2182bb758b4b3781]::string::String>, fn() -> core[df12db4294e9bfd3]::result::Result<(), alloc[2182bb758b4b3781]::string::String>>
[INFO] [stdout]   18:     0x57bc8854b9c5 - test[9d35eded1c95d3be]::run_test::{closure#0}
[INFO] [stdout]   19:     0x57bc88545284 - std[70759c8f55707aa4]::sys::backtrace::__rust_begin_short_backtrace::<test[9d35eded1c95d3be]::run_test::{closure#1}, ()>
[INFO] [stdout]   20:     0x57bc8854eb22 - <std[70759c8f55707aa4]::thread::lifecycle::spawn_unchecked<test[9d35eded1c95d3be]::run_test::{closure#1}, ()>::{closure#1} as core[df12db4294e9bfd3]::ops::function::FnOnce<()>>::call_once::{shim:vtable#0}
[INFO] [stdout]   21:     0x57bc888e0359 - <std[70759c8f55707aa4]::sys::thread::unix::Thread>::new::thread_start
[INFO] [stdout]   22:     0x7d35bc41ddfa - <unknown>
[INFO] [stdout]   23:     0x7d35bc4b13d4 - clone
[INFO] [stdout]   24:                0x0 - <unknown>
[INFO] [stdout] 
[INFO] [stdout] ---- burst_throughput_500_concurrent_requests stdout ----
[INFO] [stdout] Murgamü server listening on http://127.0.0.1:37817
[INFO] [stdout] 
[INFO] [stdout] thread 'burst_throughput_500_concurrent_requests' (3438) panicked at tests/stability.rs:215:49:
[INFO] [stdout] connect: Os { code: 24, kind: TooManyOpenFiles, message: "Too many open files" }
[INFO] [stdout] stack backtrace:
[INFO] [stdout]    0:     0x57bc888e13f1 - <unknown>
[INFO] [stdout]    1:     0x57bc888f86ea - <unknown>
[INFO] [stdout]    2:     0x57bc888e5fac - <unknown>
[INFO] [stdout]    3:     0x57bc888bc3b6 - <unknown>
[INFO] [stdout]    4:     0x57bc888d8d69 - <unknown>
[INFO] [stdout]    5:     0x57bc8854b070 - <unknown>
[INFO] [stdout]    6:     0x57bc888d9092 - <unknown>
[INFO] [stdout]    7:     0x57bc888bc462 - <unknown>
[INFO] [stdout]    8:     0x57bc888b4d39 - <unknown>
[INFO] [stdout]    9:     0x57bc888bd2ed - <unknown>
[INFO] [stdout]   10:     0x57bc888f8e4c - <unknown>
[INFO] [stdout]   11:     0x57bc888f8c22 - <unknown>
[INFO] [stdout]   12:     0x57bc88500a24 - <unknown>
[INFO] [stdout]   13:     0x57bc88502d70 - <unknown>
[INFO] [stdout]   14:     0x57bc884e1fea - <unknown>
[INFO] [stdout]   15:     0x57bc8853696d - <unknown>
[INFO] [stdout]   16:     0x57bc884f728e - <unknown>
[INFO] [stdout]   17:     0x57bc8853e35b - <unknown>
[INFO] [stdout]   18:     0x57bc8854b9c5 - <unknown>
[INFO] [stdout]   19:     0x57bc88545284 - <unknown>
[INFO] [stdout]   20:     0x57bc8854eb22 - <unknown>
[INFO] [stdout]   21:     0x57bc888e0359 - <unknown>
[INFO] [stdout]   22:     0x7d35bc41ddfa - <unknown>
[INFO] [stdout]   23:     0x7d35bc4b13d4 - <unknown>
[INFO] [stdout]   24:                0x0 - <unknown>
[INFO] [stdout] 
[INFO] [stdout] thread 'burst_throughput_500_concurrent_requests' (3438) panicked at tests/stability.rs:215:49:
[INFO] [stdout] connect: Os { code: 24, kind: TooManyOpenFiles, message: "Too many open files" }
[INFO] [stdout] stack backtrace:
[INFO] [stdout]    0:     0x57bc888e13f1 - <unknown>
[INFO] [stdout]    1:     0x57bc888f86ea - <unknown>
[INFO] [stdout]    2:     0x57bc888e5fac - <unknown>
[INFO] [stdout]    3:     0x57bc888bc3b6 - <unknown>
[INFO] [stdout]    4:     0x57bc888d8d69 - <unknown>
[INFO] [stdout]    5:     0x57bc8854b070 - <unknown>
[INFO] [stdout]    6:     0x57bc888d9092 - <unknown>
[INFO] [stdout]    7:     0x57bc888bc462 - <unknown>
[INFO] [stdout]    8:     0x57bc888b4d39 - <unknown>
[INFO] [stdout]    9:     0x57bc888bd2ed - <unknown>
[INFO] [stdout]   10:     0x57bc888f8e4c - <unknown>
[INFO] [stdout]   11:     0x57bc888f8c22 - <unknown>
[INFO] [stdout]   12:     0x57bc88500a24 - <unknown>
[INFO] [stdout]   13:     0x57bc88502d70 - <unknown>
[INFO] [stdout]   14:     0x57bc884e1fea - <unknown>
[INFO] [stdout]   15:     0x57bc8853696d - <unknown>
[INFO] [stdout]   16:     0x57bc884f728e - <unknown>
[INFO] [stdout]   17:     0x57bc8853e35b - <unknown>
[INFO] [stdout]   18:     0x57bc8854b9c5 - <unknown>
[INFO] [stdout]   19:     0x57bc88545284 - <unknown>
[INFO] [stdout]   20:     0x57bc8854eb22 - <unknown>
[INFO] [stdout]   21:     0x57bc888e0359 - <unknown>
[INFO] [stdout]   22:     0x7d35bc41ddfa - <unknown>
[INFO] [stdout]   23:     0x7d35bc4b13d4 - <unknown>
[INFO] [stdout]   24:                0x0 - <unknown>
[INFO] [stdout] 
[INFO] [stdout] thread 'burst_throughput_500_concurrent_requests' (3438) panicked at tests/stability.rs:215:49:
[INFO] [stdout] connect: Os { code: 24, kind: TooManyOpenFiles, message: "Too many open files" }
[INFO] [stdout] stack backtrace:
[INFO] [stdout]    0:     0x57bc888e13f1 - <unknown>
[INFO] [stdout]    1:     0x57bc888f86ea - <unknown>
[INFO] [stdout]    2:     0x57bc888e5fac - <unknown>
[INFO] [stdout]    3:     0x57bc888bc3b6 - <unknown>
[INFO] [stdout]    4:     0x57bc888d8d69 - <unknown>
[INFO] [stdout]    5:     0x57bc8854b070 - <unknown>
[INFO] [stdout]    6:     0x57bc888d9092 - <unknown>
[INFO] [stdout]    7:     0x57bc888bc462 - <unknown>
[INFO] [stdout]    8:     0x57bc888b4d39 - <unknown>
[INFO] [stdout]    9:     0x57bc888bd2ed - <unknown>
[INFO] [stdout]   10:     0x57bc888f8e4c - <unknown>
[INFO] [stdout]   11:     0x57bc888f8c22 - <unknown>
[INFO] [stdout]   12:     0x57bc88500a24 - <unknown>
[INFO] [stdout]   13:     0x57bc88502d70 - <unknown>
[INFO] [stdout]   14:     0x57bc884e1fea - <unknown>
[INFO] [stdout]   15:     0x57bc8853696d - <unknown>
[INFO] [stdout]   16:     0x57bc884f728e - <unknown>
[INFO] [stdout]   17:     0x57bc8853e35b - <unknown>
[INFO] [stdout]   18:     0x57bc8854b9c5 - <unknown>
[INFO] [stdout]   19:     0x57bc88545284 - <unknown>
[INFO] [stdout]   20:     0x57bc8854eb22 - <unknown>
[INFO] [stdout]   21:     0x57bc888e0359 - <unknown>
[INFO] [stdout]   22:     0x7d35bc41ddfa - <unknown>
[INFO] [stdout]   23:     0x7d35bc4b13d4 - <unknown>
[INFO] [stdout]   24:                0x0 - <unknown>
[INFO] [stdout] 
[INFO] [stdout] thread 'burst_throughput_500_concurrent_requests' (3438) panicked at tests/stability.rs:215:49:
[INFO] [stdout] connect: Os { code: 24, kind: TooManyOpenFiles, message: "Too many open files" }
[INFO] [stdout] stack backtrace:
[INFO] [stdout]    0:     0x57bc888e13f1 - <unknown>
[INFO] [stdout]    1:     0x57bc888f86ea - <unknown>
[INFO] [stdout]    2:     0x57bc888e5fac - <unknown>
[INFO] [stdout]    3:     0x57bc888bc3b6 - <unknown>
[INFO] [stdout]    4:     0x57bc888d8d69 - <unknown>
[INFO] [stdout]    5:     0x57bc8854b070 - <unknown>
[INFO] [stdout]    6:     0x57bc888d9092 - <unknown>
[INFO] [stdout]    7:     0x57bc888bc462 - <unknown>
[INFO] [stdout]    8:     0x57bc888b4d39 - <unknown>
[INFO] [stdout]    9:     0x57bc888bd2ed - <unknown>
[INFO] [stdout]   10:     0x57bc888f8e4c - <unknown>
[INFO] [stdout]   11:     0x57bc888f8c22 - <unknown>
[INFO] [stdout]   12:     0x57bc88500a24 - <unknown>
[INFO] [stdout]   13:     0x57bc88502d70 - <unknown>
[INFO] [stdout]   14:     0x57bc884e1fea - <unknown>
[INFO] [stdout]   15:     0x57bc8853696d - <unknown>
[INFO] [stdout]   16:     0x57bc884f728e - <unknown>
[INFO] [stdout]   17:     0x57bc8853e35b - <unknown>
[INFO] [stdout]   18:     0x57bc8854b9c5 - <unknown>
[INFO] [stdout]   19:     0x57bc88545284 - <unknown>
[INFO] [stdout]   20:     0x57bc8854eb22 - <unknown>
[INFO] [stdout]   21:     0x57bc888e0359 - <unknown>
[INFO] [stdout]   22:     0x7d35bc41ddfa - <unknown>
[INFO] [stdout]   23:     0x7d35bc4b13d4 - <unknown>
[INFO] [stdout]   24:                0x0 - <unknown>
[INFO] [stdout] 
[INFO] [stdout] thread 'burst_throughput_500_concurrent_requests' (3438) panicked at tests/stability.rs:215:49:
[INFO] [stdout] connect: Os { code: 24, kind: TooManyOpenFiles, message: "Too many open files" }
[INFO] [stdout] stack backtrace:
[INFO] [stdout]    0:     0x57bc888e13f1 - <unknown>
[INFO] [stdout]    1:     0x57bc888f86ea - <unknown>
[INFO] [stdout]    2:     0x57bc888e5fac - <unknown>
[INFO] [stdout]    3:     0x57bc888bc3b6 - <unknown>
[INFO] [stdout]    4:     0x57bc888d8d69 - <unknown>
[INFO] [stdout]    5:     0x57bc8854b070 - <unknown>
[INFO] [stdout]    6:     0x57bc888d9092 - <unknown>
[INFO] [stdout]    7:     0x57bc888bc462 - <unknown>
[INFO] [stdout]    8:     0x57bc888b4d39 - <unknown>
[INFO] [stdout]    9:     0x57bc888bd2ed - <unknown>
[INFO] [stdout]   10:     0x57bc888f8e4c - <unknown>
[INFO] [stdout]   11:     0x57bc888f8c22 - <unknown>
[INFO] [stdout]   12:     0x57bc88500a24 - <unknown>
[INFO] [stdout]   13:     0x57bc88502d70 - <unknown>
[INFO] [stdout]   14:     0x57bc884e1fea - <unknown>
[INFO] [stdout]   15:     0x57bc8853696d - <unknown>
[INFO] [stdout]   16:     0x57bc884f728e - <unknown>
[INFO] [stdout]   17:     0x57bc8853e35b - <unknown>
[INFO] [stdout]   18:     0x57bc8854b9c5 - <unknown>
[INFO] [stdout]   19:     0x57bc88545284 - <unknown>
[INFO] [stdout]   20:     0x57bc8854eb22 - <unknown>
[INFO] [stdout]   21:     0x57bc888e0359 - <unknown>
[INFO] [stdout]   22:     0x7d35bc41ddfa - <unknown>
[INFO] [stdout]   23:     0x7d35bc4b13d4 - <unknown>
[INFO] [stdout]   24:                0x0 - <unknown>
[INFO] [stdout] 
[INFO] [stdout] thread 'burst_throughput_500_concurrent_requests' (3438) panicked at tests/stability.rs:215:49:
[INFO] [stdout] connect: Os { code: 24, kind: TooManyOpenFiles, message: "Too many open files" }
[INFO] [stdout] stack backtrace:
[INFO] [stdout]    0:     0x57bc888e13f1 - <unknown>
[INFO] [stdout]    1:     0x57bc888f86ea - <unknown>
[INFO] [stdout]    2:     0x57bc888e5fac - <unknown>
[INFO] [stdout]    3:     0x57bc888bc3b6 - <unknown>
[INFO] [stdout]    4:     0x57bc888d8d69 - <unknown>
[INFO] [stdout]    5:     0x57bc8854b070 - <unknown>
[INFO] [stdout]    6:     0x57bc888d9092 - <unknown>
[INFO] [stdout]    7:     0x57bc888bc462 - <unknown>
[INFO] [stdout]    8:     0x57bc888b4d39 - <unknown>
[INFO] [stdout]    9:     0x57bc888bd2ed - <unknown>
[INFO] [stdout]   10:     0x57bc888f8e4c - <unknown>
[INFO] [stdout]   11:     0x57bc888f8c22 - <unknown>
[INFO] [stdout]   12:     0x57bc88500a24 - <unknown>
[INFO] [stdout]   13:     0x57bc88502d70 - <unknown>
[INFO] [stdout]   14:     0x57bc884e1fea - <unknown>
[INFO] [stdout]   15:     0x57bc8853696d - <unknown>
[INFO] [stdout]   16:     0x57bc884f728e - <unknown>
[INFO] [stdout]   17:     0x57bc8853e35b - <unknown>
[INFO] [stdout]   18:     0x57bc8854b9c5 - <unknown>
[INFO] [stdout]   19:     0x57bc88545284 - <unknown>
[INFO] [stdout]   20:     0x57bc8854eb22 - <unknown>
[INFO] [stdout]   21:     0x57bc888e0359 - <unknown>
[INFO] [stdout]   22:     0x7d35bc41ddfa - <unknown>
[INFO] [stdout]   23:     0x7d35bc4b13d4 - <unknown>
[INFO] [stdout]   24:                0x0 - <unknown>
[INFO] [stdout] 
[INFO] [stdout] thread 'burst_throughput_500_concurrent_requests' (3438) panicked at tests/stability.rs:215:49:
[INFO] [stdout] connect: Os { code: 24, kind: TooManyOpenFiles, message: "Too many open files" }
[INFO] [stdout] stack backtrace:
[INFO] [stdout]    0:     0x57bc888e13f1 - <unknown>
[INFO] [stdout]    1:     0x57bc888f86ea - <unknown>
[INFO] [stdout]    2:     0x57bc888e5fac - <unknown>
[INFO] [stdout]    3:     0x57bc888bc3b6 - <unknown>
[INFO] [stdout]    4:     0x57bc888d8d69 - <unknown>
[INFO] [stdout]    5:     0x57bc8854b070 - <unknown>
[INFO] [stdout]    6:     0x57bc888d9092 - <unknown>
[INFO] [stdout]    7:     0x57bc888bc462 - <unknown>
[INFO] [stdout]    8:     0x57bc888b4d39 - <unknown>
[INFO] [stdout]    9:     0x57bc888bd2ed - <unknown>
[INFO] [stdout]   10:     0x57bc888f8e4c - <unknown>
[INFO] [stdout]   11:     0x57bc888f8c22 - <unknown>
[INFO] [stdout]   12:     0x57bc88500a24 - <unknown>
[INFO] [stdout]   13:     0x57bc88502d70 - <unknown>
[INFO] [stdout]   14:     0x57bc884e1fea - <unknown>
[INFO] [stdout]   15:     0x57bc8853696d - <unknown>
[INFO] [stdout]   16:     0x57bc884f728e - <unknown>
[INFO] [stdout]   17:     0x57bc8853e35b - <unknown>
[INFO] [stdout]   18:     0x57bc8854b9c5 - <unknown>
[INFO] [stdout]   19:     0x57bc88545284 - <unknown>
[INFO] [stdout]   20:     0x57bc8854eb22 - <unknown>
[INFO] [stdout]   21:     0x57bc888e0359 - <unknown>
[INFO] [stdout]   22:     0x7d35bc41ddfa - <unknown>
[INFO] [stdout]   23:     0x7d35bc4b13d4 - <unknown>
[INFO] [stdout]   24:                0x0 - <unknown>
[INFO] [stdout] 
[INFO] [stdout] thread 'burst_throughput_500_concurrent_requests' (3438) panicked at tests/stability.rs:215:49:
[INFO] [stdout] connect: Os { code: 24, kind: TooManyOpenFiles, message: "Too many open files" }
[INFO] [stdout] stack backtrace:
[INFO] [stdout]    0:     0x57bc888e13f1 - <unknown>
[INFO] [stdout]    1:     0x57bc888f86ea - <unknown>
[INFO] [stdout]    2:     0x57bc888e5fac - <unknown>
[INFO] [stdout]    3:     0x57bc888bc3b6 - <unknown>
[INFO] [stdout]    4:     0x57bc888d8d69 - <unknown>
[INFO] [stdout]    5:     0x57bc8854b070 - <unknown>
[INFO] [stdout]    6:     0x57bc888d9092 - <unknown>
[INFO] [stdout]    7:     0x57bc888bc462 - <unknown>
[INFO] [stdout]    8:     0x57bc888b4d39 - <unknown>
[INFO] [stdout]    9:     0x57bc888bd2ed - <unknown>
[INFO] [stdout]   10:     0x57bc888f8e4c - <unknown>
[INFO] [stdout]   11:     0x57bc888f8c22 - <unknown>
[INFO] [stdout]   12:     0x57bc88500a24 - <unknown>
[INFO] [stdout]   13:     0x57bc88502d70 - <unknown>
[INFO] [stdout]   14:     0x57bc884e1fea - <unknown>
[INFO] [stdout]   15:     0x57bc8853696d - <unknown>
[INFO] [stdout]   16:     0x57bc884f728e - <unknown>
[INFO] [stdout]   17:     0x57bc8853e35b - <unknown>
[INFO] [stdout]   18:     0x57bc8854b9c5 - <unknown>
[INFO] [stdout]   19:     0x57bc88545284 - <unknown>
[INFO] [stdout]   20:     0x57bc8854eb22 - <unknown>
[INFO] [stdout]   21:     0x57bc888e0359 - <unknown>
[INFO] [stdout]   22:     0x7d35bc41ddfa - <unknown>
[INFO] [stdout]   23:     0x7d35bc4b13d4 - <unknown>
[INFO] [stdout]   24:                0x0 - <unknown>
[INFO] [stdout] 
[INFO] [stdout] thread 'burst_throughput_500_concurrent_requests' (3438) panicked at tests/stability.rs:215:49:
[INFO] [stdout] connect: Os { code: 24, kind: TooManyOpenFiles, message: "Too many open files" }
[INFO] [stdout] stack backtrace:
[INFO] [stdout]    0:     0x57bc888e13f1 - <unknown>
[INFO] [stdout]    1:     0x57bc888f86ea - <unknown>
[INFO] [stdout]    2:     0x57bc888e5fac - <unknown>
[INFO] [stdout]    3:     0x57bc888bc3b6 - <unknown>
[INFO] [stdout]    4:     0x57bc888d8d69 - <unknown>
[INFO] [stdout]    5:     0x57bc8854b070 - <unknown>
[INFO] [stdout]    6:     0x57bc888d9092 - <unknown>
[INFO] [stdout]    7:     0x57bc888bc462 - <unknown>
[INFO] [stdout]    8:     0x57bc888b4d39 - <unknown>
[INFO] [stdout]    9:     0x57bc888bd2ed - <unknown>
[INFO] [stdout]   10:     0x57bc888f8e4c - <unknown>
[INFO] [stdout]   11:     0x57bc888f8c22 - <unknown>
[INFO] [stdout]   12:     0x57bc88500a24 - <unknown>
[INFO] [stdout]   13:     0x57bc88502d70 - <unknown>
[INFO] [stdout]   14:     0x57bc884e1fea - <unknown>
[INFO] [stdout]   15:     0x57bc8853696d - <unknown>
[INFO] [stdout]   16:     0x57bc884f728e - <unknown>
[INFO] [stdout]   17:     0x57bc8853e35b - <unknown>
[INFO] [stdout]   18:     0x57bc8854b9c5 - <unknown>
[INFO] [stdout]   19:     0x57bc88545284 - <unknown>
[INFO] [stdout]   20:     0x57bc8854eb22 - <unknown>
[INFO] [stdout]   21:     0x57bc888e0359 - <unknown>
[INFO] [stdout]   22:     0x7d35bc41ddfa - <unknown>
[INFO] [stdout]   23:     0x7d35bc4b13d4 - <unknown>
[INFO] [stdout]   24:                0x0 - <unknown>
[INFO] [stdout] 
[INFO] [stdout] thread 'burst_throughput_500_concurrent_requests' (3438) panicked at tests/stability.rs:215:49:
[INFO] [stdout] connect: Os { code: 24, kind: TooManyOpenFiles, message: "Too many open files" }
[INFO] [stdout] stack backtrace:
[INFO] [stdout]    0:     0x57bc888e13f1 - <unknown>
[INFO] [stdout]    1:     0x57bc888f86ea - <unknown>
[INFO] [stdout]    2:     0x57bc888e5fac - <unknown>
[INFO] [stdout]    3:     0x57bc888bc3b6 - <unknown>
[INFO] [stdout]    4:     0x57bc888d8d69 - <unknown>
[INFO] [stdout]    5:     0x57bc8854b070 - <unknown>
[INFO] [stdout]    6:     0x57bc888d9092 - <unknown>
[INFO] [stdout]    7:     0x57bc888bc462 - <unknown>
[INFO] [stdout]    8:     0x57bc888b4d39 - <unknown>
[INFO] [stdout]    9:     0x57bc888bd2ed - <unknown>
[INFO] [stdout]   10:     0x57bc888f8e4c - <unknown>
[INFO] [stdout]   11:     0x57bc888f8c22 - <unknown>
[INFO] [stdout]   12:     0x57bc88500a24 - <unknown>
[INFO] [stdout]   13:     0x57bc88502d70 - <unknown>
[INFO] [stdout]   14:     0x57bc884e1fea - <unknown>
[INFO] [stdout]   15:     0x57bc8853696d - <unknown>
[INFO] [stdout]   16:     0x57bc884f728e - <unknown>
[INFO] [stdout]   17:     0x57bc8853e35b - <unknown>
[INFO] [stdout]   18:     0x57bc8854b9c5 - <unknown>
[INFO] [stdout]   19:     0x57bc88545284 - <unknown>
[INFO] [stdout]   20:     0x57bc8854eb22 - <unknown>
[INFO] [stdout]   21:     0x57bc888e0359 - <unknown>
[INFO] [stdout]   22:     0x7d35bc41ddfa - <unknown>
[INFO] [stdout]   23:     0x7d35bc4b13d4 - <unknown>
[INFO] [stdout]   24:                0x0 - <unknown>
[INFO] [stdout] 
[INFO] [stdout] thread 'burst_throughput_500_concurrent_requests' (3438) panicked at tests/stability.rs:215:49:
[INFO] [stdout] connect: Os { code: 24, kind: TooManyOpenFiles, message: "Too many open files" }
[INFO] [stdout] stack backtrace:
[INFO] [stdout]    0:     0x57bc888e13f1 - <unknown>
[INFO] [stdout]    1:     0x57bc888f86ea - <unknown>
[INFO] [stdout]    2:     0x57bc888e5fac - <unknown>
[INFO] [stdout]    3:     0x57bc888bc3b6 - <unknown>
[INFO] [stdout]    4:     0x57bc888d8d69 - <unknown>
[INFO] [stdout]    5:     0x57bc8854b070 - <unknown>
[INFO] [stdout]    6:     0x57bc888d9092 - <unknown>
[INFO] [stdout]    7:     0x57bc888bc462 - <unknown>
[INFO] [stdout]    8:     0x57bc888b4d39 - <unknown>
[INFO] [stdout]    9:     0x57bc888bd2ed - <unknown>
[INFO] [stdout]   10:     0x57bc888f8e4c - <unknown>
[INFO] [stdout]   11:     0x57bc888f8c22 - <unknown>
[INFO] [stdout]   12:     0x57bc88500a24 - <unknown>
[INFO] [stdout]   13:     0x57bc88502d70 - <unknown>
[INFO] [stdout]   14:     0x57bc884e1fea - <unknown>
[INFO] [stdout]   15:     0x57bc8853696d - <unknown>
[INFO] [stdout]   16:     0x57bc884f728e - <unknown>
[INFO] [stdout]   17:     0x57bc8853e35b - <unknown>
[INFO] [stdout]   18:     0x57bc8854b9c5 - <unknown>
[INFO] [stdout]   19:     0x57bc88545284 - <unknown>
[INFO] [stdout]   20:     0x57bc8854eb22 - <unknown>
[INFO] [stdout]   21:     0x57bc888e0359 - <unknown>
[INFO] [stdout]   22:     0x7d35bc41ddfa - <unknown>
[INFO] [stdout]   23:     0x7d35bc4b13d4 - <unknown>
[INFO] [stdout]   24:                0x0 - <unknown>
[INFO] [stdout] 
[INFO] [stdout] thread 'burst_throughput_500_concurrent_requests' (3438) panicked at tests/stability.rs:215:49:
[INFO] [stdout] connect: Os { code: 24, kind: TooManyOpenFiles, message: "Too many open files" }
[INFO] [stdout] stack backtrace:
[INFO] [stdout]    0:     0x57bc888e13f1 - <unknown>
[INFO] [stdout]    1:     0x57bc888f86ea - <unknown>
[INFO] [stdout]    2:     0x57bc888e5fac - <unknown>
[INFO] [stdout]    3:     0x57bc888bc3b6 - <unknown>
[INFO] [stdout]    4:     0x57bc888d8d69 - <unknown>
[INFO] [stdout]    5:     0x57bc8854b070 - <unknown>
[INFO] [stdout]    6:     0x57bc888d9092 - <unknown>
[INFO] [stdout]    7:     0x57bc888bc462 - <unknown>
[INFO] [stdout]    8:     0x57bc888b4d39 - <unknown>
[INFO] [stdout]    9:     0x57bc888bd2ed - <unknown>
[INFO] [stdout]   10:     0x57bc888f8e4c - <unknown>
[INFO] [stdout]   11:     0x57bc888f8c22 - <unknown>
[INFO] [stdout]   12:     0x57bc88500a24 - <unknown>
[INFO] [stdout]   13:     0x57bc88502d70 - <unknown>
[INFO] [stdout]   14:     0x57bc884e1fea - <unknown>
[INFO] [stdout]   15:     0x57bc8853696d - <unknown>
[INFO] [stdout]   16:     0x57bc884f728e - <unknown>
[INFO] [stdout]   17:     0x57bc8853e35b - <unknown>
[INFO] [stdout]   18:     0x57bc8854b9c5 - <unknown>
[INFO] [stdout]   19:     0x57bc88545284 - <unknown>
[INFO] [stdout]   20:     0x57bc8854eb22 - <unknown>
[INFO] [stdout]   21:     0x57bc888e0359 - <unknown>
[INFO] [stdout]   22:     0x7d35bc41ddfa - <unknown>
[INFO] [stdout]   23:     0x7d35bc4b13d4 - <unknown>
[INFO] [stdout]   24:                0x0 - <unknown>
[INFO] [stdout] 
[INFO] [stdout] thread 'burst_throughput_500_concurrent_requests' (3438) panicked at tests/stability.rs:215:49:
[INFO] [stdout] connect: Os { code: 24, kind: TooManyOpenFiles, message: "Too many open files" }
[INFO] [stdout] stack backtrace:
[INFO] [stdout]    0:     0x57bc888e13f1 - <unknown>
[INFO] [stdout]    1:     0x57bc888f86ea - <unknown>
[INFO] [stdout]    2:     0x57bc888e5fac - <unknown>
[INFO] [stdout]    3:     0x57bc888bc3b6 - <unknown>
[INFO] [stdout]    4:     0x57bc888d8d69 - <unknown>
[INFO] [stdout]    5:     0x57bc8854b070 - <unknown>
[INFO] [stdout]    6:     0x57bc888d9092 - <unknown>
[INFO] [stdout]    7:     0x57bc888bc462 - <unknown>
[INFO] [stdout]    8:     0x57bc888b4d39 - <unknown>
[INFO] [stdout]    9:     0x57bc888bd2ed - <unknown>
[INFO] [stdout]   10:     0x57bc888f8e4c - <unknown>
[INFO] [stdout]   11:     0x57bc888f8c22 - <unknown>
[INFO] [stdout]   12:     0x57bc88500a24 - <unknown>
[INFO] [stdout]   13:     0x57bc88502d70 - <unknown>
[INFO] [stdout]   14:     0x57bc884e1fea - <unknown>
[INFO] [stdout]   15:     0x57bc8853696d - <unknown>
[INFO] [stdout]   16:     0x57bc884f728e - <unknown>
[INFO] [stdout]   17:     0x57bc8853e35b - <unknown>
[INFO] [stdout]   18:     0x57bc8854b9c5 - <unknown>
[INFO] [stdout]   19:     0x57bc88545284 - <unknown>
[INFO] [stdout]   20:     0x57bc8854eb22 - <unknown>
[INFO] [stderr] error: test failed, to rerun pass `--test stability`
[INFO] [stdout]   21:     0x57bc888e0359 - <unknown>
[INFO] [stdout]   22:     0x7d35bc41ddfa - <unknown>
[INFO] [stdout]   23:     0x7d35bc4b13d4 - <unknown>
[INFO] [stdout]   24:                0x0 - <unknown>
[INFO] [stdout] 
[INFO] [stdout] thread 'burst_throughput_500_concurrent_requests' (3438) panicked at tests/stability.rs:215:49:
[INFO] [stdout] connect: Os { code: 24, kind: TooManyOpenFiles, message: "Too many open files" }
[INFO] [stdout] stack backtrace:
[INFO] [stdout]    0:     0x57bc888e13f1 - <unknown>
[INFO] [stdout]    1:     0x57bc888f86ea - <unknown>
[INFO] [stdout]    2:     0x57bc888e5fac - <unknown>
[INFO] [stdout]    3:     0x57bc888bc3b6 - <unknown>
[INFO] [stdout]    4:     0x57bc888d8d69 - <unknown>
[INFO] [stdout]    5:     0x57bc8854b070 - <unknown>
[INFO] [stdout]    6:     0x57bc888d9092 - <unknown>
[INFO] [stdout]    7:     0x57bc888bc462 - <unknown>
[INFO] [stdout]    8:     0x57bc888b4d39 - <unknown>
[INFO] [stdout]    9:     0x57bc888bd2ed - <unknown>
[INFO] [stdout]   10:     0x57bc888f8e4c - <unknown>
[INFO] [stdout]   11:     0x57bc888f8c22 - <unknown>
[INFO] [stdout]   12:     0x57bc88500a24 - <unknown>
[INFO] [stdout]   13:     0x57bc88502d70 - <unknown>
[INFO] [stdout]   14:     0x57bc884e1fea - <unknown>
[INFO] [stdout]   15:     0x57bc8853696d - <unknown>
[INFO] [stdout]   16:     0x57bc884f728e - <stability[56f637e45ab18eab]::burst_throughput_500_concurrent_requests::{closure#0} as core[df12db4294e9bfd3]::ops::function::FnOnce<()>>::call_once
[INFO] [stdout]   17:     0x57bc8853e35b - test[9d35eded1c95d3be]::__rust_begin_short_backtrace::<core[df12db4294e9bfd3]::result::Result<(), alloc[2182bb758b4b3781]::string::String>, fn() -> core[df12db4294e9bfd3]::result::Result<(), alloc[2182bb758b4b3781]::string::String>>
[INFO] [stdout]   18:     0x57bc8854b9c5 - test[9d35eded1c95d3be]::run_test::{closure#0}
[INFO] [stdout]   19:     0x57bc88545284 - std[70759c8f55707aa4]::sys::backtrace::__rust_begin_short_backtrace::<test[9d35eded1c95d3be]::run_test::{closure#1}, ()>
[INFO] [stdout]   20:     0x57bc8854eb22 - <std[70759c8f55707aa4]::thread::lifecycle::spawn_unchecked<test[9d35eded1c95d3be]::run_test::{closure#1}, ()>::{closure#1} as core[df12db4294e9bfd3]::ops::function::FnOnce<()>>::call_once::{shim:vtable#0}
[INFO] [stdout]   21:     0x57bc888e0359 - <std[70759c8f55707aa4]::sys::thread::unix::Thread>::new::thread_start
[INFO] [stdout]   22:     0x7d35bc41ddfa - <unknown>
[INFO] [stdout]   23:     0x7d35bc4b13d4 - clone
[INFO] [stdout]   24:                0x0 - <unknown>
[INFO] [stdout] 
[INFO] [stdout] thread 'burst_throughput_500_concurrent_requests' (3438) panicked at tests/stability.rs:215:49:
[INFO] [stdout] connect: Os { code: 24, kind: TooManyOpenFiles, message: "Too many open files" }
[INFO] [stdout] stack backtrace:
[INFO] [stdout]    0:     0x57bc888e13f1 - <<std[70759c8f55707aa4]::sys::backtrace::BacktraceLock>::print::DisplayBacktrace as core[df12db4294e9bfd3]::fmt::Display>::fmt
[INFO] [stdout]    1:     0x57bc888f86ea - core[df12db4294e9bfd3]::fmt::write
[INFO] [stdout]    2:     0x57bc888e5fac - <alloc[2182bb758b4b3781]::vec::Vec<u8> as core[df12db4294e9bfd3]::io::write::Write>::write_fmt
[INFO] [stdout]    3:     0x57bc888bc3b6 - std[70759c8f55707aa4]::panicking::default_hook::{closure#0}
[INFO] [stdout]    4:     0x57bc888d8d69 - std[70759c8f55707aa4]::panicking::default_hook
[INFO] [stdout]    5:     0x57bc8854b070 - test[9d35eded1c95d3be]::test_main_inner::<test[9d35eded1c95d3be]::test_main_static::{closure#0}>::{closure#0}
[INFO] [stdout]    6:     0x57bc888d9092 - std[70759c8f55707aa4]::panicking::panic_with_hook
[INFO] [stdout]    7:     0x57bc888bc462 - std[70759c8f55707aa4]::panicking::panic_handler::{closure#0}
[INFO] [stdout]    8:     0x57bc888b4d39 - std[70759c8f55707aa4]::sys::backtrace::__rust_end_short_backtrace::<std[70759c8f55707aa4]::panicking::panic_handler::{closure#0}, !>
[INFO] [stdout]    9:     0x57bc888bd2ed - __rustc[8fa7c3cbc660c2b3]::rust_begin_unwind
[INFO] [stdout]   10:     0x57bc888f8e4c - core[df12db4294e9bfd3]::panicking::panic_fmt
[INFO] [stdout]   11:     0x57bc888f8c22 - core[df12db4294e9bfd3]::result::unwrap_failed
[INFO] [stdout]   12:     0x57bc88500a24 - stability[56f637e45ab18eab]::raw_request::{closure#0}
[INFO] [stdout]   13:     0x57bc88502d70 - <tokio[669ba5ae65e18009]::runtime::task::core::Core<stability[56f637e45ab18eab]::burst_throughput_500_concurrent_requests::{closure#0}::{closure#0}, alloc[2182bb758b4b3781]::sync::Arc<tokio[669ba5ae65e18009]::runtime::scheduler::multi_thread::handle::Handle>>>::poll
[INFO] [stdout]   14:     0x57bc884e1fea - <tokio[669ba5ae65e18009]::runtime::task::harness::Harness<stability[56f637e45ab18eab]::burst_throughput_500_concurrent_requests::{closure#0}::{closure#0}, alloc[2182bb758b4b3781]::sync::Arc<tokio[669ba5ae65e18009]::runtime::scheduler::current_thread::Handle>>>::poll
[INFO] [stdout]   15:     0x57bc8853696d - <tokio[669ba5ae65e18009]::runtime::runtime::Runtime>::block_on::<core[df12db4294e9bfd3]::pin::Pin<&mut dyn core[df12db4294e9bfd3]::future::future::Future<Output = ()>>>
[INFO] [stdout]   16:     0x57bc884f728e - <stability[56f637e45ab18eab]::burst_throughput_500_concurrent_requests::{closure#0} as core[df12db4294e9bfd3]::ops::function::FnOnce<()>>::call_once
[INFO] [stdout]   17:     0x57bc8853e35b - test[9d35eded1c95d3be]::__rust_begin_short_backtrace::<core[df12db4294e9bfd3]::result::Result<(), alloc[2182bb758b4b3781]::string::String>, fn() -> core[df12db4294e9bfd3]::result::Result<(), alloc[2182bb758b4b3781]::string::String>>
[INFO] [stdout]   18:     0x57bc8854b9c5 - test[9d35eded1c95d3be]::run_test::{closure#0}
[INFO] [stdout]   19:     0x57bc88545284 - std[70759c8f55707aa4]::sys::backtrace::__rust_begin_short_backtrace::<test[9d35eded1c95d3be]::run_test::{closure#1}, ()>
[INFO] [stdout]   20:     0x57bc8854eb22 - <std[70759c8f55707aa4]::thread::lifecycle::spawn_unchecked<test[9d35eded1c95d3be]::run_test::{closure#1}, ()>::{closure#1} as core[df12db4294e9bfd3]::ops::function::FnOnce<()>>::call_once::{shim:vtable#0}
[INFO] [stdout]   21:     0x57bc888e0359 - <std[70759c8f55707aa4]::sys::thread::unix::Thread>::new::thread_start
[INFO] [stdout]   22:     0x7d35bc41ddfa - <unknown>
[INFO] [stdout]   23:     0x7d35bc4b13d4 - clone
[INFO] [stdout]   24:                0x0 - <unknown>
[INFO] [stdout] 
[INFO] [stdout] thread 'burst_throughput_500_concurrent_requests' (3438) panicked at tests/stability.rs:215:49:
[INFO] [stdout] connect: Os { code: 24, kind: TooManyOpenFiles, message: "Too many open files" }
[INFO] [stdout] stack backtrace:
[INFO] [stdout]    0:     0x57bc888e13f1 - <<std[70759c8f55707aa4]::sys::backtrace::BacktraceLock>::print::DisplayBacktrace as core[df12db4294e9bfd3]::fmt::Display>::fmt
[INFO] [stdout]    1:     0x57bc888f86ea - core[df12db4294e9bfd3]::fmt::write
[INFO] [stdout]    2:     0x57bc888e5fac - <alloc[2182bb758b4b3781]::vec::Vec<u8> as core[df12db4294e9bfd3]::io::write::Write>::write_fmt
[INFO] [stdout]    3:     0x57bc888bc3b6 - std[70759c8f55707aa4]::panicking::default_hook::{closure#0}
[INFO] [stdout]    4:     0x57bc888d8d69 - std[70759c8f55707aa4]::panicking::default_hook
[INFO] [stdout]    5:     0x57bc8854b070 - test[9d35eded1c95d3be]::test_main_inner::<test[9d35eded1c95d3be]::test_main_static::{closure#0}>::{closure#0}
[INFO] [stdout]    6:     0x57bc888d9092 - std[70759c8f55707aa4]::panicking::panic_with_hook
[INFO] [stdout]    7:     0x57bc888bc462 - std[70759c8f55707aa4]::panicking::panic_handler::{closure#0}
[INFO] [stdout]    8:     0x57bc888b4d39 - std[70759c8f55707aa4]::sys::backtrace::__rust_end_short_backtrace::<std[70759c8f55707aa4]::panicking::panic_handler::{closure#0}, !>
[INFO] [stdout]    9:     0x57bc888bd2ed - __rustc[8fa7c3cbc660c2b3]::rust_begin_unwind
[INFO] [stdout]   10:     0x57bc888f8e4c - core[df12db4294e9bfd3]::panicking::panic_fmt
[INFO] [stdout]   11:     0x57bc888f8c22 - core[df12db4294e9bfd3]::result::unwrap_failed
[INFO] [stdout]   12:     0x57bc88500a24 - stability[56f637e45ab18eab]::raw_request::{closure#0}
[INFO] [stdout]   13:     0x57bc88502d70 - <tokio[669ba5ae65e18009]::runtime::task::core::Core<stability[56f637e45ab18eab]::burst_throughput_500_concurrent_requests::{closure#0}::{closure#0}, alloc[2182bb758b4b3781]::sync::Arc<tokio[669ba5ae65e18009]::runtime::scheduler::multi_thread::handle::Handle>>>::poll
[INFO] [stdout]   14:     0x57bc884e1fea - <tokio[669ba5ae65e18009]::runtime::task::harness::Harness<stability[56f637e45ab18eab]::burst_throughput_500_concurrent_requests::{closure#0}::{closure#0}, alloc[2182bb758b4b3781]::sync::Arc<tokio[669ba5ae65e18009]::runtime::scheduler::current_thread::Handle>>>::poll
[INFO] [stdout]   15:     0x57bc8853696d - <tokio[669ba5ae65e18009]::runtime::runtime::Runtime>::block_on::<core[df12db4294e9bfd3]::pin::Pin<&mut dyn core[df12db4294e9bfd3]::future::future::Future<Output = ()>>>
[INFO] [stdout]   16:     0x57bc884f728e - <stability[56f637e45ab18eab]::burst_throughput_500_concurrent_requests::{closure#0} as core[df12db4294e9bfd3]::ops::function::FnOnce<()>>::call_once
[INFO] [stdout]   17:     0x57bc8853e35b - test[9d35eded1c95d3be]::__rust_begin_short_backtrace::<core[df12db4294e9bfd3]::result::Result<(), alloc[2182bb758b4b3781]::string::String>, fn() -> core[df12db4294e9bfd3]::result::Result<(), alloc[2182bb758b4b3781]::string::String>>
[INFO] [stdout]   18:     0x57bc8854b9c5 - test[9d35eded1c95d3be]::run_test::{closure#0}
[INFO] [stdout]   19:     0x57bc88545284 - std[70759c8f55707aa4]::sys::backtrace::__rust_begin_short_backtrace::<test[9d35eded1c95d3be]::run_test::{closure#1}, ()>
[INFO] [stdout]   20:     0x57bc8854eb22 - <std[70759c8f55707aa4]::thread::lifecycle::spawn_unchecked<test[9d35eded1c95d3be]::run_test::{closure#1}, ()>::{closure#1} as core[df12db4294e9bfd3]::ops::function::FnOnce<()>>::call_once::{shim:vtable#0}
[INFO] [stdout]   21:     0x57bc888e0359 - <std[70759c8f55707aa4]::sys::thread::unix::Thread>::new::thread_start
[INFO] [stdout]   22:     0x7d35bc41ddfa - <unknown>
[INFO] [stdout]   23:     0x7d35bc4b13d4 - clone
[INFO] [stdout]   24:                0x0 - <unknown>
[INFO] [stdout] 
[INFO] [stdout] thread 'burst_throughput_500_concurrent_requests' (3438) panicked at tests/stability.rs:215:49:
[INFO] [stdout] connect: Os { code: 24, kind: TooManyOpenFiles, message: "Too many open files" }
[INFO] [stdout] stack backtrace:
[INFO] [stdout]    0:     0x57bc888e13f1 - <<std[70759c8f55707aa4]::sys::backtrace::BacktraceLock>::print::DisplayBacktrace as core[df12db4294e9bfd3]::fmt::Display>::fmt
[INFO] [stdout]    1:     0x57bc888f86ea - core[df12db4294e9bfd3]::fmt::write
[INFO] [stdout]    2:     0x57bc888e5fac - <alloc[2182bb758b4b3781]::vec::Vec<u8> as core[df12db4294e9bfd3]::io::write::Write>::write_fmt
[INFO] [stdout]    3:     0x57bc888bc3b6 - std[70759c8f55707aa4]::panicking::default_hook::{closure#0}
[INFO] [stdout]    4:     0x57bc888d8d69 - std[70759c8f55707aa4]::panicking::default_hook
[INFO] [stdout]    5:     0x57bc8854b070 - test[9d35eded1c95d3be]::test_main_inner::<test[9d35eded1c95d3be]::test_main_static::{closure#0}>::{closure#0}
[INFO] [stdout]    6:     0x57bc888d9092 - std[70759c8f55707aa4]::panicking::panic_with_hook
[INFO] [stdout]    7:     0x57bc888bc462 - std[70759c8f55707aa4]::panicking::panic_handler::{closure#0}
[INFO] [stdout]    8:     0x57bc888b4d39 - std[70759c8f55707aa4]::sys::backtrace::__rust_end_short_backtrace::<std[70759c8f55707aa4]::panicking::panic_handler::{closure#0}, !>
[INFO] [stdout]    9:     0x57bc888bd2ed - __rustc[8fa7c3cbc660c2b3]::rust_begin_unwind
[INFO] [stdout]   10:     0x57bc888f8e4c - core[df12db4294e9bfd3]::panicking::panic_fmt
[INFO] [stdout]   11:     0x57bc888f8c22 - core[df12db4294e9bfd3]::result::unwrap_failed
[INFO] [stdout]   12:     0x57bc88500a24 - stability[56f637e45ab18eab]::raw_request::{closure#0}
[INFO] [stdout]   13:     0x57bc88502d70 - <tokio[669ba5ae65e18009]::runtime::task::core::Core<stability[56f637e45ab18eab]::burst_throughput_500_concurrent_requests::{closure#0}::{closure#0}, alloc[2182bb758b4b3781]::sync::Arc<tokio[669ba5ae65e18009]::runtime::scheduler::multi_thread::handle::Handle>>>::poll
[INFO] [stdout]   14:     0x57bc884e1fea - <tokio[669ba5ae65e18009]::runtime::task::harness::Harness<stability[56f637e45ab18eab]::burst_throughput_500_concurrent_requests::{closure#0}::{closure#0}, alloc[2182bb758b4b3781]::sync::Arc<tokio[669ba5ae65e18009]::runtime::scheduler::current_thread::Handle>>>::poll
[INFO] [stdout]   15:     0x57bc8853696d - <tokio[669ba5ae65e18009]::runtime::runtime::Runtime>::block_on::<core[df12db4294e9bfd3]::pin::Pin<&mut dyn core[df12db4294e9bfd3]::future::future::Future<Output = ()>>>
[INFO] [stdout]   16:     0x57bc884f728e - <stability[56f637e45ab18eab]::burst_throughput_500_concurrent_requests::{closure#0} as core[df12db4294e9bfd3]::ops::function::FnOnce<()>>::call_once
[INFO] [stdout]   17:     0x57bc8853e35b - test[9d35eded1c95d3be]::__rust_begin_short_backtrace::<core[df12db4294e9bfd3]::result::Result<(), alloc[2182bb758b4b3781]::string::String>, fn() -> core[df12db4294e9bfd3]::result::Result<(), alloc[2182bb758b4b3781]::string::String>>
[INFO] [stdout]   18:     0x57bc8854b9c5 - test[9d35eded1c95d3be]::run_test::{closure#0}
[INFO] [stdout]   19:     0x57bc88545284 - std[70759c8f55707aa4]::sys::backtrace::__rust_begin_short_backtrace::<test[9d35eded1c95d3be]::run_test::{closure#1}, ()>
[INFO] [stdout]   20:     0x57bc8854eb22 - <std[70759c8f55707aa4]::thread::lifecycle::spawn_unchecked<test[9d35eded1c95d3be]::run_test::{closure#1}, ()>::{closure#1} as core[df12db4294e9bfd3]::ops::function::FnOnce<()>>::call_once::{shim:vtable#0}
[INFO] [stdout]   21:     0x57bc888e0359 - <std[70759c8f55707aa4]::sys::thread::unix::Thread>::new::thread_start
[INFO] [stdout]   22:     0x7d35bc41ddfa - <unknown>
[INFO] [stdout]   23:     0x7d35bc4b13d4 - clone
[INFO] [stdout]   24:                0x0 - <unknown>
[INFO] [stdout] 
[INFO] [stdout] thread 'burst_throughput_500_concurrent_requests' (3438) panicked at tests/stability.rs:215:49:
[INFO] [stdout] connect: Os { code: 24, kind: TooManyOpenFiles, message: "Too many open files" }
[INFO] [stdout] stack backtrace:
[INFO] [stdout]    0:     0x57bc888e13f1 - <<std[70759c8f55707aa4]::sys::backtrace::BacktraceLock>::print::DisplayBacktrace as core[df12db4294e9bfd3]::fmt::Display>::fmt
[INFO] [stdout]    1:     0x57bc888f86ea - core[df12db4294e9bfd3]::fmt::write
[INFO] [stdout]    2:     0x57bc888e5fac - <alloc[2182bb758b4b3781]::vec::Vec<u8> as core[df12db4294e9bfd3]::io::write::Write>::write_fmt
[INFO] [stdout]    3:     0x57bc888bc3b6 - std[70759c8f55707aa4]::panicking::default_hook::{closure#0}
[INFO] [stdout]    4:     0x57bc888d8d69 - std[70759c8f55707aa4]::panicking::default_hook
[INFO] [stdout]    5:     0x57bc8854b070 - test[9d35eded1c95d3be]::test_main_inner::<test[9d35eded1c95d3be]::test_main_static::{closure#0}>::{closure#0}
[INFO] [stdout]    6:     0x57bc888d9092 - std[70759c8f55707aa4]::panicking::panic_with_hook
[INFO] [stdout]    7:     0x57bc888bc462 - std[70759c8f55707aa4]::panicking::panic_handler::{closure#0}
[INFO] [stdout]    8:     0x57bc888b4d39 - std[70759c8f55707aa4]::sys::backtrace::__rust_end_short_backtrace::<std[70759c8f55707aa4]::panicking::panic_handler::{closure#0}, !>
[INFO] [stdout]    9:     0x57bc888bd2ed - __rustc[8fa7c3cbc660c2b3]::rust_begin_unwind
[INFO] [stdout]   10:     0x57bc888f8e4c - core[df12db4294e9bfd3]::panicking::panic_fmt
[INFO] [stdout]   11:     0x57bc888f8c22 - core[df12db4294e9bfd3]::result::unwrap_failed
[INFO] [stdout]   12:     0x57bc88500a24 - stability[56f637e45ab18eab]::raw_request::{closure#0}
[INFO] [stdout]   13:     0x57bc88502d70 - <tokio[669ba5ae65e18009]::runtime::task::core::Core<stability[56f637e45ab18eab]::burst_throughput_500_concurrent_requests::{closure#0}::{closure#0}, alloc[2182bb758b4b3781]::sync::Arc<tokio[669ba5ae65e18009]::runtime::scheduler::multi_thread::handle::Handle>>>::poll
[INFO] [stdout]   14:     0x57bc884e1fea - <tokio[669ba5ae65e18009]::runtime::task::harness::Harness<stability[56f637e45ab18eab]::burst_throughput_500_concurrent_requests::{closure#0}::{closure#0}, alloc[2182bb758b4b3781]::sync::Arc<tokio[669ba5ae65e18009]::runtime::scheduler::current_thread::Handle>>>::poll
[INFO] [stdout]   15:     0x57bc8853696d - <tokio[669ba5ae65e18009]::runtime::runtime::Runtime>::block_on::<core[df12db4294e9bfd3]::pin::Pin<&mut dyn core[df12db4294e9bfd3]::future::future::Future<Output = ()>>>
[INFO] [stdout]   16:     0x57bc884f728e - <stability[56f637e45ab18eab]::burst_throughput_500_concurrent_requests::{closure#0} as core[df12db4294e9bfd3]::ops::function::FnOnce<()>>::call_once
[INFO] [stdout]   17:     0x57bc8853e35b - test[9d35eded1c95d3be]::__rust_begin_short_backtrace::<core[df12db4294e9bfd3]::result::Result<(), alloc[2182bb758b4b3781]::string::String>, fn() -> core[df12db4294e9bfd3]::result::Result<(), alloc[2182bb758b4b3781]::string::String>>
[INFO] [stdout]   18:     0x57bc8854b9c5 - test[9d35eded1c95d3be]::run_test::{closure#0}
[INFO] [stdout]   19:     0x57bc88545284 - std[70759c8f55707aa4]::sys::backtrace::__rust_begin_short_backtrace::<test[9d35eded1c95d3be]::run_test::{closure#1}, ()>
[INFO] [stdout]   20:     0x57bc8854eb22 - <std[70759c8f55707aa4]::thread::lifecycle::spawn_unchecked<test[9d35eded1c95d3be]::run_test::{closure#1}, ()>::{closure#1} as core[df12db4294e9bfd3]::ops::function::FnOnce<()>>::call_once::{shim:vtable#0}
[INFO] [stdout]   21:     0x57bc888e0359 - <std[70759c8f55707aa4]::sys::thread::unix::Thread>::new::thread_start
[INFO] [stdout]   22:     0x7d35bc41ddfa - <unknown>
[INFO] [stdout]   23:     0x7d35bc4b13d4 - clone
[INFO] [stdout]   24:                0x0 - <unknown>
[INFO] [stdout] 
[INFO] [stdout] thread 'burst_throughput_500_concurrent_requests' (3438) panicked at tests/stability.rs:215:49:
[INFO] [stdout] connect: Os { code: 24, kind: TooManyOpenFiles, message: "Too many open files" }
[INFO] [stdout] stack backtrace:
[INFO] [stdout]    0:     0x57bc888e13f1 - <<std[70759c8f55707aa4]::sys::backtrace::BacktraceLock>::print::DisplayBacktrace as core[df12db4294e9bfd3]::fmt::Display>::fmt
[INFO] [stdout]    1:     0x57bc888f86ea - core[df12db4294e9bfd3]::fmt::write
[INFO] [stdout]    2:     0x57bc888e5fac - <alloc[2182bb758b4b3781]::vec::Vec<u8> as core[df12db4294e9bfd3]::io::write::Write>::write_fmt
[INFO] [stdout]    3:     0x57bc888bc3b6 - std[70759c8f55707aa4]::panicking::default_hook::{closure#0}
[INFO] [stdout]    4:     0x57bc888d8d69 - std[70759c8f55707aa4]::panicking::default_hook
[INFO] [stdout]    5:     0x57bc8854b070 - test[9d35eded1c95d3be]::test_main_inner::<test[9d35eded1c95d3be]::test_main_static::{closure#0}>::{closure#0}
[INFO] [stdout]    6:     0x57bc888d9092 - std[70759c8f55707aa4]::panicking::panic_with_hook
[INFO] [stdout]    7:     0x57bc888bc462 - std[70759c8f55707aa4]::panicking::panic_handler::{closure#0}
[INFO] [stdout]    8:     0x57bc888b4d39 - std[70759c8f55707aa4]::sys::backtrace::__rust_end_short_backtrace::<std[70759c8f55707aa4]::panicking::panic_handler::{closure#0}, !>
[INFO] [stdout]    9:     0x57bc888bd2ed - __rustc[8fa7c3cbc660c2b3]::rust_begin_unwind
[INFO] [stdout]   10:     0x57bc888f8e4c - core[df12db4294e9bfd3]::panicking::panic_fmt
[INFO] [stdout]   11:     0x57bc888f8c22 - core[df12db4294e9bfd3]::result::unwrap_failed
[INFO] [stdout]   12:     0x57bc88500a24 - stability[56f637e45ab18eab]::raw_request::{closure#0}
[INFO] [stdout]   13:     0x57bc88502d70 - <tokio[669ba5ae65e18009]::runtime::task::core::Core<stability[56f637e45ab18eab]::burst_throughput_500_concurrent_requests::{closure#0}::{closure#0}, alloc[2182bb758b4b3781]::sync::Arc<tokio[669ba5ae65e18009]::runtime::scheduler::multi_thread::handle::Handle>>>::poll
[INFO] [stdout]   14:     0x57bc884e1fea - <tokio[669ba5ae65e18009]::runtime::task::harness::Harness<stability[56f637e45ab18eab]::burst_throughput_500_concurrent_requests::{closure#0}::{closure#0}, alloc[2182bb758b4b3781]::sync::Arc<tokio[669ba5ae65e18009]::runtime::scheduler::current_thread::Handle>>>::poll
[INFO] [stdout]   15:     0x57bc8853696d - <tokio[669ba5ae65e18009]::runtime::runtime::Runtime>::block_on::<core[df12db4294e9bfd3]::pin::Pin<&mut dyn core[df12db4294e9bfd3]::future::future::Future<Output = ()>>>
[INFO] [stdout]   16:     0x57bc884f728e - <stability[56f637e45ab18eab]::burst_throughput_500_concurrent_requests::{closure#0} as core[df12db4294e9bfd3]::ops::function::FnOnce<()>>::call_once
[INFO] [stdout]   17:     0x57bc8853e35b - test[9d35eded1c95d3be]::__rust_begin_short_backtrace::<core[df12db4294e9bfd3]::result::Result<(), alloc[2182bb758b4b3781]::string::String>, fn() -> core[df12db4294e9bfd3]::result::Result<(), alloc[2182bb758b4b3781]::string::String>>
[INFO] [stdout]   18:     0x57bc8854b9c5 - test[9d35eded1c95d3be]::run_test::{closure#0}
[INFO] [stdout]   19:     0x57bc88545284 - std[70759c8f55707aa4]::sys::backtrace::__rust_begin_short_backtrace::<test[9d35eded1c95d3be]::run_test::{closure#1}, ()>
[INFO] [stdout]   20:     0x57bc8854eb22 - <std[70759c8f55707aa4]::thread::lifecycle::spawn_unchecked<test[9d35eded1c95d3be]::run_test::{closure#1}, ()>::{closure#1} as core[df12db4294e9bfd3]::ops::function::FnOnce<()>>::call_once::{shim:vtable#0}
[INFO] [stdout]   21:     0x57bc888e0359 - <std[70759c8f55707aa4]::sys::thread::unix::Thread>::new::thread_start
[INFO] [stdout]   22:     0x7d35bc41ddfa - <unknown>
[INFO] [stdout]   23:     0x7d35bc4b13d4 - clone
[INFO] [stdout]   24:                0x0 - <unknown>
[INFO] [stdout] 
[INFO] [stdout] thread 'burst_throughput_500_concurrent_requests' (3438) panicked at tests/stability.rs:215:49:
[INFO] [stdout] connect: Os { code: 24, kind: TooManyOpenFiles, message: "Too many open files" }
[INFO] [stdout] stack backtrace:
[INFO] [stdout]    0:     0x57bc888e13f1 - <<std[70759c8f55707aa4]::sys::backtrace::BacktraceLock>::print::DisplayBacktrace as core[df12db4294e9bfd3]::fmt::Display>::fmt
[INFO] [stdout]    1:     0x57bc888f86ea - core[df12db4294e9bfd3]::fmt::write
[INFO] [stdout]    2:     0x57bc888e5fac - <alloc[2182bb758b4b3781]::vec::Vec<u8> as core[df12db4294e9bfd3]::io::write::Write>::write_fmt
[INFO] [stdout]    3:     0x57bc888bc3b6 - std[70759c8f55707aa4]::panicking::default_hook::{closure#0}
[INFO] [stdout]    4:     0x57bc888d8d69 - std[70759c8f55707aa4]::panicking::default_hook
[INFO] [stdout]    5:     0x57bc8854b070 - test[9d35eded1c95d3be]::test_main_inner::<test[9d35eded1c95d3be]::test_main_static::{closure#0}>::{closure#0}
[INFO] [stdout]    6:     0x57bc888d9092 - std[70759c8f55707aa4]::panicking::panic_with_hook
[INFO] [stdout]    7:     0x57bc888bc462 - std[70759c8f55707aa4]::panicking::panic_handler::{closure#0}
[INFO] [stdout]    8:     0x57bc888b4d39 - std[70759c8f55707aa4]::sys::backtrace::__rust_end_short_backtrace::<std[70759c8f55707aa4]::panicking::panic_handler::{closure#0}, !>
[INFO] [stdout]    9:     0x57bc888bd2ed - __rustc[8fa7c3cbc660c2b3]::rust_begin_unwind
[INFO] [stdout]   10:     0x57bc888f8e4c - core[df12db4294e9bfd3]::panicking::panic_fmt
[INFO] [stdout]   11:     0x57bc888f8c22 - core[df12db4294e9bfd3]::result::unwrap_failed
[INFO] [stdout]   12:     0x57bc88500a24 - stability[56f637e45ab18eab]::raw_request::{closure#0}
[INFO] [stdout]   13:     0x57bc88502d70 - <tokio[669ba5ae65e18009]::runtime::task::core::Core<stability[56f637e45ab18eab]::burst_throughput_500_concurrent_requests::{closure#0}::{closure#0}, alloc[2182bb758b4b3781]::sync::Arc<tokio[669ba5ae65e18009]::runtime::scheduler::multi_thread::handle::Handle>>>::poll
[INFO] [stdout]   14:     0x57bc884e1fea - <tokio[669ba5ae65e18009]::runtime::task::harness::Harness<stability[56f637e45ab18eab]::burst_throughput_500_concurrent_requests::{closure#0}::{closure#0}, alloc[2182bb758b4b3781]::sync::Arc<tokio[669ba5ae65e18009]::runtime::scheduler::current_thread::Handle>>>::poll
[INFO] [stdout]   15:     0x57bc8853696d - <tokio[669ba5ae65e18009]::runtime::runtime::Runtime>::block_on::<core[df12db4294e9bfd3]::pin::Pin<&mut dyn core[df12db4294e9bfd3]::future::future::Future<Output = ()>>>
[INFO] [stdout]   16:     0x57bc884f728e - <stability[56f637e45ab18eab]::burst_throughput_500_concurrent_requests::{closure#0} as core[df12db4294e9bfd3]::ops::function::FnOnce<()>>::call_once
[INFO] [stdout]   17:     0x57bc8853e35b - test[9d35eded1c95d3be]::__rust_begin_short_backtrace::<core[df12db4294e9bfd3]::result::Result<(), alloc[2182bb758b4b3781]::string::String>, fn() -> core[df12db4294e9bfd3]::result::Result<(), alloc[2182bb758b4b3781]::string::String>>
[INFO] [stdout]   18:     0x57bc8854b9c5 - test[9d35eded1c95d3be]::run_test::{closure#0}
[INFO] [stdout]   19:     0x57bc88545284 - std[70759c8f55707aa4]::sys::backtrace::__rust_begin_short_backtrace::<test[9d35eded1c95d3be]::run_test::{closure#1}, ()>
[INFO] [stdout]   20:     0x57bc8854eb22 - <std[70759c8f55707aa4]::thread::lifecycle::spawn_unchecked<test[9d35eded1c95d3be]::run_test::{closure#1}, ()>::{closure#1} as core[df12db4294e9bfd3]::ops::function::FnOnce<()>>::call_once::{shim:vtable#0}
[INFO] [stdout]   21:     0x57bc888e0359 - <std[70759c8f55707aa4]::sys::thread::unix::Thread>::new::thread_start
[INFO] [stdout]   22:     0x7d35bc41ddfa - <unknown>
[INFO] [stdout]   23:     0x7d35bc4b13d4 - clone
[INFO] [stdout]   24:                0x0 - <unknown>
[INFO] [stdout] 
[INFO] [stdout] thread 'burst_throughput_500_concurrent_requests' (3438) panicked at tests/stability.rs:215:49:
[INFO] [stdout] connect: Os { code: 24, kind: TooManyOpenFiles, message: "Too many open files" }
[INFO] [stdout] stack backtrace:
[INFO] [stdout]    0:     0x57bc888e13f1 - <<std[70759c8f55707aa4]::sys::backtrace::BacktraceLock>::print::DisplayBacktrace as core[df12db4294e9bfd3]::fmt::Display>::fmt
[INFO] [stdout]    1:     0x57bc888f86ea - core[df12db4294e9bfd3]::fmt::write
[INFO] [stdout]    2:     0x57bc888e5fac - <alloc[2182bb758b4b3781]::vec::Vec<u8> as core[df12db4294e9bfd3]::io::write::Write>::write_fmt
[INFO] [stdout]    3:     0x57bc888bc3b6 - std[70759c8f55707aa4]::panicking::default_hook::{closure#0}
[INFO] [stdout]    4:     0x57bc888d8d69 - std[70759c8f55707aa4]::panicking::default_hook
[INFO] [stdout]    5:     0x57bc8854b070 - test[9d35eded1c95d3be]::test_main_inner::<test[9d35eded1c95d3be]::test_main_static::{closure#0}>::{closure#0}
[INFO] [stdout]    6:     0x57bc888d9092 - std[70759c8f55707aa4]::panicking::panic_with_hook
[INFO] [stdout]    7:     0x57bc888bc462 - std[70759c8f55707aa4]::panicking::panic_handler::{closure#0}
[INFO] [stdout]    8:     0x57bc888b4d39 - std[70759c8f55707aa4]::sys::backtrace::__rust_end_short_backtrace::<std[70759c8f55707aa4]::panicking::panic_handler::{closure#0}, !>
[INFO] [stdout]    9:     0x57bc888bd2ed - __rustc[8fa7c3cbc660c2b3]::rust_begin_unwind
[INFO] [stdout]   10:     0x57bc888f8e4c - core[df12db4294e9bfd3]::panicking::panic_fmt
[INFO] [stdout]   11:     0x57bc888f8c22 - core[df12db4294e9bfd3]::result::unwrap_failed
[INFO] [stdout]   12:     0x57bc88500a24 - stability[56f637e45ab18eab]::raw_request::{closure#0}
[INFO] [stdout]   13:     0x57bc88502d70 - <tokio[669ba5ae65e18009]::runtime::task::core::Core<stability[56f637e45ab18eab]::burst_throughput_500_concurrent_requests::{closure#0}::{closure#0}, alloc[2182bb758b4b3781]::sync::Arc<tokio[669ba5ae65e18009]::runtime::scheduler::multi_thread::handle::Handle>>>::poll
[INFO] [stdout]   14:     0x57bc884e1fea - <tokio[669ba5ae65e18009]::runtime::task::harness::Harness<stability[56f637e45ab18eab]::burst_throughput_500_concurrent_requests::{closure#0}::{closure#0}, alloc[2182bb758b4b3781]::sync::Arc<tokio[669ba5ae65e18009]::runtime::scheduler::current_thread::Handle>>>::poll
[INFO] [stdout]   15:     0x57bc8853696d - <tokio[669ba5ae65e18009]::runtime::runtime::Runtime>::block_on::<core[df12db4294e9bfd3]::pin::Pin<&mut dyn core[df12db4294e9bfd3]::future::future::Future<Output = ()>>>
[INFO] [stdout]   16:     0x57bc884f728e - <stability[56f637e45ab18eab]::burst_throughput_500_concurrent_requests::{closure#0} as core[df12db4294e9bfd3]::ops::function::FnOnce<()>>::call_once
[INFO] [stdout]   17:     0x57bc8853e35b - test[9d35eded1c95d3be]::__rust_begin_short_backtrace::<core[df12db4294e9bfd3]::result::Result<(), alloc[2182bb758b4b3781]::string::String>, fn() -> core[df12db4294e9bfd3]::result::Result<(), alloc[2182bb758b4b3781]::string::String>>
[INFO] [stdout]   18:     0x57bc8854b9c5 - test[9d35eded1c95d3be]::run_test::{closure#0}
[INFO] [stdout]   19:     0x57bc88545284 - std[70759c8f55707aa4]::sys::backtrace::__rust_begin_short_backtrace::<test[9d35eded1c95d3be]::run_test::{closure#1}, ()>
[INFO] [stdout]   20:     0x57bc8854eb22 - <std[70759c8f55707aa4]::thread::lifecycle::spawn_unchecked<test[9d35eded1c95d3be]::run_test::{closure#1}, ()>::{closure#1} as core[df12db4294e9bfd3]::ops::function::FnOnce<()>>::call_once::{shim:vtable#0}
[INFO] [stdout]   21:     0x57bc888e0359 - <std[70759c8f55707aa4]::sys::thread::unix::Thread>::new::thread_start
[INFO] [stdout]   22:     0x7d35bc41ddfa - <unknown>
[INFO] [stdout]   23:     0x7d35bc4b13d4 - clone
[INFO] [stdout]   24:                0x0 - <unknown>
[INFO] [stdout] 
[INFO] [stdout] thread 'burst_throughput_500_concurrent_requests' (3438) panicked at tests/stability.rs:215:49:
[INFO] [stdout] connect: Os { code: 24, kind: TooManyOpenFiles, message: "Too many open files" }
[INFO] [stdout] stack backtrace:
[INFO] [stdout]    0:     0x57bc888e13f1 - <<std[70759c8f55707aa4]::sys::backtrace::BacktraceLock>::print::DisplayBacktrace as core[df12db4294e9bfd3]::fmt::Display>::fmt
[INFO] [stdout]    1:     0x57bc888f86ea - core[df12db4294e9bfd3]::fmt::write
[INFO] [stdout]    2:     0x57bc888e5fac - <alloc[2182bb758b4b3781]::vec::Vec<u8> as core[df12db4294e9bfd3]::io::write::Write>::write_fmt
[INFO] [stdout]    3:     0x57bc888bc3b6 - std[70759c8f55707aa4]::panicking::default_hook::{closure#0}
[INFO] [stdout]    4:     0x57bc888d8d69 - std[70759c8f55707aa4]::panicking::default_hook
[INFO] [stdout]    5:     0x57bc8854b070 - test[9d35eded1c95d3be]::test_main_inner::<test[9d35eded1c95d3be]::test_main_static::{closure#0}>::{closure#0}
[INFO] [stdout]    6:     0x57bc888d9092 - std[70759c8f55707aa4]::panicking::panic_with_hook
[INFO] [stdout]    7:     0x57bc888bc462 - std[70759c8f55707aa4]::panicking::panic_handler::{closure#0}
[INFO] [stdout]    8:     0x57bc888b4d39 - std[70759c8f55707aa4]::sys::backtrace::__rust_end_short_backtrace::<std[70759c8f55707aa4]::panicking::panic_handler::{closure#0}, !>
[INFO] [stdout]    9:     0x57bc888bd2ed - __rustc[8fa7c3cbc660c2b3]::rust_begin_unwind
[INFO] [stdout]   10:     0x57bc888f8e4c - core[df12db4294e9bfd3]::panicking::panic_fmt
[INFO] [stdout]   11:     0x57bc888f8c22 - core[df12db4294e9bfd3]::result::unwrap_failed
[INFO] [stdout]   12:     0x57bc88500a24 - stability[56f637e45ab18eab]::raw_request::{closure#0}
[INFO] [stdout]   13:     0x57bc88502d70 - <tokio[669ba5ae65e18009]::runtime::task::core::Core<stability[56f637e45ab18eab]::burst_throughput_500_concurrent_requests::{closure#0}::{closure#0}, alloc[2182bb758b4b3781]::sync::Arc<tokio[669ba5ae65e18009]::runtime::scheduler::multi_thread::handle::Handle>>>::poll
[INFO] [stdout]   14:     0x57bc884e1fea - <tokio[669ba5ae65e18009]::runtime::task::harness::Harness<stability[56f637e45ab18eab]::burst_throughput_500_concurrent_requests::{closure#0}::{closure#0}, alloc[2182bb758b4b3781]::sync::Arc<tokio[669ba5ae65e18009]::runtime::scheduler::current_thread::Handle>>>::poll
[INFO] [stdout]   15:     0x57bc8853696d - <tokio[669ba5ae65e18009]::runtime::runtime::Runtime>::block_on::<core[df12db4294e9bfd3]::pin::Pin<&mut dyn core[df12db4294e9bfd3]::future::future::Future<Output = ()>>>
[INFO] [stdout]   16:     0x57bc884f728e - <stability[56f637e45ab18eab]::burst_throughput_500_concurrent_requests::{closure#0} as core[df12db4294e9bfd3]::ops::function::FnOnce<()>>::call_once
[INFO] [stdout]   17:     0x57bc8853e35b - test[9d35eded1c95d3be]::__rust_begin_short_backtrace::<core[df12db4294e9bfd3]::result::Result<(), alloc[2182bb758b4b3781]::string::String>, fn() -> core[df12db4294e9bfd3]::result::Result<(), alloc[2182bb758b4b3781]::string::String>>
[INFO] [stdout]   18:     0x57bc8854b9c5 - test[9d35eded1c95d3be]::run_test::{closure#0}
[INFO] [stdout]   19:     0x57bc88545284 - std[70759c8f55707aa4]::sys::backtrace::__rust_begin_short_backtrace::<test[9d35eded1c95d3be]::run_test::{closure#1}, ()>
[INFO] [stdout]   20:     0x57bc8854eb22 - <std[70759c8f55707aa4]::thread::lifecycle::spawn_unchecked<test[9d35eded1c95d3be]::run_test::{closure#1}, ()>::{closure#1} as core[df12db4294e9bfd3]::ops::function::FnOnce<()>>::call_once::{shim:vtable#0}
[INFO] [stdout]   21:     0x57bc888e0359 - <std[70759c8f55707aa4]::sys::thread::unix::Thread>::new::thread_start
[INFO] [stdout]   22:     0x7d35bc41ddfa - <unknown>
[INFO] [stdout]   23:     0x7d35bc4b13d4 - clone
[INFO] [stdout]   24:                0x0 - <unknown>
[INFO] [stdout] 
[INFO] [stdout] thread 'burst_throughput_500_concurrent_requests' (3438) panicked at tests/stability.rs:215:49:
[INFO] [stdout] connect: Os { code: 24, kind: TooManyOpenFiles, message: "Too many open files" }
[INFO] [stdout] stack backtrace:
[INFO] [stdout]    0:     0x57bc888e13f1 - <<std[70759c8f55707aa4]::sys::backtrace::BacktraceLock>::print::DisplayBacktrace as core[df12db4294e9bfd3]::fmt::Display>::fmt
[INFO] [stdout]    1:     0x57bc888f86ea - core[df12db4294e9bfd3]::fmt::write
[INFO] [stdout]    2:     0x57bc888e5fac - <alloc[2182bb758b4b3781]::vec::Vec<u8> as core[df12db4294e9bfd3]::io::write::Write>::write_fmt
[INFO] [stdout]    3:     0x57bc888bc3b6 - std[70759c8f55707aa4]::panicking::default_hook::{closure#0}
[INFO] [stdout]    4:     0x57bc888d8d69 - std[70759c8f55707aa4]::panicking::default_hook
[INFO] [stdout]    5:     0x57bc8854b070 - test[9d35eded1c95d3be]::test_main_inner::<test[9d35eded1c95d3be]::test_main_static::{closure#0}>::{closure#0}
[INFO] [stdout]    6:     0x57bc888d9092 - std[70759c8f55707aa4]::panicking::panic_with_hook
[INFO] [stdout]    7:     0x57bc888bc462 - std[70759c8f55707aa4]::panicking::panic_handler::{closure#0}
[INFO] [stdout]    8:     0x57bc888b4d39 - std[70759c8f55707aa4]::sys::backtrace::__rust_end_short_backtrace::<std[70759c8f55707aa4]::panicking::panic_handler::{closure#0}, !>
[INFO] [stdout]    9:     0x57bc888bd2ed - __rustc[8fa7c3cbc660c2b3]::rust_begin_unwind
[INFO] [stdout]   10:     0x57bc888f8e4c - core[df12db4294e9bfd3]::panicking::panic_fmt
[INFO] [stdout]   11:     0x57bc888f8c22 - core[df12db4294e9bfd3]::result::unwrap_failed
[INFO] [stdout]   12:     0x57bc88500a24 - stability[56f637e45ab18eab]::raw_request::{closure#0}
[INFO] [stdout]   13:     0x57bc88502d70 - <tokio[669ba5ae65e18009]::runtime::task::core::Core<stability[56f637e45ab18eab]::burst_throughput_500_concurrent_requests::{closure#0}::{closure#0}, alloc[2182bb758b4b3781]::sync::Arc<tokio[669ba5ae65e18009]::runtime::scheduler::multi_thread::handle::Handle>>>::poll
[INFO] [stdout]   14:     0x57bc884e1fea - <tokio[669ba5ae65e18009]::runtime::task::harness::Harness<stability[56f637e45ab18eab]::burst_throughput_500_concurrent_requests::{closure#0}::{closure#0}, alloc[2182bb758b4b3781]::sync::Arc<tokio[669ba5ae65e18009]::runtime::scheduler::current_thread::Handle>>>::poll
[INFO] [stdout]   15:     0x57bc8853696d - <tokio[669ba5ae65e18009]::runtime::runtime::Runtime>::block_on::<core[df12db4294e9bfd3]::pin::Pin<&mut dyn core[df12db4294e9bfd3]::future::future::Future<Output = ()>>>
[INFO] [stdout]   16:     0x57bc884f728e - <stability[56f637e45ab18eab]::burst_throughput_500_concurrent_requests::{closure#0} as core[df12db4294e9bfd3]::ops::function::FnOnce<()>>::call_once
[INFO] [stdout]   17:     0x57bc8853e35b - test[9d35eded1c95d3be]::__rust_begin_short_backtrace::<core[df12db4294e9bfd3]::result::Result<(), alloc[2182bb758b4b3781]::string::String>, fn() -> core[df12db4294e9bfd3]::result::Result<(), alloc[2182bb758b4b3781]::string::String>>
[INFO] [stdout]   18:     0x57bc8854b9c5 - test[9d35eded1c95d3be]::run_test::{closure#0}
[INFO] [stdout]   19:     0x57bc88545284 - std[70759c8f55707aa4]::sys::backtrace::__rust_begin_short_backtrace::<test[9d35eded1c95d3be]::run_test::{closure#1}, ()>
[INFO] [stdout]   20:     0x57bc8854eb22 - <std[70759c8f55707aa4]::thread::lifecycle::spawn_unchecked<test[9d35eded1c95d3be]::run_test::{closure#1}, ()>::{closure#1} as core[df12db4294e9bfd3]::ops::function::FnOnce<()>>::call_once::{shim:vtable#0}
[INFO] [stdout]   21:     0x57bc888e0359 - <std[70759c8f55707aa4]::sys::thread::unix::Thread>::new::thread_start
[INFO] [stdout]   22:     0x7d35bc41ddfa - <unknown>
[INFO] [stdout]   23:     0x7d35bc4b13d4 - clone
[INFO] [stdout]   24:                0x0 - <unknown>
[INFO] [stdout] 
[INFO] [stdout] thread 'burst_throughput_500_concurrent_requests' (3438) panicked at tests/stability.rs:215:49:
[INFO] [stdout] connect: Os { code: 24, kind: TooManyOpenFiles, message: "Too many open files" }
[INFO] [stdout] stack backtrace:
[INFO] [stdout]    0:     0x57bc888e13f1 - <<std[70759c8f55707aa4]::sys::backtrace::BacktraceLock>::print::DisplayBacktrace as core[df12db4294e9bfd3]::fmt::Display>::fmt
[INFO] [stdout]    1:     0x57bc888f86ea - core[df12db4294e9bfd3]::fmt::write
[INFO] [stdout]    2:     0x57bc888e5fac - <alloc[2182bb758b4b3781]::vec::Vec<u8> as core[df12db4294e9bfd3]::io::write::Write>::write_fmt
[INFO] [stdout]    3:     0x57bc888bc3b6 - std[70759c8f55707aa4]::panicking::default_hook::{closure#0}
[INFO] [stdout]    4:     0x57bc888d8d69 - std[70759c8f55707aa4]::panicking::default_hook
[INFO] [stdout]    5:     0x57bc8854b070 - test[9d35eded1c95d3be]::test_main_inner::<test[9d35eded1c95d3be]::test_main_static::{closure#0}>::{closure#0}
[INFO] [stdout]    6:     0x57bc888d9092 - std[70759c8f55707aa4]::panicking::panic_with_hook
[INFO] [stdout]    7:     0x57bc888bc462 - std[70759c8f55707aa4]::panicking::panic_handler::{closure#0}
[INFO] [stdout]    8:     0x57bc888b4d39 - std[70759c8f55707aa4]::sys::backtrace::__rust_end_short_backtrace::<std[70759c8f55707aa4]::panicking::panic_handler::{closure#0}, !>
[INFO] [stdout]    9:     0x57bc888bd2ed - __rustc[8fa7c3cbc660c2b3]::rust_begin_unwind
[INFO] [stdout]   10:     0x57bc888f8e4c - core[df12db4294e9bfd3]::panicking::panic_fmt
[INFO] [stdout]   11:     0x57bc888f8c22 - core[df12db4294e9bfd3]::result::unwrap_failed
[INFO] [stdout]   12:     0x57bc88500a24 - stability[56f637e45ab18eab]::raw_request::{closure#0}
[INFO] [stdout]   13:     0x57bc88502d70 - <tokio[669ba5ae65e18009]::runtime::task::core::Core<stability[56f637e45ab18eab]::burst_throughput_500_concurrent_requests::{closure#0}::{closure#0}, alloc[2182bb758b4b3781]::sync::Arc<tokio[669ba5ae65e18009]::runtime::scheduler::multi_thread::handle::Handle>>>::poll
[INFO] [stdout]   14:     0x57bc884e1fea - <tokio[669ba5ae65e18009]::runtime::task::harness::Harness<stability[56f637e45ab18eab]::burst_throughput_500_concurrent_requests::{closure#0}::{closure#0}, alloc[2182bb758b4b3781]::sync::Arc<tokio[669ba5ae65e18009]::runtime::scheduler::current_thread::Handle>>>::poll
[INFO] [stdout]   15:     0x57bc8853696d - <tokio[669ba5ae65e18009]::runtime::runtime::Runtime>::block_on::<core[df12db4294e9bfd3]::pin::Pin<&mut dyn core[df12db4294e9bfd3]::future::future::Future<Output = ()>>>
[INFO] [stdout]   16:     0x57bc884f728e - <stability[56f637e45ab18eab]::burst_throughput_500_concurrent_requests::{closure#0} as core[df12db4294e9bfd3]::ops::function::FnOnce<()>>::call_once
[INFO] [stdout]   17:     0x57bc8853e35b - test[9d35eded1c95d3be]::__rust_begin_short_backtrace::<core[df12db4294e9bfd3]::result::Result<(), alloc[2182bb758b4b3781]::string::String>, fn() -> core[df12db4294e9bfd3]::result::Result<(), alloc[2182bb758b4b3781]::string::String>>
[INFO] [stdout]   18:     0x57bc8854b9c5 - test[9d35eded1c95d3be]::run_test::{closure#0}
[INFO] [stdout]   19:     0x57bc88545284 - std[70759c8f55707aa4]::sys::backtrace::__rust_begin_short_backtrace::<test[9d35eded1c95d3be]::run_test::{closure#1}, ()>
[INFO] [stdout]   20:     0x57bc8854eb22 - <std[70759c8f55707aa4]::thread::lifecycle::spawn_unchecked<test[9d35eded1c95d3be]::run_test::{closure#1}, ()>::{closure#1} as core[df12db4294e9bfd3]::ops::function::FnOnce<()>>::call_once::{shim:vtable#0}
[INFO] [stdout]   21:     0x57bc888e0359 - <std[70759c8f55707aa4]::sys::thread::unix::Thread>::new::thread_start
[INFO] [stdout]   22:     0x7d35bc41ddfa - <unknown>
[INFO] [stdout]   23:     0x7d35bc4b13d4 - clone
[INFO] [stdout]   24:                0x0 - <unknown>
[INFO] [stdout] 
[INFO] [stdout] thread 'burst_throughput_500_concurrent_requests' (3438) panicked at tests/stability.rs:215:49:
[INFO] [stdout] connect: Os { code: 24, kind: TooManyOpenFiles, message: "Too many open files" }
[INFO] [stdout] stack backtrace:
[INFO] [stdout]    0:     0x57bc888e13f1 - <<std[70759c8f55707aa4]::sys::backtrace::BacktraceLock>::print::DisplayBacktrace as core[df12db4294e9bfd3]::fmt::Display>::fmt
[INFO] [stdout]    1:     0x57bc888f86ea - core[df12db4294e9bfd3]::fmt::write
[INFO] [stdout]    2:     0x57bc888e5fac - <alloc[2182bb758b4b3781]::vec::Vec<u8> as core[df12db4294e9bfd3]::io::write::Write>::write_fmt
[INFO] [stdout]    3:     0x57bc888bc3b6 - std[70759c8f55707aa4]::panicking::default_hook::{closure#0}
[INFO] [stdout]    4:     0x57bc888d8d69 - std[70759c8f55707aa4]::panicking::default_hook
[INFO] [stdout]    5:     0x57bc8854b070 - test[9d35eded1c95d3be]::test_main_inner::<test[9d35eded1c95d3be]::test_main_static::{closure#0}>::{closure#0}
[INFO] [stdout]    6:     0x57bc888d9092 - std[70759c8f55707aa4]::panicking::panic_with_hook
[INFO] [stdout]    7:     0x57bc888bc462 - std[70759c8f55707aa4]::panicking::panic_handler::{closure#0}
[INFO] [stdout]    8:     0x57bc888b4d39 - std[70759c8f55707aa4]::sys::backtrace::__rust_end_short_backtrace::<std[70759c8f55707aa4]::panicking::panic_handler::{closure#0}, !>
[INFO] [stdout]    9:     0x57bc888bd2ed - __rustc[8fa7c3cbc660c2b3]::rust_begin_unwind
[INFO] [stdout]   10:     0x57bc888f8e4c - core[df12db4294e9bfd3]::panicking::panic_fmt
[INFO] [stdout]   11:     0x57bc888f8c22 - core[df12db4294e9bfd3]::result::unwrap_failed
[INFO] [stdout]   12:     0x57bc88500a24 - stability[56f637e45ab18eab]::raw_request::{closure#0}
[INFO] [stdout]   13:     0x57bc88502d70 - <tokio[669ba5ae65e18009]::runtime::task::core::Core<stability[56f637e45ab18eab]::burst_throughput_500_concurrent_requests::{closure#0}::{closure#0}, alloc[2182bb758b4b3781]::sync::Arc<tokio[669ba5ae65e18009]::runtime::scheduler::multi_thread::handle::Handle>>>::poll
[INFO] [stdout]   14:     0x57bc884e1fea - <tokio[669ba5ae65e18009]::runtime::task::harness::Harness<stability[56f637e45ab18eab]::burst_throughput_500_concurrent_requests::{closure#0}::{closure#0}, alloc[2182bb758b4b3781]::sync::Arc<tokio[669ba5ae65e18009]::runtime::scheduler::current_thread::Handle>>>::poll
[INFO] [stdout]   15:     0x57bc8853696d - <tokio[669ba5ae65e18009]::runtime::runtime::Runtime>::block_on::<core[df12db4294e9bfd3]::pin::Pin<&mut dyn core[df12db4294e9bfd3]::future::future::Future<Output = ()>>>
[INFO] [stdout]   16:     0x57bc884f728e - <stability[56f637e45ab18eab]::burst_throughput_500_concurrent_requests::{closure#0} as core[df12db4294e9bfd3]::ops::function::FnOnce<()>>::call_once
[INFO] [stdout]   17:     0x57bc8853e35b - test[9d35eded1c95d3be]::__rust_begin_short_backtrace::<core[df12db4294e9bfd3]::result::Result<(), alloc[2182bb758b4b3781]::string::String>, fn() -> core[df12db4294e9bfd3]::result::Result<(), alloc[2182bb758b4b3781]::string::String>>
[INFO] [stdout]   18:     0x57bc8854b9c5 - test[9d35eded1c95d3be]::run_test::{closure#0}
[INFO] [stdout]   19:     0x57bc88545284 - std[70759c8f55707aa4]::sys::backtrace::__rust_begin_short_backtrace::<test[9d35eded1c95d3be]::run_test::{closure#1}, ()>
[INFO] [stdout]   20:     0x57bc8854eb22 - <std[70759c8f55707aa4]::thread::lifecycle::spawn_unchecked<test[9d35eded1c95d3be]::run_test::{closure#1}, ()>::{closure#1} as core[df12db4294e9bfd3]::ops::function::FnOnce<()>>::call_once::{shim:vtable#0}
[INFO] [stdout]   21:     0x57bc888e0359 - <std[70759c8f55707aa4]::sys::thread::unix::Thread>::new::thread_start
[INFO] [stdout]   22:     0x7d35bc41ddfa - <unknown>
[INFO] [stdout]   23:     0x7d35bc4b13d4 - clone
[INFO] [stdout]   24:                0x0 - <unknown>
[INFO] [stdout] 
[INFO] [stdout] thread 'burst_throughput_500_concurrent_requests' (3438) panicked at tests/stability.rs:215:49:
[INFO] [stdout] connect: Os { code: 24, kind: TooManyOpenFiles, message: "Too many open files" }
[INFO] [stdout] stack backtrace:
[INFO] [stdout]    0:     0x57bc888e13f1 - <<std[70759c8f55707aa4]::sys::backtrace::BacktraceLock>::print::DisplayBacktrace as core[df12db4294e9bfd3]::fmt::Display>::fmt
[INFO] [stdout]    1:     0x57bc888f86ea - core[df12db4294e9bfd3]::fmt::write
[INFO] [stdout]    2:     0x57bc888e5fac - <alloc[2182bb758b4b3781]::vec::Vec<u8> as core[df12db4294e9bfd3]::io::write::Write>::write_fmt
[INFO] [stdout]    3:     0x57bc888bc3b6 - std[70759c8f55707aa4]::panicking::default_hook::{closure#0}
[INFO] [stdout]    4:     0x57bc888d8d69 - std[70759c8f55707aa4]::panicking::default_hook
[INFO] [stdout]    5:     0x57bc8854b070 - test[9d35eded1c95d3be]::test_main_inner::<test[9d35eded1c95d3be]::test_main_static::{closure#0}>::{closure#0}
[INFO] [stdout]    6:     0x57bc888d9092 - std[70759c8f55707aa4]::panicking::panic_with_hook
[INFO] [stdout]    7:     0x57bc888bc462 - std[70759c8f55707aa4]::panicking::panic_handler::{closure#0}
[INFO] [stdout]    8:     0x57bc888b4d39 - std[70759c8f55707aa4]::sys::backtrace::__rust_end_short_backtrace::<std[70759c8f55707aa4]::panicking::panic_handler::{closure#0}, !>
[INFO] [stdout]    9:     0x57bc888bd2ed - __rustc[8fa7c3cbc660c2b3]::rust_begin_unwind
[INFO] [stdout]   10:     0x57bc888f8e4c - core[df12db4294e9bfd3]::panicking::panic_fmt
[INFO] [stdout]   11:     0x57bc888f8c22 - core[df12db4294e9bfd3]::result::unwrap_failed
[INFO] [stdout]   12:     0x57bc88500a24 - stability[56f637e45ab18eab]::raw_request::{closure#0}
[INFO] [stdout]   13:     0x57bc88502d70 - <tokio[669ba5ae65e18009]::runtime::task::core::Core<stability[56f637e45ab18eab]::burst_throughput_500_concurrent_requests::{closure#0}::{closure#0}, alloc[2182bb758b4b3781]::sync::Arc<tokio[669ba5ae65e18009]::runtime::scheduler::multi_thread::handle::Handle>>>::poll
[INFO] [stdout]   14:     0x57bc884e1fea - <tokio[669ba5ae65e18009]::runtime::task::harness::Harness<stability[56f637e45ab18eab]::burst_throughput_500_concurrent_requests::{closure#0}::{closure#0}, alloc[2182bb758b4b3781]::sync::Arc<tokio[669ba5ae65e18009]::runtime::scheduler::current_thread::Handle>>>::poll
[INFO] [stdout]   15:     0x57bc8853696d - <tokio[669ba5ae65e18009]::runtime::runtime::Runtime>::block_on::<core[df12db4294e9bfd3]::pin::Pin<&mut dyn core[df12db4294e9bfd3]::future::future::Future<Output = ()>>>
[INFO] [stdout]   16:     0x57bc884f728e - <stability[56f637e45ab18eab]::burst_throughput_500_concurrent_requests::{closure#0} as core[df12db4294e9bfd3]::ops::function::FnOnce<()>>::call_once
[INFO] [stdout]   17:     0x57bc8853e35b - test[9d35eded1c95d3be]::__rust_begin_short_backtrace::<core[df12db4294e9bfd3]::result::Result<(), alloc[2182bb758b4b3781]::string::String>, fn() -> core[df12db4294e9bfd3]::result::Result<(), alloc[2182bb758b4b3781]::string::String>>
[INFO] [stdout]   18:     0x57bc8854b9c5 - test[9d35eded1c95d3be]::run_test::{closure#0}
[INFO] [stdout]   19:     0x57bc88545284 - std[70759c8f55707aa4]::sys::backtrace::__rust_begin_short_backtrace::<test[9d35eded1c95d3be]::run_test::{closure#1}, ()>
[INFO] [stdout]   20:     0x57bc8854eb22 - <std[70759c8f55707aa4]::thread::lifecycle::spawn_unchecked<test[9d35eded1c95d3be]::run_test::{closure#1}, ()>::{closure#1} as core[df12db4294e9bfd3]::ops::function::FnOnce<()>>::call_once::{shim:vtable#0}
[INFO] [stdout]   21:     0x57bc888e0359 - <std[70759c8f55707aa4]::sys::thread::unix::Thread>::new::thread_start
[INFO] [stdout]   22:     0x7d35bc41ddfa - <unknown>
[INFO] [stdout]   23:     0x7d35bc4b13d4 - clone
[INFO] [stdout]   24:                0x0 - <unknown>
[INFO] [stdout] 
[INFO] [stdout] thread 'burst_throughput_500_concurrent_requests' (3438) panicked at tests/stability.rs:215:49:
[INFO] [stdout] connect: Os { code: 24, kind: TooManyOpenFiles, message: "Too many open files" }
[INFO] [stdout] stack backtrace:
[INFO] [stdout]    0:     0x57bc888e13f1 - <<std[70759c8f55707aa4]::sys::backtrace::BacktraceLock>::print::DisplayBacktrace as core[df12db4294e9bfd3]::fmt::Display>::fmt
[INFO] [stdout]    1:     0x57bc888f86ea - core[df12db4294e9bfd3]::fmt::write
[INFO] [stdout]    2:     0x57bc888e5fac - <alloc[2182bb758b4b3781]::vec::Vec<u8> as core[df12db4294e9bfd3]::io::write::Write>::write_fmt
[INFO] [stdout]    3:     0x57bc888bc3b6 - std[70759c8f55707aa4]::panicking::default_hook::{closure#0}
[INFO] [stdout]    4:     0x57bc888d8d69 - std[70759c8f55707aa4]::panicking::default_hook
[INFO] [stdout]    5:     0x57bc8854b070 - test[9d35eded1c95d3be]::test_main_inner::<test[9d35eded1c95d3be]::test_main_static::{closure#0}>::{closure#0}
[INFO] [stdout]    6:     0x57bc888d9092 - std[70759c8f55707aa4]::panicking::panic_with_hook
[INFO] [stdout]    7:     0x57bc888bc462 - std[70759c8f55707aa4]::panicking::panic_handler::{closure#0}
[INFO] [stdout]    8:     0x57bc888b4d39 - std[70759c8f55707aa4]::sys::backtrace::__rust_end_short_backtrace::<std[70759c8f55707aa4]::panicking::panic_handler::{closure#0}, !>
[INFO] [stdout]    9:     0x57bc888bd2ed - __rustc[8fa7c3cbc660c2b3]::rust_begin_unwind
[INFO] [stdout]   10:     0x57bc888f8e4c - core[df12db4294e9bfd3]::panicking::panic_fmt
[INFO] [stdout]   11:     0x57bc888f8c22 - core[df12db4294e9bfd3]::result::unwrap_failed
[INFO] [stdout]   12:     0x57bc88500a24 - stability[56f637e45ab18eab]::raw_request::{closure#0}
[INFO] [stdout]   13:     0x57bc88502d70 - <tokio[669ba5ae65e18009]::runtime::task::core::Core<stability[56f637e45ab18eab]::burst_throughput_500_concurrent_requests::{closure#0}::{closure#0}, alloc[2182bb758b4b3781]::sync::Arc<tokio[669ba5ae65e18009]::runtime::scheduler::multi_thread::handle::Handle>>>::poll
[INFO] [stdout]   14:     0x57bc884e1fea - <tokio[669ba5ae65e18009]::runtime::task::harness::Harness<stability[56f637e45ab18eab]::burst_throughput_500_concurrent_requests::{closure#0}::{closure#0}, alloc[2182bb758b4b3781]::sync::Arc<tokio[669ba5ae65e18009]::runtime::scheduler::current_thread::Handle>>>::poll
[INFO] [stdout]   15:     0x57bc8853696d - <tokio[669ba5ae65e18009]::runtime::runtime::Runtime>::block_on::<core[df12db4294e9bfd3]::pin::Pin<&mut dyn core[df12db4294e9bfd3]::future::future::Future<Output = ()>>>
[INFO] [stdout]   16:     0x57bc884f728e - <stability[56f637e45ab18eab]::burst_throughput_500_concurrent_requests::{closure#0} as core[df12db4294e9bfd3]::ops::function::FnOnce<()>>::call_once
[INFO] [stdout]   17:     0x57bc8853e35b - test[9d35eded1c95d3be]::__rust_begin_short_backtrace::<core[df12db4294e9bfd3]::result::Result<(), alloc[2182bb758b4b3781]::string::String>, fn() -> core[df12db4294e9bfd3]::result::Result<(), alloc[2182bb758b4b3781]::string::String>>
[INFO] [stdout]   18:     0x57bc8854b9c5 - test[9d35eded1c95d3be]::run_test::{closure#0}
[INFO] [stdout]   19:     0x57bc88545284 - std[70759c8f55707aa4]::sys::backtrace::__rust_begin_short_backtrace::<test[9d35eded1c95d3be]::run_test::{closure#1}, ()>
[INFO] [stdout]   20:     0x57bc8854eb22 - <std[70759c8f55707aa4]::thread::lifecycle::spawn_unchecked<test[9d35eded1c95d3be]::run_test::{closure#1}, ()>::{closure#1} as core[df12db4294e9bfd3]::ops::function::FnOnce<()>>::call_once::{shim:vtable#0}
[INFO] [stdout]   21:     0x57bc888e0359 - <std[70759c8f55707aa4]::sys::thread::unix::Thread>::new::thread_start
[INFO] [stdout]   22:     0x7d35bc41ddfa - <unknown>
[INFO] [stdout]   23:     0x7d35bc4b13d4 - clone
[INFO] [stdout]   24:                0x0 - <unknown>
[INFO] [stdout] 
[INFO] [stdout] thread 'burst_throughput_500_concurrent_requests' (3438) panicked at tests/stability.rs:215:49:
[INFO] [stdout] connect: Os { code: 24, kind: TooManyOpenFiles, message: "Too many open files" }
[INFO] [stdout] stack backtrace:
[INFO] [stdout]    0:     0x57bc888e13f1 - <<std[70759c8f55707aa4]::sys::backtrace::BacktraceLock>::print::DisplayBacktrace as core[df12db4294e9bfd3]::fmt::Display>::fmt
[INFO] [stdout]    1:     0x57bc888f86ea - core[df12db4294e9bfd3]::fmt::write
[INFO] [stdout]    2:     0x57bc888e5fac - <alloc[2182bb758b4b3781]::vec::Vec<u8> as core[df12db4294e9bfd3]::io::write::Write>::write_fmt
[INFO] [stdout]    3:     0x57bc888bc3b6 - std[70759c8f55707aa4]::panicking::default_hook::{closure#0}
[INFO] [stdout]    4:     0x57bc888d8d69 - std[70759c8f55707aa4]::panicking::default_hook
[INFO] [stdout]    5:     0x57bc8854b070 - test[9d35eded1c95d3be]::test_main_inner::<test[9d35eded1c95d3be]::test_main_static::{closure#0}>::{closure#0}
[INFO] [stdout]    6:     0x57bc888d9092 - std[70759c8f55707aa4]::panicking::panic_with_hook
[INFO] [stdout]    7:     0x57bc888bc462 - std[70759c8f55707aa4]::panicking::panic_handler::{closure#0}
[INFO] [stdout]    8:     0x57bc888b4d39 - std[70759c8f55707aa4]::sys::backtrace::__rust_end_short_backtrace::<std[70759c8f55707aa4]::panicking::panic_handler::{closure#0}, !>
[INFO] [stdout]    9:     0x57bc888bd2ed - __rustc[8fa7c3cbc660c2b3]::rust_begin_unwind
[INFO] [stdout]   10:     0x57bc888f8e4c - core[df12db4294e9bfd3]::panicking::panic_fmt
[INFO] [stdout]   11:     0x57bc888f8c22 - core[df12db4294e9bfd3]::result::unwrap_failed
[INFO] [stdout]   12:     0x57bc88500a24 - stability[56f637e45ab18eab]::raw_request::{closure#0}
[INFO] [stdout]   13:     0x57bc88502d70 - <tokio[669ba5ae65e18009]::runtime::task::core::Core<stability[56f637e45ab18eab]::burst_throughput_500_concurrent_requests::{closure#0}::{closure#0}, alloc[2182bb758b4b3781]::sync::Arc<tokio[669ba5ae65e18009]::runtime::scheduler::multi_thread::handle::Handle>>>::poll
[INFO] [stdout]   14:     0x57bc884e1fea - <tokio[669ba5ae65e18009]::runtime::task::harness::Harness<stability[56f637e45ab18eab]::burst_throughput_500_concurrent_requests::{closure#0}::{closure#0}, alloc[2182bb758b4b3781]::sync::Arc<tokio[669ba5ae65e18009]::runtime::scheduler::current_thread::Handle>>>::poll
[INFO] [stdout]   15:     0x57bc8853696d - <tokio[669ba5ae65e18009]::runtime::runtime::Runtime>::block_on::<core[df12db4294e9bfd3]::pin::Pin<&mut dyn core[df12db4294e9bfd3]::future::future::Future<Output = ()>>>
[INFO] [stdout]   16:     0x57bc884f728e - <stability[56f637e45ab18eab]::burst_throughput_500_concurrent_requests::{closure#0} as core[df12db4294e9bfd3]::ops::function::FnOnce<()>>::call_once
[INFO] [stdout]   17:     0x57bc8853e35b - test[9d35eded1c95d3be]::__rust_begin_short_backtrace::<core[df12db4294e9bfd3]::result::Result<(), alloc[2182bb758b4b3781]::string::String>, fn() -> core[df12db4294e9bfd3]::result::Result<(), alloc[2182bb758b4b3781]::string::String>>
[INFO] [stdout]   18:     0x57bc8854b9c5 - test[9d35eded1c95d3be]::run_test::{closure#0}
[INFO] [stdout]   19:     0x57bc88545284 - std[70759c8f55707aa4]::sys::backtrace::__rust_begin_short_backtrace::<test[9d35eded1c95d3be]::run_test::{closure#1}, ()>
[INFO] [stdout]   20:     0x57bc8854eb22 - <std[70759c8f55707aa4]::thread::lifecycle::spawn_unchecked<test[9d35eded1c95d3be]::run_test::{closure#1}, ()>::{closure#1} as core[df12db4294e9bfd3]::ops::function::FnOnce<()>>::call_once::{shim:vtable#0}
[INFO] [stdout]   21:     0x57bc888e0359 - <std[70759c8f55707aa4]::sys::thread::unix::Thread>::new::thread_start
[INFO] [stdout]   22:     0x7d35bc41ddfa - <unknown>
[INFO] [stdout]   23:     0x7d35bc4b13d4 - clone
[INFO] [stdout]   24:                0x0 - <unknown>
[INFO] [stdout] 
[INFO] [stdout] thread 'burst_throughput_500_concurrent_requests' (3438) panicked at tests/stability.rs:874:16:
[INFO] [stdout] task: JoinError::Panic(Id(857), "connect: Os { code: 24, kind: TooManyOpenFiles, message: \"Too many open files\" }", ...)
[INFO] [stdout] stack backtrace:
[INFO] [stdout]    0:     0x57bc888e13f1 - <<std[70759c8f55707aa4]::sys::backtrace::BacktraceLock>::print::DisplayBacktrace as core[df12db4294e9bfd3]::fmt::Display>::fmt
[INFO] [stdout]    1:     0x57bc888f86ea - core[df12db4294e9bfd3]::fmt::write
[INFO] [stdout]    2:     0x57bc888e5fac - <alloc[2182bb758b4b3781]::vec::Vec<u8> as core[df12db4294e9bfd3]::io::write::Write>::write_fmt
[INFO] [stdout]    3:     0x57bc888bc3b6 - std[70759c8f55707aa4]::panicking::default_hook::{closure#0}
[INFO] [stdout]    4:     0x57bc888d8d69 - std[70759c8f55707aa4]::panicking::default_hook
[INFO] [stdout]    5:     0x57bc8854b070 - test[9d35eded1c95d3be]::test_main_inner::<test[9d35eded1c95d3be]::test_main_static::{closure#0}>::{closure#0}
[INFO] [stdout]    6:     0x57bc888d9092 - std[70759c8f55707aa4]::panicking::panic_with_hook
[INFO] [stdout]    7:     0x57bc888bc462 - std[70759c8f55707aa4]::panicking::panic_handler::{closure#0}
[INFO] [stdout]    8:     0x57bc888b4d39 - std[70759c8f55707aa4]::sys::backtrace::__rust_end_short_backtrace::<std[70759c8f55707aa4]::panicking::panic_handler::{closure#0}, !>
[INFO] [stdout]    9:     0x57bc888bd2ed - __rustc[8fa7c3cbc660c2b3]::rust_begin_unwind
[INFO] [stdout]   10:     0x57bc888f8e4c - core[df12db4294e9bfd3]::panicking::panic_fmt
[INFO] [stdout]   11:     0x57bc888f8c22 - core[df12db4294e9bfd3]::result::unwrap_failed
[INFO] [stdout]   12:     0x57bc884ee99c - stability[56f637e45ab18eab]::burst_throughput_500_concurrent_requests::{closure#0}
[INFO] [stdout]   13:     0x57bc8853686b - <tokio[669ba5ae65e18009]::runtime::runtime::Runtime>::block_on::<core[df12db4294e9bfd3]::pin::Pin<&mut dyn core[df12db4294e9bfd3]::future::future::Future<Output = ()>>>
[INFO] [stdout]   14:     0x57bc884f728e - <stability[56f637e45ab18eab]::burst_throughput_500_concurrent_requests::{closure#0} as core[df12db4294e9bfd3]::ops::function::FnOnce<()>>::call_once
[INFO] [stdout]   15:     0x57bc8853e35b - test[9d35eded1c95d3be]::__rust_begin_short_backtrace::<core[df12db4294e9bfd3]::result::Result<(), alloc[2182bb758b4b3781]::string::String>, fn() -> core[df12db4294e9bfd3]::result::Result<(), alloc[2182bb758b4b3781]::string::String>>
[INFO] [stdout]   16:     0x57bc8854b9c5 - test[9d35eded1c95d3be]::run_test::{closure#0}
[INFO] [stdout]   17:     0x57bc88545284 - std[70759c8f55707aa4]::sys::backtrace::__rust_begin_short_backtrace::<test[9d35eded1c95d3be]::run_test::{closure#1}, ()>
[INFO] [stdout]   18:     0x57bc8854eb22 - <std[70759c8f55707aa4]::thread::lifecycle::spawn_unchecked<test[9d35eded1c95d3be]::run_test::{closure#1}, ()>::{closure#1} as core[df12db4294e9bfd3]::ops::function::FnOnce<()>>::call_once::{shim:vtable#0}
[INFO] [stdout]   19:     0x57bc888e0359 - <std[70759c8f55707aa4]::sys::thread::unix::Thread>::new::thread_start
[INFO] [stdout]   20:     0x7d35bc41ddfa - <unknown>
[INFO] [stdout]   21:     0x7d35bc4b13d4 - clone
[INFO] [stdout]   22:                0x0 - <unknown>
[INFO] [stdout] 
[INFO] [stdout] ---- burst_of_300_concurrent_get_requests_all_succeed stdout ----
[INFO] [stdout] Murgamü server listening on http://127.0.0.1:36723
[INFO] [stdout] 
[INFO] [stdout] thread 'burst_of_300_concurrent_get_requests_all_succeed' (3437) panicked at tests/stability.rs:215:49:
[INFO] [stdout] connect: Os { code: 24, kind: TooManyOpenFiles, message: "Too many open files" }
[INFO] [stdout] stack backtrace:
[INFO] [stdout]    0:     0x57bc888e13f1 - <<std[70759c8f55707aa4]::sys::backtrace::BacktraceLock>::print::DisplayBacktrace as core[df12db4294e9bfd3]::fmt::Display>::fmt
[INFO] [stdout]    1:     0x57bc888f86ea - core[df12db4294e9bfd3]::fmt::write
[INFO] [stdout]    2:     0x57bc888e5fac - <alloc[2182bb758b4b3781]::vec::Vec<u8> as core[df12db4294e9bfd3]::io::write::Write>::write_fmt
[INFO] [stdout]    3:     0x57bc888bc3b6 - std[70759c8f55707aa4]::panicking::default_hook::{closure#0}
[INFO] [stdout]    4:     0x57bc888d8d69 - std[70759c8f55707aa4]::panicking::default_hook
[INFO] [stdout]    5:     0x57bc8854b070 - test[9d35eded1c95d3be]::test_main_inner::<test[9d35eded1c95d3be]::test_main_static::{closure#0}>::{closure#0}
[INFO] [stdout]    6:     0x57bc888d9092 - std[70759c8f55707aa4]::panicking::panic_with_hook
[INFO] [stdout]    7:     0x57bc888bc462 - std[70759c8f55707aa4]::panicking::panic_handler::{closure#0}
[INFO] [stdout]    8:     0x57bc888b4d39 - std[70759c8f55707aa4]::sys::backtrace::__rust_end_short_backtrace::<std[70759c8f55707aa4]::panicking::panic_handler::{closure#0}, !>
[INFO] [stdout]    9:     0x57bc888bd2ed - __rustc[8fa7c3cbc660c2b3]::rust_begin_unwind
[INFO] [stdout]   10:     0x57bc888f8e4c - core[df12db4294e9bfd3]::panicking::panic_fmt
[INFO] [stdout]   11:     0x57bc888f8c22 - core[df12db4294e9bfd3]::result::unwrap_failed
[INFO] [stdout]   12:     0x57bc88500a24 - stability[56f637e45ab18eab]::raw_request::{closure#0}
[INFO] [stdout]   13:     0x57bc88503010 - <tokio[669ba5ae65e18009]::runtime::task::core::Core<stability[56f637e45ab18eab]::burst_of_300_concurrent_get_requests_all_succeed::{closure#0}::{closure#0}, alloc[2182bb758b4b3781]::sync::Arc<tokio[669ba5ae65e18009]::runtime::scheduler::multi_thread::handle::Handle>>>::poll
[INFO] [stdout]   14:     0x57bc884e2b0a - <tokio[669ba5ae65e18009]::runtime::task::harness::Harness<stability[56f637e45ab18eab]::burst_of_300_concurrent_get_requests_all_succeed::{closure#0}::{closure#0}, alloc[2182bb758b4b3781]::sync::Arc<tokio[669ba5ae65e18009]::runtime::scheduler::current_thread::Handle>>>::poll
[INFO] [stdout]   15:     0x57bc8853696d - <tokio[669ba5ae65e18009]::runtime::runtime::Runtime>::block_on::<core[df12db4294e9bfd3]::pin::Pin<&mut dyn core[df12db4294e9bfd3]::future::future::Future<Output = ()>>>
[INFO] [stdout]   16:     0x57bc884f804e - <stability[56f637e45ab18eab]::burst_of_300_concurrent_get_requests_all_succeed::{closure#0} as core[df12db4294e9bfd3]::ops::function::FnOnce<()>>::call_once
[INFO] [stdout]   17:     0x57bc8853e35b - test[9d35eded1c95d3be]::__rust_begin_short_backtrace::<core[df12db4294e9bfd3]::result::Result<(), alloc[2182bb758b4b3781]::string::String>, fn() -> core[df12db4294e9bfd3]::result::Result<(), alloc[2182bb758b4b3781]::string::String>>
[INFO] [stdout]   18:     0x57bc8854b9c5 - test[9d35eded1c95d3be]::run_test::{closure#0}
[INFO] [stdout]   19:     0x57bc88545284 - std[70759c8f55707aa4]::sys::backtrace::__rust_begin_short_backtrace::<test[9d35eded1c95d3be]::run_test::{closure#1}, ()>
[INFO] [stdout]   20:     0x57bc8854eb22 - <std[70759c8f55707aa4]::thread::lifecycle::spawn_unchecked<test[9d35eded1c95d3be]::run_test::{closure#1}, ()>::{closure#1} as core[df12db4294e9bfd3]::ops::function::FnOnce<()>>::call_once::{shim:vtable#0}
[INFO] [stdout]   21:     0x57bc888e0359 - <std[70759c8f55707aa4]::sys::thread::unix::Thread>::new::thread_start
[INFO] [stdout]   22:     0x7d35bc41ddfa - <unknown>
[INFO] [stdout]   23:     0x7d35bc4b13d4 - clone
[INFO] [stdout]   24:                0x0 - <unknown>
[INFO] [stdout] Accept error: Too many open files (os error 24)
[INFO] [stdout] Accept error: Too many open files (os error 24)
[INFO] [stdout] Accept error: Too many open files (os error 24)
[INFO] [stdout] Accept error: Too many open files (os error 24)
[INFO] [stdout] Accept error: Too many open files (os error 24)
[INFO] [stdout] Accept error: Too many open files (os error 24)
[INFO] [stdout] Accept error: Too many open files (os error 24)
[INFO] [stdout] Accept error: Too many open files (os error 24)
[INFO] [stdout] Accept error: Too many open files (os error 24)
[INFO] [stdout] Accept error: Too many open files (os error 24)
[INFO] [stdout] Accept error: Too many open files (os error 24)
[INFO] [stdout] Accept error: Too many open files (os error 24)
[INFO] [stdout] Accept error: Too many open files (os error 24)
[INFO] [stdout] Accept error: Too many open files (os error 24)
[INFO] [stdout] Accept error: Too many open files (os error 24)
[INFO] [stdout] Accept error: Too many open files (os error 24)
[INFO] [stdout] Accept error: Too many open files (os error 24)
[INFO] [stdout] Accept error: Too many open files (os error 24)
[INFO] [stdout] Accept error: Too many open files (os error 24)
[INFO] [stdout] Accept error: Too many open files (os error 24)
[INFO] [stdout] Accept error: Too many open files (os error 24)
[INFO] [stdout] Accept error: Too many open files (os error 24)
[INFO] [stdout] Accept error: Too many open files (os error 24)
[INFO] [stdout] Accept error: Too many open files (os error 24)
[INFO] [stdout] Accept error: Too many open files (os error 24)
[INFO] [stdout] Accept error: Too many open files (os error 24)
[INFO] [stdout] Accept error: Too many open files (os error 24)
[INFO] [stdout] Accept error: Too many open files (os error 24)
[INFO] [stdout] Accept error: Too many open files (os error 24)
[INFO] [stdout] Accept error: Too many open files (os error 24)
[INFO] [stdout] Accept error: Too many open files (os error 24)
[INFO] [stdout] Accept error: Too many open files (os error 24)
[INFO] [stdout] Accept error: Too many open files (os error 24)
[INFO] [stdout] Accept error: Too many open files (os error 24)
[INFO] [stdout] Accept error: Too many open files (os error 24)
[INFO] [stdout] Accept error: Too many open files (os error 24)
[INFO] [stdout] Accept error: Too many open files (os error 24)
[INFO] [stdout] Accept error: Too many open files (os error 24)
[INFO] [stdout] Accept error: Too many open files (os error 24)
[INFO] [stdout] Accept error: Too many open files (os error 24)
[INFO] [stdout] Accept error: Too many open files (os error 24)
[INFO] [stdout] Accept error: Too many open files (os error 24)
[INFO] [stdout] Accept error: Too many open files (os error 24)
[INFO] [stdout] Accept error: Too many open files (os error 24)
[INFO] [stdout] Accept error: Too many open files (os error 24)
[INFO] [stdout] Accept error: Too many open files (os error 24)
[INFO] [stdout] Accept error: Too many open files (os error 24)
[INFO] [stdout] Accept error: Too many open files (os error 24)
[INFO] [stdout] Accept error: Too many open files (os error 24)
[INFO] [stdout] Accept error: Too many open files (os error 24)
[INFO] [stdout] Accept error: Too many open files (os error 24)
[INFO] [stdout] Accept error: Too many open files (os error 24)
[INFO] [stdout] Accept error: Too many open files (os error 24)
[INFO] [stdout] Accept error: Too many open files (os error 24)
[INFO] [stdout] Accept error: Too many open files (os error 24)
[INFO] [stdout] Accept error: Too many open files (os error 24)
[INFO] [stdout] Accept error: Too many open files (os error 24)
[INFO] [stdout] Accept error: Too many open files (os error 24)
[INFO] [stdout] Accept error: Too many open files (os error 24)
[INFO] [stdout] Accept error: Too many open files (os error 24)
[INFO] [stdout] Accept error: Too many open files (os error 24)
[INFO] [stdout] Accept error: Too many open files (os error 24)
[INFO] [stdout] Accept error: Too many open files (os error 24)
[INFO] [stdout] Accept error: Too many open files (os error 24)
[INFO] [stdout] Accept error: Too many open files (os error 24)
[INFO] [stdout] Accept error: Too many open files (os error 24)
[INFO] [stdout] Accept error: Too many open files (os error 24)
[INFO] [stdout] Accept error: Too many open files (os error 24)
[INFO] [stdout] Accept error: Too many open files (os error 24)
[INFO] [stdout] Accept error: Too many open files (os error 24)
[INFO] [stdout] Accept error: Too many open files (os error 24)
[INFO] [stdout] Accept error: Too many open files (os error 24)
[INFO] [stdout] Accept error: Too many open files (os error 24)
[INFO] [stdout] Accept error: Too many open files (os error 24)
[INFO] [stdout] Accept error: Too many open files (os error 24)
[INFO] [stdout] Accept error: Too many open files (os error 24)
[INFO] [stdout] Accept error: Too many open files (os error 24)
[INFO] [stdout] Accept error: Too many open files (os error 24)
[INFO] [stdout] Accept error: Too many open files (os error 24)
[INFO] [stdout] Accept error: Too many open files (os error 24)
[INFO] [stdout] Accept error: Too many open files (os error 24)
[INFO] [stdout] Accept error: Too many open files (os error 24)
[INFO] [stdout] Accept error: Too many open files (os error 24)
[INFO] [stdout] Accept error: Too many open files (os error 24)
[INFO] [stdout] Accept error: Too many open files (os error 24)
[INFO] [stdout] Accept error: Too many open files (os error 24)
[INFO] [stdout] Accept error: Too many open files (os error 24)
[INFO] [stdout] Accept error: Too many open files (os error 24)
[INFO] [stdout] Accept error: Too many open files (os error 24)
[INFO] [stdout] Accept error: Too many open files (os error 24)
[INFO] [stdout] Accept error: Too many open files (os error 24)
[INFO] [stdout] Accept error: Too many open files (os error 24)
[INFO] [stdout] Accept error: Too many open files (os error 24)
[INFO] [stdout] Accept error: Too many open files (os error 24)
[INFO] [stdout] Accept error: Too many open files (os error 24)
[INFO] [stdout] Accept error: Too many open files (os error 24)
[INFO] [stdout] Accept error: Too many open files (os error 24)
[INFO] [stdout] Accept error: Too many open files (os error 24)
[INFO] [stdout] Accept error: Too many open files (os error 24)
[INFO] [stdout] Accept error: Too many open files (os error 24)
[INFO] [stdout] Accept error: Too many open files (os error 24)
[INFO] [stdout] Accept error: Too many open files (os error 24)
[INFO] [stdout] Accept error: Too many open files (os error 24)
[INFO] [stdout] Accept error: Too many open files (os error 24)
[INFO] [stdout] Accept error: Too many open files (os error 24)
[INFO] [stdout] Accept error: Too many open files (os error 24)
[INFO] [stdout] Accept error: Too many open files (os error 24)
[INFO] [stdout] Accept error: Too many open files (os error 24)
[INFO] [stdout] Accept error: Too many open files (os error 24)
[INFO] [stdout] Accept error: Too many open files (os error 24)
[INFO] [stdout] Accept error: Too many open files (os error 24)
[INFO] [stdout] Accept error: Too many open files (os error 24)
[INFO] [stdout] Accept error: Too many open files (os error 24)
[INFO] [stdout] Accept error: Too many open files (os error 24)
[INFO] [stdout] Accept error: Too many open files (os error 24)
[INFO] [stdout] Accept error: Too many open files (os error 24)
[INFO] [stdout] 
[INFO] [stdout] thread 'burst_of_300_concurrent_get_requests_all_succeed' (3437) panicked at tests/stability.rs:622:16:
[INFO] [stdout] task panicked: JoinError::Panic(Id(513), "connect: Os { code: 24, kind: TooManyOpenFiles, message: \"Too many open files\" }", ...)
[INFO] [stdout] stack backtrace:
[INFO] [stdout]    0:     0x57bc888e13f1 - <<std[70759c8f55707aa4]::sys::backtrace::BacktraceLock>::print::DisplayBacktrace as core[df12db4294e9bfd3]::fmt::Display>::fmt
[INFO] [stdout]    1:     0x57bc888f86ea - core[df12db4294e9bfd3]::fmt::write
[INFO] [stdout]    2:     0x57bc888e5fac - <alloc[2182bb758b4b3781]::vec::Vec<u8> as core[df12db4294e9bfd3]::io::write::Write>::write_fmt
[INFO] [stdout]    3:     0x57bc888bc3b6 - std[70759c8f55707aa4]::panicking::default_hook::{closure#0}
[INFO] [stdout]    4:     0x57bc888d8d69 - std[70759c8f55707aa4]::panicking::default_hook
[INFO] [stdout]    5:     0x57bc8854b070 - test[9d35eded1c95d3be]::test_main_inner::<test[9d35eded1c95d3be]::test_main_static::{closure#0}>::{closure#0}
[INFO] [stdout]    6:     0x57bc888d9092 - std[70759c8f55707aa4]::panicking::panic_with_hook
[INFO] [stdout]    7:     0x57bc888bc462 - std[70759c8f55707aa4]::panicking::panic_handler::{closure#0}
[INFO] [stdout]    8:     0x57bc888b4d39 - std[70759c8f55707aa4]::sys::backtrace::__rust_end_short_backtrace::<std[70759c8f55707aa4]::panicking::panic_handler::{closure#0}, !>
[INFO] [stdout]    9:     0x57bc888bd2ed - __rustc[8fa7c3cbc660c2b3]::rust_begin_unwind
[INFO] [stdout]   10:     0x57bc888f8e4c - core[df12db4294e9bfd3]::panicking::panic_fmt
[INFO] [stdout]   11:     0x57bc888f8c22 - core[df12db4294e9bfd3]::result::unwrap_failed
[INFO] [stdout]   12:     0x57bc884f104e - stability[56f637e45ab18eab]::burst_of_300_concurrent_get_requests_all_succeed::{closure#0}
[INFO] [stdout]   13:     0x57bc8853686b - <tokio[669ba5ae65e18009]::runtime::runtime::Runtime>::block_on::<core[df12db4294e9bfd3]::pin::Pin<&mut dyn core[df12db4294e9bfd3]::future::future::Future<Output = ()>>>
[INFO] [stdout]   14:     0x57bc884f804e - <stability[56f637e45ab18eab]::burst_of_300_concurrent_get_requests_all_succeed::{closure#0} as core[df12db4294e9bfd3]::ops::function::FnOnce<()>>::call_once
[INFO] [stdout]   15:     0x57bc8853e35b - test[9d35eded1c95d3be]::__rust_begin_short_backtrace::<core[df12db4294e9bfd3]::result::Result<(), alloc[2182bb758b4b3781]::string::String>, fn() -> core[df12db4294e9bfd3]::result::Result<(), alloc[2182bb758b4b3781]::string::String>>
[INFO] [stdout]   16:     0x57bc8854b9c5 - test[9d35eded1c95d3be]::run_test::{closure#0}
[INFO] [stdout]   17:     0x57bc88545284 - std[70759c8f55707aa4]::sys::backtrace::__rust_begin_short_backtrace::<test[9d35eded1c95d3be]::run_test::{closure#1}, ()>
[INFO] [stdout]   18:     0x57bc8854eb22 - <std[70759c8f55707aa4]::thread::lifecycle::spawn_unchecked<test[9d35eded1c95d3be]::run_test::{closure#1}, ()>::{closure#1} as core[df12db4294e9bfd3]::ops::function::FnOnce<()>>::call_once::{shim:vtable#0}
[INFO] [stdout]   19:     0x57bc888e0359 - <std[70759c8f55707aa4]::sys::thread::unix::Thread>::new::thread_start
[INFO] [stdout]   20:     0x7d35bc41ddfa - <unknown>
[INFO] [stdout]   21:     0x7d35bc4b13d4 - clone
[INFO] [stdout]   22:                0x0 - <unknown>
[INFO] [stdout] 
[INFO] [stdout] 
[INFO] [stdout] failures:
[INFO] [stdout]     burst_of_300_concurrent_get_requests_all_succeed
[INFO] [stdout]     burst_throughput_500_concurrent_requests
[INFO] [stdout]     sequential_throughput_is_stable_over_1000_requests
[INFO] [stdout] 
[INFO] [stdout] test result: FAILED. 26 passed; 3 failed; 0 ignored; 0 measured; 0 filtered out; finished in 0.09s
[INFO] [stdout] 
[INFO] running `Command { std: "docker" "inspect" "0da1191319a76044df0a84867f9ed5fdef6ef00a03ba62b88d2942fb8438360d", kill_on_drop: false }`
[INFO] running `Command { std: "docker" "rm" "-f" "0da1191319a76044df0a84867f9ed5fdef6ef00a03ba62b88d2942fb8438360d", kill_on_drop: false }`
[INFO] [stdout] 0da1191319a76044df0a84867f9ed5fdef6ef00a03ba62b88d2942fb8438360d
