[INFO] fetching crate multiversx-wegld-swap-sc 0.66.2...
[INFO] testing multiversx-wegld-swap-sc-0.66.2 against 1.99.0-beta.8+cargoflags=--release for beta-release-1.100-2
[INFO] extracting crate multiversx-wegld-swap-sc 0.66.2 into /workspace/builds/worker-5-tc1/source
[INFO] started tweaking crates.io crate multiversx-wegld-swap-sc 0.66.2
[INFO] removed 0 missing tests
[INFO] finished tweaking crates.io crate multiversx-wegld-swap-sc 0.66.2
[INFO] tweaked toml for crates.io crate multiversx-wegld-swap-sc 0.66.2 written to /workspace/builds/worker-5-tc1/source/Cargo.toml
[INFO] validating manifest of crates.io crate multiversx-wegld-swap-sc 0.66.2 on toolchain 1.99.0-beta.8
[INFO] running `Command { std: CARGO_HOME="/workspace/cargo-home" RUSTUP_HOME="/workspace/rustup-home" "/workspace/cargo-home/bin/cargo" "+1.99.0-beta.8" "metadata" "--manifest-path" "Cargo.toml" "--no-deps", kill_on_drop: false }`
[INFO] crate crates.io crate multiversx-wegld-swap-sc 0.66.2 already has a lockfile, it will not be regenerated
[INFO] running `Command { std: CARGO_HOME="/workspace/cargo-home" RUSTUP_HOME="/workspace/rustup-home" "/workspace/cargo-home/bin/cargo" "+1.99.0-beta.8" "fetch" "--manifest-path" "Cargo.toml", kill_on_drop: false }`
[INFO] [stderr]     Blocking waiting for file lock on package cache
[INFO] [stderr]     Updating crates.io index
[INFO] [stderr]     Blocking waiting for file lock on package cache
[INFO] [stderr]  Downloading crates ...
[INFO] [stderr]   Downloaded multiversx-sc-modules v0.66.2
[INFO] running `Command { std: "docker" "create" "-v" "/var/lib/crater-agent-workspace/builds/worker-5-tc1/source:/opt/rustwide/workdir:ro,Z" "-v" "/var/lib/crater-agent-workspace/builds/worker-5-tc1/target:/opt/rustwide/target:rw,Z" "-v" "/var/lib/crater-agent-workspace/cargo-home:/opt/rustwide/cargo-home:ro,Z" "-v" "/var/lib/crater-agent-workspace/rustup-home:/opt/rustwide/rustup-home:ro,Z" "-m" "1610612736" "--network" "none" "ghcr.io/rust-lang/crates-build-env/linux@sha256:77db811e55d90add9212f6832c23229e3de5f1c1f9905e8cb07319ea15df73ac" "sleep" "infinity", kill_on_drop: false }`
[INFO] [stdout] 51f000660b49c6b473cde95bf79d0560b99e35e170d0e0930c2a2170eed74eb4
[INFO] running `Command { std: "docker" "start" "51f000660b49c6b473cde95bf79d0560b99e35e170d0e0930c2a2170eed74eb4", kill_on_drop: false }`
[INFO] running `Command { std: "docker" "inspect" "51f000660b49c6b473cde95bf79d0560b99e35e170d0e0930c2a2170eed74eb4", kill_on_drop: false }`
[INFO] running `Command { std: "docker" "exec" "-e" "SOURCE_DIR=/opt/rustwide/workdir" "-e" "CARGO_HOME=/opt/rustwide/cargo-home" "-e" "RUSTUP_HOME=/opt/rustwide/rustup-home" "-e" "CARGO_TARGET_DIR=/opt/rustwide/target" "-w" "/opt/rustwide/workdir" "--user" "0:0" "51f000660b49c6b473cde95bf79d0560b99e35e170d0e0930c2a2170eed74eb4" "/opt/rustwide/cargo-home/bin/cargo" "+1.99.0-beta.8" "metadata" "--no-deps" "--format-version=1", kill_on_drop: false }`
[INFO] running `Command { std: "docker" "inspect" "51f000660b49c6b473cde95bf79d0560b99e35e170d0e0930c2a2170eed74eb4", kill_on_drop: false }`
[INFO] running `Command { std: "docker" "exec" "-e" "SOURCE_DIR=/opt/rustwide/workdir" "-e" "CARGO_HOME=/opt/rustwide/cargo-home" "-e" "RUSTUP_HOME=/opt/rustwide/rustup-home" "-e" "CARGO_TARGET_DIR=/opt/rustwide/target" "-e" "CARGO_INCREMENTAL=0" "-e" "RUST_BACKTRACE=full" "-e" "RUSTFLAGS=--cap-lints=warn" "-e" "RUSTDOCFLAGS=--cap-lints=warn" "-w" "/opt/rustwide/workdir" "--user" "0:0" "51f000660b49c6b473cde95bf79d0560b99e35e170d0e0930c2a2170eed74eb4" "/opt/rustwide/cargo-home/bin/cargo" "+1.99.0-beta.8" "build" "--frozen" "--message-format=json" "--release", kill_on_drop: false }`
[INFO] [stderr]    Compiling hex v0.4.3
[INFO] [stderr]    Compiling smallvec v1.15.1
[INFO] [stderr]    Compiling endian-type v0.2.0
[INFO] [stderr]    Compiling unwrap-infallible v1.0.0
[INFO] [stderr]    Compiling arrayvec v0.7.6
[INFO] [stderr]    Compiling syn v2.0.117
[INFO] [stderr]    Compiling generic-array v1.4.3
[INFO] [stderr]    Compiling nibble_vec v0.1.0
[INFO] [stderr]    Compiling radix_trie v0.3.0
[INFO] [stderr]    Compiling multiversx-sc-codec-derive v0.25.0
[INFO] [stderr]    Compiling multiversx-sc-derive v0.66.2
[INFO] [stderr]    Compiling multiversx-sc-codec v0.25.0
[INFO] [stderr]    Compiling multiversx-chain-core v0.23.1
[INFO] [stderr]    Compiling multiversx-sc v0.66.2
[INFO] [stderr]    Compiling multiversx-sc-modules v0.66.2
[INFO] [stderr]    Compiling multiversx-wegld-swap-sc v0.66.2 (/opt/rustwide/workdir)
[INFO] [stderr]     Finished `release` profile [optimized] target(s) in 21.63s
[INFO] running `Command { std: "docker" "inspect" "51f000660b49c6b473cde95bf79d0560b99e35e170d0e0930c2a2170eed74eb4", kill_on_drop: false }`
[INFO] running `Command { std: "docker" "exec" "-e" "SOURCE_DIR=/opt/rustwide/workdir" "-e" "CARGO_HOME=/opt/rustwide/cargo-home" "-e" "RUSTUP_HOME=/opt/rustwide/rustup-home" "-e" "CARGO_TARGET_DIR=/opt/rustwide/target" "-e" "CARGO_INCREMENTAL=0" "-e" "RUST_BACKTRACE=full" "-e" "RUSTFLAGS=--cap-lints=warn" "-e" "RUSTDOCFLAGS=--cap-lints=warn" "-w" "/opt/rustwide/workdir" "--user" "0:0" "51f000660b49c6b473cde95bf79d0560b99e35e170d0e0930c2a2170eed74eb4" "/opt/rustwide/cargo-home/bin/cargo" "+1.99.0-beta.8" "test" "--frozen" "--no-run" "--message-format=json" "--release", kill_on_drop: false }`
[INFO] [stderr]    Compiling const-oid v0.10.2
[INFO] [stderr]    Compiling cpufeatures v0.3.0
[INFO] [stderr]    Compiling sponge-cursor v0.1.0
[INFO] [stderr]    Compiling hex v0.4.3
[INFO] [stderr]    Compiling hybrid-array v0.4.12
[INFO] [stderr]    Compiling keccak v0.2.0
[INFO] [stderr]    Compiling bech32 v0.11.1
[INFO] [stderr]    Compiling generic-array v0.14.7
[INFO] [stderr]    Compiling serde_derive v1.0.228
[INFO] [stderr]    Compiling hashbrown v0.17.1
[INFO] [stderr]    Compiling libc v0.2.186
[INFO] [stderr]    Compiling memchr v2.8.1
[INFO] [stderr]    Compiling num-bigint v0.4.6
[INFO] [stderr]    Compiling curve25519-dalek v4.1.3
[INFO] [stderr]    Compiling semver v1.0.28
[INFO] [stderr]    Compiling getrandom v0.4.2
[INFO] [stderr]    Compiling leb128fmt v0.1.0
[INFO] [stderr]    Compiling winnow v1.0.3
[INFO] [stderr]    Compiling anyhow v1.0.102
[INFO] [stderr]    Compiling serde_spanned v1.1.1
[INFO] [stderr]    Compiling wasm-encoder v0.251.0
[INFO] [stderr]    Compiling toml_datetime v1.1.1+spec-1.1.0
[INFO] [stderr]    Compiling curve25519-dalek-derive v0.1.1
[INFO] [stderr]    Compiling toml_writer v1.1.1+spec-1.1.0
[INFO] [stderr]    Compiling bumpalo v3.20.3
[INFO] [stderr]    Compiling toml_parser v1.1.2+spec-1.1.0
[INFO] [stderr]    Compiling unicode-width v0.2.2
[INFO] [stderr]    Compiling zeroize v1.8.2
[INFO] [stderr]    Compiling signature v2.2.0
[INFO] [stderr]    Compiling block-buffer v0.12.0
[INFO] [stderr]    Compiling crypto-common v0.2.2
[INFO] [stderr]    Compiling serde_json v1.0.150
[INFO] [stderr]    Compiling ed25519 v2.2.3
[INFO] [stderr]    Compiling clap_builder v4.6.0
[INFO] [stderr]    Compiling clap_derive v4.6.1
[INFO] [stderr]    Compiling chacha20 v0.10.0
[INFO] [stderr]    Compiling crypto-common v0.1.7
[INFO] [stderr]    Compiling block-buffer v0.10.4
[INFO] [stderr]    Compiling unicode-segmentation v1.13.2
[INFO] [stderr]    Compiling termcolor v1.4.1
[INFO] [stderr]    Compiling itertools v0.14.0
[INFO] [stderr]    Compiling digest v0.10.7
[INFO] [stderr]    Compiling indexmap v2.14.0
[INFO] [stderr]    Compiling rustc_version v0.4.1
[INFO] [stderr]    Compiling blake2 v0.10.6
[INFO] [stderr]    Compiling wast v251.0.0
[INFO] [stderr]    Compiling sha2 v0.10.9
[INFO] [stderr]    Compiling convert_case v0.11.0
[INFO] [stderr]    Compiling toml v1.1.2+spec-1.1.0
[INFO] [stderr]    Compiling digest v0.11.3
[INFO] [stderr]    Compiling rand v0.10.1
[INFO] [stderr]    Compiling sha3 v0.12.0
[INFO] [stderr]    Compiling multiversx-sc-codec v0.25.0
[INFO] [stderr]    Compiling sha2 v0.11.0
[INFO] [stderr]    Compiling rand_seeder v0.5.0
[INFO] [stderr]    Compiling lazy_static v1.5.0
[INFO] [stderr]    Compiling ed25519-dalek v2.2.0
[INFO] [stderr]    Compiling log v0.4.30
[INFO] [stderr]    Compiling hex-literal v1.1.0
[INFO] [stderr]    Compiling simple-error v0.3.2
[INFO] [stderr]    Compiling pathdiff v0.2.3
[INFO] [stderr]    Compiling serde v1.0.228
[INFO] [stderr]    Compiling clap v4.6.1
[INFO] [stderr]    Compiling multiversx-chain-core v0.23.1
[INFO] [stderr]    Compiling wasmparser v0.249.0
[INFO] [stderr]    Compiling multiversx-chain-scenario-format v0.26.1
[INFO] [stderr]    Compiling multiversx-chain-vm-executor v0.5.1
[INFO] [stderr]    Compiling multiversx-sc v0.66.2
[INFO] [stderr]    Compiling multiversx-chain-vm v0.23.1
[INFO] [stderr]    Compiling wat v1.251.0
[INFO] [stderr]    Compiling wasmprinter v0.249.0
[INFO] [stderr]    Compiling multiversx-sc-modules v0.66.2
[INFO] [stderr]    Compiling multiversx-sc-meta-lib v0.66.2
[INFO] [stderr]    Compiling multiversx-wegld-swap-sc v0.66.2 (/opt/rustwide/workdir)
[INFO] [stderr]    Compiling multiversx-sc-scenario v0.66.2
[INFO] [stderr]     Finished `release` profile [optimized] target(s) in 2m 24s
[INFO] running `Command { std: "docker" "inspect" "51f000660b49c6b473cde95bf79d0560b99e35e170d0e0930c2a2170eed74eb4", kill_on_drop: false }`
[INFO] running `Command { std: "docker" "exec" "-e" "SOURCE_DIR=/opt/rustwide/workdir" "-e" "CARGO_HOME=/opt/rustwide/cargo-home" "-e" "RUSTUP_HOME=/opt/rustwide/rustup-home" "-e" "CARGO_TARGET_DIR=/opt/rustwide/target" "-e" "CARGO_INCREMENTAL=0" "-e" "RUST_BACKTRACE=full" "-e" "RUSTFLAGS=--cap-lints=warn" "-e" "RUSTDOCFLAGS=--cap-lints=warn" "-w" "/opt/rustwide/workdir" "--user" "0:0" "51f000660b49c6b473cde95bf79d0560b99e35e170d0e0930c2a2170eed74eb4" "/opt/rustwide/cargo-home/bin/cargo" "+1.99.0-beta.8" "test" "--frozen" "--release", kill_on_drop: false }`
[INFO] [stderr]     Finished `release` profile [optimized] target(s) in 0.18s
[INFO] [stderr]      Running unittests src/wegld.rs (/opt/rustwide/target/release/deps/multiversx_wegld_swap_sc-0312adeafb3088ef)
[INFO] [stderr]      Running tests/scenario_go_test.rs (/opt/rustwide/target/release/deps/scenario_go_test-594757514f6b65a4)
[INFO] [stdout] 
[INFO] [stdout] running 0 tests
[INFO] [stdout] 
[INFO] [stdout] test result: ok. 0 passed; 0 failed; 0 ignored; 0 measured; 0 filtered out; finished in 0.00s
[INFO] [stdout] 
[INFO] [stdout] 
[INFO] [stdout] running 2 tests
[INFO] [stdout] test unwrap_egld_go ... ok
[INFO] [stdout] test wrap_egld_go ... ok
[INFO] [stdout] 
[INFO] [stdout] test result: ok. 2 passed; 0 failed; 0 ignored; 0 measured; 0 filtered out; finished in 0.00s
[INFO] [stdout] 
[INFO] [stderr]      Running tests/wegld_swap_scenario_rs_test.rs (/opt/rustwide/target/release/deps/wegld_swap_scenario_rs_test-22b61deb48090dad)
[INFO] [stdout] 
[INFO] [stdout] running 2 tests
[INFO] [stdout] test wrap_egld_rs ... FAILED
[INFO] [stdout] test unwrap_egld_rs ... FAILED
[INFO] [stdout] 
[INFO] [stdout] failures:
[INFO] [stdout] 
[INFO] [stdout] ---- wrap_egld_rs stdout ----
[INFO] [stdout] 
[INFO] [stdout] thread 'wrap_egld_rs' (1641) panicked at /opt/rustwide/cargo-home/registry/src/index.crates.io-1949cf8c6b5b557f/multiversx-sc-scenario-0.66.2/src/scenario/parse_util.rs:13:29:
[INFO] [stdout] not found: No such file or directory (os error 2) "/opt/rustwide/workdir/contracts/core/wegld-swap/scenarios/wrap_egld.scen.json"
[INFO] [stdout] stack backtrace:
[INFO] [stdout]    0:     0x626cfd276a51 - <<std[70759c8f55707aa4]::sys::backtrace::BacktraceLock>::print::DisplayBacktrace as core[df12db4294e9bfd3]::fmt::Display>::fmt
[INFO] [stdout]    1:     0x626cfd28bbca - core[df12db4294e9bfd3]::fmt::write
[INFO] [stdout]    2:     0x626cfd27aeec - <alloc[2182bb758b4b3781]::vec::Vec<u8> as core[df12db4294e9bfd3]::io::write::Write>::write_fmt
[INFO] [stdout]    3:     0x626cfd2524f6 - std[70759c8f55707aa4]::panicking::default_hook::{closure#0}
[INFO] [stdout]    4:     0x626cfd26eb09 - std[70759c8f55707aa4]::panicking::default_hook
[INFO] [stdout]    5:     0x626cfd0e9000 - test[9d35eded1c95d3be]::test_main_inner::<test[9d35eded1c95d3be]::test_main_static::{closure#0}>::{closure#0}
[INFO] [stdout]    6:     0x626cfd26ecc2 - std[70759c8f55707aa4]::panicking::panic_with_hook
[INFO] [stdout]    7:     0x626cfd2525a2 - std[70759c8f55707aa4]::panicking::panic_handler::{closure#0}
[INFO] [stdout]    8:     0x626cfd24b199 - std[70759c8f55707aa4]::sys::backtrace::__rust_end_short_backtrace::<std[70759c8f55707aa4]::panicking::panic_handler::{closure#0}, !>
[INFO] [stdout]    9:     0x626cfd25319d - __rustc[8fa7c3cbc660c2b3]::rust_begin_unwind
[INFO] [stdout]   10:     0x626cfd28c32c - core[df12db4294e9bfd3]::panicking::panic_fmt
[INFO] [stdout]   11:     0x626cfd17a6d9 - multiversx_sc_scenario[239691263c2bda7f]::scenario::parse_util::parse_scenario_raw::<&std[70759c8f55707aa4]::path::Path>::{closure#0}
[INFO] [stdout]   12:     0x626cfd17ae03 - <multiversx_sc_scenario[239691263c2bda7f]::facade::debugger_backend::DebuggerBackend>::run_scenario_file
[INFO] [stdout]   13:     0x626cfd0d8256 - <multiversx_sc_scenario[239691263c2bda7f]::facade::scenario_world::ScenarioWorld>::run::<&str>
[INFO] [stdout]   14:     0x626cfd0b62d8 - <wegld_swap_scenario_rs_test[aae976d43ec1feee]::wrap_egld_rs::{closure#0} as core[df12db4294e9bfd3]::ops::function::FnOnce<()>>::call_once
[INFO] [stdout]   15:     0x626cfd0dc2eb - test[9d35eded1c95d3be]::__rust_begin_short_backtrace::<core[df12db4294e9bfd3]::result::Result<(), alloc[2182bb758b4b3781]::string::String>, fn() -> core[df12db4294e9bfd3]::result::Result<(), alloc[2182bb758b4b3781]::string::String>>
[INFO] [stdout]   16:     0x626cfd0e9955 - test[9d35eded1c95d3be]::run_test::{closure#0}
[INFO] [stdout]   17:     0x626cfd0e3214 - std[70759c8f55707aa4]::sys::backtrace::__rust_begin_short_backtrace::<test[9d35eded1c95d3be]::run_test::{closure#1}, ()>
[INFO] [stdout]   18:     0x626cfd0ecab2 - <std[70759c8f55707aa4]::thread::lifecycle::spawn_unchecked<test[9d35eded1c95d3be]::run_test::{closure#1}, ()>::{closure#1} as core[df12db4294e9bfd3]::ops::function::FnOnce<()>>::call_once::{shim:vtable#0}
[INFO] [stdout]   19:     0x626cfd275c99 - <std[70759c8f55707aa4]::sys::thread::unix::Thread>::new::thread_start
[INFO] [stdout]   20:     0x7927c4c8edfa - <unknown>
[INFO] [stdout]   21:     0x7927c4d223d4 - clone
[INFO] [stdout]   22:                0x0 - <unknown>
[INFO] [stdout] 
[INFO] [stdout] ---- unwrap_egld_rs stdout ----
[INFO] [stdout] 
[INFO] [stdout] thread 'unwrap_egld_rs' (1640) panicked at /opt/rustwide/cargo-home/registry/src/index.crates.io-1949cf8c6b5b557f/multiversx-sc-scenario-0.66.2/src/scenario/parse_util.rs:13:29:
[INFO] [stdout] not found: No such file or directory (os error 2) "/opt/rustwide/workdir/contracts/core/wegld-swap/scenarios/unwrap_egld.scen.json"
[INFO] [stdout] stack backtrace:
[INFO] [stdout]    0:     0x626cfd276a51 - <<std[70759c8f55707aa4]::sys::backtrace::BacktraceLock>::print::DisplayBacktrace as core[df12db4294e9bfd3]::fmt::Display>::fmt
[INFO] [stdout]    1:     0x626cfd28bbca - core[df12db4294e9bfd3]::fmt::write
[INFO] [stdout]    2:     0x626cfd27aeec - <alloc[2182bb758b4b3781]::vec::Vec<u8> as core[df12db4294e9bfd3]::io::write::Write>::write_fmt
[INFO] [stdout]    3:     0x626cfd2524f6 - std[70759c8f55707aa4]::panicking::default_hook::{closure#0}
[INFO] [stdout]    4:     0x626cfd26eb09 - std[70759c8f55707aa4]::panicking::default_hook
[INFO] [stdout]    5:     0x626cfd0e9000 - test[9d35eded1c95d3be]::test_main_inner::<test[9d35eded1c95d3be]::test_main_static::{closure#0}>::{closure#0}
[INFO] [stdout]    6:     0x626cfd26ecc2 - std[70759c8f55707aa4]::panicking::panic_with_hook
[INFO] [stdout]    7:     0x626cfd2525a2 - std[70759c8f55707aa4]::panicking::panic_handler::{closure#0}
[INFO] [stdout]    8:     0x626cfd24b199 - std[70759c8f55707aa4]::sys::backtrace::__rust_end_short_backtrace::<std[70759c8f55707aa4]::panicking::panic_handler::{closure#0}, !>
[INFO] [stdout]    9:     0x626cfd25319d - __rustc[8fa7c3cbc660c2b3]::rust_begin_unwind
[INFO] [stdout]   10:     0x626cfd28c32c - core[df12db4294e9bfd3]::panicking::panic_fmt
[INFO] [stdout]   11:     0x626cfd17a6d9 - multiversx_sc_scenario[239691263c2bda7f]::scenario::parse_util::parse_scenario_raw::<&std[70759c8f55707aa4]::path::Path>::{closure#0}
[INFO] [stdout]   12:     0x626cfd17ae03 - <multiversx_sc_scenario[239691263c2bda7f]::facade::debugger_backend::DebuggerBackend>::run_scenario_file
[INFO] [stdout]   13:     0x626cfd0d8256 - <multiversx_sc_scenario[239691263c2bda7f]::facade::scenario_world::ScenarioWorld>::run::<&str>
[INFO] [stdout]   14:     0x626cfd0b6378 - <wegld_swap_scenario_rs_test[aae976d43ec1feee]::unwrap_egld_rs::{closure#0} as core[df12db4294e9bfd3]::ops::function::FnOnce<()>>::call_once
[INFO] [stdout]   15:     0x626cfd0dc2eb - test[9d35eded1c95d3be]::__rust_begin_short_backtrace::<core[df12db4294e9bfd3]::result::Result<(), alloc[2182bb758b4b3781]::string::String>, fn() -> core[df12db4294e9bfd3]::result::Result<(), alloc[2182bb758b4b3781]::string::String>>
[INFO] [stdout]   16:     0x626cfd0e9955 - test[9d35eded1c95d3be]::run_test::{closure#0}
[INFO] [stdout]   17:     0x626cfd0e3214 - std[70759c8f55707aa4]::sys::backtrace::__rust_begin_short_backtrace::<test[9d35eded1c95d3be]::run_test::{closure#1}, ()>
[INFO] [stdout]   18:     0x626cfd0ecab2 - <std[70759c8f55707aa4]::thread::lifecycle::spawn_unchecked<test[9d35eded1c95d3be]::run_test::{closure#1}, ()>::{closure#1} as core[df12db4294e9bfd3]::ops::function::FnOnce<()>>::call_once::{shim:vtable#0}
[INFO] [stdout]   19:     0x626cfd275c99 - <std[70759c8f55707aa4]::sys::thread::unix::Thread>::new::thread_start
[INFO] [stdout]   20:     0x7927c4c8edfa - <unknown>
[INFO] [stdout]   21:     0x7927c4d223d4 - clone
[INFO] [stdout]   22:                0x0 - <unknown>
[INFO] [stdout] 
[INFO] [stdout] 
[INFO] [stdout] failures:
[INFO] [stdout]     unwrap_egld_rs
[INFO] [stdout]     wrap_egld_rs
[INFO] [stdout] 
[INFO] [stdout] test result: FAILED. 0 passed; 2 failed; 0 ignored; 0 measured; 0 filtered out; finished in 0.04s
[INFO] [stdout] 
[INFO] [stderr] error: test failed, to rerun pass `--test wegld_swap_scenario_rs_test`
[INFO] running `Command { std: "docker" "inspect" "51f000660b49c6b473cde95bf79d0560b99e35e170d0e0930c2a2170eed74eb4", kill_on_drop: false }`
[INFO] running `Command { std: "docker" "rm" "-f" "51f000660b49c6b473cde95bf79d0560b99e35e170d0e0930c2a2170eed74eb4", kill_on_drop: false }`
[INFO] [stdout] 51f000660b49c6b473cde95bf79d0560b99e35e170d0e0930c2a2170eed74eb4
