[INFO] fetching crate multiscan-sast 0.3.0...
[INFO] testing multiscan-sast-0.3.0 against 1.100.0-beta.1+cargoflags=--release for beta-release-1.100-2
[INFO] extracting crate multiscan-sast 0.3.0 into /workspace/builds/worker-5-tc2/source
[INFO] started tweaking crates.io crate multiscan-sast 0.3.0
[INFO] removed 0 missing tests
[INFO] finished tweaking crates.io crate multiscan-sast 0.3.0
[INFO] tweaked toml for crates.io crate multiscan-sast 0.3.0 written to /workspace/builds/worker-5-tc2/source/Cargo.toml
[INFO] validating manifest of crates.io crate multiscan-sast 0.3.0 on toolchain 1.100.0-beta.1
[INFO] running `Command { std: CARGO_HOME="/workspace/cargo-home" RUSTUP_HOME="/workspace/rustup-home" "/workspace/cargo-home/bin/cargo" "+1.100.0-beta.1" "metadata" "--manifest-path" "Cargo.toml" "--no-deps", kill_on_drop: false }`
[INFO] crate crates.io crate multiscan-sast 0.3.0 already has a lockfile, it will not be regenerated
[INFO] running `Command { std: CARGO_HOME="/workspace/cargo-home" RUSTUP_HOME="/workspace/rustup-home" "/workspace/cargo-home/bin/cargo" "+1.100.0-beta.1" "fetch" "--manifest-path" "Cargo.toml", kill_on_drop: false }`
[INFO] running `Command { std: "docker" "create" "-v" "/var/lib/crater-agent-workspace/builds/worker-5-tc2/source:/opt/rustwide/workdir:ro,Z" "-v" "/var/lib/crater-agent-workspace/builds/worker-5-tc2/target:/opt/rustwide/target:rw,Z" "-v" "/var/lib/crater-agent-workspace/cargo-home:/opt/rustwide/cargo-home:ro,Z" "-v" "/var/lib/crater-agent-workspace/rustup-home:/opt/rustwide/rustup-home:ro,Z" "-m" "1610612736" "--network" "none" "ghcr.io/rust-lang/crates-build-env/linux@sha256:77db811e55d90add9212f6832c23229e3de5f1c1f9905e8cb07319ea15df73ac" "sleep" "infinity", kill_on_drop: false }`
[INFO] [stdout] 98a0b7a20781bab50537840b740afbf6467aad9535683b1ef38a40d9eda8ba65
[INFO] running `Command { std: "docker" "start" "98a0b7a20781bab50537840b740afbf6467aad9535683b1ef38a40d9eda8ba65", kill_on_drop: false }`
[INFO] running `Command { std: "docker" "inspect" "98a0b7a20781bab50537840b740afbf6467aad9535683b1ef38a40d9eda8ba65", kill_on_drop: false }`
[INFO] running `Command { std: "docker" "exec" "-e" "SOURCE_DIR=/opt/rustwide/workdir" "-e" "CARGO_HOME=/opt/rustwide/cargo-home" "-e" "RUSTUP_HOME=/opt/rustwide/rustup-home" "-e" "CARGO_TARGET_DIR=/opt/rustwide/target" "-w" "/opt/rustwide/workdir" "--user" "0:0" "98a0b7a20781bab50537840b740afbf6467aad9535683b1ef38a40d9eda8ba65" "/opt/rustwide/cargo-home/bin/cargo" "+1.100.0-beta.1" "metadata" "--no-deps" "--format-version=1", kill_on_drop: false }`
[INFO] running `Command { std: "docker" "inspect" "98a0b7a20781bab50537840b740afbf6467aad9535683b1ef38a40d9eda8ba65", kill_on_drop: false }`
[INFO] running `Command { std: "docker" "exec" "-e" "SOURCE_DIR=/opt/rustwide/workdir" "-e" "CARGO_HOME=/opt/rustwide/cargo-home" "-e" "RUSTUP_HOME=/opt/rustwide/rustup-home" "-e" "CARGO_TARGET_DIR=/opt/rustwide/target" "-e" "CARGO_INCREMENTAL=0" "-e" "RUST_BACKTRACE=full" "-e" "RUSTFLAGS=--cap-lints=warn" "-e" "RUSTDOCFLAGS=--cap-lints=warn" "-w" "/opt/rustwide/workdir" "--user" "0:0" "98a0b7a20781bab50537840b740afbf6467aad9535683b1ef38a40d9eda8ba65" "/opt/rustwide/cargo-home/bin/cargo" "+1.100.0-beta.1" "build" "--frozen" "--message-format=json" "--release", kill_on_drop: false }`
[INFO] [stderr]    Compiling zerocopy v0.8.55
[INFO] [stderr]    Compiling libc v0.2.189
[INFO] [stderr]    Compiling cfg-if v1.0.4
[INFO] [stderr]    Compiling smallvec v1.15.2
[INFO] [stderr]    Compiling serde_core v1.0.229
[INFO] [stderr]    Compiling rustversion v1.0.23
[INFO] [stderr]    Compiling syn v3.0.3
[INFO] [stderr]    Compiling zerovec-derive v0.11.3
[INFO] [stderr]    Compiling siphasher v1.0.3
[INFO] [stderr]    Compiling proc-macro-utils v0.10.0
[INFO] [stderr]    Compiling serde v1.0.229
[INFO] [stderr]    Compiling phf_shared v0.11.3
[INFO] [stderr]    Compiling cc v1.4.0
[INFO] [stderr]    Compiling manyhow-macros v0.11.4
[INFO] [stderr]    Compiling quote-use-macros v0.8.4
[INFO] [stderr]    Compiling manyhow v0.11.4
[INFO] [stderr]    Compiling quote-use v0.8.4
[INFO] [stderr]    Compiling zerovec v0.11.6
[INFO] [stderr]    Compiling castaway v0.2.4
[INFO] [stderr]    Compiling either v1.17.0
[INFO] [stderr]    Compiling interpolator v0.5.0
[INFO] [stderr]    Compiling collection_literals v1.0.3
[INFO] [stderr]    Compiling getrandom v0.2.17
[INFO] [stderr]    Compiling derive-where v1.6.1
[INFO] [stderr]    Compiling rand_core v0.6.4
[INFO] [stderr]    Compiling attribute-derive-macro v0.10.5
[INFO] [stderr]    Compiling version_check v0.9.5
[INFO] [stderr]    Compiling indexmap v2.14.0
[INFO] [stderr]    Compiling ahash v0.8.12
[INFO] [stderr]    Compiling autocfg v1.5.1
[INFO] [stderr]    Compiling potential_utf v0.1.5
[INFO] [stderr]    Compiling object v0.39.1
[INFO] [stderr]    Compiling rustc-hash v2.1.3
[INFO] [stderr]    Compiling num-traits v0.2.19
[INFO] [stderr]    Compiling compact_str v0.10.0
[INFO] [stderr]    Compiling memchr v2.8.3
[INFO] [stderr]    Compiling displaydoc v0.2.7
[INFO] [stderr]    Compiling serde_derive v1.0.229
[INFO] [stderr]    Compiling attribute-derive v0.10.5
[INFO] [stderr]    Compiling ordermap v1.2.0
[INFO] [stderr]    Compiling thin-vec v0.2.19
[INFO] [stderr]    Compiling crossbeam-utils v0.8.22
[INFO] [stderr]    Compiling tinystr v0.8.3
[INFO] [stderr]    Compiling zerotrie v0.2.4
[INFO] [stderr]    Compiling icu_locale_core v2.2.0
[INFO] [stderr]    Compiling icu_collections v2.2.0
[INFO] [stderr]    Compiling get-size-derive2 v0.10.3
[INFO] [stderr]    Compiling aho-corasick v1.1.5
[INFO] [stderr]    Compiling get-size2 v0.10.3
[INFO] [stderr]    Compiling swc_macros_common v1.0.1
[INFO] [stderr]    Compiling new_debug_unreachable v1.0.6
[INFO] [stderr]    Compiling unicode-width v0.2.2
[INFO] [stderr]    Compiling ppv-lite86 v0.2.21
[INFO] [stderr]    Compiling icu_provider v2.2.0
[INFO] [stderr]    Compiling allocator-api2 v0.2.21
[INFO] [stderr]    Compiling rand_chacha v0.3.1
[INFO] [stderr]    Compiling rand v0.8.7
[INFO] [stderr]    Compiling icu_properties v2.2.0
[INFO] [stderr]    Compiling icu_normalizer v2.2.0
[INFO] [stderr]    Compiling phf_generator v0.11.3
[INFO] [stderr]    Compiling crossbeam-epoch v0.9.20
[INFO] [stderr]    Compiling phf_macros v0.11.3
[INFO] [stderr]    Compiling idna_adapter v1.2.2
[INFO] [stderr]    Compiling phf_codegen v0.11.3
[INFO] [stderr]    Compiling getopts v0.2.24
[INFO] [stderr]    Compiling triomphe v0.1.16
[INFO] [stderr]    Compiling anyhow v1.0.104
[INFO] [stderr]    Compiling percent-encoding v2.3.2
[INFO] [stderr]    Compiling regex-syntax v0.8.11
[INFO] [stderr]    Compiling crossbeam-deque v0.8.7
[INFO] [stderr]    Compiling thiserror v2.0.19
[INFO] [stderr]    Compiling ar_archive_writer v0.5.3
[INFO] [stderr]    Compiling hashbrown v0.14.5
[INFO] [stderr]    Compiling log v0.4.33
[INFO] [stderr]    Compiling num-integer v0.1.46
[INFO] [stderr]    Compiling form_urlencoded v1.2.2
[INFO] [stderr]    Compiling unicode_names2_generator v1.3.0
[INFO] [stderr]    Compiling is-macro v0.3.7
[INFO] [stderr]    Compiling phf v0.11.3
[INFO] [stderr]    Compiling hstr v4.0.0
[INFO] [stderr]    Compiling idna v1.1.0
[INFO] [stderr]    Compiling ruff_text_size v0.0.8
[INFO] [stderr]    Compiling thiserror-impl v2.0.19
[INFO] [stderr]    Compiling bitflags v2.13.1
[INFO] [stderr]    Compiling psm v0.1.32
[INFO] [stderr]    Compiling scoped-tls v1.0.1
[INFO] [stderr]    Compiling better_scoped_tls v1.0.1
[INFO] [stderr]    Compiling bytes-str v0.2.8
[INFO] [stderr]    Compiling url v2.5.8
[INFO] [stderr]    Compiling swc_atoms v10.0.0
[INFO] [stderr]    Compiling unicode_names2 v1.3.0
[INFO] [stderr]    Compiling ruff_source_file v0.0.8
[INFO] [stderr]    Compiling regex-automata v0.4.18
[INFO] [stderr]    Compiling num-bigint v0.4.8
[INFO] [stderr]    Compiling from_variant v3.0.0
[INFO] [stderr]    Compiling ast_node v6.1.0
[INFO] [stderr]    Compiling swc_visit v2.0.1
[INFO] [stderr]    Compiling stacker v0.1.25
[INFO] [stderr]    Compiling itertools v0.15.0
[INFO] [stderr]    Compiling swc_eq_ignore_macros v1.0.1
[INFO] [stderr]    Compiling arrayvec v0.7.8
[INFO] [stderr]    Compiling siphasher v0.3.11
[INFO] [stderr]    Compiling tinyvec_macros v0.1.1
[INFO] [stderr]    Compiling unicode-ident v1.0.24
[INFO] [stderr]    Compiling tinyvec v1.12.0
[INFO] [stderr]    Compiling rayon-core v1.13.0
[INFO] [stderr]    Compiling swc_common v24.0.0
[INFO] [stderr]    Compiling serde_json v1.0.151
[INFO] [stderr]    Compiling ruff_python_trivia v0.0.8
[INFO] [stderr]    Compiling char_str v0.0.2
[INFO] [stderr]    Compiling bstr v1.13.0
[INFO] [stderr]    Compiling string_enum v1.0.2
[INFO] [stderr]    Compiling blake3 v1.8.5
[INFO] [stderr]    Compiling unicode-id-start v1.4.0
[INFO] [stderr]    Compiling globset v0.4.20
[INFO] [stderr]    Compiling swc_ecma_ast v27.0.0
[INFO] [stderr]    Compiling ruff_python_ast v0.0.8
[INFO] [stderr]    Compiling multiscan-core v0.3.0
[INFO] [stderr]    Compiling rayon v1.12.0
[INFO] [stderr]    Compiling unicode-normalization v0.1.25
[INFO] [stderr]    Compiling compact_str v0.7.1
[INFO] [stderr]    Compiling constant_time_eq v0.4.2
[INFO] [stderr]    Compiling cpufeatures v0.3.0
[INFO] [stderr]    Compiling seq-macro v0.3.6
[INFO] [stderr]    Compiling arrayref v0.3.9
[INFO] [stderr]    Compiling drop_bomb v0.1.5
[INFO] [stderr]    Compiling multiscan-engine v0.3.0
[INFO] [stderr]    Compiling swc_ecma_parser v43.0.0
[INFO] [stderr]    Compiling ruff_python_parser v0.0.8
[INFO] [stderr]    Compiling multiscan-sast v0.3.0 (/opt/rustwide/workdir)
[INFO] [stderr]     Finished `release` profile [optimized] target(s) in 3m 45s
[INFO] [stderr] warning: the following packages contain code that will be rejected by a future version of Rust: attribute-derive-macro v0.10.5
[INFO] [stderr] note: to see what the problems were, use the option `--future-incompat-report`, or run `cargo report future-incompatibilities --id 2`
[INFO] running `Command { std: "docker" "inspect" "98a0b7a20781bab50537840b740afbf6467aad9535683b1ef38a40d9eda8ba65", kill_on_drop: false }`
[INFO] running `Command { std: "docker" "exec" "-e" "SOURCE_DIR=/opt/rustwide/workdir" "-e" "CARGO_HOME=/opt/rustwide/cargo-home" "-e" "RUSTUP_HOME=/opt/rustwide/rustup-home" "-e" "CARGO_TARGET_DIR=/opt/rustwide/target" "-e" "CARGO_INCREMENTAL=0" "-e" "RUST_BACKTRACE=full" "-e" "RUSTFLAGS=--cap-lints=warn" "-e" "RUSTDOCFLAGS=--cap-lints=warn" "-w" "/opt/rustwide/workdir" "--user" "0:0" "98a0b7a20781bab50537840b740afbf6467aad9535683b1ef38a40d9eda8ba65" "/opt/rustwide/cargo-home/bin/cargo" "+1.100.0-beta.1" "test" "--frozen" "--no-run" "--message-format=json" "--release", kill_on_drop: false }`
[INFO] [stderr]    Compiling bitflags v2.13.1
[INFO] [stderr]    Compiling regex-automata v0.4.18
[INFO] [stderr]    Compiling getrandom v0.4.3
[INFO] [stderr]    Compiling rustix v1.1.4
[INFO] [stderr]    Compiling linux-raw-sys v0.12.1
[INFO] [stderr]    Compiling fastrand v2.5.0
[INFO] [stderr]    Compiling ppv-lite86 v0.2.21
[INFO] [stderr]    Compiling wait-timeout v0.2.1
[INFO] [stderr]    Compiling swc_ecma_ast v27.0.0
[INFO] [stderr]    Compiling ruff_python_ast v0.0.8
[INFO] [stderr]    Compiling bit-vec v0.8.0
[INFO] [stderr]    Compiling quick-error v1.2.3
[INFO] [stderr]    Compiling rand_chacha v0.9.0
[INFO] [stderr]    Compiling bit-set v0.8.0
[INFO] [stderr]    Compiling rand v0.9.5
[INFO] [stderr]    Compiling rand_xorshift v0.4.0
[INFO] [stderr]    Compiling unarray v0.1.4
[INFO] [stderr]    Compiling tempfile v3.27.0
[INFO] [stderr]    Compiling rusty-fork v0.3.1
[INFO] [stderr]    Compiling proptest v1.11.0
[INFO] [stderr]    Compiling bstr v1.13.0
[INFO] [stderr]    Compiling globset v0.4.20
[INFO] [stderr]    Compiling multiscan-engine v0.3.0
[INFO] [stderr]    Compiling ruff_python_parser v0.0.8
[INFO] [stderr]    Compiling swc_ecma_parser v43.0.0
[INFO] [stderr]    Compiling multiscan-sast v0.3.0 (/opt/rustwide/workdir)
[INFO] [stderr]     Finished `release` profile [optimized] target(s) in 2m 25s
[INFO] [stderr] warning: the following packages contain code that will be rejected by a future version of Rust: attribute-derive-macro v0.10.5
[INFO] [stderr] note: to see what the problems were, use the option `--future-incompat-report`, or run `cargo report future-incompatibilities --id 2`
[INFO] running `Command { std: "docker" "inspect" "98a0b7a20781bab50537840b740afbf6467aad9535683b1ef38a40d9eda8ba65", kill_on_drop: false }`
[INFO] running `Command { std: "docker" "exec" "-e" "SOURCE_DIR=/opt/rustwide/workdir" "-e" "CARGO_HOME=/opt/rustwide/cargo-home" "-e" "RUSTUP_HOME=/opt/rustwide/rustup-home" "-e" "CARGO_TARGET_DIR=/opt/rustwide/target" "-e" "CARGO_INCREMENTAL=0" "-e" "RUST_BACKTRACE=full" "-e" "RUSTFLAGS=--cap-lints=warn" "-e" "RUSTDOCFLAGS=--cap-lints=warn" "-w" "/opt/rustwide/workdir" "--user" "0:0" "98a0b7a20781bab50537840b740afbf6467aad9535683b1ef38a40d9eda8ba65" "/opt/rustwide/cargo-home/bin/cargo" "+1.100.0-beta.1" "test" "--frozen" "--release", kill_on_drop: false }`
[INFO] [stderr]     Finished `release` profile [optimized] target(s) in 0.20s
[INFO] [stderr] warning: the following packages contain code that will be rejected by a future version of Rust: attribute-derive-macro v0.10.5
[INFO] [stderr] note: to see what the problems were, use the option `--future-incompat-report`, or run `cargo report future-incompatibilities --id 2`
[INFO] [stderr]      Running unittests src/lib.rs (/opt/rustwide/target/release/build/multiscan-sast/d7d12f9eb8ca16d1/out/multiscan_sast-d7d12f9eb8ca16d1)
[INFO] [stdout] 
[INFO] [stdout] running 105 tests
[INFO] [stdout] test compile::tests::compiles_one_rule_per_targeted_language ... ok
[INFO] [stdout] test compile::tests::nested_operators_compile ... ok
[INFO] [stdout] test compile::tests::unparseable_pattern_text_is_rejected_not_skipped ... ok
[INFO] [stdout] test compile::tests::load_time_rejections_are_carried_through ... ok
[INFO] [stdout] test engine_tests::typescript_files_route_to_the_typescript_grammar ... ok
[INFO] [stdout] test engine_tests::findings_carry_structural_identity_and_a_line ... ok
[INFO] [stdout] test imports::tests::dynamic_requires_are_not_guessed ... ok
[INFO] [stdout] test engine_tests::a_syntax_error_degrades_to_partial_and_cannot_close_findings ... ok
[INFO] [stdout] test engine_tests::reformatting_a_file_preserves_finding_identity ... ok
[INFO] [stdout] test imports::tests::a_file_with_no_imports_yields_nothing ... ok
[INFO] [stdout] test imports::tests::extraction_is_deterministic_and_sorted ... ok
[INFO] [stdout] test engine_tests::unsupported_languages_degrade_and_the_scan_completes ... ok
[INFO] [stdout] test imports::tests::references_matches_submodules ... ok
[INFO] [stdout] test lang::javascript::tests::class_method_bodies_are_lowered ... ok
[INFO] [stdout] test imports::tests::python_from_imports_record_the_module_not_the_symbol ... ok
[INFO] [stdout] test imports::tests::javascript_require_counts ... ok
[INFO] [stdout] test imports::tests::javascript_static_imports ... ok
[INFO] [stdout] test imports::tests::python_plain_imports ... ok
[INFO] [stdout] test lang::javascript::tests::ellipsis_matches_any_arity ... ok
[INFO] [stdout] test lang::javascript::tests::compiles_a_pattern_and_matches_real_source ... ok
[INFO] [stdout] test imports::tests::python_imports_inside_functions_count ... ok
[INFO] [stdout] test lang::javascript::tests::parentheses_are_formatting_not_structure ... ok
[INFO] [stdout] test lang::javascript::tests::plain_imports_still_lower_as_imports ... ok
[INFO] [stdout] test lang::javascript::tests::exported_declarations_are_seen_through ... ok
[INFO] [stdout] test lang::javascript::tests::recovered_parse_errors_degrade_the_file ... ok
[INFO] [stdout] test lang::javascript::tests::reformatting_preserves_the_structural_hash ... ok
[INFO] [stdout] test lang::javascript::tests::typescript_assertions_do_not_change_identity ... ok
[INFO] [stdout] test lang::python::sequence_tests::a_bare_call_pattern_does_not_match_a_member_call ... ok
[INFO] [stdout] test lang::javascript::tests::extension_routing_picks_the_typescript_grammar ... ok
[INFO] [stdout] test lang::javascript::tests::lowers_a_call ... ok
[INFO] [stdout] test lang::javascript::tests::member_calls_lower_with_the_selector ... ok
[INFO] [stdout] test lang::javascript::tests::multi_statement_leaf_patterns_compile_to_a_sequence ... ok
[INFO] [stdout] test lang::javascript::tests::syntax_errors_are_an_error_not_a_panic ... ok
[INFO] [stdout] test lang::javascript::tests::typescript_parses_through_the_same_front_end ... ok
[INFO] [stdout] test engine_tests::emission_order_is_stable_across_runs ... ok
[INFO] [stdout] test lang::python::sequence_tests::a_single_statement_pattern_is_unchanged ... ok
[INFO] [stdout] test lang::python::sequence_tests::it_matches_inside_a_function_body_not_only_at_file_root ... ok
[INFO] [stdout] test lang::python::sequence_tests::the_metavariable_must_agree_across_statements ... ok
[INFO] [stdout] test lang::python::tests::attribute_calls_lower_with_the_selector ... ok
[INFO] [stdout] test lang::python::tests::class_method_bodies_are_lowered ... ok
[INFO] [stdout] test lang::python::tests::compiles_a_pattern_and_matches_real_source ... ok
[INFO] [stdout] test lang::python::sequence_tests::a_multi_statement_pattern_matches_a_statement_run ... ok
[INFO] [stdout] test lang::python::sequence_tests::order_matters ... ok
[INFO] [stdout] test lang::python::tests::reserved_prefix_in_real_source_is_just_an_identifier ... ok
[INFO] [stdout] test lang::python::tests::reformatting_preserves_the_structural_hash ... ok
[INFO] [stdout] test lang::python::tests::ellipsis_pattern_matches_any_arity ... ok
[INFO] [stdout] test lang::python::tests::lowers_a_call ... ok
[INFO] [stdout] test lang::python::tests::multi_statement_leaf_patterns_compile_to_a_sequence ... ok
[INFO] [stdout] test lang::python::tests::pattern_inside_a_function_scopes_the_match ... ok
[INFO] [stdout] test lang::python::tests::renaming_does_change_the_hash ... ok
[INFO] [stdout] test lang::tests::ellipsis_marker_is_seen_through_wrappers ... ok
[INFO] [stdout] test lang::tests::meaningful_wrappers_do_not_collapse_to_ellipsis ... ok
[INFO] [stdout] test lang::python::tests::syntax_errors_are_an_error_not_a_panic ... ok
[INFO] [stdout] test lang::tests::line_index_maps_offsets ... ok
[INFO] [stdout] test lang::tests::substitution_covers_metavars_and_ellipsis ... ok
[INFO] [stdout] test lang::tests::metavar_conversion_handles_anonymous ... ok
[INFO] [stdout] test matcher::tests::either_takes_the_first_matching_branch ... ok
[INFO] [stdout] test matcher::tests::ellipsis_around_a_pinned_argument ... ok
[INFO] [stdout] test matcher::tests::ellipsis_spans_any_argument_run ... ok
[INFO] [stdout] test matcher::tests::deep_trees_are_bounded_not_fatal ... ok
[INFO] [stdout] test lang::tests::substitution_leaves_ordinary_source_alone ... ok
[INFO] [stdout] test matcher::tests::inside_requires_an_enclosing_context ... ok
[INFO] [stdout] test matcher::tests::every_occurrence_matches_in_source_order ... ok
[INFO] [stdout] test matcher::tests::all_threads_bindings_across_operands ... ok
[INFO] [stdout] test matcher::tests::first_solution_semantics_are_deliberate ... ok
[INFO] [stdout] test matcher::tests::anonymous_metavar_imposes_no_equality ... ok
[INFO] [stdout] test lang::python::tests::oversized_source_is_rejected ... ok
[INFO] [stdout] test matcher::tests::not_excludes_a_shape ... ok
[INFO] [stdout] test matcher::tests::not_inside_excludes_an_enclosing_context ... ok
[INFO] [stdout] test matcher::tests::metavar_binds_the_matched_node ... ok
[INFO] [stdout] test matcher::tests::matching_is_reproducible ... ok
[INFO] [stdout] test matcher::tests::ordinary_matching_never_touches_the_budget ... ok
[INFO] [stdout] test matcher::tests::repeated_metavar_requires_equal_content ... ok
[INFO] [stdout] test pattern::tests::adjacent_ellipses_are_rejected ... ok
[INFO] [stdout] test pattern::tests::depth_reaches_into_leaf_patterns ... ok
[INFO] [stdout] test matcher::tests::spans_do_not_affect_matching ... ok
[INFO] [stdout] test matcher::tests::wrong_callee_does_not_match ... ok
[INFO] [stdout] test pattern::tests::ellipsis_checks_reach_nested_sequences ... ok
[INFO] [stdout] test pattern::tests::empty_operand_lists_are_rejected ... ok
[INFO] [stdout] test pattern::tests::too_many_ellipses_in_one_sequence_are_rejected ... ok
[INFO] [stdout] test pattern::tests::well_formed_patterns_validate ... ok
[INFO] [stdout] test rules::tests::bad_rules_are_recorded_not_swallowed ... ok
[INFO] [stdout] test rules::tests::bare_ellipsis_is_rejected ... ok
[INFO] [stdout] test rules::tests::duplicate_rule_ids_are_rejected ... ok
[INFO] [stdout] test rules::tests::ellipsis_heavy_leaf_text_is_rejected ... ok
[INFO] [stdout] test rules::tests::loads_a_well_formed_rule ... ok
[INFO] [stdout] test rules::tests::missing_severity_is_rejected ... ok
[INFO] [stdout] test rules::tests::out_of_subset_operator_alongside_a_valid_one_is_rejected ... ok
[INFO] [stdout] test rules::tests::nested_operators_round_trip ... ok
[INFO] [stdout] test rules::tests::out_of_subset_operators_are_rejected ... ok
[INFO] [stdout] test rules::tests::oversized_leaf_pattern_is_rejected ... ok
[INFO] [stdout] test tests::engine_without_rules_is_not_applicable ... ok
[INFO] [stdout] test rules::tests::repeated_bad_ids_keep_separate_rejection_records ... ok
[INFO] [stdout] test pattern::tests::over_deep_patterns_are_rejected ... ok
[INFO] [stdout] test rules::tests::taint_mode_cannot_be_expressed ... ok
[INFO] [stdout] test tests::structural_hash_ignores_line_positions ... ok
[INFO] [stdout] test tests::different_shapes_differ ... ok
[INFO] [stdout] test tests::extension_routing_covers_both_front_ends ... ok
[INFO] [stdout] test tree::tests::different_identifiers_are_not_structurally_equal ... ok
[INFO] [stdout] test tree::tests::spans_change_nothing_structural ... ok
[INFO] [stdout] test tree::tests::structural_parts_are_preorder_and_span_free ... ok
[INFO] [stdout] test tree::tests::kind_wire_forms_are_unique ... ok
[INFO] [stdout] test tree::tests::depth_counts_nesting ... ok
[INFO] [stdout] test matcher::tests::a_wide_sequence_exhausts_the_budget_visibly ... ok
[INFO] [stderr]      Running tests/identity_corpus.rs (/opt/rustwide/target/release/build/multiscan-sast/350f45ff39261a5f/out/identity_corpus-350f45ff39261a5f)
[INFO] [stdout] test matcher::tests::budget_exhaustion_is_deterministic ... ok
[INFO] [stdout] 
[INFO] [stdout] test result: ok. 105 passed; 0 failed; 0 ignored; 0 measured; 0 filtered out; finished in 0.33s
[INFO] [stdout] 
[INFO] [stdout] 
[INFO] [stdout] running 10 tests
[INFO] [stdout] test identical_occurrences_in_one_file_share_identity ... ok
[INFO] [stdout] test redundant_syntax_merges ... ok
[INFO] [stdout] test the_same_construct_hashes_alike_across_languages ... ok
[INFO] [stdout] test formatting_changes_merge ... ok
[INFO] [stdout] test ancestors_do_not_feed_the_hash ... ok
[INFO] [stdout] test literal_values_merge ... ok
[INFO] [stdout] test moving_code_down_the_file_merges ... ok
[INFO] [stdout] test native_and_imported_hashes_are_structurally_disjoint ... ok
[INFO] [stdout] test near_misses_do_not_merge ... ok
[INFO] [stdout] test js_near_misses_do_not_merge ... ok
[INFO] [stdout] 
[INFO] [stdout] test result: ok. 10 passed; 0 failed; 0 ignored; 0 measured; 0 filtered out; finished in 0.00s
[INFO] [stdout] 
[INFO] [stderr]      Running tests/parse_timeout.rs (/opt/rustwide/target/release/build/multiscan-sast/8cb2be5a244881d1/out/parse_timeout-8cb2be5a244881d1)
[INFO] [stdout] 
[INFO] [stdout] running 5 tests
[INFO] [stdout] test a_language_is_abandoned_after_repeated_timeouts ... FAILED
[INFO] [stdout] test the_unbounded_reproducer_now_terminates ... FAILED
[INFO] [stdout] test abandoning_one_language_does_not_abandon_the_other ... FAILED
[INFO] [stdout] test the_milder_reproducers_are_bounded_too ... FAILED
[INFO] [stdout] test ordinary_files_never_approach_the_bound ... ok
[INFO] [stdout] 
[INFO] [stdout] failures:
[INFO] [stdout] 
[INFO] [stdout] ---- a_language_is_abandoned_after_repeated_timeouts stdout ----
[INFO] [stdout] 
[INFO] [stdout] thread 'a_language_is_abandoned_after_repeated_timeouts' (3235) panicked at tests/parse_timeout.rs:18:35:
[INFO] [stdout] reproducer is committed: Os { code: 2, kind: NotFound, message: "No such file or directory" }
[INFO] [stdout] stack backtrace:
[INFO] [stdout]    0:     0x64bed4d56771 - <<std[617be2ca0a6fd877]::sys::backtrace::BacktraceLock>::print::DisplayBacktrace as core[a373ad73a504971]::fmt::Display>::fmt
[INFO] [stdout]    1:     0x64bed4d6c08a - core[a373ad73a504971]::fmt::write
[INFO] [stdout]    2:     0x64bed4d5aa8c - <alloc[2e1b2a31b91974c5]::vec::Vec<u8> as core[a373ad73a504971]::io::write::Write>::write_fmt
[INFO] [stdout]    3:     0x64bed4d32026 - std[617be2ca0a6fd877]::panicking::default_hook::{closure#0}
[INFO] [stdout]    4:     0x64bed4d4e489 - std[617be2ca0a6fd877]::panicking::default_hook
[INFO] [stdout]    5:     0x64bed4b3f2e0 - test[aada8e7e76ba119b]::test_main_inner::{closure#0}
[INFO] [stdout]    6:     0x64bed4d4e7b2 - std[617be2ca0a6fd877]::panicking::panic_with_hook
[INFO] [stdout]    7:     0x64bed4d320d2 - std[617be2ca0a6fd877]::panicking::panic_handler::{closure#0}
[INFO] [stdout]    8:     0x64bed4d2ac29 - std[617be2ca0a6fd877]::sys::backtrace::__rust_end_short_backtrace::<std[617be2ca0a6fd877]::panicking::panic_handler::{closure#0}, !>
[INFO] [stdout]    9:     0x64bed4d32cdd - __rustc[ea4f61d10b84890b]::rust_begin_unwind
[INFO] [stdout]   10:     0x64bed4d6c7fc - core[a373ad73a504971]::panicking::panic_fmt
[INFO] [stdout]   11:     0x64bed4d6c5d2 - core[a373ad73a504971]::result::unwrap_failed
[INFO] [stdout]   12:     0x64bed4b3160a - parse_timeout[3cc8f0bc65fd2b03]::reproducer
[INFO] [stdout]   13:     0x64bed4b321b9 - <parse_timeout[3cc8f0bc65fd2b03]::a_language_is_abandoned_after_repeated_timeouts::{closure#0} as core[a373ad73a504971]::ops::function::FnOnce<()>>::call_once
[INFO] [stdout]   14:     0x64bed4b3272b - test[aada8e7e76ba119b]::__rust_begin_short_backtrace::<core[a373ad73a504971]::result::Result<(), alloc[2e1b2a31b91974c5]::string::String>, fn() -> core[a373ad73a504971]::result::Result<(), alloc[2e1b2a31b91974c5]::string::String>>
[INFO] [stdout]   15:     0x64bed4b3f905 - test[aada8e7e76ba119b]::run_test::{closure#0}
[INFO] [stdout]   16:     0x64bed4b391f4 - std[617be2ca0a6fd877]::sys::backtrace::__rust_begin_short_backtrace::<test[aada8e7e76ba119b]::run_test::{closure#1}, ()>
[INFO] [stdout]   17:     0x64bed4b42992 - <std[617be2ca0a6fd877]::thread::lifecycle::spawn_unchecked<test[aada8e7e76ba119b]::run_test::{closure#1}, ()>::{closure#1} as core[a373ad73a504971]::ops::function::FnOnce<()>>::call_once::{shim:vtable#0}
[INFO] [stdout]   18:     0x64bed4d5591f - <std[617be2ca0a6fd877]::sys::thread::unix::Thread>::new::thread_start
[INFO] [stdout]   19:     0x72fff8d83dfa - <unknown>
[INFO] [stdout]   20:     0x72fff8e173d4 - clone
[INFO] [stdout]   21:                0x0 - <unknown>
[INFO] [stdout] 
[INFO] [stdout] ---- the_unbounded_reproducer_now_terminates stdout ----
[INFO] [stdout] 
[INFO] [stdout] thread 'the_unbounded_reproducer_now_terminates' (3239) panicked at tests/parse_timeout.rs:18:35:
[INFO] [stdout] reproducer is committed: Os { code: 2, kind: NotFound, message: "No such file or directory" }
[INFO] [stdout] stack backtrace:
[INFO] [stdout]    0:     0x64bed4d56771 - <<std[617be2ca0a6fd877]::sys::backtrace::BacktraceLock>::print::DisplayBacktrace as core[a373ad73a504971]::fmt::Display>::fmt
[INFO] [stdout]    1:     0x64bed4d6c08a - core[a373ad73a504971]::fmt::write
[INFO] [stdout]    2:     0x64bed4d5aa8c - <alloc[2e1b2a31b91974c5]::vec::Vec<u8> as core[a373ad73a504971]::io::write::Write>::write_fmt
[INFO] [stdout]    3:     0x64bed4d32026 - std[617be2ca0a6fd877]::panicking::default_hook::{closure#0}
[INFO] [stdout]    4:     0x64bed4d4e489 - std[617be2ca0a6fd877]::panicking::default_hook
[INFO] [stdout]    5:     0x64bed4b3f2e0 - test[aada8e7e76ba119b]::test_main_inner::{closure#0}
[INFO] [stdout]    6:     0x64bed4d4e7b2 - std[617be2ca0a6fd877]::panicking::panic_with_hook
[INFO] [stdout]    7:     0x64bed4d320d2 - std[617be2ca0a6fd877]::panicking::panic_handler::{closure#0}
[INFO] [stdout]    8:     0x64bed4d2ac29 - std[617be2ca0a6fd877]::sys::backtrace::__rust_end_short_backtrace::<std[617be2ca0a6fd877]::panicking::panic_handler::{closure#0}, !>
[INFO] [stdout]    9:     0x64bed4d32cdd - __rustc[ea4f61d10b84890b]::rust_begin_unwind
[INFO] [stdout]   10:     0x64bed4d6c7fc - core[a373ad73a504971]::panicking::panic_fmt
[INFO] [stdout]   11:     0x64bed4d6c5d2 - core[a373ad73a504971]::result::unwrap_failed
[INFO] [stdout]   12:     0x64bed4b3160a - parse_timeout[3cc8f0bc65fd2b03]::reproducer
[INFO] [stdout]   13:     0x64bed4b32055 - <parse_timeout[3cc8f0bc65fd2b03]::the_unbounded_reproducer_now_terminates::{closure#0} as core[a373ad73a504971]::ops::function::FnOnce<()>>::call_once
[INFO] [stdout]   14:     0x64bed4b3272b - test[aada8e7e76ba119b]::__rust_begin_short_backtrace::<core[a373ad73a504971]::result::Result<(), alloc[2e1b2a31b91974c5]::string::String>, fn() -> core[a373ad73a504971]::result::Result<(), alloc[2e1b2a31b91974c5]::string::String>>
[INFO] [stdout]   15:     0x64bed4b3f905 - test[aada8e7e76ba119b]::run_test::{closure#0}
[INFO] [stdout]   16:     0x64bed4b391f4 - std[617be2ca0a6fd877]::sys::backtrace::__rust_begin_short_backtrace::<test[aada8e7e76ba119b]::run_test::{closure#1}, ()>
[INFO] [stdout]   17:     0x64bed4b42992 - <std[617be2ca0a6fd877]::thread::lifecycle::spawn_unchecked<test[aada8e7e76ba119b]::run_test::{closure#1}, ()>::{closure#1} as core[a373ad73a504971]::ops::function::FnOnce<()>>::call_once::{shim:vtable#0}
[INFO] [stdout]   18:     0x64bed4d5591f - <std[617be2ca0a6fd877]::sys::thread::unix::Thread>::new::thread_start
[INFO] [stdout]   19:     0x72fff8d83dfa - <unknown>
[INFO] [stdout]   20:     0x72fff8e173d4 - clone
[INFO] [stdout]   21:                0x0 - <unknown>
[INFO] [stdout] 
[INFO] [stdout] ---- abandoning_one_language_does_not_abandon_the_other stdout ----
[INFO] [stdout] 
[INFO] [stdout] thread 'abandoning_one_language_does_not_abandon_the_other' (3236) panicked at tests/parse_timeout.rs:18:35:
[INFO] [stdout] reproducer is committed: Os { code: 2, kind: NotFound, message: "No such file or directory" }
[INFO] [stdout] stack backtrace:
[INFO] [stdout]    0:     0x64bed4d56771 - <<std[617be2ca0a6fd877]::sys::backtrace::BacktraceLock>::print::DisplayBacktrace as core[a373ad73a504971]::fmt::Display>::fmt
[INFO] [stdout]    1:     0x64bed4d6c08a - core[a373ad73a504971]::fmt::write
[INFO] [stdout]    2:     0x64bed4d5aa8c - <alloc[2e1b2a31b91974c5]::vec::Vec<u8> as core[a373ad73a504971]::io::write::Write>::write_fmt
[INFO] [stdout]    3:     0x64bed4d32026 - std[617be2ca0a6fd877]::panicking::default_hook::{closure#0}
[INFO] [stdout]    4:     0x64bed4d4e489 - std[617be2ca0a6fd877]::panicking::default_hook
[INFO] [stdout]    5:     0x64bed4b3f2e0 - test[aada8e7e76ba119b]::test_main_inner::{closure#0}
[INFO] [stdout]    6:     0x64bed4d4e7b2 - std[617be2ca0a6fd877]::panicking::panic_with_hook
[INFO] [stdout]    7:     0x64bed4d320d2 - std[617be2ca0a6fd877]::panicking::panic_handler::{closure#0}
[INFO] [stdout]    8:     0x64bed4d2ac29 - std[617be2ca0a6fd877]::sys::backtrace::__rust_end_short_backtrace::<std[617be2ca0a6fd877]::panicking::panic_handler::{closure#0}, !>
[INFO] [stdout]    9:     0x64bed4d32cdd - __rustc[ea4f61d10b84890b]::rust_begin_unwind
[INFO] [stdout]   10:     0x64bed4d6c7fc - core[a373ad73a504971]::panicking::panic_fmt
[INFO] [stdout]   11:     0x64bed4d6c5d2 - core[a373ad73a504971]::result::unwrap_failed
[INFO] [stdout]   12:     0x64bed4b3160a - parse_timeout[3cc8f0bc65fd2b03]::reproducer
[INFO] [stdout]   13:     0x64bed4b32435 - <parse_timeout[3cc8f0bc65fd2b03]::abandoning_one_language_does_not_abandon_the_other::{closure#0} as core[a373ad73a504971]::ops::function::FnOnce<()>>::call_once
[INFO] [stdout]   14:     0x64bed4b3272b - test[aada8e7e76ba119b]::__rust_begin_short_backtrace::<core[a373ad73a504971]::result::Result<(), alloc[2e1b2a31b91974c5]::string::String>, fn() -> core[a373ad73a504971]::result::Result<(), alloc[2e1b2a31b91974c5]::string::String>>
[INFO] [stdout]   15:     0x64bed4b3f905 - test[aada8e7e76ba119b]::run_test::{closure#0}
[INFO] [stdout]   16:     0x64bed4b391f4 - std[617be2ca0a6fd877]::sys::backtrace::__rust_begin_short_backtrace::<test[aada8e7e76ba119b]::run_test::{closure#1}, ()>
[INFO] [stdout]   17:     0x64bed4b42992 - <std[617be2ca0a6fd877]::thread::lifecycle::spawn_unchecked<test[aada8e7e76ba119b]::run_test::{closure#1}, ()>::{closure#1} as core[a373ad73a504971]::ops::function::FnOnce<()>>::call_once::{shim:vtable#0}
[INFO] [stdout]   18:     0x64bed4d5591f - <std[617be2ca0a6fd877]::sys::thread::unix::Thread>::new::thread_start
[INFO] [stdout]   19:     0x72fff8d83dfa - <unknown>
[INFO] [stdout]   20:     0x72fff8e173d4 - clone
[INFO] [stdout]   21:                0x0 - <unknown>
[INFO] [stdout] 
[INFO] [stdout] ---- the_milder_reproducers_are_bounded_too stdout ----
[INFO] [stdout] 
[INFO] [stdout] thread 'the_milder_reproducers_are_bounded_too' (3238) panicked at tests/parse_timeout.rs:18:35:
[INFO] [stdout] reproducer is committed: Os { code: 2, kind: NotFound, message: "No such file or directory" }
[INFO] [stdout] stack backtrace:
[INFO] [stdout]    0:     0x64bed4d56771 - <<std[617be2ca0a6fd877]::sys::backtrace::BacktraceLock>::print::DisplayBacktrace as core[a373ad73a504971]::fmt::Display>::fmt
[INFO] [stdout]    1:     0x64bed4d6c08a - core[a373ad73a504971]::fmt::write
[INFO] [stdout]    2:     0x64bed4d5aa8c - <alloc[2e1b2a31b91974c5]::vec::Vec<u8> as core[a373ad73a504971]::io::write::Write>::write_fmt
[INFO] [stdout]    3:     0x64bed4d32026 - std[617be2ca0a6fd877]::panicking::default_hook::{closure#0}
[INFO] [stdout]    4:     0x64bed4d4e489 - std[617be2ca0a6fd877]::panicking::default_hook
[INFO] [stdout]    5:     0x64bed4b3f2e0 - test[aada8e7e76ba119b]::test_main_inner::{closure#0}
[INFO] [stdout]    6:     0x64bed4d4e7b2 - std[617be2ca0a6fd877]::panicking::panic_with_hook
[INFO] [stdout]    7:     0x64bed4d320d2 - std[617be2ca0a6fd877]::panicking::panic_handler::{closure#0}
[INFO] [stdout]    8:     0x64bed4d2ac29 - std[617be2ca0a6fd877]::sys::backtrace::__rust_end_short_backtrace::<std[617be2ca0a6fd877]::panicking::panic_handler::{closure#0}, !>
[INFO] [stdout]    9:     0x64bed4d32cdd - __rustc[ea4f61d10b84890b]::rust_begin_unwind
[INFO] [stdout]   10:     0x64bed4d6c7fc - core[a373ad73a504971]::panicking::panic_fmt
[INFO] [stdout]   11:     0x64bed4d6c5d2 - core[a373ad73a504971]::result::unwrap_failed
[INFO] [stdout]   12:     0x64bed4b3160a - parse_timeout[3cc8f0bc65fd2b03]::reproducer
[INFO] [stdout]   13:     0x64bed4b31c21 - <parse_timeout[3cc8f0bc65fd2b03]::the_milder_reproducers_are_bounded_too::{closure#0} as core[a373ad73a504971]::ops::function::FnOnce<()>>::call_once
[INFO] [stdout]   14:     0x64bed4b3272b - test[aada8e7e76ba119b]::__rust_begin_short_backtrace::<core[a373ad73a504971]::result::Result<(), alloc[2e1b2a31b91974c5]::string::String>, fn() -> core[a373ad73a504971]::result::Result<(), alloc[2e1b2a31b91974c5]::string::String>>
[INFO] [stdout]   15:     0x64bed4b3f905 - test[aada8e7e76ba119b]::run_test::{closure#0}
[INFO] [stdout]   16:     0x64bed4b391f4 - std[617be2ca0a6fd877]::sys::backtrace::__rust_begin_short_backtrace::<test[aada8e7e76ba119b]::run_test::{closure#1}, ()>
[INFO] [stdout]   17:     0x64bed4b42992 - <std[617be2ca0a6fd877]::thread::lifecycle::spawn_unchecked<test[aada8e7e76ba119b]::run_test::{closure#1}, ()>::{closure#1} as core[a373ad73a504971]::ops::function::FnOnce<()>>::call_once::{shim:vtable#0}
[INFO] [stdout]   18:     0x64bed4d5591f - <std[617be2ca0a6fd877]::sys::thread::unix::Thread>::new::thread_start
[INFO] [stdout]   19:     0x72fff8d83dfa - <unknown>
[INFO] [stdout]   20:     0x72fff8e173d4 - clone
[INFO] [stdout]   21:                0x0 - <unknown>
[INFO] [stdout] 
[INFO] [stdout] 
[INFO] [stdout] failures:
[INFO] [stdout]     a_language_is_abandoned_after_repeated_timeouts
[INFO] [stdout]     abandoning_one_language_does_not_abandon_the_other
[INFO] [stdout]     the_milder_reproducers_are_bounded_too
[INFO] [stdout]     the_unbounded_reproducer_now_terminates
[INFO] [stdout] 
[INFO] [stdout] test result: FAILED. 1 passed; 4 failed; 0 ignored; 0 measured; 0 filtered out; finished in 0.01s
[INFO] [stdout] 
[INFO] [stderr] error: test failed, to rerun pass `--test parse_timeout`
[INFO] running `Command { std: "docker" "inspect" "98a0b7a20781bab50537840b740afbf6467aad9535683b1ef38a40d9eda8ba65", kill_on_drop: false }`
[INFO] running `Command { std: "docker" "rm" "-f" "98a0b7a20781bab50537840b740afbf6467aad9535683b1ef38a40d9eda8ba65", kill_on_drop: false }`
[INFO] [stdout] 98a0b7a20781bab50537840b740afbf6467aad9535683b1ef38a40d9eda8ba65
