[INFO] fetching crate multisafepay 0.2.4...
[INFO] testing multisafepay-0.2.4 against 1.100.0-beta.1+cargoflags=--release for beta-release-1.100-2
[INFO] extracting crate multisafepay 0.2.4 into /workspace/builds/worker-4-tc2/source
[INFO] started tweaking crates.io crate multisafepay 0.2.4
[INFO] finished tweaking crates.io crate multisafepay 0.2.4
[INFO] tweaked toml for crates.io crate multisafepay 0.2.4 written to /workspace/builds/worker-4-tc2/source/Cargo.toml
[INFO] validating manifest of crates.io crate multisafepay 0.2.4 on toolchain 1.100.0-beta.1
[INFO] running `Command { std: CARGO_HOME="/workspace/cargo-home" RUSTUP_HOME="/workspace/rustup-home" "/workspace/cargo-home/bin/cargo" "+1.100.0-beta.1" "metadata" "--manifest-path" "Cargo.toml" "--no-deps", kill_on_drop: false }`
[INFO] running `Command { std: CARGO_HOME="/workspace/cargo-home" RUSTUP_HOME="/workspace/rustup-home" "/workspace/cargo-home/bin/cargo" "+1.100.0-beta.1" "generate-lockfile" "--manifest-path" "Cargo.toml", kill_on_drop: false }`
[INFO] [stderr]     Updating crates.io index
[INFO] [stderr]      Locking 15 packages to highest compatible versions
[INFO] running `Command { std: CARGO_HOME="/workspace/cargo-home" RUSTUP_HOME="/workspace/rustup-home" "/workspace/cargo-home/bin/cargo" "+1.100.0-beta.1" "fetch" "--manifest-path" "Cargo.toml", kill_on_drop: false }`
[INFO] running `Command { std: "docker" "create" "-v" "/var/lib/crater-agent-workspace/builds/worker-4-tc2/source:/opt/rustwide/workdir:ro,Z" "-v" "/var/lib/crater-agent-workspace/builds/worker-4-tc2/target:/opt/rustwide/target:rw,Z" "-v" "/var/lib/crater-agent-workspace/cargo-home:/opt/rustwide/cargo-home:ro,Z" "-v" "/var/lib/crater-agent-workspace/rustup-home:/opt/rustwide/rustup-home:ro,Z" "-m" "1610612736" "--network" "none" "ghcr.io/rust-lang/crates-build-env/linux@sha256:77db811e55d90add9212f6832c23229e3de5f1c1f9905e8cb07319ea15df73ac" "sleep" "infinity", kill_on_drop: false }`
[INFO] [stdout] 10e62b16198ca9ec22af1569f9cfbff719670fab4a10b3afb9ac8f20bac1987b
[INFO] running `Command { std: "docker" "start" "10e62b16198ca9ec22af1569f9cfbff719670fab4a10b3afb9ac8f20bac1987b", kill_on_drop: false }`
[INFO] running `Command { std: "docker" "inspect" "10e62b16198ca9ec22af1569f9cfbff719670fab4a10b3afb9ac8f20bac1987b", kill_on_drop: false }`
[INFO] running `Command { std: "docker" "exec" "-e" "SOURCE_DIR=/opt/rustwide/workdir" "-e" "CARGO_HOME=/opt/rustwide/cargo-home" "-e" "RUSTUP_HOME=/opt/rustwide/rustup-home" "-e" "CARGO_TARGET_DIR=/opt/rustwide/target" "-w" "/opt/rustwide/workdir" "--user" "0:0" "10e62b16198ca9ec22af1569f9cfbff719670fab4a10b3afb9ac8f20bac1987b" "/opt/rustwide/cargo-home/bin/cargo" "+1.100.0-beta.1" "metadata" "--no-deps" "--format-version=1", kill_on_drop: false }`
[INFO] running `Command { std: "docker" "inspect" "10e62b16198ca9ec22af1569f9cfbff719670fab4a10b3afb9ac8f20bac1987b", kill_on_drop: false }`
[INFO] running `Command { std: "docker" "exec" "-e" "SOURCE_DIR=/opt/rustwide/workdir" "-e" "CARGO_HOME=/opt/rustwide/cargo-home" "-e" "RUSTUP_HOME=/opt/rustwide/rustup-home" "-e" "CARGO_TARGET_DIR=/opt/rustwide/target" "-e" "CARGO_INCREMENTAL=0" "-e" "RUST_BACKTRACE=full" "-e" "RUSTFLAGS=--cap-lints=warn" "-e" "RUSTDOCFLAGS=--cap-lints=warn" "-w" "/opt/rustwide/workdir" "--user" "0:0" "10e62b16198ca9ec22af1569f9cfbff719670fab4a10b3afb9ac8f20bac1987b" "/opt/rustwide/cargo-home/bin/cargo" "+1.100.0-beta.1" "build" "--frozen" "--message-format=json" "--release", kill_on_drop: false }`
[INFO] [stderr]    Compiling shlex v2.0.1
[INFO] [stderr]    Compiling find-msvc-tools v0.1.14
[INFO] [stderr]    Compiling pkg-config v0.3.34
[INFO] [stderr]    Compiling vcpkg v0.2.15
[INFO] [stderr]    Compiling libc v0.2.191
[INFO] [stderr]    Compiling curl v0.4.51
[INFO] [stderr]    Compiling openssl-probe v0.1.6
[INFO] [stderr]    Compiling cc v1.8.0
[INFO] [stderr]    Compiling socket2 v0.6.5
[INFO] [stderr]    Compiling openssl-sys v0.9.117
[INFO] [stderr]    Compiling libz-sys v1.1.30
[INFO] [stderr]    Compiling curl-sys v0.4.91+curl-8.22.0
[INFO] [stderr]    Compiling multisafepay v0.2.4 (/opt/rustwide/workdir)
[INFO] [stderr]     Finished `release` profile [optimized] target(s) in 5.86s
[INFO] running `Command { std: "docker" "inspect" "10e62b16198ca9ec22af1569f9cfbff719670fab4a10b3afb9ac8f20bac1987b", kill_on_drop: false }`
[INFO] running `Command { std: "docker" "exec" "-e" "SOURCE_DIR=/opt/rustwide/workdir" "-e" "CARGO_HOME=/opt/rustwide/cargo-home" "-e" "RUSTUP_HOME=/opt/rustwide/rustup-home" "-e" "CARGO_TARGET_DIR=/opt/rustwide/target" "-e" "CARGO_INCREMENTAL=0" "-e" "RUST_BACKTRACE=full" "-e" "RUSTFLAGS=--cap-lints=warn" "-e" "RUSTDOCFLAGS=--cap-lints=warn" "-w" "/opt/rustwide/workdir" "--user" "0:0" "10e62b16198ca9ec22af1569f9cfbff719670fab4a10b3afb9ac8f20bac1987b" "/opt/rustwide/cargo-home/bin/cargo" "+1.100.0-beta.1" "test" "--frozen" "--no-run" "--message-format=json" "--release", kill_on_drop: false }`
[INFO] [stderr]    Compiling libc v0.2.191
[INFO] [stderr]    Compiling openssl-probe v0.1.6
[INFO] [stderr]    Compiling libz-sys v1.1.30
[INFO] [stderr]    Compiling openssl-sys v0.9.117
[INFO] [stderr]    Compiling socket2 v0.6.5
[INFO] [stderr]    Compiling curl-sys v0.4.91+curl-8.22.0
[INFO] [stderr]    Compiling curl v0.4.51
[INFO] [stderr]    Compiling multisafepay v0.2.4 (/opt/rustwide/workdir)
[INFO] [stderr]     Finished `release` profile [optimized] target(s) in 14.89s
[INFO] running `Command { std: "docker" "inspect" "10e62b16198ca9ec22af1569f9cfbff719670fab4a10b3afb9ac8f20bac1987b", kill_on_drop: false }`
[INFO] running `Command { std: "docker" "exec" "-e" "SOURCE_DIR=/opt/rustwide/workdir" "-e" "CARGO_HOME=/opt/rustwide/cargo-home" "-e" "RUSTUP_HOME=/opt/rustwide/rustup-home" "-e" "CARGO_TARGET_DIR=/opt/rustwide/target" "-e" "CARGO_INCREMENTAL=0" "-e" "RUST_BACKTRACE=full" "-e" "RUSTFLAGS=--cap-lints=warn" "-e" "RUSTDOCFLAGS=--cap-lints=warn" "-w" "/opt/rustwide/workdir" "--user" "0:0" "10e62b16198ca9ec22af1569f9cfbff719670fab4a10b3afb9ac8f20bac1987b" "/opt/rustwide/cargo-home/bin/cargo" "+1.100.0-beta.1" "test" "--frozen" "--release", kill_on_drop: false }`
[INFO] [stderr]     Finished `release` profile [optimized] target(s) in 0.04s
[INFO] [stderr]      Running unittests src/lib.rs (/opt/rustwide/target/release/build/multisafepay/6d0252012b7b1ca0/out/multisafepay-6d0252012b7b1ca0)
[INFO] [stdout] 
[INFO] [stdout] running 3 tests
[INFO] [stdout] test tests::utils_test::test_restful_url ... ok
[INFO] [stdout] test tests::endpoint_test::test_endpoint_url ... ok
[INFO] [stdout] test tests::http_test::test_endpoint_url ... FAILED
[INFO] [stdout] 
[INFO] [stdout] failures:
[INFO] [stdout] 
[INFO] [stdout] ---- tests::http_test::test_endpoint_url stdout ----
[INFO] [stdout] 
[INFO] [stdout] thread 'tests::http_test::test_endpoint_url' (476) panicked at src/tests/http_test.rs:11:5:
[INFO] [stdout] assertion failed: http_result.is_ok()
[INFO] [stdout] stack backtrace:
[INFO] [stdout]    0:     0x60928b0a3437 - <<std[617be2ca0a6fd877]::sys::backtrace::BacktraceLock>::print::DisplayBacktrace as core[a373ad73a504971]::fmt::Display>::fmt
[INFO] [stdout]    1:     0x60928b088e4a - core[a373ad73a504971]::fmt::write
[INFO] [stdout]    2:     0x60928b0a29eb - <alloc[2e1b2a31b91974c5]::vec::Vec<u8> as core[a373ad73a504971]::io::write::Write>::write_fmt
[INFO] [stdout]    3:     0x60928b0a24cf - std[617be2ca0a6fd877]::panicking::default_hook::{closure#0}
[INFO] [stdout]    4:     0x60928b0a20fa - std[617be2ca0a6fd877]::panicking::default_hook
[INFO] [stdout]    5:     0x60928b0a1c35 - std[617be2ca0a6fd877]::panicking::panic_with_hook
[INFO] [stdout]    6:     0x60928b0c8a12 - std[617be2ca0a6fd877]::panicking::panic_handler::{closure#0}
[INFO] [stdout]    7:     0x60928b0c8999 - std[617be2ca0a6fd877]::sys::backtrace::__rust_end_short_backtrace::<std[617be2ca0a6fd877]::panicking::panic_handler::{closure#0}, !>
[INFO] [stdout]    8:     0x60928b0c8e9c - __rustc[ea4f61d10b84890b]::rust_begin_unwind
[INFO] [stdout]    9:     0x60928b088cdb - core[a373ad73a504971]::panicking::panic_fmt
[INFO] [stdout]   10:     0x60928b08a431 - core[a373ad73a504971]::panicking::panic
[INFO] [stdout]   11:     0x60928b086a24 - <multisafepay[f83120ce9f3358e8]::tests::http_test::test_endpoint_url::{closure#0} as core[a373ad73a504971]::ops::function::FnOnce<()>>::call_once
[INFO] [stdout]   12:     0x60928b0e10fb - test[aada8e7e76ba119b]::__rust_begin_short_backtrace::<core[a373ad73a504971]::result::Result<(), alloc[2e1b2a31b91974c5]::string::String>, fn() -> core[a373ad73a504971]::result::Result<(), alloc[2e1b2a31b91974c5]::string::String>>
[INFO] [stdout]   13:     0x60928b0dc55f - test[aada8e7e76ba119b]::run_test::{closure#0}
[INFO] [stdout]   14:     0x60928b0dbfdc - std[617be2ca0a6fd877]::sys::backtrace::__rust_begin_short_backtrace::<test[aada8e7e76ba119b]::run_test::{closure#1}, ()>
[INFO] [stdout]   15:     0x60928b0fc54c - <std[617be2ca0a6fd877]::thread::lifecycle::spawn_unchecked<test[aada8e7e76ba119b]::run_test::{closure#1}, ()>::{closure#1} as core[a373ad73a504971]::ops::function::FnOnce<()>>::call_once::{shim:vtable#0}
[INFO] [stdout]   16:     0x60928b0ca674 - <std[617be2ca0a6fd877]::sys::thread::unix::Thread>::new::thread_start
[INFO] [stdout]   17:     0x7f6b5f09edfa - <unknown>
[INFO] [stdout]   18:     0x7f6b5f1323d4 - clone
[INFO] [stdout]   19:                0x0 - <unknown>
[INFO] [stdout] 
[INFO] [stdout] 
[INFO] [stdout] failures:
[INFO] [stdout]     tests::http_test::test_endpoint_url
[INFO] [stdout] 
[INFO] [stdout] test result: FAILED. 2 passed; 1 failed; 0 ignored; 0 measured; 0 filtered out; finished in 0.01s
[INFO] [stdout] 
[INFO] [stderr] error: test failed, to rerun pass `--lib`
[INFO] running `Command { std: "docker" "inspect" "10e62b16198ca9ec22af1569f9cfbff719670fab4a10b3afb9ac8f20bac1987b", kill_on_drop: false }`
[INFO] running `Command { std: "docker" "rm" "-f" "10e62b16198ca9ec22af1569f9cfbff719670fab4a10b3afb9ac8f20bac1987b", kill_on_drop: false }`
[INFO] [stdout] 10e62b16198ca9ec22af1569f9cfbff719670fab4a10b3afb9ac8f20bac1987b
