[INFO] fetching crate mukae-host 0.1.36...
[INFO] testing mukae-host-0.1.36 against 1.99.0-beta.8+cargoflags=--release for beta-release-1.100-2
[INFO] extracting crate mukae-host 0.1.36 into /workspace/builds/worker-0-tc1/source
[INFO] started tweaking crates.io crate mukae-host 0.1.36
[INFO] removed 0 missing tests
[INFO] finished tweaking crates.io crate mukae-host 0.1.36
[INFO] tweaked toml for crates.io crate mukae-host 0.1.36 written to /workspace/builds/worker-0-tc1/source/Cargo.toml
[INFO] validating manifest of crates.io crate mukae-host 0.1.36 on toolchain 1.99.0-beta.8
[INFO] running `Command { std: CARGO_HOME="/workspace/cargo-home" RUSTUP_HOME="/workspace/rustup-home" "/workspace/cargo-home/bin/cargo" "+1.99.0-beta.8" "metadata" "--manifest-path" "Cargo.toml" "--no-deps", kill_on_drop: false }`
[INFO] crate crates.io crate mukae-host 0.1.36 already has a lockfile, it will not be regenerated
[INFO] running `Command { std: CARGO_HOME="/workspace/cargo-home" RUSTUP_HOME="/workspace/rustup-home" "/workspace/cargo-home/bin/cargo" "+1.99.0-beta.8" "fetch" "--manifest-path" "Cargo.toml", kill_on_drop: false }`
[INFO] [stderr]     Updating crates.io index
[INFO] [stderr]  Downloading crates ...
[INFO] [stderr]   Downloaded mukae-spec v0.1.36
[INFO] running `Command { std: "docker" "create" "-v" "/var/lib/crater-agent-workspace/builds/worker-0-tc1/source:/opt/rustwide/workdir:ro,Z" "-v" "/var/lib/crater-agent-workspace/builds/worker-0-tc1/target:/opt/rustwide/target:rw,Z" "-v" "/var/lib/crater-agent-workspace/cargo-home:/opt/rustwide/cargo-home:ro,Z" "-v" "/var/lib/crater-agent-workspace/rustup-home:/opt/rustwide/rustup-home:ro,Z" "-m" "1610612736" "--network" "none" "ghcr.io/rust-lang/crates-build-env/linux@sha256:77db811e55d90add9212f6832c23229e3de5f1c1f9905e8cb07319ea15df73ac" "sleep" "infinity", kill_on_drop: false }`
[INFO] [stdout] dc0080ac5ae69dd6cde965983c78ea92be304eb9d172d5561c1bd507bfe84ed5
[INFO] running `Command { std: "docker" "start" "dc0080ac5ae69dd6cde965983c78ea92be304eb9d172d5561c1bd507bfe84ed5", kill_on_drop: false }`
[INFO] running `Command { std: "docker" "inspect" "dc0080ac5ae69dd6cde965983c78ea92be304eb9d172d5561c1bd507bfe84ed5", kill_on_drop: false }`
[INFO] running `Command { std: "docker" "exec" "-e" "SOURCE_DIR=/opt/rustwide/workdir" "-e" "CARGO_HOME=/opt/rustwide/cargo-home" "-e" "RUSTUP_HOME=/opt/rustwide/rustup-home" "-e" "CARGO_TARGET_DIR=/opt/rustwide/target" "-w" "/opt/rustwide/workdir" "--user" "0:0" "dc0080ac5ae69dd6cde965983c78ea92be304eb9d172d5561c1bd507bfe84ed5" "/opt/rustwide/cargo-home/bin/cargo" "+1.99.0-beta.8" "metadata" "--no-deps" "--format-version=1", kill_on_drop: false }`
[INFO] running `Command { std: "docker" "inspect" "dc0080ac5ae69dd6cde965983c78ea92be304eb9d172d5561c1bd507bfe84ed5", kill_on_drop: false }`
[INFO] running `Command { std: "docker" "exec" "-e" "SOURCE_DIR=/opt/rustwide/workdir" "-e" "CARGO_HOME=/opt/rustwide/cargo-home" "-e" "RUSTUP_HOME=/opt/rustwide/rustup-home" "-e" "CARGO_TARGET_DIR=/opt/rustwide/target" "-e" "CARGO_INCREMENTAL=0" "-e" "RUST_BACKTRACE=full" "-e" "RUSTFLAGS=--cap-lints=warn" "-e" "RUSTDOCFLAGS=--cap-lints=warn" "-w" "/opt/rustwide/workdir" "--user" "0:0" "dc0080ac5ae69dd6cde965983c78ea92be304eb9d172d5561c1bd507bfe84ed5" "/opt/rustwide/cargo-home/bin/cargo" "+1.99.0-beta.8" "build" "--frozen" "--message-format=json" "--release", kill_on_drop: false }`
[INFO] [stderr]    Compiling syn v3.0.3
[INFO] [stderr]    Compiling serde_derive v1.0.229
[INFO] [stderr]    Compiling thiserror-impl v2.0.20
[INFO] [stderr]    Compiling thiserror v2.0.20
[INFO] [stderr]    Compiling serde v1.0.229
[INFO] [stderr]    Compiling mukae-spec v0.1.36
[INFO] [stderr]    Compiling mukae-host v0.1.36 (/opt/rustwide/workdir)
[INFO] [stderr]     Finished `release` profile [optimized] target(s) in 8.80s
[INFO] running `Command { std: "docker" "inspect" "dc0080ac5ae69dd6cde965983c78ea92be304eb9d172d5561c1bd507bfe84ed5", kill_on_drop: false }`
[INFO] running `Command { std: "docker" "exec" "-e" "SOURCE_DIR=/opt/rustwide/workdir" "-e" "CARGO_HOME=/opt/rustwide/cargo-home" "-e" "RUSTUP_HOME=/opt/rustwide/rustup-home" "-e" "CARGO_TARGET_DIR=/opt/rustwide/target" "-e" "CARGO_INCREMENTAL=0" "-e" "RUST_BACKTRACE=full" "-e" "RUSTFLAGS=--cap-lints=warn" "-e" "RUSTDOCFLAGS=--cap-lints=warn" "-w" "/opt/rustwide/workdir" "--user" "0:0" "dc0080ac5ae69dd6cde965983c78ea92be304eb9d172d5561c1bd507bfe84ed5" "/opt/rustwide/cargo-home/bin/cargo" "+1.99.0-beta.8" "test" "--frozen" "--no-run" "--message-format=json" "--release", kill_on_drop: false }`
[INFO] [stderr]    Compiling mukae-host v0.1.36 (/opt/rustwide/workdir)
[INFO] [stderr]     Finished `release` profile [optimized] target(s) in 1.02s
[INFO] running `Command { std: "docker" "inspect" "dc0080ac5ae69dd6cde965983c78ea92be304eb9d172d5561c1bd507bfe84ed5", kill_on_drop: false }`
[INFO] running `Command { std: "docker" "exec" "-e" "SOURCE_DIR=/opt/rustwide/workdir" "-e" "CARGO_HOME=/opt/rustwide/cargo-home" "-e" "RUSTUP_HOME=/opt/rustwide/rustup-home" "-e" "CARGO_TARGET_DIR=/opt/rustwide/target" "-e" "CARGO_INCREMENTAL=0" "-e" "RUST_BACKTRACE=full" "-e" "RUSTFLAGS=--cap-lints=warn" "-e" "RUSTDOCFLAGS=--cap-lints=warn" "-w" "/opt/rustwide/workdir" "--user" "0:0" "dc0080ac5ae69dd6cde965983c78ea92be304eb9d172d5561c1bd507bfe84ed5" "/opt/rustwide/cargo-home/bin/cargo" "+1.99.0-beta.8" "test" "--frozen" "--release", kill_on_drop: false }`
[INFO] [stderr]     Finished `release` profile [optimized] target(s) in 0.03s
[INFO] [stderr]      Running unittests src/lib.rs (/opt/rustwide/target/release/deps/mukae_host-f7157ba269aa9344)
[INFO] [stdout] 
[INFO] [stdout] running 12 tests
[INFO] [stdout] test tests::an_expired_token_is_a_verdict_not_a_denial ... ok
[INFO] [stdout] test tests::an_unknown_handle_is_refused_everywhere ... ok
[INFO] [stdout] test bridging_conv::tests::null_and_zero_shapes_are_refused_without_touching_memory ... ok
[INFO] [stdout] test bridging_conv::tests::a_vanished_face_fails_the_conversation_rather_than_answering_empty ... ok
[INFO] [stdout] test tests::pam_codes_map_onto_the_borders_closed_classes ... ok
[INFO] [stdout] test tests::the_clock_advances_or_holds_but_never_goes_back ... ok
[INFO] [stdout] test bridging_conv::tests::a_stale_response_pointer_is_cleared_before_anything_else ... ok
[INFO] [stdout] test tests::the_unbridged_conversation_refuses_loudly ... ok
[INFO] [stdout] test conv::tests::a_stale_response_pointer_is_cleared_not_forwarded ... ok
[INFO] [stdout] test conv::tests::the_refusing_conversation_is_sound_for_every_input_shape ... ok
[INFO] [stdout] test tests::cred_flags_match_pam_appl_h ... ok
[INFO] [stdout] test authenticate::tests::an_unknown_service_reports_through_the_bridge_not_a_panic ... FAILED
[INFO] [stdout] 
[INFO] [stdout] failures:
[INFO] [stdout] 
[INFO] [stdout] ---- authenticate::tests::an_unknown_service_reports_through_the_bridge_not_a_panic stdout ----
[INFO] [stdout] 
[INFO] [stdout] thread 'authenticate::tests::an_unknown_service_reports_through_the_bridge_not_a_panic' (334) panicked at src/authenticate.rs:136:9:
[INFO] [stdout] an unknown PAM service must fail the transaction, not hang it
[INFO] [stdout] stack backtrace:
[INFO] [stdout]    0:     0x633192094511 - <<std[70759c8f55707aa4]::sys::backtrace::BacktraceLock>::print::DisplayBacktrace as core[df12db4294e9bfd3]::fmt::Display>::fmt
[INFO] [stdout]    1:     0x6331920a88da - core[df12db4294e9bfd3]::fmt::write
[INFO] [stdout]    2:     0x6331920989ac - <alloc[2182bb758b4b3781]::vec::Vec<u8> as core[df12db4294e9bfd3]::io::write::Write>::write_fmt
[INFO] [stdout]    3:     0x633192070b06 - std[70759c8f55707aa4]::panicking::default_hook::{closure#0}
[INFO] [stdout]    4:     0x63319208cc79 - std[70759c8f55707aa4]::panicking::default_hook
[INFO] [stdout]    5:     0x63319201fc90 - test[9d35eded1c95d3be]::test_main_inner::<test[9d35eded1c95d3be]::test_main_static::{closure#0}>::{closure#0}
[INFO] [stdout]    6:     0x63319208ce32 - std[70759c8f55707aa4]::panicking::panic_with_hook
[INFO] [stdout]    7:     0x633192070be4 - std[70759c8f55707aa4]::panicking::panic_handler::{closure#0}
[INFO] [stdout]    8:     0x633192069939 - std[70759c8f55707aa4]::sys::backtrace::__rust_end_short_backtrace::<std[70759c8f55707aa4]::panicking::panic_handler::{closure#0}, !>
[INFO] [stdout]    9:     0x6331920717ad - __rustc[8fa7c3cbc660c2b3]::rust_begin_unwind
[INFO] [stdout]   10:     0x6331920a900c - core[df12db4294e9bfd3]::panicking::panic_fmt
[INFO] [stdout]   11:     0x63319200cfda - mukae_host[c93b8a47005cfa6d]::authenticate::tests::an_unknown_service_reports_through_the_bridge_not_a_panic
[INFO] [stdout]   12:     0x633192012be9 - <mukae_host[c93b8a47005cfa6d]::authenticate::tests::an_unknown_service_reports_through_the_bridge_not_a_panic::{closure#0} as core[df12db4294e9bfd3]::ops::function::FnOnce<()>>::call_once
[INFO] [stdout]   13:     0x633192012f7b - test[9d35eded1c95d3be]::__rust_begin_short_backtrace::<core[df12db4294e9bfd3]::result::Result<(), alloc[2182bb758b4b3781]::string::String>, fn() -> core[df12db4294e9bfd3]::result::Result<(), alloc[2182bb758b4b3781]::string::String>>
[INFO] [stdout]   14:     0x6331920205e5 - test[9d35eded1c95d3be]::run_test::{closure#0}
[INFO] [stdout]   15:     0x633192019ea4 - std[70759c8f55707aa4]::sys::backtrace::__rust_begin_short_backtrace::<test[9d35eded1c95d3be]::run_test::{closure#1}, ()>
[INFO] [stdout]   16:     0x633192023742 - <std[70759c8f55707aa4]::thread::lifecycle::spawn_unchecked<test[9d35eded1c95d3be]::run_test::{closure#1}, ()>::{closure#1} as core[df12db4294e9bfd3]::ops::function::FnOnce<()>>::call_once::{shim:vtable#0}
[INFO] [stdout]   17:     0x633192093de9 - <std[70759c8f55707aa4]::sys::thread::unix::Thread>::new::thread_start
[INFO] [stdout]   18:     0x7b7fbe637dfa - <unknown>
[INFO] [stdout]   19:     0x7b7fbe6cb3d4 - clone
[INFO] [stdout]   20:                0x0 - <unknown>
[INFO] [stdout] 
[INFO] [stdout] 
[INFO] [stdout] failures:
[INFO] [stdout]     authenticate::tests::an_unknown_service_reports_through_the_bridge_not_a_panic
[INFO] [stdout] 
[INFO] [stdout] test result: FAILED. 11 passed; 1 failed; 0 ignored; 0 measured; 0 filtered out; finished in 0.26s
[INFO] [stdout] 
[INFO] [stderr] error: test failed, to rerun pass `--lib`
[INFO] running `Command { std: "docker" "inspect" "dc0080ac5ae69dd6cde965983c78ea92be304eb9d172d5561c1bd507bfe84ed5", kill_on_drop: false }`
[INFO] running `Command { std: "docker" "rm" "-f" "dc0080ac5ae69dd6cde965983c78ea92be304eb9d172d5561c1bd507bfe84ed5", kill_on_drop: false }`
[INFO] [stdout] dc0080ac5ae69dd6cde965983c78ea92be304eb9d172d5561c1bd507bfe84ed5
