[INFO] fetching crate mtime-travel 0.1.0...
[INFO] testing mtime-travel-0.1.0 against 1.99.0-beta.8+cargoflags=--release for beta-release-1.100-2
[INFO] extracting crate mtime-travel 0.1.0 into /workspace/builds/worker-7-tc1/source
[INFO] started tweaking crates.io crate mtime-travel 0.1.0
[INFO] finished tweaking crates.io crate mtime-travel 0.1.0
[INFO] tweaked toml for crates.io crate mtime-travel 0.1.0 written to /workspace/builds/worker-7-tc1/source/Cargo.toml
[INFO] validating manifest of crates.io crate mtime-travel 0.1.0 on toolchain 1.99.0-beta.8
[INFO] running `Command { std: CARGO_HOME="/workspace/cargo-home" RUSTUP_HOME="/workspace/rustup-home" "/workspace/cargo-home/bin/cargo" "+1.99.0-beta.8" "metadata" "--manifest-path" "Cargo.toml" "--no-deps", kill_on_drop: false }`
[INFO] crate crates.io crate mtime-travel 0.1.0 already has a lockfile, it will not be regenerated
[INFO] running `Command { std: CARGO_HOME="/workspace/cargo-home" RUSTUP_HOME="/workspace/rustup-home" "/workspace/cargo-home/bin/cargo" "+1.99.0-beta.8" "fetch" "--manifest-path" "Cargo.toml", kill_on_drop: false }`
[INFO] [stderr]  Downloading crates ...
[INFO] [stderr]   Downloaded cpufeatures v0.2.11
[INFO] [stderr]   Downloaded data-encoding v2.5.0
[INFO] [stderr]   Downloaded filetime v0.2.23
[INFO] [stderr]   Downloaded anstyle v1.0.4
[INFO] [stderr]   Downloaded predicates v3.0.4
[INFO] [stderr]   Downloaded anstream v0.6.5
[INFO] [stderr]   Downloaded anyhow v1.0.76
[INFO] [stderr]   Downloaded assert_cmd v2.0.12
[INFO] [stderr]   Downloaded clap v4.4.11
[INFO] [stderr]   Downloaded serde_json v1.0.108
[INFO] [stderr]   Downloaded clap_builder v4.4.11
[INFO] [stderr]   Downloaded bstr v1.8.0
[INFO] running `Command { std: "docker" "create" "-v" "/var/lib/crater-agent-workspace/builds/worker-7-tc1/source:/opt/rustwide/workdir:ro,Z" "-v" "/var/lib/crater-agent-workspace/builds/worker-7-tc1/target:/opt/rustwide/target:rw,Z" "-v" "/var/lib/crater-agent-workspace/cargo-home:/opt/rustwide/cargo-home:ro,Z" "-v" "/var/lib/crater-agent-workspace/rustup-home:/opt/rustwide/rustup-home:ro,Z" "-m" "1610612736" "--network" "none" "ghcr.io/rust-lang/crates-build-env/linux@sha256:77db811e55d90add9212f6832c23229e3de5f1c1f9905e8cb07319ea15df73ac" "sleep" "infinity", kill_on_drop: false }`
[INFO] [stdout] 1468ff621c6fc0a951281676bdc3757508277c9132fe2fa65805597475e63a30
[INFO] running `Command { std: "docker" "start" "1468ff621c6fc0a951281676bdc3757508277c9132fe2fa65805597475e63a30", kill_on_drop: false }`
[INFO] running `Command { std: "docker" "inspect" "1468ff621c6fc0a951281676bdc3757508277c9132fe2fa65805597475e63a30", kill_on_drop: false }`
[INFO] running `Command { std: "docker" "exec" "-e" "SOURCE_DIR=/opt/rustwide/workdir" "-e" "CARGO_HOME=/opt/rustwide/cargo-home" "-e" "RUSTUP_HOME=/opt/rustwide/rustup-home" "-e" "CARGO_TARGET_DIR=/opt/rustwide/target" "-w" "/opt/rustwide/workdir" "--user" "0:0" "1468ff621c6fc0a951281676bdc3757508277c9132fe2fa65805597475e63a30" "/opt/rustwide/cargo-home/bin/cargo" "+1.99.0-beta.8" "metadata" "--no-deps" "--format-version=1", kill_on_drop: false }`
[INFO] running `Command { std: "docker" "inspect" "1468ff621c6fc0a951281676bdc3757508277c9132fe2fa65805597475e63a30", kill_on_drop: false }`
[INFO] running `Command { std: "docker" "exec" "-e" "SOURCE_DIR=/opt/rustwide/workdir" "-e" "CARGO_HOME=/opt/rustwide/cargo-home" "-e" "RUSTUP_HOME=/opt/rustwide/rustup-home" "-e" "CARGO_TARGET_DIR=/opt/rustwide/target" "-e" "CARGO_INCREMENTAL=0" "-e" "RUST_BACKTRACE=full" "-e" "RUSTFLAGS=--cap-lints=warn" "-e" "RUSTDOCFLAGS=--cap-lints=warn" "-w" "/opt/rustwide/workdir" "--user" "0:0" "1468ff621c6fc0a951281676bdc3757508277c9132fe2fa65805597475e63a30" "/opt/rustwide/cargo-home/bin/cargo" "+1.99.0-beta.8" "build" "--frozen" "--message-format=json" "--release", kill_on_drop: false }`
[INFO] [stderr]    Compiling proc-macro2 v1.0.71
[INFO] [stderr]    Compiling unicode-ident v1.0.12
[INFO] [stderr]    Compiling version_check v0.9.4
[INFO] [stderr]    Compiling typenum v1.17.0
[INFO] [stderr]    Compiling utf8parse v0.2.1
[INFO] [stderr]    Compiling libc v0.2.151
[INFO] [stderr]    Compiling memchr v2.6.4
[INFO] [stderr]    Compiling colorchoice v1.0.0
[INFO] [stderr]    Compiling serde v1.0.193
[INFO] [stderr]    Compiling anstyle-parse v0.2.3
[INFO] [stderr]    Compiling anstyle-query v1.0.2
[INFO] [stderr]    Compiling anstyle v1.0.4
[INFO] [stderr]    Compiling strsim v0.10.0
[INFO] [stderr]    Compiling heck v0.4.1
[INFO] [stderr]    Compiling serde_json v1.0.108
[INFO] [stderr]    Compiling generic-array v0.14.7
[INFO] [stderr]    Compiling anstream v0.6.5
[INFO] [stderr]    Compiling anyhow v1.0.76
[INFO] [stderr]    Compiling clap_lex v0.6.0
[INFO] [stderr]    Compiling regex-syntax v0.8.2
[INFO] [stderr]    Compiling cfg-if v1.0.0
[INFO] [stderr]    Compiling clap_builder v4.4.11
[INFO] [stderr]    Compiling quote v1.0.33
[INFO] [stderr]    Compiling aho-corasick v1.1.2
[INFO] [stderr]    Compiling ryu v1.0.16
[INFO] [stderr]    Compiling syn v2.0.42
[INFO] [stderr]    Compiling itoa v1.0.10
[INFO] [stderr]    Compiling cpufeatures v0.2.11
[INFO] [stderr]    Compiling same-file v1.0.6
[INFO] [stderr]    Compiling filetime v0.2.23
[INFO] [stderr]    Compiling walkdir v2.4.0
[INFO] [stderr]    Compiling data-encoding v2.5.0
[INFO] [stderr]    Compiling block-buffer v0.10.4
[INFO] [stderr]    Compiling crypto-common v0.1.6
[INFO] [stderr]    Compiling digest v0.10.7
[INFO] [stderr]    Compiling sha2 v0.10.8
[INFO] [stderr]    Compiling regex-automata v0.4.3
[INFO] [stderr]    Compiling serde_derive v1.0.193
[INFO] [stderr]    Compiling clap_derive v4.4.7
[INFO] [stderr]    Compiling clap v4.4.11
[INFO] [stderr]    Compiling regex v1.10.2
[INFO] [stderr]    Compiling mtime-travel v0.1.0 (/opt/rustwide/workdir)
[INFO] [stderr]     Finished `release` profile [optimized] target(s) in 1m 14s
[INFO] running `Command { std: "docker" "inspect" "1468ff621c6fc0a951281676bdc3757508277c9132fe2fa65805597475e63a30", kill_on_drop: false }`
[INFO] running `Command { std: "docker" "exec" "-e" "SOURCE_DIR=/opt/rustwide/workdir" "-e" "CARGO_HOME=/opt/rustwide/cargo-home" "-e" "RUSTUP_HOME=/opt/rustwide/rustup-home" "-e" "CARGO_TARGET_DIR=/opt/rustwide/target" "-e" "CARGO_INCREMENTAL=0" "-e" "RUST_BACKTRACE=full" "-e" "RUSTFLAGS=--cap-lints=warn" "-e" "RUSTDOCFLAGS=--cap-lints=warn" "-w" "/opt/rustwide/workdir" "--user" "0:0" "1468ff621c6fc0a951281676bdc3757508277c9132fe2fa65805597475e63a30" "/opt/rustwide/cargo-home/bin/cargo" "+1.99.0-beta.8" "test" "--frozen" "--no-run" "--message-format=json" "--release", kill_on_drop: false }`
[INFO] [stderr]    Compiling regex-automata v0.4.3
[INFO] [stderr]    Compiling predicates-core v1.0.6
[INFO] [stderr]    Compiling either v1.9.0
[INFO] [stderr]    Compiling doc-comment v0.3.3
[INFO] [stderr]    Compiling difflib v0.4.0
[INFO] [stderr]    Compiling termtree v0.4.1
[INFO] [stderr]    Compiling wait-timeout v0.2.0
[INFO] [stderr]    Compiling predicates-tree v1.0.9
[INFO] [stderr]    Compiling itertools v0.11.0
[INFO] [stderr]    Compiling predicates v3.0.4
[INFO] [stderr]    Compiling regex v1.10.2
[INFO] [stderr]    Compiling bstr v1.8.0
[INFO] [stderr]    Compiling assert_cmd v2.0.12
[INFO] [stderr]    Compiling mtime-travel v0.1.0 (/opt/rustwide/workdir)
[INFO] [stdout] warning: missing documentation for the crate
[INFO] [stdout]    --> tests/tests.rs:1:1
[INFO] [stdout]     |
[INFO] [stdout]   1 | / use std::{
[INFO] [stdout]   2 | |     env,
[INFO] [stdout]   3 | |     fs::File,
[INFO] [stdout]   4 | |     os::unix::fs::MetadataExt,
[INFO] [stdout] ...   |
[INFO] [stdout] 233 | |     let _ = std::fs::remove_file(&generated_file);
[INFO] [stdout] 234 | | }
[INFO] [stdout]     | |_^
[INFO] [stdout]     |
[INFO] [stdout]     = note: requested on the command line with `-D missing-docs`
[INFO] [stdout] 
[INFO] [stdout] 
[INFO] [stderr]     Finished `release` profile [optimized] target(s) in 59.13s
[INFO] running `Command { std: "docker" "inspect" "1468ff621c6fc0a951281676bdc3757508277c9132fe2fa65805597475e63a30", kill_on_drop: false }`
[INFO] running `Command { std: "docker" "exec" "-e" "SOURCE_DIR=/opt/rustwide/workdir" "-e" "CARGO_HOME=/opt/rustwide/cargo-home" "-e" "RUSTUP_HOME=/opt/rustwide/rustup-home" "-e" "CARGO_TARGET_DIR=/opt/rustwide/target" "-e" "CARGO_INCREMENTAL=0" "-e" "RUST_BACKTRACE=full" "-e" "RUSTFLAGS=--cap-lints=warn" "-e" "RUSTDOCFLAGS=--cap-lints=warn" "-w" "/opt/rustwide/workdir" "--user" "0:0" "1468ff621c6fc0a951281676bdc3757508277c9132fe2fa65805597475e63a30" "/opt/rustwide/cargo-home/bin/cargo" "+1.99.0-beta.8" "test" "--frozen" "--release", kill_on_drop: false }`
[INFO] [stderr] warning: missing documentation for the crate
[INFO] [stderr]    --> tests/tests.rs:1:1
[INFO] [stderr]     |
[INFO] [stderr]   1 | / use std::{
[INFO] [stderr]   2 | |     env,
[INFO] [stderr]   3 | |     fs::File,
[INFO] [stderr]   4 | |     os::unix::fs::MetadataExt,
[INFO] [stderr] ...   |
[INFO] [stderr] 233 | |     let _ = std::fs::remove_file(&generated_file);
[INFO] [stderr] 234 | | }
[INFO] [stderr]     | |_^
[INFO] [stderr]     |
[INFO] [stderr]     = note: requested on the command line with `-D missing-docs`
[INFO] [stderr] 
[INFO] [stderr] warning: `mtime-travel` (test "tests") generated 1 warning
[INFO] [stderr]     Finished `release` profile [optimized] target(s) in 0.12s
[INFO] [stderr]      Running unittests src/main.rs (/opt/rustwide/target/release/deps/mtime_travel-642682e450755928)
[INFO] [stdout] 
[INFO] [stdout] running 0 tests
[INFO] [stdout] 
[INFO] [stdout] test result: ok. 0 passed; 0 failed; 0 ignored; 0 measured; 0 filtered out; finished in 0.00s
[INFO] [stdout] 
[INFO] [stderr]      Running tests/tests.rs (/opt/rustwide/target/release/deps/tests-f95b8f038264b71c)
[INFO] [stdout] 
[INFO] [stdout] running 6 tests
[INFO] [stdout] Scanning `./` and saving mtimes to `different_directory.json`.
[INFO] [stdout] Scanning `./` and saving mtimes to `check_values.json`.
[INFO] [stdout] Using the following regexes: []
[INFO] [stderr] Error: Read-only file system (os error 30)
[INFO] [stdout] Using the following regexes: [Regex(".*\\.json")]
[INFO] [stdout] test check_values ... FAILED
[INFO] [stderr] Error: Read-only file system (os error 30)
[INFO] [stdout] test test_different_directory ... FAILED
[INFO] [stderr] Error: Read-only file system (os error 30)
[INFO] [stdout] Scanning `./` and saving mtimes to `ignore.json`.
[INFO] [stdout] Using the following regexes: [Regex(".*\\.json")]
[INFO] [stdout] test ignore ... FAILED
[INFO] [stdout] Scanning `./` and saving mtimes to `nested.json`.
[INFO] [stderr] Error: Read-only file system (os error 30)
[INFO] [stdout] Using the following regexes: [Regex(".*\\.json"), Regex(".*a\\.txt")]
[INFO] [stdout] test test_nested ... FAILED
[INFO] [stderr] Error: Read-only file system (os error 30)
[INFO] [stdout] Scanning `./` and saving mtimes to `basic.json`.
[INFO] [stdout] Using the following regexes: [Regex(".*\\.json")]
[INFO] [stdout] test basic ... FAILED
[INFO] [stdout] Scanning `./` and saving mtimes to `multiple_ignore.json`.
[INFO] [stderr] Error: Read-only file system (os error 30)
[INFO] [stdout] Using the following regexes: [Regex(".*\\.json"), Regex(".*a\\.txt")]
[INFO] [stdout] test multiple_ignore ... FAILED
[INFO] [stdout] 
[INFO] [stdout] failures:
[INFO] [stdout] 
[INFO] [stdout] ---- check_values stdout ----
[INFO] [stdout] 
[INFO] [stdout] thread 'check_values' (815) panicked at tests/tests.rs:33:9:
[INFO] [stdout] assertion failed: binary().current_dir(path).arg("save").arg("--verbose").arg("--file").arg(file).arg("./").spawn().unwrap().wait().unwrap().success()
[INFO] [stdout] stack backtrace:
[INFO] [stdout]    0:     0x55667ff03787 - <unknown>
[INFO] [stdout]    1:     0x55667feea7ba - <unknown>
[INFO] [stdout]    2:     0x55667ff02d3b - <unknown>
[INFO] [stdout]    3:     0x55667ff0281f - <unknown>
[INFO] [stdout]    4:     0x55667ff0244a - <unknown>
[INFO] [stdout]    5:     0x55667ff01f82 - <unknown>
[INFO] [stdout]    6:     0x55667ff29322 - <unknown>
[INFO] [stdout]    7:     0x55667ff292a9 - <unknown>
[INFO] [stdout]    8:     0x55667ff297bc - <unknown>
[INFO] [stdout]    9:     0x55667feea64b - <unknown>
[INFO] [stdout]   10:     0x55667feec501 - <unknown>
[INFO] [stdout]   11:     0x55667fee2ec1 - <unknown>
[INFO] [stdout]   12:     0x55667fee6bca - <unknown>
[INFO] [stdout]   13:     0x55667ff4192b - <unknown>
[INFO] [stdout]   14:     0x55667ff3d58c - <unknown>
[INFO] [stdout]   15:     0x55667ff3ccbc - <unknown>
[INFO] [stdout]   16:     0x55667ff59b7c - <unknown>
[INFO] [stdout]   17:     0x55667ff2ac22 - <unknown>
[INFO] [stdout]   18:     0x7c6a15ea9dfa - <unknown>
[INFO] [stdout]   19:     0x7c6a15f3d3d4 - clone
[INFO] [stdout]   20:                0x0 - <unknown>
[INFO] [stdout] 
[INFO] [stdout] ---- test_different_directory stdout ----
[INFO] [stdout] 
[INFO] [stdout] thread 'test_different_directory' (818) panicked at tests/tests.rs:18:9:
[INFO] [stdout] assertion failed: binary().current_dir(path).arg("save").arg("--ignore").args(ignore).arg("--verbose").arg("--file").arg(file).arg("./").spawn().unwrap().wait().unwrap().success()
[INFO] [stdout] stack backtrace:
[INFO] [stdout]    0:     0x55667ff03787 - <unknown>
[INFO] [stdout]    1:     0x55667feea7ba - <unknown>
[INFO] [stdout]    2:     0x55667ff02d3b - <unknown>
[INFO] [stdout]    3:     0x55667ff0281f - <unknown>
[INFO] [stdout]    4:     0x55667ff0244a - <unknown>
[INFO] [stdout]    5:     0x55667ff01f82 - <unknown>
[INFO] [stdout]    6:     0x55667ff29322 - <unknown>
[INFO] [stdout]    7:     0x55667ff292a9 - <unknown>
[INFO] [stdout]    8:     0x55667ff297bc - <unknown>
[INFO] [stdout]    9:     0x55667feea64b - <unknown>
[INFO] [stdout]   10:     0x55667feec501 - <unknown>
[INFO] [stdout]   11:     0x55667fee2e68 - <unknown>
[INFO] [stdout]   12:     0x55667fee7826 - <unknown>
[INFO] [stdout]   13:     0x55667ff4192b - <unknown>
[INFO] [stdout]   14:     0x55667ff3d58c - <unknown>
[INFO] [stdout]   15:     0x55667ff3ccbc - <unknown>
[INFO] [stdout]   16:     0x55667ff59b7c - <unknown>
[INFO] [stdout]   17:     0x55667ff2ac22 - <unknown>
[INFO] [stdout]   18:     0x7c6a15ea9dfa - <unknown>
[INFO] [stdout]   19:     0x7c6a15f3d3d4 - clone
[INFO] [stdout]   20:                0x0 - <unknown>
[INFO] [stdout] 
[INFO] [stdout] ---- ignore stdout ----
[INFO] [stdout] 
[INFO] [stdout] thread 'ignore' (816) panicked at tests/tests.rs:18:9:
[INFO] [stdout] assertion failed: binary().current_dir(path).arg("save").arg("--ignore").args(ignore).arg("--verbose").arg("--file").arg(file).arg("./").spawn().unwrap().wait().unwrap().success()
[INFO] [stdout] stack backtrace:
[INFO] [stdout]    0:     0x55667ff03787 - <unknown>
[INFO] [stdout]    1:     0x55667feea7ba - <unknown>
[INFO] [stdout]    2:     0x55667ff02d3b - <unknown>
[INFO] [stdout]    3:     0x55667ff0281f - <unknown>
[INFO] [stdout]    4:     0x55667ff0244a - <unknown>
[INFO] [stdout]    5:     0x55667ff01f82 - <unknown>
[INFO] [stdout]    6:     0x55667ff29322 - <unknown>
[INFO] [stdout]    7:     0x55667ff292a9 - <unknown>
[INFO] [stdout]    8:     0x55667ff297bc - <unknown>
[INFO] [stdout]    9:     0x55667feea64b - <unknown>
[INFO] [stdout]   10:     0x55667feec501 - <unknown>
[INFO] [stdout]   11:     0x55667fee2e68 - <unknown>
[INFO] [stdout]   12:     0x55667fee10a9 - <unknown>
[INFO] [stdout]   13:     0x55667fee90a2 - <unknown>
[INFO] [stdout]   14:     0x55667ff4192b - <unknown>
[INFO] [stdout]   15:     0x55667ff3d58c - <unknown>
[INFO] [stdout]   16:     0x55667ff3ccbc - <unknown>
[INFO] [stdout]   17:     0x55667ff59b7c - <unknown>
[INFO] [stdout]   18:     0x55667ff2ac22 - <unknown>
[INFO] [stdout]   19:     0x7c6a15ea9dfa - <unknown>
[INFO] [stdout]   20:     0x7c6a15f3d3d4 - clone
[INFO] [stdout]   21:                0x0 - <unknown>
[INFO] [stdout] 
[INFO] [stdout] ---- test_nested stdout ----
[INFO] [stdout] 
[INFO] [stdout] thread 'test_nested' (819) panicked at tests/tests.rs:18:9:
[INFO] [stdout] assertion failed: binary().current_dir(path).arg("save").arg("--ignore").args(ignore).arg("--verbose").arg("--file").arg(file).arg("./").spawn().unwrap().wait().unwrap().success()
[INFO] [stdout] stack backtrace:
[INFO] [stdout]    0:     0x55667ff03787 - <unknown>
[INFO] [stdout]    1:     0x55667feea7ba - <unknown>
[INFO] [stdout]    2:     0x55667ff02d3b - <unknown>
[INFO] [stdout]    3:     0x55667ff0281f - <unknown>
[INFO] [stdout]    4:     0x55667ff0244a - <unknown>
[INFO] [stdout]    5:     0x55667ff01f82 - <unknown>
[INFO] [stdout]    6:     0x55667ff29322 - <unknown>
[INFO] [stdout]    7:     0x55667ff292a9 - <unknown>
[INFO] [stdout]    8:     0x55667ff297bc - <unknown>
[INFO] [stdout]    9:     0x55667feea64b - <unknown>
[INFO] [stdout]   10:     0x55667feec501 - <unknown>
[INFO] [stdout]   11:     0x55667fee2e68 - <unknown>
[INFO] [stdout]   12:     0x55667fee10a9 - <unknown>
[INFO] [stdout]   13:     0x55667fee69e5 - <unknown>
[INFO] [stdout]   14:     0x55667ff4192b - <unknown>
[INFO] [stdout]   15:     0x55667ff3d58c - <unknown>
[INFO] [stdout]   16:     0x55667ff3ccbc - <unknown>
[INFO] [stdout]   17:     0x55667ff59b7c - <unknown>
[INFO] [stdout]   18:     0x55667ff2ac22 - <unknown>
[INFO] [stdout]   19:     0x7c6a15ea9dfa - <unknown>
[INFO] [stdout]   20:     0x7c6a15f3d3d4 - clone
[INFO] [stdout]   21:                0x0 - <unknown>
[INFO] [stdout] 
[INFO] [stdout] ---- basic stdout ----
[INFO] [stdout] 
[INFO] [stdout] thread 'basic' (814) panicked at tests/tests.rs:18:9:
[INFO] [stdout] assertion failed: binary().current_dir(path).arg("save").arg("--ignore").args(ignore).arg("--verbose").arg("--file").arg(file).arg("./").spawn().unwrap().wait().unwrap().success()
[INFO] [stdout] stack backtrace:
[INFO] [stdout]    0:     0x55667ff03787 - <unknown>
[INFO] [stdout]    1:     0x55667feea7ba - <unknown>
[INFO] [stdout]    2:     0x55667ff02d3b - <unknown>
[INFO] [stdout]    3:     0x55667ff0281f - <unknown>
[INFO] [stdout]    4:     0x55667ff0244a - <unknown>
[INFO] [stdout]    5:     0x55667ff01f82 - <unknown>
[INFO] [stdout]    6:     0x55667ff29322 - <unknown>
[INFO] [stdout]    7:     0x55667ff292a9 - <unknown>
[INFO] [stdout]    8:     0x55667ff297bc - <unknown>
[INFO] [stdout]    9:     0x55667feea64b - <unknown>
[INFO] [stdout]   10:     0x55667feec501 - <unknown>
[INFO] [stdout]   11:     0x55667fee2e68 - <unknown>
[INFO] [stdout]   12:     0x55667fee10a9 - <unknown>
[INFO] [stdout]   13:     0x55667fee9007 - <unknown>
[INFO] [stdout]   14:     0x55667ff4192b - <unknown>
[INFO] [stdout]   15:     0x55667ff3d58c - <unknown>
[INFO] [stdout]   16:     0x55667ff3ccbc - <unknown>
[INFO] [stdout]   17:     0x55667ff59b7c - <unknown>
[INFO] [stdout]   18:     0x55667ff2ac22 - <unknown>
[INFO] [stdout]   19:     0x7c6a15ea9dfa - <unknown>
[INFO] [stdout]   20:     0x7c6a15f3d3d4 - clone
[INFO] [stdout]   21:                0x0 - <unknown>
[INFO] [stdout] 
[INFO] [stdout] ---- multiple_ignore stdout ----
[INFO] [stdout] 
[INFO] [stdout] thread 'multiple_ignore' (817) panicked at tests/tests.rs:18:9:
[INFO] [stdout] assertion failed: binary().current_dir(path).arg("save").arg("--ignore").args(ignore).arg("--verbose").arg("--file").arg(file).arg("./").spawn().unwrap().wait().unwrap().success()
[INFO] [stdout] stack backtrace:
[INFO] [stdout]    0:     0x55667ff03787 - <unknown>
[INFO] [stdout]    1:     0x55667feea7ba - <unknown>
[INFO] [stdout]    2:     0x55667ff02d3b - <unknown>
[INFO] [stdout]    3:     0x55667ff0281f - <unknown>
[INFO] [stdout]    4:     0x55667ff0244a - <unknown>
[INFO] [stdout]    5:     0x55667ff01f82 - <unknown>
[INFO] [stdout]    6:     0x55667ff29322 - <unknown>
[INFO] [stdout]    7:     0x55667ff292a9 - <unknown>
[INFO] [stdout]    8:     0x55667ff297bc - <unknown>
[INFO] [stdout]    9:     0x55667feea64b - <unknown>
[INFO] [stdout]   10:     0x55667feec501 - <unknown>
[INFO] [stdout]   11:     0x55667fee2e68 - <unknown>
[INFO] [stdout]   12:     0x55667fee10a9 - <unknown>
[INFO] [stdout]   13:     0x55667fee7565 - <unknown>
[INFO] [stdout]   14:     0x55667ff4192b - <unknown>
[INFO] [stdout]   15:     0x55667ff3d58c - <unknown>
[INFO] [stdout]   16:     0x55667ff3ccbc - <unknown>
[INFO] [stdout]   17:     0x55667ff59b7c - <unknown>
[INFO] [stdout]   18:     0x55667ff2ac22 - <unknown>
[INFO] [stdout]   19:     0x7c6a15ea9dfa - <unknown>
[INFO] [stdout]   20:     0x7c6a15f3d3d4 - clone
[INFO] [stdout]   21:                0x0 - <unknown>
[INFO] [stdout] 
[INFO] [stdout] 
[INFO] [stdout] failures:
[INFO] [stdout]     basic
[INFO] [stdout]     check_values
[INFO] [stdout]     ignore
[INFO] [stdout]     multiple_ignore
[INFO] [stdout]     test_different_directory
[INFO] [stdout]     test_nested
[INFO] [stdout] 
[INFO] [stdout] test result: FAILED. 0 passed; 6 failed; 0 ignored; 0 measured; 0 filtered out; finished in 0.08s
[INFO] [stdout] 
[INFO] [stderr] error: test failed, to rerun pass `--test tests`
[INFO] running `Command { std: "docker" "inspect" "1468ff621c6fc0a951281676bdc3757508277c9132fe2fa65805597475e63a30", kill_on_drop: false }`
[INFO] running `Command { std: "docker" "rm" "-f" "1468ff621c6fc0a951281676bdc3757508277c9132fe2fa65805597475e63a30", kill_on_drop: false }`
[INFO] [stdout] 1468ff621c6fc0a951281676bdc3757508277c9132fe2fa65805597475e63a30
