[INFO] fetching crate msquic 2.5.1-beta...
[INFO] testing msquic-2.5.1-beta against 1.100.0-beta.1+cargoflags=--release for beta-release-1.100-2
[INFO] extracting crate msquic 2.5.1-beta into /workspace/builds/worker-1-tc2/source
[INFO] removed /workspace/builds/worker-1-tc2/source/rust-toolchain.toml
[INFO] started tweaking crates.io crate msquic 2.5.1-beta
[INFO] finished tweaking crates.io crate msquic 2.5.1-beta
[INFO] tweaked toml for crates.io crate msquic 2.5.1-beta written to /workspace/builds/worker-1-tc2/source/Cargo.toml
[INFO] validating manifest of crates.io crate msquic 2.5.1-beta on toolchain 1.100.0-beta.1
[INFO] running `Command { std: CARGO_HOME="/workspace/cargo-home" RUSTUP_HOME="/workspace/rustup-home" "/workspace/cargo-home/bin/cargo" "+1.100.0-beta.1" "metadata" "--manifest-path" "Cargo.toml" "--no-deps", kill_on_drop: false }`
[INFO] crate crates.io crate msquic 2.5.1-beta already has a lockfile, it will not be regenerated
[INFO] running `Command { std: CARGO_HOME="/workspace/cargo-home" RUSTUP_HOME="/workspace/rustup-home" "/workspace/cargo-home/bin/cargo" "+1.100.0-beta.1" "fetch" "--manifest-path" "Cargo.toml", kill_on_drop: false }`
[INFO] running `Command { std: "docker" "create" "-v" "/var/lib/crater-agent-workspace/builds/worker-1-tc2/source:/opt/rustwide/workdir:ro,Z" "-v" "/var/lib/crater-agent-workspace/builds/worker-1-tc2/target:/opt/rustwide/target:rw,Z" "-v" "/var/lib/crater-agent-workspace/cargo-home:/opt/rustwide/cargo-home:ro,Z" "-v" "/var/lib/crater-agent-workspace/rustup-home:/opt/rustwide/rustup-home:ro,Z" "-m" "1610612736" "--network" "none" "ghcr.io/rust-lang/crates-build-env/linux@sha256:77db811e55d90add9212f6832c23229e3de5f1c1f9905e8cb07319ea15df73ac" "sleep" "infinity", kill_on_drop: false }`
[INFO] [stdout] ff9b70c4dfabd6b8335cb9f4211a1ceac4456b8ae7f906dd758364435895264b
[INFO] running `Command { std: "docker" "start" "ff9b70c4dfabd6b8335cb9f4211a1ceac4456b8ae7f906dd758364435895264b", kill_on_drop: false }`
[INFO] running `Command { std: "docker" "inspect" "ff9b70c4dfabd6b8335cb9f4211a1ceac4456b8ae7f906dd758364435895264b", kill_on_drop: false }`
[INFO] running `Command { std: "docker" "exec" "-e" "SOURCE_DIR=/opt/rustwide/workdir" "-e" "CARGO_HOME=/opt/rustwide/cargo-home" "-e" "RUSTUP_HOME=/opt/rustwide/rustup-home" "-e" "CARGO_TARGET_DIR=/opt/rustwide/target" "-w" "/opt/rustwide/workdir" "--user" "0:0" "ff9b70c4dfabd6b8335cb9f4211a1ceac4456b8ae7f906dd758364435895264b" "/opt/rustwide/cargo-home/bin/cargo" "+1.100.0-beta.1" "metadata" "--no-deps" "--format-version=1", kill_on_drop: false }`
[INFO] running `Command { std: "docker" "inspect" "ff9b70c4dfabd6b8335cb9f4211a1ceac4456b8ae7f906dd758364435895264b", kill_on_drop: false }`
[INFO] running `Command { std: "docker" "exec" "-e" "SOURCE_DIR=/opt/rustwide/workdir" "-e" "CARGO_HOME=/opt/rustwide/cargo-home" "-e" "RUSTUP_HOME=/opt/rustwide/rustup-home" "-e" "CARGO_TARGET_DIR=/opt/rustwide/target" "-e" "CARGO_INCREMENTAL=0" "-e" "RUST_BACKTRACE=full" "-e" "RUSTFLAGS=--cap-lints=warn" "-e" "RUSTDOCFLAGS=--cap-lints=warn" "-w" "/opt/rustwide/workdir" "--user" "0:0" "ff9b70c4dfabd6b8335cb9f4211a1ceac4456b8ae7f906dd758364435895264b" "/opt/rustwide/cargo-home/bin/cargo" "+1.100.0-beta.1" "build" "--frozen" "--message-format=json" "--release", kill_on_drop: false }`
[INFO] [stderr]    Compiling cc v1.2.29
[INFO] [stderr]    Compiling dtor-proc-macro v0.0.5
[INFO] [stderr]    Compiling ctor-proc-macro v0.0.5
[INFO] [stderr]    Compiling bitflags v2.9.1
[INFO] [stderr]    Compiling c-types v4.0.0
[INFO] [stderr]    Compiling socket2 v0.5.10
[INFO] [stderr]    Compiling dtor v0.0.6
[INFO] [stderr]    Compiling ctor v0.4.2
[INFO] [stderr]    Compiling cmake v0.1.54
[INFO] [stderr]    Compiling msquic v2.5.1-beta (/opt/rustwide/workdir)
[INFO] [stderr]     Finished `release` profile [optimized] target(s) in 1m 56s
[INFO] running `Command { std: "docker" "inspect" "ff9b70c4dfabd6b8335cb9f4211a1ceac4456b8ae7f906dd758364435895264b", kill_on_drop: false }`
[INFO] running `Command { std: "docker" "exec" "-e" "SOURCE_DIR=/opt/rustwide/workdir" "-e" "CARGO_HOME=/opt/rustwide/cargo-home" "-e" "RUSTUP_HOME=/opt/rustwide/rustup-home" "-e" "CARGO_TARGET_DIR=/opt/rustwide/target" "-e" "CARGO_INCREMENTAL=0" "-e" "RUST_BACKTRACE=full" "-e" "RUSTFLAGS=--cap-lints=warn" "-e" "RUSTDOCFLAGS=--cap-lints=warn" "-w" "/opt/rustwide/workdir" "--user" "0:0" "ff9b70c4dfabd6b8335cb9f4211a1ceac4456b8ae7f906dd758364435895264b" "/opt/rustwide/cargo-home/bin/cargo" "+1.100.0-beta.1" "test" "--frozen" "--no-run" "--message-format=json" "--release", kill_on_drop: false }`
[INFO] [stderr]    Compiling msquic v2.5.1-beta (/opt/rustwide/workdir)
[INFO] [stderr]     Finished `release` profile [optimized] target(s) in 2.44s
[INFO] running `Command { std: "docker" "inspect" "ff9b70c4dfabd6b8335cb9f4211a1ceac4456b8ae7f906dd758364435895264b", kill_on_drop: false }`
[INFO] running `Command { std: "docker" "exec" "-e" "SOURCE_DIR=/opt/rustwide/workdir" "-e" "CARGO_HOME=/opt/rustwide/cargo-home" "-e" "RUSTUP_HOME=/opt/rustwide/rustup-home" "-e" "CARGO_TARGET_DIR=/opt/rustwide/target" "-e" "CARGO_INCREMENTAL=0" "-e" "RUST_BACKTRACE=full" "-e" "RUSTFLAGS=--cap-lints=warn" "-e" "RUSTDOCFLAGS=--cap-lints=warn" "-w" "/opt/rustwide/workdir" "--user" "0:0" "ff9b70c4dfabd6b8335cb9f4211a1ceac4456b8ae7f906dd758364435895264b" "/opt/rustwide/cargo-home/bin/cargo" "+1.100.0-beta.1" "test" "--frozen" "--release", kill_on_drop: false }`
[INFO] [stderr]     Finished `release` profile [optimized] target(s) in 0.09s
[INFO] [stderr]      Running unittests src/rs/lib.rs (/opt/rustwide/target/release/build/msquic/e5e09d8e6e23df1d/out/msquic-e5e09d8e6e23df1d)
[INFO] [stdout] 
[INFO] [stdout] running 12 tests
[INFO] [stdout] test error::tests::error_fmt_test ... ok
[INFO] [stdout] test config::tests::hash_test ... ok
[INFO] [stdout] test settings::tests::test_bit_field ... ok
[INFO] [stdout] test error::tests::error_ok_test ... ok
[INFO] [stdout] test types::buff_tests::buffer_ref_detach_test ... ok
[INFO] [stdout] test types::buff_tests::buffer_ref_raw_test ... ok
[INFO] [stdout] test types::buff_tests::multi_buffer_ref_detach_test ... ok
[INFO] [stdout] test types::buff_tests::slice_conv_test ... ok
[INFO] [stdout] test types::buff_tests::buffer_ref_conv_test ... ok
[INFO] [stdout] test config::tests::config_load ... ok
[INFO] [stdout] Transport shutdown QUIC_STATUS_INVALID_PARAMETER (0x16), 1
[INFO] [stdout] Shutdown complete: false, true, false
[INFO] [stdout] test tests::test_module ... FAILED
[INFO] [stderr] .+..........+.....+...+.+......+...+.....+.......+...+.....................+........+.+.....+......+..........+.....+...+.+..+...+++++++++++++++++++++++++++++++++++++++++++++*...........+.+......+...+..+.+.....+....+.........+..+.......+..+...+...+....+...+..+++++++++++++++++++++++++++++++++++++++++++++*.+............+..+....+...........+.+.................+...+...+....+...+...+............+..+......+.......+............+...+..+..........+......+...............+......+........+.......+...............+.....+....+...............+.....+............+.........+.+........+.......+..+...+++++
[INFO] [stderr] ..+.........+++++++++++++++++++++++++++++++++++++++++++++*.+....+.....+...............+.+...+..+............+.......+...........+...+....+...+.....+.......+.....+......+.+.....+....+++++++++++++++++++++++++++++++++++++++++++++*.+....+.....................+............+......+...........+.+..+...........................+..................+.+..............+.......+......+................................+.+..+...+.......+.....+.......+......+..+...+....+..+.+..+...............+.+.................+....+......+..+.+.....+.+.....+............................+...+..........................................+........+...+....+...........+.......+........+.+...+.....+...+...+..........+..............+...+.........+....+.........+...+.................+................+..+....+...+...+..+..................+...+.........+.+..+............+......................+.....+..........+........+++++
[INFO] [stderr] -----
[INFO] [stdout] Server listener event: NewConnection { info: NewConnectionInfo { quic_version: 16777216, local_address: Addr{..}, remote_address: Addr{..}, crypto_buffer: [1, 0, 1, 16, 3, 3, 41, 233, 2, 73, 128, 145, 0, 184, 25, 144, 153, 126, 106, 51, 113, 90, 191, 58, 102, 174, 254, 206, 81, 176, 68, 168, 86, 239, 126, 4, 194, 212, 0, 0, 8, 19, 2, 19, 3, 19, 1, 0, 255, 1, 0, 0, 223, 0, 0, 0, 14, 0, 12, 0, 0, 9, 49, 50, 55, 46, 48, 46, 48, 46, 49, 0, 11, 0, 4, 3, 0, 1, 2, 0, 10, 0, 22, 0, 20, 0, 29, 0, 23, 0, 30, 0, 25, 0, 24, 1, 0, 1, 1, 1, 2, 1, 3, 1, 4, 0, 35, 0, 0, 0, 16, 0, 8, 0, 6, 5, 113, 116, 101, 115, 116, 0, 22, 0, 0, 0, 23, 0, 0, 0, 13, 0, 30, 0, 28, 4, 3, 5, 3, 6, 3, 8, 7, 8, 8, 8, 9, 8, 10, 8, 11, 8, 4, 8, 5, 8, 6, 4, 1, 5, 1, 6, 1, 0, 43, 0, 3, 2, 3, 4, 0, 45, 0, 2, 1, 1, 0, 51, 0, 38, 0, 36, 0, 29, 0, 32, 184, 80, 150, 95, 100, 95, 184, 200, 114, 144, 124, 255, 121, 231, 196, 132, 169, 129, 220, 89, 222, 236, 74, 186, 68, 102, 171, 214, 33, 173, 140, 43, 0, 57, 0, 54, 1, 2, 67, 232, 3, 2, 69, 192, 4, 4, 129, 0, 0, 0, 5, 4, 128, 1, 0, 0, 6, 4, 128, 1, 0, 0, 7, 4, 128, 1, 0, 0, 10, 1, 8, 11, 1, 26, 14, 1, 4, 15, 0, 192, 0, 0, 0, 255, 4, 222, 27, 2, 67, 232], client_alpn_list: [5, 113, 116, 101, 115, 116], server_name: [49, 50, 55, 46, 48, 46, 48, 46, 49], negotiated_alpn: [113, 116, 101, 115, 116] }, connection: ConnectionRef(Connection { handle: 0x717efc01d800 }) }
[INFO] [stdout] Server connection event: IdealProcessorChanged { ideal_processor: 15, partition_index: 15 }
[INFO] [stdout] Client connection event: StreamsAvailable { bidirectional_count: 1, unidirectional_count: 0 }
[INFO] [stdout] Client connection event: DatagramStateChanged { send_enabled: false, max_send_length: 0 }
[INFO] [stdout] Client connection event: Connected { session_resumed: false, negotiated_alpn: [113, 116, 101, 115, 116] }
[INFO] [stdout] Client stream event: StartComplete { status: Error { code: 0x0, message: QUIC_STATUS_SUCCESS }, id: 0, peer_accepted: true }
[INFO] [stdout] Client stream event: SendComplete { cancelled: false, client_context: 0x717efc00ae40 }
[INFO] [stdout] Server connection event: Connected { session_resumed: false, negotiated_alpn: [113, 116, 101, 115, 116] }
[INFO] [stdout] Server connection event: PeerStreamStarted { stream: StreamRef(Stream { handle: 0x717efc051770 }), flags: StreamOpenFlags(0x0) }
[INFO] [stdout] Server stream event: Receive { absolute_offset: 0, total_buffer_length: 17, buffers: [BufferRef(QUIC_BUFFER { Length: 17, Buffer: 0x717efc005880 })], flags: ReceiveFlags(FIN) }
[INFO] [stdout] Server stream event: PeerSendShutdown
[INFO] [stdout] Server stream event: SendComplete { cancelled: false, client_context: 0x717efc09b660 }
[INFO] [stdout] Client stream event: SendShutdownComplete { graceful: true }
[INFO] [stdout] Client stream event: Receive { absolute_offset: 0, total_buffer_length: 17, buffers: [BufferRef(QUIC_BUFFER { Length: 17, Buffer: 0x717efc050750 })], flags: ReceiveFlags(FIN) }
[INFO] [stdout] Client stream event: PeerSendShutdown
[INFO] [stdout] Client stream event: ShutdownComplete { connection_shutdown: false, app_close_in_progress: false, connection_shutdown_by_app: false, connection_closed_remotely: false, connection_error_code: 0, connection_close_status: Error { code: 0x0, message: QUIC_STATUS_SUCCESS } }
[INFO] [stdout] Client connection event: ShutdownComplete { handshake_completed: true, peer_acknowledged_shutdown: true, app_close_in_progress: true }
[INFO] [stdout] Server stream event: SendShutdownComplete { graceful: true }
[INFO] [stdout] Server stream event: ShutdownComplete { connection_shutdown: false, app_close_in_progress: false, connection_shutdown_by_app: false, connection_closed_remotely: false, connection_error_code: 0, connection_close_status: Error { code: 0x0, message: QUIC_STATUS_SUCCESS } }
[INFO] [stdout] Server connection event: ShutdownInitiatedByTransport { status: Error { code: 0x3e, message: QUIC_STATUS_CONNECTION_IDLE }, error_code: 1 }
[INFO] [stdout] Server connection event: ShutdownComplete { handshake_completed: true, peer_acknowledged_shutdown: true, app_close_in_progress: false }
[INFO] [stdout] test server_client_test::test_server_client ... ok
[INFO] [stdout] 
[INFO] [stdout] failures:
[INFO] [stdout] 
[INFO] [stdout] ---- tests::test_module stdout ----
[INFO] [stdout] 
[INFO] [stdout] thread 'tests::test_module' (4925) panicked at src/rs/lib.rs:1415:18:
[INFO] [stdout] cannot get local addr: Error { code: 0x1, message: QUIC_STATUS_INVALID_STATE }
[INFO] [stdout] stack backtrace:
[INFO] [stdout]    0:     0x586a4a415ca1 - <<std[617be2ca0a6fd877]::sys::backtrace::BacktraceLock>::print::DisplayBacktrace as core[a373ad73a504971]::fmt::Display>::fmt
[INFO] [stdout]    1:     0x586a4a42a2fa - core[a373ad73a504971]::fmt::write
[INFO] [stdout]    2:     0x586a4a41a13c - <alloc[2e1b2a31b91974c5]::vec::Vec<u8> as core[a373ad73a504971]::io::write::Write>::write_fmt
[INFO] [stdout]    3:     0x586a4a3f0c96 - std[617be2ca0a6fd877]::panicking::default_hook::{closure#0}
[INFO] [stdout]    4:     0x586a4a40db99 - std[617be2ca0a6fd877]::panicking::default_hook
[INFO] [stdout]    5:     0x586a4a3a9330 - test[aada8e7e76ba119b]::test_main_inner::{closure#0}
[INFO] [stdout]    6:     0x586a4a40dd52 - std[617be2ca0a6fd877]::panicking::panic_with_hook
[INFO] [stdout]    7:     0x586a4a3f0d42 - std[617be2ca0a6fd877]::panicking::panic_handler::{closure#0}
[INFO] [stdout]    8:     0x586a4a3e9939 - std[617be2ca0a6fd877]::sys::backtrace::__rust_end_short_backtrace::<std[617be2ca0a6fd877]::panicking::panic_handler::{closure#0}, !>
[INFO] [stdout]    9:     0x586a4a3f194d - __rustc[ea4f61d10b84890b]::rust_begin_unwind
[INFO] [stdout]   10:     0x586a4a42aa2c - core[a373ad73a504971]::panicking::panic_fmt
[INFO] [stdout]   11:     0x586a4a42a802 - core[a373ad73a504971]::result::unwrap_failed
[INFO] [stdout]   12:     0x586a4a39939d - <msquic[6782abc23c4077b1]::tests::test_module::{closure#0} as core[a373ad73a504971]::ops::function::FnOnce<()>>::call_once
[INFO] [stdout]   13:     0x586a4a39c77b - test[aada8e7e76ba119b]::__rust_begin_short_backtrace::<core[a373ad73a504971]::result::Result<(), alloc[2e1b2a31b91974c5]::string::String>, fn() -> core[a373ad73a504971]::result::Result<(), alloc[2e1b2a31b91974c5]::string::String>>
[INFO] [stdout]   14:     0x586a4a3a9955 - test[aada8e7e76ba119b]::run_test::{closure#0}
[INFO] [stdout]   15:     0x586a4a3a3244 - std[617be2ca0a6fd877]::sys::backtrace::__rust_begin_short_backtrace::<test[aada8e7e76ba119b]::run_test::{closure#1}, ()>
[INFO] [stdout]   16:     0x586a4a3ac9e2 - <std[617be2ca0a6fd877]::thread::lifecycle::spawn_unchecked<test[aada8e7e76ba119b]::run_test::{closure#1}, ()>::{closure#1} as core[a373ad73a504971]::ops::function::FnOnce<()>>::call_once::{shim:vtable#0}
[INFO] [stdout]   17:     0x586a4a4154ff - <std[617be2ca0a6fd877]::sys::thread::unix::Thread>::new::thread_start
[INFO] [stdout]   18:     0x717f0ac82dfa - <unknown>
[INFO] [stdout]   19:     0x717f0ad163d4 - clone
[INFO] [stdout]   20:                0x0 - <unknown>
[INFO] [stdout] 
[INFO] [stdout] 
[INFO] [stdout] failures:
[INFO] [stdout]     tests::test_module
[INFO] [stdout] 
[INFO] [stdout] test result: FAILED. 11 passed; 1 failed; 0 ignored; 0 measured; 0 filtered out; finished in 1.64s
[INFO] [stdout] 
[INFO] [stderr] error: test failed, to rerun pass `--lib`
[INFO] running `Command { std: "docker" "inspect" "ff9b70c4dfabd6b8335cb9f4211a1ceac4456b8ae7f906dd758364435895264b", kill_on_drop: false }`
[INFO] running `Command { std: "docker" "rm" "-f" "ff9b70c4dfabd6b8335cb9f4211a1ceac4456b8ae7f906dd758364435895264b", kill_on_drop: false }`
[INFO] [stdout] ff9b70c4dfabd6b8335cb9f4211a1ceac4456b8ae7f906dd758364435895264b
