[INFO] fetching crate msqlx-sqlite 0.9.0-msqlx.2...
[INFO] testing msqlx-sqlite-0.9.0-msqlx.2 against 1.99.0-beta.8+cargoflags=--release for beta-release-1.100-2
[INFO] extracting crate msqlx-sqlite 0.9.0-msqlx.2 into /workspace/builds/worker-4-tc1/source
[INFO] started tweaking crates.io crate msqlx-sqlite 0.9.0-msqlx.2
[INFO] finished tweaking crates.io crate msqlx-sqlite 0.9.0-msqlx.2
[INFO] tweaked toml for crates.io crate msqlx-sqlite 0.9.0-msqlx.2 written to /workspace/builds/worker-4-tc1/source/Cargo.toml
[INFO] validating manifest of crates.io crate msqlx-sqlite 0.9.0-msqlx.2 on toolchain 1.99.0-beta.8
[INFO] running `Command { std: CARGO_HOME="/workspace/cargo-home" RUSTUP_HOME="/workspace/rustup-home" "/workspace/cargo-home/bin/cargo" "+1.99.0-beta.8" "metadata" "--manifest-path" "Cargo.toml" "--no-deps", kill_on_drop: false }`
[INFO] crate crates.io crate msqlx-sqlite 0.9.0-msqlx.2 already has a lockfile, it will not be regenerated
[INFO] running `Command { std: CARGO_HOME="/workspace/cargo-home" RUSTUP_HOME="/workspace/rustup-home" "/workspace/cargo-home/bin/cargo" "+1.99.0-beta.8" "fetch" "--manifest-path" "Cargo.toml", kill_on_drop: false }`
[INFO] [stderr]     Updating crates.io index
[INFO] [stderr]  Downloading crates ...
[INFO] [stderr]   Downloaded msqlx-core v0.9.0-msqlx.2
[INFO] [stderr]   Downloaded hashlink v0.11.0
[INFO] running `Command { std: "docker" "create" "-v" "/var/lib/crater-agent-workspace/builds/worker-4-tc1/source:/opt/rustwide/workdir:ro,Z" "-v" "/var/lib/crater-agent-workspace/builds/worker-4-tc1/target:/opt/rustwide/target:rw,Z" "-v" "/var/lib/crater-agent-workspace/cargo-home:/opt/rustwide/cargo-home:ro,Z" "-v" "/var/lib/crater-agent-workspace/rustup-home:/opt/rustwide/rustup-home:ro,Z" "-m" "1610612736" "--network" "none" "ghcr.io/rust-lang/crates-build-env/linux@sha256:77db811e55d90add9212f6832c23229e3de5f1c1f9905e8cb07319ea15df73ac" "sleep" "infinity", kill_on_drop: false }`
[INFO] [stdout] e4024b97dfe4ede24e1de9881177a0cb41bcbb135fc2d2ba2f4a9e9bcd668ac6
[INFO] running `Command { std: "docker" "start" "e4024b97dfe4ede24e1de9881177a0cb41bcbb135fc2d2ba2f4a9e9bcd668ac6", kill_on_drop: false }`
[INFO] running `Command { std: "docker" "inspect" "e4024b97dfe4ede24e1de9881177a0cb41bcbb135fc2d2ba2f4a9e9bcd668ac6", kill_on_drop: false }`
[INFO] running `Command { std: "docker" "exec" "-e" "SOURCE_DIR=/opt/rustwide/workdir" "-e" "CARGO_HOME=/opt/rustwide/cargo-home" "-e" "RUSTUP_HOME=/opt/rustwide/rustup-home" "-e" "CARGO_TARGET_DIR=/opt/rustwide/target" "-w" "/opt/rustwide/workdir" "--user" "0:0" "e4024b97dfe4ede24e1de9881177a0cb41bcbb135fc2d2ba2f4a9e9bcd668ac6" "/opt/rustwide/cargo-home/bin/cargo" "+1.99.0-beta.8" "metadata" "--no-deps" "--format-version=1", kill_on_drop: false }`
[INFO] running `Command { std: "docker" "inspect" "e4024b97dfe4ede24e1de9881177a0cb41bcbb135fc2d2ba2f4a9e9bcd668ac6", kill_on_drop: false }`
[INFO] running `Command { std: "docker" "exec" "-e" "SOURCE_DIR=/opt/rustwide/workdir" "-e" "CARGO_HOME=/opt/rustwide/cargo-home" "-e" "RUSTUP_HOME=/opt/rustwide/rustup-home" "-e" "CARGO_TARGET_DIR=/opt/rustwide/target" "-e" "CARGO_INCREMENTAL=0" "-e" "RUST_BACKTRACE=full" "-e" "RUSTFLAGS=--cap-lints=warn" "-e" "RUSTDOCFLAGS=--cap-lints=warn" "-w" "/opt/rustwide/workdir" "--user" "0:0" "e4024b97dfe4ede24e1de9881177a0cb41bcbb135fc2d2ba2f4a9e9bcd668ac6" "/opt/rustwide/cargo-home/bin/cargo" "+1.99.0-beta.8" "build" "--frozen" "--message-format=json" "--release", kill_on_drop: false }`
[INFO] [stderr]    Compiling syn v2.0.117
[INFO] [stderr]    Compiling litemap v0.8.2
[INFO] [stderr]    Compiling writeable v0.6.3
[INFO] [stderr]    Compiling icu_normalizer_data v2.2.0
[INFO] [stderr]    Compiling icu_properties_data v2.2.0
[INFO] [stderr]    Compiling futures-core v0.3.32
[INFO] [stderr]    Compiling futures-sink v0.3.32
[INFO] [stderr]    Compiling futures-task v0.3.32
[INFO] [stderr]    Compiling percent-encoding v2.3.2
[INFO] [stderr]    Compiling num-traits v0.2.19
[INFO] [stderr]    Compiling slab v0.4.12
[INFO] [stderr]    Compiling vcpkg v0.2.15
[INFO] [stderr]    Compiling memchr v2.8.0
[INFO] [stderr]    Compiling parking_lot_core v0.9.12
[INFO] [stderr]    Compiling futures-io v0.3.32
[INFO] [stderr]    Compiling thiserror v2.0.18
[INFO] [stderr]    Compiling concurrent-queue v2.5.0
[INFO] [stderr]    Compiling parking v2.2.1
[INFO] [stderr]    Compiling form_urlencoded v1.2.2
[INFO] [stderr]    Compiling log v0.4.29
[INFO] [stderr]    Compiling hashlink v0.11.0
[INFO] [stderr]    Compiling crossbeam-queue v0.3.12
[INFO] [stderr]    Compiling parking_lot v0.12.5
[INFO] [stderr]    Compiling spin v0.9.8
[INFO] [stderr]    Compiling event-listener v5.4.1
[INFO] [stderr]    Compiling either v1.16.0
[INFO] [stderr]    Compiling base64 v0.22.1
[INFO] [stderr]    Compiling bytes v1.11.1
[INFO] [stderr]    Compiling futures-channel v0.3.32
[INFO] [stderr]    Compiling flume v0.12.0
[INFO] [stderr]    Compiling libsqlite3-sys v0.37.0
[INFO] [stderr]    Compiling futures-intrusive v0.5.0
[INFO] [stderr]    Compiling futures-util v0.3.32
[INFO] [stderr]    Compiling atoi v2.0.0
[INFO] [stderr]    Compiling futures-executor v0.3.32
[INFO] [stderr]    Compiling synstructure v0.13.2
[INFO] [stderr]    Compiling zerovec-derive v0.11.3
[INFO] [stderr]    Compiling displaydoc v0.2.5
[INFO] [stderr]    Compiling thiserror-impl v2.0.18
[INFO] [stderr]    Compiling tracing-attributes v0.1.31
[INFO] [stderr]    Compiling zerofrom-derive v0.1.7
[INFO] [stderr]    Compiling yoke-derive v0.8.2
[INFO] [stderr]    Compiling zerofrom v0.1.8
[INFO] [stderr]    Compiling yoke v0.8.2
[INFO] [stderr]    Compiling zerotrie v0.2.4
[INFO] [stderr]    Compiling tracing v0.1.44
[INFO] [stderr]    Compiling zerovec v0.11.6
[INFO] [stderr]    Compiling tinystr v0.8.3
[INFO] [stderr]    Compiling potential_utf v0.1.5
[INFO] [stderr]    Compiling icu_collections v2.2.0
[INFO] [stderr]    Compiling icu_locale_core v2.2.0
[INFO] [stderr]    Compiling icu_provider v2.2.0
[INFO] [stderr]    Compiling icu_properties v2.2.0
[INFO] [stderr]    Compiling icu_normalizer v2.2.0
[INFO] [stderr]    Compiling idna_adapter v1.2.2
[INFO] [stderr]    Compiling idna v1.1.0
[INFO] [stderr]    Compiling url v2.5.8
[INFO] [stderr]    Compiling msqlx-core v0.9.0-msqlx.2
[INFO] [stderr]    Compiling msqlx-sqlite v0.9.0-msqlx.2 (/opt/rustwide/workdir)
[INFO] [stderr]     Finished `release` profile [optimized] target(s) in 31.83s
[INFO] running `Command { std: "docker" "inspect" "e4024b97dfe4ede24e1de9881177a0cb41bcbb135fc2d2ba2f4a9e9bcd668ac6", kill_on_drop: false }`
[INFO] running `Command { std: "docker" "exec" "-e" "SOURCE_DIR=/opt/rustwide/workdir" "-e" "CARGO_HOME=/opt/rustwide/cargo-home" "-e" "RUSTUP_HOME=/opt/rustwide/rustup-home" "-e" "CARGO_TARGET_DIR=/opt/rustwide/target" "-e" "CARGO_INCREMENTAL=0" "-e" "RUST_BACKTRACE=full" "-e" "RUSTFLAGS=--cap-lints=warn" "-e" "RUSTDOCFLAGS=--cap-lints=warn" "-w" "/opt/rustwide/workdir" "--user" "0:0" "e4024b97dfe4ede24e1de9881177a0cb41bcbb135fc2d2ba2f4a9e9bcd668ac6" "/opt/rustwide/cargo-home/bin/cargo" "+1.99.0-beta.8" "test" "--frozen" "--no-run" "--message-format=json" "--release", kill_on_drop: false }`
[INFO] [stderr]    Compiling msqlx-sqlite v0.9.0-msqlx.2 (/opt/rustwide/workdir)
[INFO] [stderr]     Finished `release` profile [optimized] target(s) in 5.85s
[INFO] running `Command { std: "docker" "inspect" "e4024b97dfe4ede24e1de9881177a0cb41bcbb135fc2d2ba2f4a9e9bcd668ac6", kill_on_drop: false }`
[INFO] running `Command { std: "docker" "exec" "-e" "SOURCE_DIR=/opt/rustwide/workdir" "-e" "CARGO_HOME=/opt/rustwide/cargo-home" "-e" "RUSTUP_HOME=/opt/rustwide/rustup-home" "-e" "CARGO_TARGET_DIR=/opt/rustwide/target" "-e" "CARGO_INCREMENTAL=0" "-e" "RUST_BACKTRACE=full" "-e" "RUSTFLAGS=--cap-lints=warn" "-e" "RUSTDOCFLAGS=--cap-lints=warn" "-w" "/opt/rustwide/workdir" "--user" "0:0" "e4024b97dfe4ede24e1de9881177a0cb41bcbb135fc2d2ba2f4a9e9bcd668ac6" "/opt/rustwide/cargo-home/bin/cargo" "+1.99.0-beta.8" "test" "--frozen" "--release", kill_on_drop: false }`
[INFO] [stderr]     Finished `release` profile [optimized] target(s) in 0.09s
[INFO] [stderr]      Running unittests src/lib.rs (/opt/rustwide/target/release/deps/sqlx_sqlite-11a98abbd05bdb4f)
[INFO] [stdout] 
[INFO] [stdout] running 7 tests
[INFO] [stdout] test options::parse::test_parse_shared_in_memory ... ok
[INFO] [stdout] test type_info::test_data_type_from_str ... ok
[INFO] [stdout] test options::parse::test_parse_in_memory ... ok
[INFO] [stdout] test options::parse::test_parse_read_only ... ok
[INFO] [stdout] test options::parse::it_returns_the_parsed_url ... ok
[INFO] [stdout] test connection::explain::test_explain ... ok
[INFO] [stdout] test connection::explain::test_root_block_columns_has_types ... ok
[INFO] [stdout] 
[INFO] [stdout] test result: ok. 7 passed; 0 failed; 0 ignored; 0 measured; 0 filtered out; finished in 0.02s
[INFO] [stdout] 
[INFO] [stderr]    Doc-tests sqlx_sqlite
[INFO] [stdout] 
[INFO] [stdout] running 1 test
[INFO] [stderr] error: doctest failed, to rerun pass `--doc`
[INFO] [stdout] test src/options/mod.rs - options::SqliteConnectOptions (line 41) - compile ... FAILED
[INFO] [stdout] 
[INFO] [stdout] failures:
[INFO] [stdout] 
[INFO] [stdout] ---- src/options/mod.rs - options::SqliteConnectOptions (line 41) stdout ----
[INFO] [stdout] error[E0433]: cannot find module or crate `sqlx` in this scope
[INFO] [stdout]   --> src/options/mod.rs:44:5
[INFO] [stdout]    |
[INFO] [stdout] 44 | use sqlx::sqlite::{SqliteConnectOptions, SqliteJournalMode, SqlitePool};
[INFO] [stdout]    |     ^^^^ use of unresolved module or unlinked crate `sqlx`
[INFO] [stdout]    |
[INFO] [stdout]    = help: if you wanted to use a crate named `sqlx`, use `cargo add sqlx` to add it to your `Cargo.toml`
[INFO] [stdout] 
[INFO] [stdout] error[E0432]: unresolved import `sqlx`
[INFO] [stdout]   --> src/options/mod.rs:43:5
[INFO] [stdout]    |
[INFO] [stdout] 43 | use sqlx::ConnectOptions;
[INFO] [stdout]    |     ^^^^ use of unresolved module or unlinked crate `sqlx`
[INFO] [stdout]    |
[INFO] [stdout]    = help: if you wanted to use a crate named `sqlx`, use `cargo add sqlx` to add it to your `Cargo.toml`
[INFO] [stdout] 
[INFO] [stdout] error[E0433]: cannot find module or crate `sqlx` in this scope
[INFO] [stdout]   --> src/options/mod.rs:42:23
[INFO] [stdout]    |
[INFO] [stdout] 42 | async fn example() -> sqlx::Result<()> {
[INFO] [stdout]    |                       ^^^^ use of unresolved module or unlinked crate `sqlx`
[INFO] [stdout]    |
[INFO] [stdout]    = help: if you wanted to use a crate named `sqlx`, use `cargo add sqlx` to add it to your `Cargo.toml`
[INFO] [stdout] 
[INFO] [stdout] error: aborting due to 3 previous errors
[INFO] [stdout] 
[INFO] [stdout] Some errors have detailed explanations: E0432, E0433.
[INFO] [stdout] For more information about an error, try `rustc --explain E0432`.
[INFO] [stdout] Couldn't compile the test.
[INFO] [stdout] 
[INFO] [stdout] failures:
[INFO] [stdout]     src/options/mod.rs - options::SqliteConnectOptions (line 41)
[INFO] [stdout] 
[INFO] [stdout] test result: FAILED. 0 passed; 1 failed; 0 ignored; 0 measured; 0 filtered out; finished in 0.14s
[INFO] [stdout] 
[INFO] running `Command { std: "docker" "inspect" "e4024b97dfe4ede24e1de9881177a0cb41bcbb135fc2d2ba2f4a9e9bcd668ac6", kill_on_drop: false }`
[INFO] running `Command { std: "docker" "rm" "-f" "e4024b97dfe4ede24e1de9881177a0cb41bcbb135fc2d2ba2f4a9e9bcd668ac6", kill_on_drop: false }`
[INFO] [stdout] e4024b97dfe4ede24e1de9881177a0cb41bcbb135fc2d2ba2f4a9e9bcd668ac6
