[INFO] fetching crate msqlx-mysql 0.9.0-msqlx.2...
[INFO] testing msqlx-mysql-0.9.0-msqlx.2 against 1.99.0-beta.8+cargoflags=--release for beta-release-1.100-2
[INFO] extracting crate msqlx-mysql 0.9.0-msqlx.2 into /workspace/builds/worker-5-tc1/source
[INFO] started tweaking crates.io crate msqlx-mysql 0.9.0-msqlx.2
[INFO] finished tweaking crates.io crate msqlx-mysql 0.9.0-msqlx.2
[INFO] tweaked toml for crates.io crate msqlx-mysql 0.9.0-msqlx.2 written to /workspace/builds/worker-5-tc1/source/Cargo.toml
[INFO] validating manifest of crates.io crate msqlx-mysql 0.9.0-msqlx.2 on toolchain 1.99.0-beta.8
[INFO] running `Command { std: CARGO_HOME="/workspace/cargo-home" RUSTUP_HOME="/workspace/rustup-home" "/workspace/cargo-home/bin/cargo" "+1.99.0-beta.8" "metadata" "--manifest-path" "Cargo.toml" "--no-deps", kill_on_drop: false }`
[INFO] crate crates.io crate msqlx-mysql 0.9.0-msqlx.2 already has a lockfile, it will not be regenerated
[INFO] running `Command { std: CARGO_HOME="/workspace/cargo-home" RUSTUP_HOME="/workspace/rustup-home" "/workspace/cargo-home/bin/cargo" "+1.99.0-beta.8" "fetch" "--manifest-path" "Cargo.toml", kill_on_drop: false }`
[INFO] [stderr]     Updating crates.io index
[INFO] [stderr]  Downloading crates ...
[INFO] [stderr]   Downloaded wasm-bindgen-shared v0.2.122
[INFO] [stderr]   Downloaded wasm-bindgen-macro v0.2.122
[INFO] [stderr]   Downloaded uuid v1.23.1
[INFO] [stderr]   Downloaded wasm-bindgen v0.2.122
[INFO] [stderr]   Downloaded wasm-bindgen-macro-support v0.2.122
[INFO] [stderr]   Downloaded serdect v0.4.3
[INFO] [stderr]   Downloaded pem-rfc7468 v1.0.0
[INFO] [stderr]   Downloaded pkcs1 v0.8.0-rc.4
[INFO] [stderr]   Downloaded borsh-derive v1.6.1
[INFO] [stderr]   Downloaded pkcs8 v0.11.0
[INFO] [stderr]   Downloaded toml_edit v0.25.11+spec-1.1.0
[INFO] [stderr]   Downloaded borsh v1.6.1
[INFO] [stderr]   Downloaded js-sys v0.3.99
[INFO] [stderr]   Downloaded rsa v0.10.0-rc.18
[INFO] [stderr]   Downloaded der v0.8.0
[INFO] [stderr]   Downloaded bigdecimal v0.4.10
[INFO] [stderr]   Downloaded rust_decimal v1.42.0
[INFO] [stderr]   Downloaded msqlx-core v0.9.0-msqlx.2
[INFO] [stderr]   Downloaded crypto-primes v0.7.0
[INFO] [stderr]   Downloaded crypto-bigint v0.7.3
[INFO] running `Command { std: "docker" "create" "-v" "/var/lib/crater-agent-workspace/builds/worker-5-tc1/source:/opt/rustwide/workdir:ro,Z" "-v" "/var/lib/crater-agent-workspace/builds/worker-5-tc1/target:/opt/rustwide/target:rw,Z" "-v" "/var/lib/crater-agent-workspace/cargo-home:/opt/rustwide/cargo-home:ro,Z" "-v" "/var/lib/crater-agent-workspace/rustup-home:/opt/rustwide/rustup-home:ro,Z" "-m" "1610612736" "--network" "none" "ghcr.io/rust-lang/crates-build-env/linux@sha256:77db811e55d90add9212f6832c23229e3de5f1c1f9905e8cb07319ea15df73ac" "sleep" "infinity", kill_on_drop: false }`
[INFO] [stdout] 903e6035617065ef3c5232313f634471386c71647f50d093e6da46d80931bfb3
[INFO] running `Command { std: "docker" "start" "903e6035617065ef3c5232313f634471386c71647f50d093e6da46d80931bfb3", kill_on_drop: false }`
[INFO] running `Command { std: "docker" "inspect" "903e6035617065ef3c5232313f634471386c71647f50d093e6da46d80931bfb3", kill_on_drop: false }`
[INFO] running `Command { std: "docker" "exec" "-e" "SOURCE_DIR=/opt/rustwide/workdir" "-e" "CARGO_HOME=/opt/rustwide/cargo-home" "-e" "RUSTUP_HOME=/opt/rustwide/rustup-home" "-e" "CARGO_TARGET_DIR=/opt/rustwide/target" "-w" "/opt/rustwide/workdir" "--user" "0:0" "903e6035617065ef3c5232313f634471386c71647f50d093e6da46d80931bfb3" "/opt/rustwide/cargo-home/bin/cargo" "+1.99.0-beta.8" "metadata" "--no-deps" "--format-version=1", kill_on_drop: false }`
[INFO] running `Command { std: "docker" "inspect" "903e6035617065ef3c5232313f634471386c71647f50d093e6da46d80931bfb3", kill_on_drop: false }`
[INFO] running `Command { std: "docker" "exec" "-e" "SOURCE_DIR=/opt/rustwide/workdir" "-e" "CARGO_HOME=/opt/rustwide/cargo-home" "-e" "RUSTUP_HOME=/opt/rustwide/rustup-home" "-e" "CARGO_TARGET_DIR=/opt/rustwide/target" "-e" "CARGO_INCREMENTAL=0" "-e" "RUST_BACKTRACE=full" "-e" "RUSTFLAGS=--cap-lints=warn" "-e" "RUSTDOCFLAGS=--cap-lints=warn" "-w" "/opt/rustwide/workdir" "--user" "0:0" "903e6035617065ef3c5232313f634471386c71647f50d093e6da46d80931bfb3" "/opt/rustwide/cargo-home/bin/cargo" "+1.99.0-beta.8" "build" "--frozen" "--message-format=json" "--release", kill_on_drop: false }`
[INFO] [stderr]    Compiling typenum v1.20.0
[INFO] [stderr]    Compiling parking_lot_core v0.9.12
[INFO] [stderr]    Compiling foldhash v0.2.0
[INFO] [stderr]    Compiling zerofrom v0.1.8
[INFO] [stderr]    Compiling thiserror v2.0.18
[INFO] [stderr]    Compiling futures-core v0.3.32
[INFO] [stderr]    Compiling form_urlencoded v1.2.2
[INFO] [stderr]    Compiling generic-array v0.14.9
[INFO] [stderr]    Compiling hashbrown v0.16.1
[INFO] [stderr]    Compiling yoke v0.8.2
[INFO] [stderr]    Compiling tracing v0.1.44
[INFO] [stderr]    Compiling futures-util v0.3.32
[INFO] [stderr]    Compiling parking_lot v0.12.5
[INFO] [stderr]    Compiling base64 v0.22.1
[INFO] [stderr]    Compiling zerovec v0.11.6
[INFO] [stderr]    Compiling zerotrie v0.2.4
[INFO] [stderr]    Compiling futures-intrusive v0.5.0
[INFO] [stderr]    Compiling either v1.16.0
[INFO] [stderr]    Compiling hybrid-array v0.4.12
[INFO] [stderr]    Compiling tinystr v0.8.3
[INFO] [stderr]    Compiling potential_utf v0.1.5
[INFO] [stderr]    Compiling hashlink v0.11.0
[INFO] [stderr]    Compiling icu_collections v2.2.0
[INFO] [stderr]    Compiling icu_locale_core v2.2.0
[INFO] [stderr]    Compiling crypto-common v0.2.2
[INFO] [stderr]    Compiling block-buffer v0.12.0
[INFO] [stderr]    Compiling digest v0.11.3
[INFO] [stderr]    Compiling sha2 v0.11.0
[INFO] [stderr]    Compiling sha1 v0.11.0
[INFO] [stderr]    Compiling icu_provider v2.2.0
[INFO] [stderr]    Compiling icu_normalizer v2.2.0
[INFO] [stderr]    Compiling icu_properties v2.2.0
[INFO] [stderr]    Compiling idna_adapter v1.2.2
[INFO] [stderr]    Compiling idna v1.1.0
[INFO] [stderr]    Compiling url v2.5.8
[INFO] [stderr]    Compiling msqlx-core v0.9.0-msqlx.2
[INFO] [stderr]    Compiling msqlx-mysql v0.9.0-msqlx.2 (/opt/rustwide/workdir)
[INFO] [stderr]     Finished `release` profile [optimized] target(s) in 38.30s
[INFO] running `Command { std: "docker" "inspect" "903e6035617065ef3c5232313f634471386c71647f50d093e6da46d80931bfb3", kill_on_drop: false }`
[INFO] running `Command { std: "docker" "exec" "-e" "SOURCE_DIR=/opt/rustwide/workdir" "-e" "CARGO_HOME=/opt/rustwide/cargo-home" "-e" "RUSTUP_HOME=/opt/rustwide/rustup-home" "-e" "CARGO_TARGET_DIR=/opt/rustwide/target" "-e" "CARGO_INCREMENTAL=0" "-e" "RUST_BACKTRACE=full" "-e" "RUSTFLAGS=--cap-lints=warn" "-e" "RUSTDOCFLAGS=--cap-lints=warn" "-w" "/opt/rustwide/workdir" "--user" "0:0" "903e6035617065ef3c5232313f634471386c71647f50d093e6da46d80931bfb3" "/opt/rustwide/cargo-home/bin/cargo" "+1.99.0-beta.8" "test" "--frozen" "--no-run" "--message-format=json" "--release", kill_on_drop: false }`
[INFO] [stderr]    Compiling msqlx-mysql v0.9.0-msqlx.2 (/opt/rustwide/workdir)
[INFO] [stderr]     Finished `release` profile [optimized] target(s) in 3.18s
[INFO] running `Command { std: "docker" "inspect" "903e6035617065ef3c5232313f634471386c71647f50d093e6da46d80931bfb3", kill_on_drop: false }`
[INFO] running `Command { std: "docker" "exec" "-e" "SOURCE_DIR=/opt/rustwide/workdir" "-e" "CARGO_HOME=/opt/rustwide/cargo-home" "-e" "RUSTUP_HOME=/opt/rustwide/rustup-home" "-e" "CARGO_TARGET_DIR=/opt/rustwide/target" "-e" "CARGO_INCREMENTAL=0" "-e" "RUST_BACKTRACE=full" "-e" "RUSTFLAGS=--cap-lints=warn" "-e" "RUSTDOCFLAGS=--cap-lints=warn" "-w" "/opt/rustwide/workdir" "--user" "0:0" "903e6035617065ef3c5232313f634471386c71647f50d093e6da46d80931bfb3" "/opt/rustwide/cargo-home/bin/cargo" "+1.99.0-beta.8" "test" "--frozen" "--release", kill_on_drop: false }`
[INFO] [stderr]     Finished `release` profile [optimized] target(s) in 0.11s
[INFO] [stderr]      Running unittests src/lib.rs (/opt/rustwide/target/release/deps/sqlx_mysql-ae45eebf15252c8e)
[INFO] [stdout] 
[INFO] [stdout] running 30 tests
[INFO] [stdout] test io::buf_mut::test_encodes_int_lenenc_fb ... ok
[INFO] [stdout] test io::buf_mut::test_encodes_byte_lenenc ... ok
[INFO] [stdout] test arguments::test::null_bit_map_should_push_is_null ... ok
[INFO] [stdout] test io::buf_mut::test_encodes_int_lenenc_fd ... ok
[INFO] [stdout] test io::buf_mut::test_encodes_int_lenenc_fc ... ok
[INFO] [stdout] test io::buf_mut::test_encodes_int_lenenc_u16 ... ok
[INFO] [stdout] test io::buf_mut::test_encodes_int_lenenc_u24 ... ok
[INFO] [stdout] test io::buf_mut::test_encodes_string_lenenc ... ok
[INFO] [stdout] test io::buf_mut::test_encodes_int_lenenc_u64 ... ok
[INFO] [stdout] test io::buf_mut::test_encodes_int_lenenc_u8 ... ok
[INFO] [stdout] test options::parse::it_parses_password_with_non_ascii_chars_correctly ... ok
[INFO] [stdout] test options::parse::it_returns_the_parsed_url ... ok
[INFO] [stdout] test options::parse::it_parses_timezone ... ok
[INFO] [stdout] test protocol::connect::auth_switch::test_decode_auth_switch_packet_data ... ok
[INFO] [stdout] test protocol::connect::auth_switch::test_decode_auth_switch_cleartext_disabled ... ok
[INFO] [stdout] test options::parse::it_parses_username_with_at_sign_correctly ... ok
[INFO] [stdout] test protocol::connect::auth_switch::test_decode_auth_switch_packet_no_data ... ok
[INFO] [stdout] test connection::auth::tests::scramble_sha256_is_invertible_by_server ... ok
[INFO] [stdout] test io::buf_mut::test_encodes_int_lenenc_fe ... ok
[INFO] [stdout] test io::buf_mut::test_encodes_int_lenenc_ff ... ok
[INFO] [stdout] test protocol::response::err::test_decode_err_packet_out_of_order ... ok
[INFO] [stdout] test protocol::response::ok::test_decode_ok_packet ... ok
[INFO] [stdout] test protocol::response::ok::test_decode_ok_packet_with_extended_info ... ok
[INFO] [stdout] test types::mysql_time::tests::test_display ... ok
[INFO] [stdout] test types::mysql_time::tests::test_parse_microseconds ... ok
[INFO] [stdout] test protocol::connect::handshake::test_decode_handshake_mariadb_10_4_7 ... ok
[INFO] [stdout] test protocol::connect::handshake::test_decode_handshake_mysql_8_0_18 ... ok
[INFO] [stdout] test protocol::response::err::test_decode_err_packet_unknown_database ... ok
[INFO] [stdout] test protocol::response::ok::test_decode_ok_packet_truncated ... ok
[INFO] [stdout] test protocol::response::ok::test_decode_ok_packet_with_info ... ok
[INFO] [stdout] 
[INFO] [stdout] test result: ok. 30 passed; 0 failed; 0 ignored; 0 measured; 0 filtered out; finished in 0.02s
[INFO] [stdout] 
[INFO] [stderr]    Doc-tests sqlx_mysql
[INFO] [stdout] 
[INFO] [stdout] running 16 tests
[INFO] [stdout] test src/options/mod.rs - options::MySqlConnectOptions (line 35) - compile ... FAILED
[INFO] [stdout] test src/options/mod.rs - options::MySqlConnectOptions::get_ssl_mode (line 494) ... ok
[INFO] [stdout] test src/options/mod.rs - options::MySqlConnectOptions::get_charset (line 507) ... ok
[INFO] [stdout] test src/options/mod.rs - options::MySqlConnectOptions::get_port (line 438) ... ok
[INFO] [stdout] test src/options/mod.rs - options::MySqlConnectOptions::get_socket (line 452) ... ok
[INFO] [stdout] test src/options/mod.rs - options::MySqlConnectOptions::get_host (line 424) ... ok
[INFO] [stdout] test src/options/mod.rs - options::MySqlConnectOptions::get_database (line 480) ... ok
[INFO] [stdout] test src/options/mod.rs - options::MySqlConnectOptions::get_collation (line 520) ... ok
[INFO] [stdout] test src/options/mod.rs - options::MySqlConnectOptions::ssl_ca (line 183) ... ok
[INFO] [stdout] test src/options/mod.rs - options::MySqlConnectOptions::ssl_ca_from_pem (line 198) ... ok
[INFO] [stdout] test src/options/mod.rs - options::MySqlConnectOptions::get_username (line 466) ... ok
[INFO] [stdout] test src/options/mod.rs - options::MySqlConnectOptions::ssl_client_cert (line 213) ... ok
[INFO] [stdout] test src/options/mod.rs - options::MySqlConnectOptions::ssl_client_cert_from_pem (line 232) ... ok
[INFO] [stdout] test src/options/mod.rs - options::MySqlConnectOptions::ssl_client_key (line 253) ... ok
[INFO] [stdout] test src/options/mod.rs - options::MySqlConnectOptions::ssl_client_key_from_pem (line 272) ... ok
[INFO] [stdout] test src/options/mod.rs - options::MySqlConnectOptions::ssl_mode (line 169) ... ok
[INFO] [stdout] 
[INFO] [stdout] failures:
[INFO] [stdout] 
[INFO] [stdout] ---- src/options/mod.rs - options::MySqlConnectOptions (line 35) stdout ----
[INFO] [stdout] error[E0433]: cannot find module or crate `sqlx` in this scope
[INFO] [stdout]   --> src/options/mod.rs:38:5
[INFO] [stdout]    |
[INFO] [stdout] 38 | use sqlx::mysql::{MySqlConnectOptions, MySqlConnection, MySqlPool, MySqlSslMode};
[INFO] [stdout]    |     ^^^^ use of unresolved module or unlinked crate `sqlx`
[INFO] [stdout]    |
[INFO] [stdout]    = help: if you wanted to use a crate named `sqlx`, use `cargo add sqlx` to add it to your `Cargo.toml`
[INFO] [stdout] 
[INFO] [stdout] error[E0432]: unresolved import `sqlx`
[INFO] [stdout]   --> src/options/mod.rs:37:5
[INFO] [stdout]    |
[INFO] [stdout] 37 | use sqlx::{Connection, ConnectOptions};
[INFO] [stdout]    |     ^^^^ use of unresolved module or unlinked crate `sqlx`
[INFO] [stdout]    |
[INFO] [stdout]    = help: if you wanted to use a crate named `sqlx`, use `cargo add sqlx` to add it to your `Cargo.toml`
[INFO] [stdout] 
[INFO] [stdout] error[E0433]: cannot find module or crate `sqlx` in this scope
[INFO] [stdout]   --> src/options/mod.rs:36:23
[INFO] [stdout]    |
[INFO] [stdout] 36 | async fn example() -> sqlx::Result<()> {
[INFO] [stdout]    |                       ^^^^ use of unresolved module or unlinked crate `sqlx`
[INFO] [stdout]    |
[INFO] [stdout]    = help: if you wanted to use a crate named `sqlx`, use `cargo add sqlx` to add it to your `Cargo.toml`
[INFO] [stdout] 
[INFO] [stdout] error: aborting due to 3 previous errors
[INFO] [stdout] 
[INFO] [stdout] Some errors have detailed explanations: E0432, E0433.
[INFO] [stdout] For more information about an error, try `rustc --explain E0432`.
[INFO] [stdout] Couldn't compile the test.
[INFO] [stdout] 
[INFO] [stdout] failures:
[INFO] [stdout]     src/options/mod.rs - options::MySqlConnectOptions (line 35)
[INFO] [stdout] 
[INFO] [stdout] test result: FAILED. 15 passed; 1 failed; 0 ignored; 0 measured; 0 filtered out; finished in 1.69s
[INFO] [stdout] 
[INFO] [stderr] error: doctest failed, to rerun pass `--doc`
[INFO] running `Command { std: "docker" "inspect" "903e6035617065ef3c5232313f634471386c71647f50d093e6da46d80931bfb3", kill_on_drop: false }`
[INFO] running `Command { std: "docker" "rm" "-f" "903e6035617065ef3c5232313f634471386c71647f50d093e6da46d80931bfb3", kill_on_drop: false }`
[INFO] [stdout] 903e6035617065ef3c5232313f634471386c71647f50d093e6da46d80931bfb3
