[INFO] fetching crate msq 0.2.1...
[INFO] testing msq-0.2.1 against 1.100.0-beta.1+cargoflags=--release for beta-release-1.100-2
[INFO] extracting crate msq 0.2.1 into /workspace/builds/worker-0-tc2/source
[INFO] started tweaking crates.io crate msq 0.2.1
[INFO] finished tweaking crates.io crate msq 0.2.1
[INFO] tweaked toml for crates.io crate msq 0.2.1 written to /workspace/builds/worker-0-tc2/source/Cargo.toml
[INFO] validating manifest of crates.io crate msq 0.2.1 on toolchain 1.100.0-beta.1
[INFO] running `Command { std: CARGO_HOME="/workspace/cargo-home" RUSTUP_HOME="/workspace/rustup-home" "/workspace/cargo-home/bin/cargo" "+1.100.0-beta.1" "metadata" "--manifest-path" "Cargo.toml" "--no-deps", kill_on_drop: false }`
[INFO] running `Command { std: CARGO_HOME="/workspace/cargo-home" RUSTUP_HOME="/workspace/rustup-home" "/workspace/cargo-home/bin/cargo" "+1.100.0-beta.1" "generate-lockfile" "--manifest-path" "Cargo.toml", kill_on_drop: false }`
[INFO] [stderr]     Updating crates.io index
[INFO] [stderr]      Locking 14 packages to highest compatible versions
[INFO] running `Command { std: CARGO_HOME="/workspace/cargo-home" RUSTUP_HOME="/workspace/rustup-home" "/workspace/cargo-home/bin/cargo" "+1.100.0-beta.1" "fetch" "--manifest-path" "Cargo.toml", kill_on_drop: false }`
[INFO] running `Command { std: "docker" "create" "-v" "/var/lib/crater-agent-workspace/builds/worker-0-tc2/source:/opt/rustwide/workdir:ro,Z" "-v" "/var/lib/crater-agent-workspace/builds/worker-0-tc2/target:/opt/rustwide/target:rw,Z" "-v" "/var/lib/crater-agent-workspace/cargo-home:/opt/rustwide/cargo-home:ro,Z" "-v" "/var/lib/crater-agent-workspace/rustup-home:/opt/rustwide/rustup-home:ro,Z" "-m" "1610612736" "--network" "none" "ghcr.io/rust-lang/crates-build-env/linux@sha256:77db811e55d90add9212f6832c23229e3de5f1c1f9905e8cb07319ea15df73ac" "sleep" "infinity", kill_on_drop: false }`
[INFO] [stdout] b2b466db673b1862c1eceaa4b31752903a0597d76b7032f5586f282d5bcba664
[INFO] running `Command { std: "docker" "start" "b2b466db673b1862c1eceaa4b31752903a0597d76b7032f5586f282d5bcba664", kill_on_drop: false }`
[INFO] running `Command { std: "docker" "inspect" "b2b466db673b1862c1eceaa4b31752903a0597d76b7032f5586f282d5bcba664", kill_on_drop: false }`
[INFO] running `Command { std: "docker" "exec" "-e" "SOURCE_DIR=/opt/rustwide/workdir" "-e" "CARGO_HOME=/opt/rustwide/cargo-home" "-e" "RUSTUP_HOME=/opt/rustwide/rustup-home" "-e" "CARGO_TARGET_DIR=/opt/rustwide/target" "-w" "/opt/rustwide/workdir" "--user" "0:0" "b2b466db673b1862c1eceaa4b31752903a0597d76b7032f5586f282d5bcba664" "/opt/rustwide/cargo-home/bin/cargo" "+1.100.0-beta.1" "metadata" "--no-deps" "--format-version=1", kill_on_drop: false }`
[INFO] running `Command { std: "docker" "inspect" "b2b466db673b1862c1eceaa4b31752903a0597d76b7032f5586f282d5bcba664", kill_on_drop: false }`
[INFO] running `Command { std: "docker" "exec" "-e" "SOURCE_DIR=/opt/rustwide/workdir" "-e" "CARGO_HOME=/opt/rustwide/cargo-home" "-e" "RUSTUP_HOME=/opt/rustwide/rustup-home" "-e" "CARGO_TARGET_DIR=/opt/rustwide/target" "-e" "CARGO_INCREMENTAL=0" "-e" "RUST_BACKTRACE=full" "-e" "RUSTFLAGS=--cap-lints=warn" "-e" "RUSTDOCFLAGS=--cap-lints=warn" "-w" "/opt/rustwide/workdir" "--user" "0:0" "b2b466db673b1862c1eceaa4b31752903a0597d76b7032f5586f282d5bcba664" "/opt/rustwide/cargo-home/bin/cargo" "+1.100.0-beta.1" "build" "--frozen" "--message-format=json" "--release", kill_on_drop: false }`
[INFO] [stderr]    Compiling syn v3.0.9
[INFO] [stderr]    Compiling tokio-macros v2.7.2
[INFO] [stderr]    Compiling tokio v1.53.3
[INFO] [stderr]    Compiling msq v0.2.1 (/opt/rustwide/workdir)
[INFO] [stdout] warning: method `read_cstring` is never used
[INFO] [stdout]  --> src/packet_ext.rs:5:8
[INFO] [stdout]   |
[INFO] [stdout] 4 | pub trait ReadPacketExt: ReadBytesExt {
[INFO] [stdout]   |           ------------- method in this trait
[INFO] [stdout] 5 |     fn read_cstring(&mut self) -> Result<String>;
[INFO] [stdout]   |        ^^^^^^^^^^^^
[INFO] [stdout]   |
[INFO] [stdout]   = note: `#[warn(dead_code)]` (part of `#[warn(unused)]`) on by default
[INFO] [stdout] 
[INFO] [stdout] 
[INFO] [stderr]     Finished `release` profile [optimized] target(s) in 9.00s
[INFO] running `Command { std: "docker" "inspect" "b2b466db673b1862c1eceaa4b31752903a0597d76b7032f5586f282d5bcba664", kill_on_drop: false }`
[INFO] running `Command { std: "docker" "exec" "-e" "SOURCE_DIR=/opt/rustwide/workdir" "-e" "CARGO_HOME=/opt/rustwide/cargo-home" "-e" "RUSTUP_HOME=/opt/rustwide/rustup-home" "-e" "CARGO_TARGET_DIR=/opt/rustwide/target" "-e" "CARGO_INCREMENTAL=0" "-e" "RUST_BACKTRACE=full" "-e" "RUSTFLAGS=--cap-lints=warn" "-e" "RUSTDOCFLAGS=--cap-lints=warn" "-w" "/opt/rustwide/workdir" "--user" "0:0" "b2b466db673b1862c1eceaa4b31752903a0597d76b7032f5586f282d5bcba664" "/opt/rustwide/cargo-home/bin/cargo" "+1.100.0-beta.1" "test" "--frozen" "--no-run" "--message-format=json" "--release", kill_on_drop: false }`
[INFO] [stdout] warning: method `read_cstring` is never used
[INFO] [stdout]  --> src/packet_ext.rs:5:8
[INFO] [stdout]   |
[INFO] [stdout] 4 | pub trait ReadPacketExt: ReadBytesExt {
[INFO] [stdout]   |           ------------- method in this trait
[INFO] [stdout] 5 |     fn read_cstring(&mut self) -> Result<String>;
[INFO] [stdout]   |        ^^^^^^^^^^^^
[INFO] [stdout]   |
[INFO] [stdout]   = note: `#[warn(dead_code)]` (part of `#[warn(unused)]`) on by default
[INFO] [stdout] 
[INFO] [stdout] 
[INFO] [stderr]    Compiling msq v0.2.1 (/opt/rustwide/workdir)
[INFO] [stdout] warning: method `read_cstring` is never used
[INFO] [stdout]  --> src/packet_ext.rs:5:8
[INFO] [stdout]   |
[INFO] [stdout] 4 | pub trait ReadPacketExt: ReadBytesExt {
[INFO] [stdout]   |           ------------- method in this trait
[INFO] [stdout] 5 |     fn read_cstring(&mut self) -> Result<String>;
[INFO] [stdout]   |        ^^^^^^^^^^^^
[INFO] [stdout]   |
[INFO] [stdout]   = note: `#[warn(dead_code)]` (part of `#[warn(unused)]`) on by default
[INFO] [stdout] 
[INFO] [stdout] 
[INFO] [stderr]     Finished `release` profile [optimized] target(s) in 0.76s
[INFO] running `Command { std: "docker" "inspect" "b2b466db673b1862c1eceaa4b31752903a0597d76b7032f5586f282d5bcba664", kill_on_drop: false }`
[INFO] running `Command { std: "docker" "exec" "-e" "SOURCE_DIR=/opt/rustwide/workdir" "-e" "CARGO_HOME=/opt/rustwide/cargo-home" "-e" "RUSTUP_HOME=/opt/rustwide/rustup-home" "-e" "CARGO_TARGET_DIR=/opt/rustwide/target" "-e" "CARGO_INCREMENTAL=0" "-e" "RUST_BACKTRACE=full" "-e" "RUSTFLAGS=--cap-lints=warn" "-e" "RUSTDOCFLAGS=--cap-lints=warn" "-w" "/opt/rustwide/workdir" "--user" "0:0" "b2b466db673b1862c1eceaa4b31752903a0597d76b7032f5586f282d5bcba664" "/opt/rustwide/cargo-home/bin/cargo" "+1.100.0-beta.1" "test" "--frozen" "--release", kill_on_drop: false }`
[INFO] [stderr] warning: method `read_cstring` is never used
[INFO] [stderr]  --> src/packet_ext.rs:5:8
[INFO] [stderr]   |
[INFO] [stderr] 4 | pub trait ReadPacketExt: ReadBytesExt {
[INFO] [stderr]   |           ------------- method in this trait
[INFO] [stderr] 5 |     fn read_cstring(&mut self) -> Result<String>;
[INFO] [stderr]   |        ^^^^^^^^^^^^
[INFO] [stderr]   |
[INFO] [stderr]   = note: `#[warn(dead_code)]` (part of `#[warn(unused)]`) on by default
[INFO] [stderr] 
[INFO] [stderr] warning: `msq` (lib) generated 1 warning
[INFO] [stderr] warning: `msq` (lib test) generated 1 warning (1 duplicate)
[INFO] [stderr]     Finished `release` profile [optimized] target(s) in 0.02s
[INFO] [stderr]      Running unittests src/lib.rs (/opt/rustwide/target/release/build/msq/bab14b8cecde0224/out/msq-bab14b8cecde0224)
[INFO] [stdout] 
[INFO] [stdout] running 0 tests
[INFO] [stdout] 
[INFO] [stdout] test result: ok. 0 passed; 0 failed; 0 ignored; 0 measured; 0 filtered out; finished in 0.00s
[INFO] [stdout] 
[INFO] [stderr]      Running tests/client_async_test.rs (/opt/rustwide/target/release/build/msq/c8c48e3e53b45f27/out/client_async_test-c8c48e3e53b45f27)
[INFO] [stdout] 
[INFO] [stdout] running 4 tests
[INFO] [stdout] test test_lib_css ... FAILED
[INFO] [stdout] test test_lib_css_big_query ... FAILED
[INFO] [stdout] test test_lib_css_no_query ... FAILED
[INFO] [stderr] error: test failed, to rerun pass `--test client_async_test`
[INFO] [stdout] test test_lib_nt ... FAILED
[INFO] [stdout] 
[INFO] [stdout] failures:
[INFO] [stdout] 
[INFO] [stdout] ---- test_lib_css stdout ----
[INFO] [stdout] Error: Custom { kind: Uncategorized, error: "failed to lookup address information: Temporary failure in name resolution" }
[INFO] [stdout] 
[INFO] [stdout] ---- test_lib_css_big_query stdout ----
[INFO] [stdout] Error: Custom { kind: Uncategorized, error: "failed to lookup address information: Temporary failure in name resolution" }
[INFO] [stdout] 
[INFO] [stdout] ---- test_lib_css_no_query stdout ----
[INFO] [stdout] Error: Custom { kind: Uncategorized, error: "failed to lookup address information: Temporary failure in name resolution" }
[INFO] [stdout] 
[INFO] [stdout] ---- test_lib_nt stdout ----
[INFO] [stdout] Error: Custom { kind: Uncategorized, error: "failed to lookup address information: Temporary failure in name resolution" }
[INFO] [stdout] 
[INFO] [stdout] 
[INFO] [stdout] failures:
[INFO] [stdout]     test_lib_css
[INFO] [stdout]     test_lib_css_big_query
[INFO] [stdout]     test_lib_css_no_query
[INFO] [stdout]     test_lib_nt
[INFO] [stdout] 
[INFO] [stdout] test result: FAILED. 0 passed; 4 failed; 0 ignored; 0 measured; 0 filtered out; finished in 0.03s
[INFO] [stdout] 
[INFO] running `Command { std: "docker" "inspect" "b2b466db673b1862c1eceaa4b31752903a0597d76b7032f5586f282d5bcba664", kill_on_drop: false }`
[INFO] running `Command { std: "docker" "rm" "-f" "b2b466db673b1862c1eceaa4b31752903a0597d76b7032f5586f282d5bcba664", kill_on_drop: false }`
[INFO] [stdout] b2b466db673b1862c1eceaa4b31752903a0597d76b7032f5586f282d5bcba664
