[INFO] fetching crate mshv-ioctls 0.7.1...
[INFO] testing mshv-ioctls-0.7.1 against 1.99.0-beta.8+cargoflags=--release for beta-release-1.100-2
[INFO] extracting crate mshv-ioctls 0.7.1 into /workspace/builds/worker-1-tc1/source
[INFO] started tweaking crates.io crate mshv-ioctls 0.7.1
[INFO] finished tweaking crates.io crate mshv-ioctls 0.7.1
[INFO] tweaked toml for crates.io crate mshv-ioctls 0.7.1 written to /workspace/builds/worker-1-tc1/source/Cargo.toml
[INFO] validating manifest of crates.io crate mshv-ioctls 0.7.1 on toolchain 1.99.0-beta.8
[INFO] running `Command { std: CARGO_HOME="/workspace/cargo-home" RUSTUP_HOME="/workspace/rustup-home" "/workspace/cargo-home/bin/cargo" "+1.99.0-beta.8" "metadata" "--manifest-path" "Cargo.toml" "--no-deps", kill_on_drop: false }`
[INFO] crate crates.io crate mshv-ioctls 0.7.1 already has a lockfile, it will not be regenerated
[INFO] running `Command { std: CARGO_HOME="/workspace/cargo-home" RUSTUP_HOME="/workspace/rustup-home" "/workspace/cargo-home/bin/cargo" "+1.99.0-beta.8" "fetch" "--manifest-path" "Cargo.toml", kill_on_drop: false }`
[INFO] [stderr]     Updating crates.io index
[INFO] [stderr]  Downloading crates ...
[INFO] [stderr]   Downloaded mshv-bindings v0.7.1
[INFO] [stderr]   Downloaded num_enum v0.7.4
[INFO] [stderr]   Downloaded num_enum_derive v0.7.4
[INFO] [stderr]   Downloaded vmm-sys-util v0.15.0
[INFO] running `Command { std: "docker" "create" "-v" "/var/lib/crater-agent-workspace/builds/worker-1-tc1/source:/opt/rustwide/workdir:ro,Z" "-v" "/var/lib/crater-agent-workspace/builds/worker-1-tc1/target:/opt/rustwide/target:rw,Z" "-v" "/var/lib/crater-agent-workspace/cargo-home:/opt/rustwide/cargo-home:ro,Z" "-v" "/var/lib/crater-agent-workspace/rustup-home:/opt/rustwide/rustup-home:ro,Z" "-m" "1610612736" "--network" "none" "ghcr.io/rust-lang/crates-build-env/linux@sha256:77db811e55d90add9212f6832c23229e3de5f1c1f9905e8cb07319ea15df73ac" "sleep" "infinity", kill_on_drop: false }`
[INFO] [stdout] 544ec88898618f9e8c58a1f6cdc684125cd741c56dead377b463525231046202
[INFO] running `Command { std: "docker" "start" "544ec88898618f9e8c58a1f6cdc684125cd741c56dead377b463525231046202", kill_on_drop: false }`
[INFO] running `Command { std: "docker" "inspect" "544ec88898618f9e8c58a1f6cdc684125cd741c56dead377b463525231046202", kill_on_drop: false }`
[INFO] running `Command { std: "docker" "exec" "-e" "SOURCE_DIR=/opt/rustwide/workdir" "-e" "CARGO_HOME=/opt/rustwide/cargo-home" "-e" "RUSTUP_HOME=/opt/rustwide/rustup-home" "-e" "CARGO_TARGET_DIR=/opt/rustwide/target" "-w" "/opt/rustwide/workdir" "--user" "0:0" "544ec88898618f9e8c58a1f6cdc684125cd741c56dead377b463525231046202" "/opt/rustwide/cargo-home/bin/cargo" "+1.99.0-beta.8" "metadata" "--no-deps" "--format-version=1", kill_on_drop: false }`
[INFO] running `Command { std: "docker" "inspect" "544ec88898618f9e8c58a1f6cdc684125cd741c56dead377b463525231046202", kill_on_drop: false }`
[INFO] running `Command { std: "docker" "exec" "-e" "SOURCE_DIR=/opt/rustwide/workdir" "-e" "CARGO_HOME=/opt/rustwide/cargo-home" "-e" "RUSTUP_HOME=/opt/rustwide/rustup-home" "-e" "CARGO_TARGET_DIR=/opt/rustwide/target" "-e" "CARGO_INCREMENTAL=0" "-e" "RUST_BACKTRACE=full" "-e" "RUSTFLAGS=--cap-lints=warn" "-e" "RUSTDOCFLAGS=--cap-lints=warn" "-w" "/opt/rustwide/workdir" "--user" "0:0" "544ec88898618f9e8c58a1f6cdc684125cd741c56dead377b463525231046202" "/opt/rustwide/cargo-home/bin/cargo" "+1.99.0-beta.8" "build" "--frozen" "--message-format=json" "--release", kill_on_drop: false }`
[INFO] [stderr]    Compiling proc-macro2 v1.0.101
[INFO] [stderr]    Compiling unicode-ident v1.0.19
[INFO] [stderr]    Compiling libc v0.2.175
[INFO] [stderr]    Compiling rustversion v1.0.22
[INFO] [stderr]    Compiling zerocopy v0.8.27
[INFO] [stderr]    Compiling thiserror v2.0.16
[INFO] [stderr]    Compiling vmm-sys-util v0.15.0
[INFO] [stderr]    Compiling quote v1.0.40
[INFO] [stderr]    Compiling syn v2.0.106
[INFO] [stderr]    Compiling zerocopy-derive v0.8.27
[INFO] [stderr]    Compiling num_enum_derive v0.7.4
[INFO] [stderr]    Compiling thiserror-impl v2.0.16
[INFO] [stderr]    Compiling num_enum v0.7.4
[INFO] [stderr]    Compiling mshv-bindings v0.7.1
[INFO] [stderr]    Compiling mshv-ioctls v0.7.1 (/opt/rustwide/workdir)
[INFO] [stderr]     Finished `release` profile [optimized] target(s) in 14.33s
[INFO] running `Command { std: "docker" "inspect" "544ec88898618f9e8c58a1f6cdc684125cd741c56dead377b463525231046202", kill_on_drop: false }`
[INFO] running `Command { std: "docker" "exec" "-e" "SOURCE_DIR=/opt/rustwide/workdir" "-e" "CARGO_HOME=/opt/rustwide/cargo-home" "-e" "RUSTUP_HOME=/opt/rustwide/rustup-home" "-e" "CARGO_TARGET_DIR=/opt/rustwide/target" "-e" "CARGO_INCREMENTAL=0" "-e" "RUST_BACKTRACE=full" "-e" "RUSTFLAGS=--cap-lints=warn" "-e" "RUSTDOCFLAGS=--cap-lints=warn" "-w" "/opt/rustwide/workdir" "--user" "0:0" "544ec88898618f9e8c58a1f6cdc684125cd741c56dead377b463525231046202" "/opt/rustwide/cargo-home/bin/cargo" "+1.99.0-beta.8" "test" "--frozen" "--no-run" "--message-format=json" "--release", kill_on_drop: false }`
[INFO] [stderr]    Compiling mshv-ioctls v0.7.1 (/opt/rustwide/workdir)
[INFO] [stderr]     Finished `release` profile [optimized] target(s) in 1.58s
[INFO] running `Command { std: "docker" "inspect" "544ec88898618f9e8c58a1f6cdc684125cd741c56dead377b463525231046202", kill_on_drop: false }`
[INFO] running `Command { std: "docker" "exec" "-e" "SOURCE_DIR=/opt/rustwide/workdir" "-e" "CARGO_HOME=/opt/rustwide/cargo-home" "-e" "RUSTUP_HOME=/opt/rustwide/rustup-home" "-e" "CARGO_TARGET_DIR=/opt/rustwide/target" "-e" "CARGO_INCREMENTAL=0" "-e" "RUST_BACKTRACE=full" "-e" "RUSTFLAGS=--cap-lints=warn" "-e" "RUSTDOCFLAGS=--cap-lints=warn" "-w" "/opt/rustwide/workdir" "--user" "0:0" "544ec88898618f9e8c58a1f6cdc684125cd741c56dead377b463525231046202" "/opt/rustwide/cargo-home/bin/cargo" "+1.99.0-beta.8" "test" "--frozen" "--release", kill_on_drop: false }`
[INFO] [stderr]     Finished `release` profile [optimized] target(s) in 0.03s
[INFO] [stderr]      Running unittests src/lib.rs (/opt/rustwide/target/release/deps/mshv_ioctls-43c8ec975621aebd)
[INFO] [stdout] 
[INFO] [stdout] running 42 tests
[INFO] [stdout] test ioctls::system::tests::test_create_vm ... ignored
[INFO] [stdout] test ioctls::system::tests::test_create_vm_with_default_config ... ignored
[INFO] [stdout] test ioctls::tests::test_errno_from_mshv_root_hvcall ... ok
[INFO] [stdout] test ioctls::system::tests::test_vmm_caps ... FAILED
[INFO] [stdout] test ioctls::vcpu::tests::test_set_get_fpu ... FAILED
[INFO] [stdout] test ioctls::vcpu::tests::test_get_cpuid_values ... FAILED
[INFO] [stdout] test ioctls::vcpu::tests::test_set_get_regs ... FAILED
[INFO] [stdout] test ioctls::tests::test_set_bits ... ok
[INFO] [stdout] test ioctls::vcpu::tests::test_get_set_vp_state_components ... FAILED
[INFO] [stdout] test ioctls::vcpu::tests::test_run_code_mmap ... FAILED
[INFO] [stdout] test ioctls::vcpu::tests::test_set_get_debug_registers ... FAILED
[INFO] [stdout] test ioctls::vcpu::tests::test_set_get_lapic ... FAILED
[INFO] [stdout] test ioctls::vcpu::tests::test_set_get_misc_regs ... FAILED
[INFO] [stdout] test ioctls::system::tests::test_get_host_ipa_limit ... FAILED
[INFO] [stdout] test ioctls::tests::test_hv_status_from_mshv_root_hvcall ... ok
[INFO] [stdout] test ioctls::vcpu::tests::test_get_set_xsave ... FAILED
[INFO] [stdout] test ioctls::vcpu::tests::test_set_get_xcrs ... FAILED
[INFO] [stdout] test ioctls::vcpu::tests::test_set_get_sregs ... FAILED
[INFO] [stdout] test ioctls::vcpu::tests::test_set_get_msrs ... FAILED
[INFO] [stdout] test ioctls::vcpu::tests::test_run_code ... FAILED
[INFO] [stdout] test ioctls::device::tests::test_create_device ... FAILED
[INFO] [stdout] test ioctls::vm::tests::test_assert_virtual_interrupt ... FAILED
[INFO] [stdout] test ioctls::vcpu::tests::test_set_registers_64 ... FAILED
[INFO] [stdout] test ioctls::vm::tests::test_create_vcpu ... FAILED
[INFO] [stdout] test ioctls::vm::tests::test_post_message_direct ... ignored
[INFO] [stdout] test ioctls::vm::tests::test_get_dirty_log_32M ... FAILED
[INFO] [stdout] test ioctls::vm::tests::test_signal_event_direct ... ignored
[INFO] [stdout] test ioctls::vm::tests::test_get_dirty_log_8G ... FAILED
[INFO] [stdout] test ioctls::vm::tests::test_get_msr_index_list ... FAILED
[INFO] [stdout] test ioctls::vm::tests::test_install_intercept ... FAILED
[INFO] [stdout] test ioctls::vm::tests::test_ioeventfd ... FAILED
[INFO] [stdout] test ioctls::vcpu::tests::test_set_get_standard_registers ... FAILED
[INFO] [stdout] test ioctls::vcpu::tests::test_set_get_vcpu_events ... FAILED
[INFO] [stdout] test ioctls::vcpu::tests::test_set_sregs_interrupt_bitmap ... FAILED
[INFO] [stdout] test ioctls::vm::tests::test_irqfd ... FAILED
[INFO] [stdout] test ioctls::vm::tests::test_set_msi_routing ... FAILED
[INFO] [stdout] test ioctls::vm::tests::test_register_deliverabilty_notifications ... FAILED
[INFO] [stdout] test ioctls::vm::tests::test_get_property ... FAILED
[INFO] [stdout] test ioctls::vcpu::tests::test_get_suspend_regs ... FAILED
[INFO] [stdout] test ioctls::vm::tests::test_set_property ... FAILED
[INFO] [stdout] test ioctls::vm::tests::test_user_memory ... FAILED
[INFO] [stdout] test ioctls::vm::tests::test_set_partition_property_invalid ... FAILED
[INFO] [stdout] 
[INFO] [stdout] failures:
[INFO] [stdout] 
[INFO] [stdout] ---- ioctls::system::tests::test_vmm_caps stdout ----
[INFO] [stdout] 
[INFO] [stdout] thread 'ioctls::system::tests::test_vmm_caps' (562) panicked at src/ioctls/system.rs:367:30:
[INFO] [stdout] called `Result::unwrap()` on an `Err` value: Errno(Error(2))
[INFO] [stdout] stack backtrace:
[INFO] [stdout]    0:     0x6159f93b8a21 - <<std[70759c8f55707aa4]::sys::backtrace::BacktraceLock>::print::DisplayBacktrace as core[df12db4294e9bfd3]::fmt::Display>::fmt
[INFO] [stdout]    1:     0x6159f93cccda - core[df12db4294e9bfd3]::fmt::write
[INFO] [stdout]    2:     0x6159f93bcebc - <alloc[2182bb758b4b3781]::vec::Vec<u8> as core[df12db4294e9bfd3]::io::write::Write>::write_fmt
[INFO] [stdout]    3:     0x6159f9394f66 - std[70759c8f55707aa4]::panicking::default_hook::{closure#0}
[INFO] [stdout]    4:     0x6159f93b10d9 - std[70759c8f55707aa4]::panicking::default_hook
[INFO] [stdout]    5:     0x6159f934bce0 - test[9d35eded1c95d3be]::test_main_inner::<test[9d35eded1c95d3be]::test_main_static::{closure#0}>::{closure#0}
[INFO] [stdout]    6:     0x6159f93b1292 - std[70759c8f55707aa4]::panicking::panic_with_hook
[INFO] [stdout]    7:     0x6159f9395012 - std[70759c8f55707aa4]::panicking::panic_handler::{closure#0}
[INFO] [stdout]    8:     0x6159f938dd99 - std[70759c8f55707aa4]::sys::backtrace::__rust_end_short_backtrace::<std[70759c8f55707aa4]::panicking::panic_handler::{closure#0}, !>
[INFO] [stdout]    9:     0x6159f9395c0d - __rustc[8fa7c3cbc660c2b3]::rust_begin_unwind
[INFO] [stdout]   10:     0x6159f93cd40c - core[df12db4294e9bfd3]::panicking::panic_fmt
[INFO] [stdout]   11:     0x6159f93cd1e2 - core[df12db4294e9bfd3]::result::unwrap_failed
[INFO] [stdout]   12:     0x6159f933e400 - <mshv_ioctls[717960a459a488ef]::ioctls::system::tests::test_vmm_caps::{closure#0} as core[df12db4294e9bfd3]::ops::function::FnOnce<()>>::call_once
[INFO] [stdout]   13:     0x6159f933efcb - test[9d35eded1c95d3be]::__rust_begin_short_backtrace::<core[df12db4294e9bfd3]::result::Result<(), alloc[2182bb758b4b3781]::string::String>, fn() -> core[df12db4294e9bfd3]::result::Result<(), alloc[2182bb758b4b3781]::string::String>>
[INFO] [stdout]   14:     0x6159f934c635 - test[9d35eded1c95d3be]::run_test::{closure#0}
[INFO] [stdout]   15:     0x6159f9345ef4 - std[70759c8f55707aa4]::sys::backtrace::__rust_begin_short_backtrace::<test[9d35eded1c95d3be]::run_test::{closure#1}, ()>
[INFO] [stdout]   16:     0x6159f934f792 - <std[70759c8f55707aa4]::thread::lifecycle::spawn_unchecked<test[9d35eded1c95d3be]::run_test::{closure#1}, ()>::{closure#1} as core[df12db4294e9bfd3]::ops::function::FnOnce<()>>::call_once::{shim:vtable#0}
[INFO] [stdout]   17:     0x6159f93b82f9 - <std[70759c8f55707aa4]::sys::thread::unix::Thread>::new::thread_start
[INFO] [stdout]   18:     0x744643cd1dfa - <unknown>
[INFO] [stdout]   19:     0x744643d653d4 - clone
[INFO] [stdout]   20:                0x0 - <unknown>
[INFO] [stdout] 
[INFO] [stdout] ---- ioctls::vcpu::tests::test_set_get_fpu stdout ----
[INFO] [stdout] 
[INFO] [stdout] thread 'ioctls::vcpu::tests::test_set_get_fpu' (573) panicked at src/ioctls/vcpu.rs:1980:30:
[INFO] [stdout] called `Result::unwrap()` on an `Err` value: Errno(Error(2))
[INFO] [stdout] stack backtrace:
[INFO] [stdout]    0:     0x6159f93b8a21 - <<std[70759c8f55707aa4]::sys::backtrace::BacktraceLock>::print::DisplayBacktrace as core[df12db4294e9bfd3]::fmt::Display>::fmt
[INFO] [stdout]    1:     0x6159f93cccda - core[df12db4294e9bfd3]::fmt::write
[INFO] [stdout]    2:     0x6159f93bcebc - <alloc[2182bb758b4b3781]::vec::Vec<u8> as core[df12db4294e9bfd3]::io::write::Write>::write_fmt
[INFO] [stdout]    3:     0x6159f9394f66 - std[70759c8f55707aa4]::panicking::default_hook::{closure#0}
[INFO] [stdout]    4:     0x6159f93b10d9 - std[70759c8f55707aa4]::panicking::default_hook
[INFO] [stdout]    5:     0x6159f934bce0 - test[9d35eded1c95d3be]::test_main_inner::<test[9d35eded1c95d3be]::test_main_static::{closure#0}>::{closure#0}
[INFO] [stdout]    6:     0x6159f93b1292 - std[70759c8f55707aa4]::panicking::panic_with_hook
[INFO] [stdout]    7:     0x6159f9395012 - std[70759c8f55707aa4]::panicking::panic_handler::{closure#0}
[INFO] [stdout]    8:     0x6159f938dd99 - std[70759c8f55707aa4]::sys::backtrace::__rust_end_short_backtrace::<std[70759c8f55707aa4]::panicking::panic_handler::{closure#0}, !>
[INFO] [stdout]    9:     0x6159f9395c0d - __rustc[8fa7c3cbc660c2b3]::rust_begin_unwind
[INFO] [stdout]   10:     0x6159f93cd40c - core[df12db4294e9bfd3]::panicking::panic_fmt
[INFO] [stdout]   11:     0x6159f93cd1e2 - core[df12db4294e9bfd3]::result::unwrap_failed
[INFO] [stdout]   12:     0x6159f9335a42 - mshv_ioctls[717960a459a488ef]::ioctls::vcpu::tests::test_set_get_fpu
[INFO] [stdout]   13:     0x6159f933ddc9 - <mshv_ioctls[717960a459a488ef]::ioctls::vcpu::tests::test_set_get_fpu::{closure#0} as core[df12db4294e9bfd3]::ops::function::FnOnce<()>>::call_once
[INFO] [stdout]   14:     0x6159f933efcb - test[9d35eded1c95d3be]::__rust_begin_short_backtrace::<core[df12db4294e9bfd3]::result::Result<(), alloc[2182bb758b4b3781]::string::String>, fn() -> core[df12db4294e9bfd3]::result::Result<(), alloc[2182bb758b4b3781]::string::String>>
[INFO] [stdout]   15:     0x6159f934c635 - test[9d35eded1c95d3be]::run_test::{closure#0}
[INFO] [stdout]   16:     0x6159f9345ef4 - std[70759c8f55707aa4]::sys::backtrace::__rust_begin_short_backtrace::<test[9d35eded1c95d3be]::run_test::{closure#1}, ()>
[INFO] [stdout]   17:     0x6159f934f792 - <std[70759c8f55707aa4]::thread::lifecycle::spawn_unchecked<test[9d35eded1c95d3be]::run_test::{closure#1}, ()>::{closure#1} as core[df12db4294e9bfd3]::ops::function::FnOnce<()>>::call_once::{shim:vtable#0}
[INFO] [stdout]   18:     0x6159f93b82f9 - <std[70759c8f55707aa4]::sys::thread::unix::Thread>::new::thread_start
[INFO] [stdout]   19:     0x744643cd1dfa - <unknown>
[INFO] [stdout]   20:     0x744643d653d4 - clone
[INFO] [stdout]   21:                0x0 - <unknown>
[INFO] [stdout] 
[INFO] [stdout] ---- ioctls::vcpu::tests::test_get_cpuid_values stdout ----
[INFO] [stdout] 
[INFO] [stdout] thread 'ioctls::vcpu::tests::test_get_cpuid_values' (566) panicked at src/ioctls/vcpu.rs:2518:30:
[INFO] [stdout] called `Result::unwrap()` on an `Err` value: Errno(Error(2))
[INFO] [stdout] stack backtrace:
[INFO] [stdout]    0:     0x6159f93b8a21 - <<std[70759c8f55707aa4]::sys::backtrace::BacktraceLock>::print::DisplayBacktrace as core[df12db4294e9bfd3]::fmt::Display>::fmt
[INFO] [stdout]    1:     0x6159f93cccda - core[df12db4294e9bfd3]::fmt::write
[INFO] [stdout]    2:     0x6159f93bcebc - <alloc[2182bb758b4b3781]::vec::Vec<u8> as core[df12db4294e9bfd3]::io::write::Write>::write_fmt
[INFO] [stdout]    3:     0x6159f9394f66 - std[70759c8f55707aa4]::panicking::default_hook::{closure#0}
[INFO] [stdout]    4:     0x6159f93b10d9 - std[70759c8f55707aa4]::panicking::default_hook
[INFO] [stdout]    5:     0x6159f934bce0 - test[9d35eded1c95d3be]::test_main_inner::<test[9d35eded1c95d3be]::test_main_static::{closure#0}>::{closure#0}
[INFO] [stdout]    6:     0x6159f93b1292 - std[70759c8f55707aa4]::panicking::panic_with_hook
[INFO] [stdout]    7:     0x6159f9395012 - std[70759c8f55707aa4]::panicking::panic_handler::{closure#0}
[INFO] [stdout]    8:     0x6159f938dd99 - std[70759c8f55707aa4]::sys::backtrace::__rust_end_short_backtrace::<std[70759c8f55707aa4]::panicking::panic_handler::{closure#0}, !>
[INFO] [stdout]    9:     0x6159f9395c0d - __rustc[8fa7c3cbc660c2b3]::rust_begin_unwind
[INFO] [stdout]   10:     0x6159f93cd40c - core[df12db4294e9bfd3]::panicking::panic_fmt
[INFO] [stdout]   11:     0x6159f93cd1e2 - core[df12db4294e9bfd3]::result::unwrap_failed
[INFO] [stdout]   12:     0x6159f9337e20 - mshv_ioctls[717960a459a488ef]::ioctls::vcpu::tests::test_get_cpuid_values
[INFO] [stdout]   13:     0x6159f933dec9 - <mshv_ioctls[717960a459a488ef]::ioctls::vcpu::tests::test_get_cpuid_values::{closure#0} as core[df12db4294e9bfd3]::ops::function::FnOnce<()>>::call_once
[INFO] [stdout]   14:     0x6159f933efcb - test[9d35eded1c95d3be]::__rust_begin_short_backtrace::<core[df12db4294e9bfd3]::result::Result<(), alloc[2182bb758b4b3781]::string::String>, fn() -> core[df12db4294e9bfd3]::result::Result<(), alloc[2182bb758b4b3781]::string::String>>
[INFO] [stdout]   15:     0x6159f934c635 - test[9d35eded1c95d3be]::run_test::{closure#0}
[INFO] [stdout]   16:     0x6159f9345ef4 - std[70759c8f55707aa4]::sys::backtrace::__rust_begin_short_backtrace::<test[9d35eded1c95d3be]::run_test::{closure#1}, ()>
[INFO] [stdout]   17:     0x6159f934f792 - <std[70759c8f55707aa4]::thread::lifecycle::spawn_unchecked<test[9d35eded1c95d3be]::run_test::{closure#1}, ()>::{closure#1} as core[df12db4294e9bfd3]::ops::function::FnOnce<()>>::call_once::{shim:vtable#0}
[INFO] [stdout]   18:     0x6159f93b82f9 - <std[70759c8f55707aa4]::sys::thread::unix::Thread>::new::thread_start
[INFO] [stdout]   19:     0x744643cd1dfa - <unknown>
[INFO] [stdout]   20:     0x744643d653d4 - clone
[INFO] [stdout]   21:                0x0 - <unknown>
[INFO] [stdout] 
[INFO] [stdout] ---- ioctls::vcpu::tests::test_set_get_regs stdout ----
[INFO] [stdout] 
[INFO] [stdout] thread 'ioctls::vcpu::tests::test_set_get_regs' (577) panicked at src/ioctls/vcpu.rs:1838:34:
[INFO] [stdout] called `Result::unwrap()` on an `Err` value: Errno(Error(2))
[INFO] [stdout] stack backtrace:
[INFO] [stdout]    0:     0x6159f93b8a21 - <<std[70759c8f55707aa4]::sys::backtrace::BacktraceLock>::print::DisplayBacktrace as core[df12db4294e9bfd3]::fmt::Display>::fmt
[INFO] [stdout]    1:     0x6159f93cccda - core[df12db4294e9bfd3]::fmt::write
[INFO] [stdout]    2:     0x6159f93bcebc - <alloc[2182bb758b4b3781]::vec::Vec<u8> as core[df12db4294e9bfd3]::io::write::Write>::write_fmt
[INFO] [stdout]    3:     0x6159f9394f66 - std[70759c8f55707aa4]::panicking::default_hook::{closure#0}
[INFO] [stdout]    4:     0x6159f93b10d9 - std[70759c8f55707aa4]::panicking::default_hook
[INFO] [stdout]    5:     0x6159f934bce0 - test[9d35eded1c95d3be]::test_main_inner::<test[9d35eded1c95d3be]::test_main_static::{closure#0}>::{closure#0}
[INFO] [stdout]    6:     0x6159f93b1292 - std[70759c8f55707aa4]::panicking::panic_with_hook
[INFO] [stdout]    7:     0x6159f9395012 - std[70759c8f55707aa4]::panicking::panic_handler::{closure#0}
[INFO] [stdout]    8:     0x6159f938dd99 - std[70759c8f55707aa4]::sys::backtrace::__rust_end_short_backtrace::<std[70759c8f55707aa4]::panicking::panic_handler::{closure#0}, !>
[INFO] [stdout]    9:     0x6159f9395c0d - __rustc[8fa7c3cbc660c2b3]::rust_begin_unwind
[INFO] [stdout]   10:     0x6159f93cd40c - core[df12db4294e9bfd3]::panicking::panic_fmt
[INFO] [stdout]   11:     0x6159f93cd1e2 - core[df12db4294e9bfd3]::result::unwrap_failed
[INFO] [stdout]   12:     0x6159f93363ba - mshv_ioctls[717960a459a488ef]::ioctls::vcpu::tests::test_set_get_regs
[INFO] [stdout]   13:     0x6159f933de09 - <mshv_ioctls[717960a459a488ef]::ioctls::vcpu::tests::test_set_get_regs::{closure#0} as core[df12db4294e9bfd3]::ops::function::FnOnce<()>>::call_once
[INFO] [stdout]   14:     0x6159f933efcb - test[9d35eded1c95d3be]::__rust_begin_short_backtrace::<core[df12db4294e9bfd3]::result::Result<(), alloc[2182bb758b4b3781]::string::String>, fn() -> core[df12db4294e9bfd3]::result::Result<(), alloc[2182bb758b4b3781]::string::String>>
[INFO] [stdout]   15:     0x6159f934c635 - test[9d35eded1c95d3be]::run_test::{closure#0}
[INFO] [stdout]   16:     0x6159f9345ef4 - std[70759c8f55707aa4]::sys::backtrace::__rust_begin_short_backtrace::<test[9d35eded1c95d3be]::run_test::{closure#1}, ()>
[INFO] [stdout]   17:     0x6159f934f792 - <std[70759c8f55707aa4]::thread::lifecycle::spawn_unchecked<test[9d35eded1c95d3be]::run_test::{closure#1}, ()>::{closure#1} as core[df12db4294e9bfd3]::ops::function::FnOnce<()>>::call_once::{shim:vtable#0}
[INFO] [stdout]   18:     0x6159f93b82f9 - <std[70759c8f55707aa4]::sys::thread::unix::Thread>::new::thread_start
[INFO] [stdout]   19:     0x744643cd1dfa - <unknown>
[INFO] [stdout]   20:     0x744643d653d4 - clone
[INFO] [stdout]   21:                0x0 - <unknown>
[INFO] [stdout] 
[INFO] [stdout] ---- ioctls::vcpu::tests::test_get_set_vp_state_components stdout ----
[INFO] [stdout] 
[INFO] [stdout] thread 'ioctls::vcpu::tests::test_get_set_vp_state_components' (567) panicked at src/ioctls/vcpu.rs:2533:30:
[INFO] [stdout] called `Result::unwrap()` on an `Err` value: Errno(Error(2))
[INFO] [stdout] stack backtrace:
[INFO] [stdout]    0:     0x6159f93b8a21 - <<std[70759c8f55707aa4]::sys::backtrace::BacktraceLock>::print::DisplayBacktrace as core[df12db4294e9bfd3]::fmt::Display>::fmt
[INFO] [stdout]    1:     0x6159f93cccda - core[df12db4294e9bfd3]::fmt::write
[INFO] [stdout]    2:     0x6159f93bcebc - <alloc[2182bb758b4b3781]::vec::Vec<u8> as core[df12db4294e9bfd3]::io::write::Write>::write_fmt
[INFO] [stdout]    3:     0x6159f9394f66 - std[70759c8f55707aa4]::panicking::default_hook::{closure#0}
[INFO] [stdout]    4:     0x6159f93b10d9 - std[70759c8f55707aa4]::panicking::default_hook
[INFO] [stdout]    5:     0x6159f934bce0 - test[9d35eded1c95d3be]::test_main_inner::<test[9d35eded1c95d3be]::test_main_static::{closure#0}>::{closure#0}
[INFO] [stdout]    6:     0x6159f93b1292 - std[70759c8f55707aa4]::panicking::panic_with_hook
[INFO] [stdout]    7:     0x6159f9395012 - std[70759c8f55707aa4]::panicking::panic_handler::{closure#0}
[INFO] [stdout]    8:     0x6159f938dd99 - std[70759c8f55707aa4]::sys::backtrace::__rust_end_short_backtrace::<std[70759c8f55707aa4]::panicking::panic_handler::{closure#0}, !>
[INFO] [stdout]    9:     0x6159f9395c0d - __rustc[8fa7c3cbc660c2b3]::rust_begin_unwind
[INFO] [stdout]   10:     0x6159f93cd40c - core[df12db4294e9bfd3]::panicking::panic_fmt
[INFO] [stdout]   11:     0x6159f93cd1e2 - core[df12db4294e9bfd3]::result::unwrap_failed
[INFO] [stdout]   12:     0x6159f933997c - mshv_ioctls[717960a459a488ef]::ioctls::vcpu::tests::test_get_set_vp_state_components
[INFO] [stdout]   13:     0x6159f933dfc9 - <mshv_ioctls[717960a459a488ef]::ioctls::vcpu::tests::test_get_set_vp_state_components::{closure#0} as core[df12db4294e9bfd3]::ops::function::FnOnce<()>>::call_once
[INFO] [stdout]   14:     0x6159f933efcb - test[9d35eded1c95d3be]::__rust_begin_short_backtrace::<core[df12db4294e9bfd3]::result::Result<(), alloc[2182bb758b4b3781]::string::String>, fn() -> core[df12db4294e9bfd3]::result::Result<(), alloc[2182bb758b4b3781]::string::String>>
[INFO] [stdout]   15:     0x6159f934c635 - test[9d35eded1c95d3be]::run_test::{closure#0}
[INFO] [stdout]   16:     0x6159f9345ef4 - std[70759c8f55707aa4]::sys::backtrace::__rust_begin_short_backtrace::<test[9d35eded1c95d3be]::run_test::{closure#1}, ()>
[INFO] [stdout]   17:     0x6159f934f792 - <std[70759c8f55707aa4]::thread::lifecycle::spawn_unchecked<test[9d35eded1c95d3be]::run_test::{closure#1}, ()>::{closure#1} as core[df12db4294e9bfd3]::ops::function::FnOnce<()>>::call_once::{shim:vtable#0}
[INFO] [stdout]   18:     0x6159f93b82f9 - <std[70759c8f55707aa4]::sys::thread::unix::Thread>::new::thread_start
[INFO] [stdout]   19:     0x744643cd1dfa - <unknown>
[INFO] [stdout]   20:     0x744643d653d4 - clone
[INFO] [stdout]   21:                0x0 - <unknown>
[INFO] [stdout] 
[INFO] [stdout] ---- ioctls::vcpu::tests::test_run_code_mmap stdout ----
[INFO] [stdout] 
[INFO] [stdout] thread 'ioctls::vcpu::tests::test_run_code_mmap' (571) panicked at src/ioctls/vcpu.rs:2167:32:
[INFO] [stdout] called `Result::unwrap()` on an `Err` value: Errno(Error(2))
[INFO] [stdout] stack backtrace:
[INFO] [stdout]    0:     0x6159f93b8a21 - <<std[70759c8f55707aa4]::sys::backtrace::BacktraceLock>::print::DisplayBacktrace as core[df12db4294e9bfd3]::fmt::Display>::fmt
[INFO] [stdout]    1:     0x6159f93cccda - core[df12db4294e9bfd3]::fmt::write
[INFO] [stdout]    2:     0x6159f93bcebc - <alloc[2182bb758b4b3781]::vec::Vec<u8> as core[df12db4294e9bfd3]::io::write::Write>::write_fmt
[INFO] [stdout]    3:     0x6159f9394f66 - std[70759c8f55707aa4]::panicking::default_hook::{closure#0}
[INFO] [stdout]    4:     0x6159f93b10d9 - std[70759c8f55707aa4]::panicking::default_hook
[INFO] [stdout]    5:     0x6159f934bce0 - test[9d35eded1c95d3be]::test_main_inner::<test[9d35eded1c95d3be]::test_main_static::{closure#0}>::{closure#0}
[INFO] [stdout]    6:     0x6159f93b1292 - std[70759c8f55707aa4]::panicking::panic_with_hook
[INFO] [stdout]    7:     0x6159f9395012 - std[70759c8f55707aa4]::panicking::panic_handler::{closure#0}
[INFO] [stdout]    8:     0x6159f938dd99 - std[70759c8f55707aa4]::sys::backtrace::__rust_end_short_backtrace::<std[70759c8f55707aa4]::panicking::panic_handler::{closure#0}, !>
[INFO] [stdout]    9:     0x6159f9395c0d - __rustc[8fa7c3cbc660c2b3]::rust_begin_unwind
[INFO] [stdout]   10:     0x6159f93cd40c - core[df12db4294e9bfd3]::panicking::panic_fmt
[INFO] [stdout]   11:     0x6159f93cd1e2 - core[df12db4294e9bfd3]::result::unwrap_failed
[INFO] [stdout]   12:     0x6159f9337289 - mshv_ioctls[717960a459a488ef]::ioctls::vcpu::tests::test_run_code_mmap
[INFO] [stdout]   13:     0x6159f933de69 - <mshv_ioctls[717960a459a488ef]::ioctls::vcpu::tests::test_run_code_mmap::{closure#0} as core[df12db4294e9bfd3]::ops::function::FnOnce<()>>::call_once
[INFO] [stdout]   14:     0x6159f933efcb - test[9d35eded1c95d3be]::__rust_begin_short_backtrace::<core[df12db4294e9bfd3]::result::Result<(), alloc[2182bb758b4b3781]::string::String>, fn() -> core[df12db4294e9bfd3]::result::Result<(), alloc[2182bb758b4b3781]::string::String>>
[INFO] [stdout]   15:     0x6159f934c635 - test[9d35eded1c95d3be]::run_test::{closure#0}
[INFO] [stdout]   16:     0x6159f9345ef4 - std[70759c8f55707aa4]::sys::backtrace::__rust_begin_short_backtrace::<test[9d35eded1c95d3be]::run_test::{closure#1}, ()>
[INFO] [stdout]   17:     0x6159f934f792 - <std[70759c8f55707aa4]::thread::lifecycle::spawn_unchecked<test[9d35eded1c95d3be]::run_test::{closure#1}, ()>::{closure#1} as core[df12db4294e9bfd3]::ops::function::FnOnce<()>>::call_once::{shim:vtable#0}
[INFO] [stdout]   18:     0x6159f93b82f9 - <std[70759c8f55707aa4]::sys::thread::unix::Thread>::new::thread_start
[INFO] [stdout]   19:     0x744643cd1dfa - <unknown>
[INFO] [stdout]   20:     0x744643d653d4 - clone
[INFO] [stdout]   21:                0x0 - <unknown>
[INFO] [stdout] 
[INFO] [stdout] ---- ioctls::vcpu::tests::test_set_get_debug_registers stdout ----
[INFO] [stdout] 
[INFO] [stdout] thread 'ioctls::vcpu::tests::test_set_get_debug_registers' (572) panicked at src/ioctls/vcpu.rs:1961:30:
[INFO] [stdout] called `Result::unwrap()` on an `Err` value: Errno(Error(2))
[INFO] [stdout] stack backtrace:
[INFO] [stdout]    0:     0x6159f93b8a21 - <<std[70759c8f55707aa4]::sys::backtrace::BacktraceLock>::print::DisplayBacktrace as core[df12db4294e9bfd3]::fmt::Display>::fmt
[INFO] [stdout]    1:     0x6159f93cccda - core[df12db4294e9bfd3]::fmt::write
[INFO] [stdout]    2:     0x6159f93bcebc - <alloc[2182bb758b4b3781]::vec::Vec<u8> as core[df12db4294e9bfd3]::io::write::Write>::write_fmt
[INFO] [stdout]    3:     0x6159f9394f66 - std[70759c8f55707aa4]::panicking::default_hook::{closure#0}
[INFO] [stdout]    4:     0x6159f93b10d9 - std[70759c8f55707aa4]::panicking::default_hook
[INFO] [stdout]    5:     0x6159f934bce0 - test[9d35eded1c95d3be]::test_main_inner::<test[9d35eded1c95d3be]::test_main_static::{closure#0}>::{closure#0}
[INFO] [stdout]    6:     0x6159f93b1292 - std[70759c8f55707aa4]::panicking::panic_with_hook
[INFO] [stdout]    7:     0x6159f9395012 - std[70759c8f55707aa4]::panicking::panic_handler::{closure#0}
[INFO] [stdout]    8:     0x6159f938dd99 - std[70759c8f55707aa4]::sys::backtrace::__rust_end_short_backtrace::<std[70759c8f55707aa4]::panicking::panic_handler::{closure#0}, !>
[INFO] [stdout]    9:     0x6159f9395c0d - __rustc[8fa7c3cbc660c2b3]::rust_begin_unwind
[INFO] [stdout]   10:     0x6159f93cd40c - core[df12db4294e9bfd3]::panicking::panic_fmt
[INFO] [stdout]   11:     0x6159f93cd1e2 - core[df12db4294e9bfd3]::result::unwrap_failed
[INFO] [stdout]   12:     0x6159f9338fae - mshv_ioctls[717960a459a488ef]::ioctls::vcpu::tests::test_set_get_debug_registers
[INFO] [stdout]   13:     0x6159f933df69 - <mshv_ioctls[717960a459a488ef]::ioctls::vcpu::tests::test_set_get_debug_registers::{closure#0} as core[df12db4294e9bfd3]::ops::function::FnOnce<()>>::call_once
[INFO] [stdout]   14:     0x6159f933efcb - test[9d35eded1c95d3be]::__rust_begin_short_backtrace::<core[df12db4294e9bfd3]::result::Result<(), alloc[2182bb758b4b3781]::string::String>, fn() -> core[df12db4294e9bfd3]::result::Result<(), alloc[2182bb758b4b3781]::string::String>>
[INFO] [stdout]   15:     0x6159f934c635 - test[9d35eded1c95d3be]::run_test::{closure#0}
[INFO] [stdout]   16:     0x6159f9345ef4 - std[70759c8f55707aa4]::sys::backtrace::__rust_begin_short_backtrace::<test[9d35eded1c95d3be]::run_test::{closure#1}, ()>
[INFO] [stdout]   17:     0x6159f934f792 - <std[70759c8f55707aa4]::thread::lifecycle::spawn_unchecked<test[9d35eded1c95d3be]::run_test::{closure#1}, ()>::{closure#1} as core[df12db4294e9bfd3]::ops::function::FnOnce<()>>::call_once::{shim:vtable#0}
[INFO] [stdout]   18:     0x6159f93b82f9 - <std[70759c8f55707aa4]::sys::thread::unix::Thread>::new::thread_start
[INFO] [stdout]   19:     0x744643cd1dfa - <unknown>
[INFO] [stdout]   20:     0x744643d653d4 - clone
[INFO] [stdout]   21:                0x0 - <unknown>
[INFO] [stdout] 
[INFO] [stdout] ---- ioctls::vcpu::tests::test_set_get_lapic stdout ----
[INFO] [stdout] 
[INFO] [stdout] thread 'ioctls::vcpu::tests::test_set_get_lapic' (574) panicked at src/ioctls/vcpu.rs:2429:30:
[INFO] [stdout] called `Result::unwrap()` on an `Err` value: Errno(Error(2))
[INFO] [stdout] stack backtrace:
[INFO] [stdout]    0:     0x6159f93b8a21 - <<std[70759c8f55707aa4]::sys::backtrace::BacktraceLock>::print::DisplayBacktrace as core[df12db4294e9bfd3]::fmt::Display>::fmt
[INFO] [stdout]    1:     0x6159f93cccda - core[df12db4294e9bfd3]::fmt::write
[INFO] [stdout]    2:     0x6159f93bcebc - <alloc[2182bb758b4b3781]::vec::Vec<u8> as core[df12db4294e9bfd3]::io::write::Write>::write_fmt
[INFO] [stdout]    3:     0x6159f9394f66 - std[70759c8f55707aa4]::panicking::default_hook::{closure#0}
[INFO] [stdout]    4:     0x6159f93b10d9 - std[70759c8f55707aa4]::panicking::default_hook
[INFO] [stdout]    5:     0x6159f934bce0 - test[9d35eded1c95d3be]::test_main_inner::<test[9d35eded1c95d3be]::test_main_static::{closure#0}>::{closure#0}
[INFO] [stdout]    6:     0x6159f93b1292 - std[70759c8f55707aa4]::panicking::panic_with_hook
[INFO] [stdout]    7:     0x6159f9395012 - std[70759c8f55707aa4]::panicking::panic_handler::{closure#0}
[INFO] [stdout]    8:     0x6159f938dd99 - std[70759c8f55707aa4]::sys::backtrace::__rust_end_short_backtrace::<std[70759c8f55707aa4]::panicking::panic_handler::{closure#0}, !>
[INFO] [stdout]    9:     0x6159f9395c0d - __rustc[8fa7c3cbc660c2b3]::rust_begin_unwind
[INFO] [stdout]   10:     0x6159f93cd40c - core[df12db4294e9bfd3]::panicking::panic_fmt
[INFO] [stdout]   11:     0x6159f93cd1e2 - core[df12db4294e9bfd3]::result::unwrap_failed
[INFO] [stdout]   12:     0x6159f93377bb - mshv_ioctls[717960a459a488ef]::ioctls::vcpu::tests::test_set_get_lapic
[INFO] [stdout]   13:     0x6159f933de89 - <mshv_ioctls[717960a459a488ef]::ioctls::vcpu::tests::test_set_get_lapic::{closure#0} as core[df12db4294e9bfd3]::ops::function::FnOnce<()>>::call_once
[INFO] [stdout]   14:     0x6159f933efcb - test[9d35eded1c95d3be]::__rust_begin_short_backtrace::<core[df12db4294e9bfd3]::result::Result<(), alloc[2182bb758b4b3781]::string::String>, fn() -> core[df12db4294e9bfd3]::result::Result<(), alloc[2182bb758b4b3781]::string::String>>
[INFO] [stdout]   15:     0x6159f934c635 - test[9d35eded1c95d3be]::run_test::{closure#0}
[INFO] [stdout]   16:     0x6159f9345ef4 - std[70759c8f55707aa4]::sys::backtrace::__rust_begin_short_backtrace::<test[9d35eded1c95d3be]::run_test::{closure#1}, ()>
[INFO] [stdout]   17:     0x6159f934f792 - <std[70759c8f55707aa4]::thread::lifecycle::spawn_unchecked<test[9d35eded1c95d3be]::run_test::{closure#1}, ()>::{closure#1} as core[df12db4294e9bfd3]::ops::function::FnOnce<()>>::call_once::{shim:vtable#0}
[INFO] [stdout]   18:     0x6159f93b82f9 - <std[70759c8f55707aa4]::sys::thread::unix::Thread>::new::thread_start
[INFO] [stdout]   19:     0x744643cd1dfa - <unknown>
[INFO] [stdout]   20:     0x744643d653d4 - clone
[INFO] [stdout]   21:                0x0 - <unknown>
[INFO] [stdout] 
[INFO] [stdout] ---- ioctls::vcpu::tests::test_set_get_misc_regs stdout ----
[INFO] [stdout] 
[INFO] [stdout] thread 'ioctls::vcpu::tests::test_set_get_misc_regs' (575) panicked at src/ioctls/vcpu.rs:2504:30:
[INFO] [stdout] called `Result::unwrap()` on an `Err` value: Errno(Error(2))
[INFO] [stdout] stack backtrace:
[INFO] [stdout]    0:     0x6159f93b8a21 - <<std[70759c8f55707aa4]::sys::backtrace::BacktraceLock>::print::DisplayBacktrace as core[df12db4294e9bfd3]::fmt::Display>::fmt
[INFO] [stdout]    1:     0x6159f93cccda - core[df12db4294e9bfd3]::fmt::write
[INFO] [stdout]    2:     0x6159f93bcebc - <alloc[2182bb758b4b3781]::vec::Vec<u8> as core[df12db4294e9bfd3]::io::write::Write>::write_fmt
[INFO] [stdout]    3:     0x6159f9394f66 - std[70759c8f55707aa4]::panicking::default_hook::{closure#0}
[INFO] [stdout]    4:     0x6159f93b10d9 - std[70759c8f55707aa4]::panicking::default_hook
[INFO] [stdout]    5:     0x6159f934bce0 - test[9d35eded1c95d3be]::test_main_inner::<test[9d35eded1c95d3be]::test_main_static::{closure#0}>::{closure#0}
[INFO] [stdout]    6:     0x6159f93b1292 - std[70759c8f55707aa4]::panicking::panic_with_hook
[INFO] [stdout]    7:     0x6159f9395012 - std[70759c8f55707aa4]::panicking::panic_handler::{closure#0}
[INFO] [stdout]    8:     0x6159f938dd99 - std[70759c8f55707aa4]::sys::backtrace::__rust_end_short_backtrace::<std[70759c8f55707aa4]::panicking::panic_handler::{closure#0}, !>
[INFO] [stdout]    9:     0x6159f9395c0d - __rustc[8fa7c3cbc660c2b3]::rust_begin_unwind
[INFO] [stdout]   10:     0x6159f93cd40c - core[df12db4294e9bfd3]::panicking::panic_fmt
[INFO] [stdout]   11:     0x6159f93cd1e2 - core[df12db4294e9bfd3]::result::unwrap_failed
[INFO] [stdout]   12:     0x6159f93386a1 - mshv_ioctls[717960a459a488ef]::ioctls::vcpu::tests::test_set_get_misc_regs
[INFO] [stdout]   13:     0x6159f933df29 - <mshv_ioctls[717960a459a488ef]::ioctls::vcpu::tests::test_set_get_misc_regs::{closure#0} as core[df12db4294e9bfd3]::ops::function::FnOnce<()>>::call_once
[INFO] [stdout]   14:     0x6159f933efcb - test[9d35eded1c95d3be]::__rust_begin_short_backtrace::<core[df12db4294e9bfd3]::result::Result<(), alloc[2182bb758b4b3781]::string::String>, fn() -> core[df12db4294e9bfd3]::result::Result<(), alloc[2182bb758b4b3781]::string::String>>
[INFO] [stdout]   15:     0x6159f934c635 - test[9d35eded1c95d3be]::run_test::{closure#0}
[INFO] [stdout]   16:     0x6159f9345ef4 - std[70759c8f55707aa4]::sys::backtrace::__rust_begin_short_backtrace::<test[9d35eded1c95d3be]::run_test::{closure#1}, ()>
[INFO] [stdout]   17:     0x6159f934f792 - <std[70759c8f55707aa4]::thread::lifecycle::spawn_unchecked<test[9d35eded1c95d3be]::run_test::{closure#1}, ()>::{closure#1} as core[df12db4294e9bfd3]::ops::function::FnOnce<()>>::call_once::{shim:vtable#0}
[INFO] [stdout]   18:     0x6159f93b82f9 - <std[70759c8f55707aa4]::sys::thread::unix::Thread>::new::thread_start
[INFO] [stdout]   19:     0x744643cd1dfa - <unknown>
[INFO] [stdout]   20:     0x744643d653d4 - clone
[INFO] [stdout]   21:                0x0 - <unknown>
[INFO] [stdout] 
[INFO] [stdout] ---- ioctls::system::tests::test_get_host_ipa_limit stdout ----
[INFO] [stdout] 
[INFO] [stdout] thread 'ioctls::system::tests::test_get_host_ipa_limit' (561) panicked at src/ioctls/system.rs:349:30:
[INFO] [stdout] called `Result::unwrap()` on an `Err` value: Errno(Error(2))
[INFO] [stdout] stack backtrace:
[INFO] [stdout]    0:     0x6159f93b8a21 - <<std[70759c8f55707aa4]::sys::backtrace::BacktraceLock>::print::DisplayBacktrace as core[df12db4294e9bfd3]::fmt::Display>::fmt
[INFO] [stdout]    1:     0x6159f93cccda - core[df12db4294e9bfd3]::fmt::write
[INFO] [stdout]    2:     0x6159f93bcebc - <alloc[2182bb758b4b3781]::vec::Vec<u8> as core[df12db4294e9bfd3]::io::write::Write>::write_fmt
[INFO] [stdout]    3:     0x6159f9394f66 - std[70759c8f55707aa4]::panicking::default_hook::{closure#0}
[INFO] [stdout]    4:     0x6159f93b10d9 - std[70759c8f55707aa4]::panicking::default_hook
[INFO] [stdout]    5:     0x6159f934bce0 - test[9d35eded1c95d3be]::test_main_inner::<test[9d35eded1c95d3be]::test_main_static::{closure#0}>::{closure#0}
[INFO] [stdout]    6:     0x6159f93b1292 - std[70759c8f55707aa4]::panicking::panic_with_hook
[INFO] [stdout]    7:     0x6159f9395012 - std[70759c8f55707aa4]::panicking::panic_handler::{closure#0}
[INFO] [stdout]    8:     0x6159f938dd99 - std[70759c8f55707aa4]::sys::backtrace::__rust_end_short_backtrace::<std[70759c8f55707aa4]::panicking::panic_handler::{closure#0}, !>
[INFO] [stdout]    9:     0x6159f9395c0d - __rustc[8fa7c3cbc660c2b3]::rust_begin_unwind
[INFO] [stdout]   10:     0x6159f93cd40c - core[df12db4294e9bfd3]::panicking::panic_fmt
[INFO] [stdout]   11:     0x6159f93cd1e2 - core[df12db4294e9bfd3]::result::unwrap_failed
[INFO] [stdout]   12:     0x6159f933e5cc - <mshv_ioctls[717960a459a488ef]::ioctls::system::tests::test_get_host_ipa_limit::{closure#0} as core[df12db4294e9bfd3]::ops::function::FnOnce<()>>::call_once
[INFO] [stdout]   13:     0x6159f933efcb - test[9d35eded1c95d3be]::__rust_begin_short_backtrace::<core[df12db4294e9bfd3]::result::Result<(), alloc[2182bb758b4b3781]::string::String>, fn() -> core[df12db4294e9bfd3]::result::Result<(), alloc[2182bb758b4b3781]::string::String>>
[INFO] [stdout]   14:     0x6159f934c635 - test[9d35eded1c95d3be]::run_test::{closure#0}
[INFO] [stdout]   15:     0x6159f9345ef4 - std[70759c8f55707aa4]::sys::backtrace::__rust_begin_short_backtrace::<test[9d35eded1c95d3be]::run_test::{closure#1}, ()>
[INFO] [stdout]   16:     0x6159f934f792 - <std[70759c8f55707aa4]::thread::lifecycle::spawn_unchecked<test[9d35eded1c95d3be]::run_test::{closure#1}, ()>::{closure#1} as core[df12db4294e9bfd3]::ops::function::FnOnce<()>>::call_once::{shim:vtable#0}
[INFO] [stdout]   17:     0x6159f93b82f9 - <std[70759c8f55707aa4]::sys::thread::unix::Thread>::new::thread_start
[INFO] [stdout]   18:     0x744643cd1dfa - <unknown>
[INFO] [stdout]   19:     0x744643d653d4 - clone
[INFO] [stdout]   20:                0x0 - <unknown>
[INFO] [stdout] 
[INFO] [stdout] ---- ioctls::vcpu::tests::test_get_set_xsave stdout ----
[INFO] [stdout] 
[INFO] [stdout] thread 'ioctls::vcpu::tests::test_get_set_xsave' (568) panicked at src/ioctls/vcpu.rs:2477:30:
[INFO] [stdout] called `Result::unwrap()` on an `Err` value: Errno(Error(2))
[INFO] [stdout] stack backtrace:
[INFO] [stdout]    0:     0x6159f93b8a21 - <<std[70759c8f55707aa4]::sys::backtrace::BacktraceLock>::print::DisplayBacktrace as core[df12db4294e9bfd3]::fmt::Display>::fmt
[INFO] [stdout]    1:     0x6159f93cccda - core[df12db4294e9bfd3]::fmt::write
[INFO] [stdout]    2:     0x6159f93bcebc - <alloc[2182bb758b4b3781]::vec::Vec<u8> as core[df12db4294e9bfd3]::io::write::Write>::write_fmt
[INFO] [stdout]    3:     0x6159f9394f66 - std[70759c8f55707aa4]::panicking::default_hook::{closure#0}
[INFO] [stdout]    4:     0x6159f93b10d9 - std[70759c8f55707aa4]::panicking::default_hook
[INFO] [stdout]    5:     0x6159f934bce0 - test[9d35eded1c95d3be]::test_main_inner::<test[9d35eded1c95d3be]::test_main_static::{closure#0}>::{closure#0}
[INFO] [stdout]    6:     0x6159f93b1292 - std[70759c8f55707aa4]::panicking::panic_with_hook
[INFO] [stdout]    7:     0x6159f9395012 - std[70759c8f55707aa4]::panicking::panic_handler::{closure#0}
[INFO] [stdout]    8:     0x6159f938dd99 - std[70759c8f55707aa4]::sys::backtrace::__rust_end_short_backtrace::<std[70759c8f55707aa4]::panicking::panic_handler::{closure#0}, !>
[INFO] [stdout]    9:     0x6159f9395c0d - __rustc[8fa7c3cbc660c2b3]::rust_begin_unwind
[INFO] [stdout]   10:     0x6159f93cd40c - core[df12db4294e9bfd3]::panicking::panic_fmt
[INFO] [stdout]   11:     0x6159f93cd1e2 - core[df12db4294e9bfd3]::result::unwrap_failed
[INFO] [stdout]   12:     0x6159f9336994 - mshv_ioctls[717960a459a488ef]::ioctls::vcpu::tests::test_get_set_xsave
[INFO] [stdout]   13:     0x6159f933de49 - <mshv_ioctls[717960a459a488ef]::ioctls::vcpu::tests::test_get_set_xsave::{closure#0} as core[df12db4294e9bfd3]::ops::function::FnOnce<()>>::call_once
[INFO] [stdout]   14:     0x6159f933efcb - test[9d35eded1c95d3be]::__rust_begin_short_backtrace::<core[df12db4294e9bfd3]::result::Result<(), alloc[2182bb758b4b3781]::string::String>, fn() -> core[df12db4294e9bfd3]::result::Result<(), alloc[2182bb758b4b3781]::string::String>>
[INFO] [stdout]   15:     0x6159f934c635 - test[9d35eded1c95d3be]::run_test::{closure#0}
[INFO] [stdout]   16:     0x6159f9345ef4 - std[70759c8f55707aa4]::sys::backtrace::__rust_begin_short_backtrace::<test[9d35eded1c95d3be]::run_test::{closure#1}, ()>
[INFO] [stdout]   17:     0x6159f934f792 - <std[70759c8f55707aa4]::thread::lifecycle::spawn_unchecked<test[9d35eded1c95d3be]::run_test::{closure#1}, ()>::{closure#1} as core[df12db4294e9bfd3]::ops::function::FnOnce<()>>::call_once::{shim:vtable#0}
[INFO] [stdout]   18:     0x6159f93b82f9 - <std[70759c8f55707aa4]::sys::thread::unix::Thread>::new::thread_start
[INFO] [stdout]   19:     0x744643cd1dfa - <unknown>
[INFO] [stdout]   20:     0x744643d653d4 - clone
[INFO] [stdout]   21:                0x0 - <unknown>
[INFO] [stdout] 
[INFO] [stdout] ---- ioctls::vcpu::tests::test_set_get_xcrs stdout ----
[INFO] [stdout] 
[INFO] [stdout] thread 'ioctls::vcpu::tests::test_set_get_xcrs' (581) panicked at src/ioctls/vcpu.rs:2415:30:
[INFO] [stdout] called `Result::unwrap()` on an `Err` value: Errno(Error(2))
[INFO] [stdout] stack backtrace:
[INFO] [stdout]    0:     0x6159f93b8a21 - <<std[70759c8f55707aa4]::sys::backtrace::BacktraceLock>::print::DisplayBacktrace as core[df12db4294e9bfd3]::fmt::Display>::fmt
[INFO] [stdout]    1:     0x6159f93cccda - core[df12db4294e9bfd3]::fmt::write
[INFO] [stdout]    2:     0x6159f93bcebc - <alloc[2182bb758b4b3781]::vec::Vec<u8> as core[df12db4294e9bfd3]::io::write::Write>::write_fmt
[INFO] [stdout]    3:     0x6159f9394f66 - std[70759c8f55707aa4]::panicking::default_hook::{closure#0}
[INFO] [stdout]    4:     0x6159f93b10d9 - std[70759c8f55707aa4]::panicking::default_hook
[INFO] [stdout]    5:     0x6159f934bce0 - test[9d35eded1c95d3be]::test_main_inner::<test[9d35eded1c95d3be]::test_main_static::{closure#0}>::{closure#0}
[INFO] [stdout]    6:     0x6159f93b1292 - std[70759c8f55707aa4]::panicking::panic_with_hook
[INFO] [stdout]    7:     0x6159f9395012 - std[70759c8f55707aa4]::panicking::panic_handler::{closure#0}
[INFO] [stdout]    8:     0x6159f938dd99 - std[70759c8f55707aa4]::sys::backtrace::__rust_end_short_backtrace::<std[70759c8f55707aa4]::panicking::panic_handler::{closure#0}, !>
[INFO] [stdout]    9:     0x6159f9395c0d - __rustc[8fa7c3cbc660c2b3]::rust_begin_unwind
[INFO] [stdout]   10:     0x6159f93cd40c - core[df12db4294e9bfd3]::panicking::panic_fmt
[INFO] [stdout]   11:     0x6159f93cd1e2 - core[df12db4294e9bfd3]::result::unwrap_failed
[INFO] [stdout]   12:     0x6159f93366f5 - mshv_ioctls[717960a459a488ef]::ioctls::vcpu::tests::test_set_get_xcrs
[INFO] [stdout]   13:     0x6159f933de29 - <mshv_ioctls[717960a459a488ef]::ioctls::vcpu::tests::test_set_get_xcrs::{closure#0} as core[df12db4294e9bfd3]::ops::function::FnOnce<()>>::call_once
[INFO] [stdout]   14:     0x6159f933efcb - test[9d35eded1c95d3be]::__rust_begin_short_backtrace::<core[df12db4294e9bfd3]::result::Result<(), alloc[2182bb758b4b3781]::string::String>, fn() -> core[df12db4294e9bfd3]::result::Result<(), alloc[2182bb758b4b3781]::string::String>>
[INFO] [stdout]   15:     0x6159f934c635 - test[9d35eded1c95d3be]::run_test::{closure#0}
[INFO] [stdout]   16:     0x6159f9345ef4 - std[70759c8f55707aa4]::sys::backtrace::__rust_begin_short_backtrace::<test[9d35eded1c95d3be]::run_test::{closure#1}, ()>
[INFO] [stdout]   17:     0x6159f934f792 - <std[70759c8f55707aa4]::thread::lifecycle::spawn_unchecked<test[9d35eded1c95d3be]::run_test::{closure#1}, ()>::{closure#1} as core[df12db4294e9bfd3]::ops::function::FnOnce<()>>::call_once::{shim:vtable#0}
[INFO] [stdout]   18:     0x6159f93b82f9 - <std[70759c8f55707aa4]::sys::thread::unix::Thread>::new::thread_start
[INFO] [stdout]   19:     0x744643cd1dfa - <unknown>
[INFO] [stdout]   20:     0x744643d653d4 - clone
[INFO] [stdout]   21:                0x0 - <unknown>
[INFO] [stdout] 
[INFO] [stdout] ---- ioctls::vcpu::tests::test_set_get_sregs stdout ----
[INFO] [stdout] 
[INFO] [stdout] thread 'ioctls::vcpu::tests::test_set_get_sregs' (578) panicked at src/ioctls/vcpu.rs:1912:30:
[INFO] [stdout] called `Result::unwrap()` on an `Err` value: Errno(Error(2))
[INFO] [stdout] stack backtrace:
[INFO] [stdout]    0:     0x6159f93b8a21 - <<std[70759c8f55707aa4]::sys::backtrace::BacktraceLock>::print::DisplayBacktrace as core[df12db4294e9bfd3]::fmt::Display>::fmt
[INFO] [stdout]    1:     0x6159f93cccda - core[df12db4294e9bfd3]::fmt::write
[INFO] [stdout]    2:     0x6159f93bcebc - <alloc[2182bb758b4b3781]::vec::Vec<u8> as core[df12db4294e9bfd3]::io::write::Write>::write_fmt
[INFO] [stdout]    3:     0x6159f9394f66 - std[70759c8f55707aa4]::panicking::default_hook::{closure#0}
[INFO] [stdout]    4:     0x6159f93b10d9 - std[70759c8f55707aa4]::panicking::default_hook
[INFO] [stdout]    5:     0x6159f934bce0 - test[9d35eded1c95d3be]::test_main_inner::<test[9d35eded1c95d3be]::test_main_static::{closure#0}>::{closure#0}
[INFO] [stdout]    6:     0x6159f93b1292 - std[70759c8f55707aa4]::panicking::panic_with_hook
[INFO] [stdout]    7:     0x6159f9395012 - std[70759c8f55707aa4]::panicking::panic_handler::{closure#0}
[INFO] [stdout]    8:     0x6159f938dd99 - std[70759c8f55707aa4]::sys::backtrace::__rust_end_short_backtrace::<std[70759c8f55707aa4]::panicking::panic_handler::{closure#0}, !>
[INFO] [stdout]    9:     0x6159f9395c0d - __rustc[8fa7c3cbc660c2b3]::rust_begin_unwind
[INFO] [stdout]   10:     0x6159f93cd40c - core[df12db4294e9bfd3]::panicking::panic_fmt
[INFO] [stdout]   11:     0x6159f93cd1e2 - core[df12db4294e9bfd3]::result::unwrap_failed
[INFO] [stdout]   12:     0x6159f9337b80 - mshv_ioctls[717960a459a488ef]::ioctls::vcpu::tests::test_set_get_sregs
[INFO] [stdout]   13:     0x6159f933dea9 - <mshv_ioctls[717960a459a488ef]::ioctls::vcpu::tests::test_set_get_sregs::{closure#0} as core[df12db4294e9bfd3]::ops::function::FnOnce<()>>::call_once
[INFO] [stdout]   14:     0x6159f933efcb - test[9d35eded1c95d3be]::__rust_begin_short_backtrace::<core[df12db4294e9bfd3]::result::Result<(), alloc[2182bb758b4b3781]::string::String>, fn() -> core[df12db4294e9bfd3]::result::Result<(), alloc[2182bb758b4b3781]::string::String>>
[INFO] [stdout]   15:     0x6159f934c635 - test[9d35eded1c95d3be]::run_test::{closure#0}
[INFO] [stdout]   16:     0x6159f9345ef4 - std[70759c8f55707aa4]::sys::backtrace::__rust_begin_short_backtrace::<test[9d35eded1c95d3be]::run_test::{closure#1}, ()>
[INFO] [stdout]   17:     0x6159f934f792 - <std[70759c8f55707aa4]::thread::lifecycle::spawn_unchecked<test[9d35eded1c95d3be]::run_test::{closure#1}, ()>::{closure#1} as core[df12db4294e9bfd3]::ops::function::FnOnce<()>>::call_once::{shim:vtable#0}
[INFO] [stdout]   18:     0x6159f93b82f9 - <std[70759c8f55707aa4]::sys::thread::unix::Thread>::new::thread_start
[INFO] [stdout]   19:     0x744643cd1dfa - <unknown>
[INFO] [stdout]   20:     0x744643d653d4 - clone
[INFO] [stdout]   21:                0x0 - <unknown>
[INFO] [stdout] 
[INFO] [stdout] ---- ioctls::vcpu::tests::test_set_get_msrs stdout ----
[INFO] [stdout] 
[INFO] [stdout] thread 'ioctls::vcpu::tests::test_set_get_msrs' (576) panicked at src/ioctls/vcpu.rs:2356:30:
[INFO] [stdout] called `Result::unwrap()` on an `Err` value: Errno(Error(2))
[INFO] [stdout] stack backtrace:
[INFO] [stdout]    0:     0x6159f93b8a21 - <<std[70759c8f55707aa4]::sys::backtrace::BacktraceLock>::print::DisplayBacktrace as core[df12db4294e9bfd3]::fmt::Display>::fmt
[INFO] [stdout]    1:     0x6159f93cccda - core[df12db4294e9bfd3]::fmt::write
[INFO] [stdout]    2:     0x6159f93bcebc - <alloc[2182bb758b4b3781]::vec::Vec<u8> as core[df12db4294e9bfd3]::io::write::Write>::write_fmt
[INFO] [stdout]    3:     0x6159f9394f66 - std[70759c8f55707aa4]::panicking::default_hook::{closure#0}
[INFO] [stdout]    4:     0x6159f93b10d9 - std[70759c8f55707aa4]::panicking::default_hook
[INFO] [stdout]    5:     0x6159f934bce0 - test[9d35eded1c95d3be]::test_main_inner::<test[9d35eded1c95d3be]::test_main_static::{closure#0}>::{closure#0}
[INFO] [stdout]    6:     0x6159f93b1292 - std[70759c8f55707aa4]::panicking::panic_with_hook
[INFO] [stdout]    7:     0x6159f9395012 - std[70759c8f55707aa4]::panicking::panic_handler::{closure#0}
[INFO] [stdout]    8:     0x6159f938dd99 - std[70759c8f55707aa4]::sys::backtrace::__rust_end_short_backtrace::<std[70759c8f55707aa4]::panicking::panic_handler::{closure#0}, !>
[INFO] [stdout]    9:     0x6159f9395c0d - __rustc[8fa7c3cbc660c2b3]::rust_begin_unwind
[INFO] [stdout]   10:     0x6159f93cd40c - core[df12db4294e9bfd3]::panicking::panic_fmt
[INFO] [stdout]   11:     0x6159f93cd1e2 - core[df12db4294e9bfd3]::result::unwrap_failed
[INFO] [stdout]   12:     0x6159f9335ea5 - mshv_ioctls[717960a459a488ef]::ioctls::vcpu::tests::test_set_get_msrs
[INFO] [stdout]   13:     0x6159f933dde9 - <mshv_ioctls[717960a459a488ef]::ioctls::vcpu::tests::test_set_get_msrs::{closure#0} as core[df12db4294e9bfd3]::ops::function::FnOnce<()>>::call_once
[INFO] [stdout]   14:     0x6159f933efcb - test[9d35eded1c95d3be]::__rust_begin_short_backtrace::<core[df12db4294e9bfd3]::result::Result<(), alloc[2182bb758b4b3781]::string::String>, fn() -> core[df12db4294e9bfd3]::result::Result<(), alloc[2182bb758b4b3781]::string::String>>
[INFO] [stdout]   15:     0x6159f934c635 - test[9d35eded1c95d3be]::run_test::{closure#0}
[INFO] [stdout]   16:     0x6159f9345ef4 - std[70759c8f55707aa4]::sys::backtrace::__rust_begin_short_backtrace::<test[9d35eded1c95d3be]::run_test::{closure#1}, ()>
[INFO] [stdout]   17:     0x6159f934f792 - <std[70759c8f55707aa4]::thread::lifecycle::spawn_unchecked<test[9d35eded1c95d3be]::run_test::{closure#1}, ()>::{closure#1} as core[df12db4294e9bfd3]::ops::function::FnOnce<()>>::call_once::{shim:vtable#0}
[INFO] [stdout]   18:     0x6159f93b82f9 - <std[70759c8f55707aa4]::sys::thread::unix::Thread>::new::thread_start
[INFO] [stdout]   19:     0x744643cd1dfa - <unknown>
[INFO] [stdout]   20:     0x744643d653d4 - clone
[INFO] [stdout]   21:                0x0 - <unknown>
[INFO] [stdout] 
[INFO] [stdout] ---- ioctls::vcpu::tests::test_run_code stdout ----
[INFO] [stdout] 
[INFO] [stdout] thread 'ioctls::vcpu::tests::test_run_code' (570) panicked at src/ioctls/vcpu.rs:2017:32:
[INFO] [stdout] called `Result::unwrap()` on an `Err` value: Errno(Error(2))
[INFO] [stdout] stack backtrace:
[INFO] [stdout]    0:     0x6159f93b8a21 - <<std[70759c8f55707aa4]::sys::backtrace::BacktraceLock>::print::DisplayBacktrace as core[df12db4294e9bfd3]::fmt::Display>::fmt
[INFO] [stdout]    1:     0x6159f93cccda - core[df12db4294e9bfd3]::fmt::write
[INFO] [stdout]    2:     0x6159f93bcebc - <alloc[2182bb758b4b3781]::vec::Vec<u8> as core[df12db4294e9bfd3]::io::write::Write>::write_fmt
[INFO] [stdout]    3:     0x6159f9394f66 - std[70759c8f55707aa4]::panicking::default_hook::{closure#0}
[INFO] [stdout]    4:     0x6159f93b10d9 - std[70759c8f55707aa4]::panicking::default_hook
[INFO] [stdout]    5:     0x6159f934bce0 - test[9d35eded1c95d3be]::test_main_inner::<test[9d35eded1c95d3be]::test_main_static::{closure#0}>::{closure#0}
[INFO] [stdout]    6:     0x6159f93b1292 - std[70759c8f55707aa4]::panicking::panic_with_hook
[INFO] [stdout]    7:     0x6159f9395012 - std[70759c8f55707aa4]::panicking::panic_handler::{closure#0}
[INFO] [stdout]    8:     0x6159f938dd99 - std[70759c8f55707aa4]::sys::backtrace::__rust_end_short_backtrace::<std[70759c8f55707aa4]::panicking::panic_handler::{closure#0}, !>
[INFO] [stdout]    9:     0x6159f9395c0d - __rustc[8fa7c3cbc660c2b3]::rust_begin_unwind
[INFO] [stdout]   10:     0x6159f93cd40c - core[df12db4294e9bfd3]::panicking::panic_fmt
[INFO] [stdout]   11:     0x6159f93cd1e2 - core[df12db4294e9bfd3]::result::unwrap_failed
[INFO] [stdout]   12:     0x6159f933529e - mshv_ioctls[717960a459a488ef]::ioctls::vcpu::tests::test_run_code
[INFO] [stdout]   13:     0x6159f933dda9 - <mshv_ioctls[717960a459a488ef]::ioctls::vcpu::tests::test_run_code::{closure#0} as core[df12db4294e9bfd3]::ops::function::FnOnce<()>>::call_once
[INFO] [stdout]   14:     0x6159f933efcb - test[9d35eded1c95d3be]::__rust_begin_short_backtrace::<core[df12db4294e9bfd3]::result::Result<(), alloc[2182bb758b4b3781]::string::String>, fn() -> core[df12db4294e9bfd3]::result::Result<(), alloc[2182bb758b4b3781]::string::String>>
[INFO] [stdout]   15:     0x6159f934c635 - test[9d35eded1c95d3be]::run_test::{closure#0}
[INFO] [stdout]   16:     0x6159f9345ef4 - std[70759c8f55707aa4]::sys::backtrace::__rust_begin_short_backtrace::<test[9d35eded1c95d3be]::run_test::{closure#1}, ()>
[INFO] [stdout]   17:     0x6159f934f792 - <std[70759c8f55707aa4]::thread::lifecycle::spawn_unchecked<test[9d35eded1c95d3be]::run_test::{closure#1}, ()>::{closure#1} as core[df12db4294e9bfd3]::ops::function::FnOnce<()>>::call_once::{shim:vtable#0}
[INFO] [stdout]   18:     0x6159f93b82f9 - <std[70759c8f55707aa4]::sys::thread::unix::Thread>::new::thread_start
[INFO] [stdout]   19:     0x744643cd1dfa - <unknown>
[INFO] [stdout]   20:     0x744643d653d4 - clone
[INFO] [stdout]   21:                0x0 - <unknown>
[INFO] [stdout] 
[INFO] [stdout] ---- ioctls::device::tests::test_create_device stdout ----
[INFO] [stdout] 
[INFO] [stdout] thread 'ioctls::device::tests::test_create_device' (560) panicked at src/ioctls/device.rs:152:32:
[INFO] [stdout] called `Result::unwrap()` on an `Err` value: Errno(Error(2))
[INFO] [stdout] stack backtrace:
[INFO] [stdout]    0:     0x6159f93b8a21 - <<std[70759c8f55707aa4]::sys::backtrace::BacktraceLock>::print::DisplayBacktrace as core[df12db4294e9bfd3]::fmt::Display>::fmt
[INFO] [stdout]    1:     0x6159f93cccda - core[df12db4294e9bfd3]::fmt::write
[INFO] [stdout]    2:     0x6159f93bcebc - <alloc[2182bb758b4b3781]::vec::Vec<u8> as core[df12db4294e9bfd3]::io::write::Write>::write_fmt
[INFO] [stdout]    3:     0x6159f9394f66 - std[70759c8f55707aa4]::panicking::default_hook::{closure#0}
[INFO] [stdout]    4:     0x6159f93b10d9 - std[70759c8f55707aa4]::panicking::default_hook
[INFO] [stdout]    5:     0x6159f934bce0 - test[9d35eded1c95d3be]::test_main_inner::<test[9d35eded1c95d3be]::test_main_static::{closure#0}>::{closure#0}
[INFO] [stdout]    6:     0x6159f93b1292 - std[70759c8f55707aa4]::panicking::panic_with_hook
[INFO] [stdout]    7:     0x6159f9395012 - std[70759c8f55707aa4]::panicking::panic_handler::{closure#0}
[INFO] [stdout]    8:     0x6159f938dd99 - std[70759c8f55707aa4]::sys::backtrace::__rust_end_short_backtrace::<std[70759c8f55707aa4]::panicking::panic_handler::{closure#0}, !>
[INFO] [stdout]    9:     0x6159f9395c0d - __rustc[8fa7c3cbc660c2b3]::rust_begin_unwind
[INFO] [stdout]   10:     0x6159f93cd40c - core[df12db4294e9bfd3]::panicking::panic_fmt
[INFO] [stdout]   11:     0x6159f93cd1e2 - core[df12db4294e9bfd3]::result::unwrap_failed
[INFO] [stdout]   12:     0x6159f933e239 - <mshv_ioctls[717960a459a488ef]::ioctls::device::tests::test_create_device::{closure#0} as core[df12db4294e9bfd3]::ops::function::FnOnce<()>>::call_once
[INFO] [stdout]   13:     0x6159f933efcb - test[9d35eded1c95d3be]::__rust_begin_short_backtrace::<core[df12db4294e9bfd3]::result::Result<(), alloc[2182bb758b4b3781]::string::String>, fn() -> core[df12db4294e9bfd3]::result::Result<(), alloc[2182bb758b4b3781]::string::String>>
[INFO] [stdout]   14:     0x6159f934c635 - test[9d35eded1c95d3be]::run_test::{closure#0}
[INFO] [stdout]   15:     0x6159f9345ef4 - std[70759c8f55707aa4]::sys::backtrace::__rust_begin_short_backtrace::<test[9d35eded1c95d3be]::run_test::{closure#1}, ()>
[INFO] [stdout]   16:     0x6159f934f792 - <std[70759c8f55707aa4]::thread::lifecycle::spawn_unchecked<test[9d35eded1c95d3be]::run_test::{closure#1}, ()>::{closure#1} as core[df12db4294e9bfd3]::ops::function::FnOnce<()>>::call_once::{shim:vtable#0}
[INFO] [stdout]   17:     0x6159f93b82f9 - <std[70759c8f55707aa4]::sys::thread::unix::Thread>::new::thread_start
[INFO] [stdout]   18:     0x744643cd1dfa - <unknown>
[INFO] [stdout]   19:     0x744643d653d4 - clone
[INFO] [stdout]   20:                0x0 - <unknown>
[INFO] [stdout] 
[INFO] [stdout] ---- ioctls::vm::tests::test_assert_virtual_interrupt stdout ----
[INFO] [stdout] 
[INFO] [stdout] thread 'ioctls::vm::tests::test_assert_virtual_interrupt' (584) panicked at src/ioctls/vm.rs:949:30:
[INFO] [stdout] called `Result::unwrap()` on an `Err` value: Errno(Error(2))
[INFO] [stdout] stack backtrace:
[INFO] [stdout]    0:     0x6159f93b8a21 - <<std[70759c8f55707aa4]::sys::backtrace::BacktraceLock>::print::DisplayBacktrace as core[df12db4294e9bfd3]::fmt::Display>::fmt
[INFO] [stdout]    1:     0x6159f93cccda - core[df12db4294e9bfd3]::fmt::write
[INFO] [stdout]    2:     0x6159f93bcebc - <alloc[2182bb758b4b3781]::vec::Vec<u8> as core[df12db4294e9bfd3]::io::write::Write>::write_fmt
[INFO] [stdout]    3:     0x6159f9394f66 - std[70759c8f55707aa4]::panicking::default_hook::{closure#0}
[INFO] [stdout]    4:     0x6159f93b10d9 - std[70759c8f55707aa4]::panicking::default_hook
[INFO] [stdout]    5:     0x6159f934bce0 - test[9d35eded1c95d3be]::test_main_inner::<test[9d35eded1c95d3be]::test_main_static::{closure#0}>::{closure#0}
[INFO] [stdout]    6:     0x6159f93b1292 - std[70759c8f55707aa4]::panicking::panic_with_hook
[INFO] [stdout]    7:     0x6159f9395012 - std[70759c8f55707aa4]::panicking::panic_handler::{closure#0}
[INFO] [stdout]    8:     0x6159f938dd99 - std[70759c8f55707aa4]::sys::backtrace::__rust_end_short_backtrace::<std[70759c8f55707aa4]::panicking::panic_handler::{closure#0}, !>
[INFO] [stdout]    9:     0x6159f9395c0d - __rustc[8fa7c3cbc660c2b3]::rust_begin_unwind
[INFO] [stdout]   10:     0x6159f93cd40c - core[df12db4294e9bfd3]::panicking::panic_fmt
[INFO] [stdout]   11:     0x6159f93cd1e2 - core[df12db4294e9bfd3]::result::unwrap_failed
[INFO] [stdout]   12:     0x6159f933d6fb - <mshv_ioctls[717960a459a488ef]::ioctls::vm::tests::test_assert_virtual_interrupt::{closure#0} as core[df12db4294e9bfd3]::ops::function::FnOnce<()>>::call_once
[INFO] [stdout]   13:     0x6159f933efcb - test[9d35eded1c95d3be]::__rust_begin_short_backtrace::<core[df12db4294e9bfd3]::result::Result<(), alloc[2182bb758b4b3781]::string::String>, fn() -> core[df12db4294e9bfd3]::result::Result<(), alloc[2182bb758b4b3781]::string::String>>
[INFO] [stdout]   14:     0x6159f934c635 - test[9d35eded1c95d3be]::run_test::{closure#0}
[INFO] [stdout]   15:     0x6159f9345ef4 - std[70759c8f55707aa4]::sys::backtrace::__rust_begin_short_backtrace::<test[9d35eded1c95d3be]::run_test::{closure#1}, ()>
[INFO] [stdout]   16:     0x6159f934f792 - <std[70759c8f55707aa4]::thread::lifecycle::spawn_unchecked<test[9d35eded1c95d3be]::run_test::{closure#1}, ()>::{closure#1} as core[df12db4294e9bfd3]::ops::function::FnOnce<()>>::call_once::{shim:vtable#0}
[INFO] [stdout]   17:     0x6159f93b82f9 - <std[70759c8f55707aa4]::sys::thread::unix::Thread>::new::thread_start
[INFO] [stdout]   18:     0x744643cd1dfa - <unknown>
[INFO] [stdout]   19:     0x744643d653d4 - clone
[INFO] [stdout]   20:                0x0 - <unknown>
[INFO] [stdout] 
[INFO] [stdout] ---- ioctls::vcpu::tests::test_set_registers_64 stdout ----
[INFO] [stdout] 
[INFO] [stdout] thread 'ioctls::vcpu::tests::test_set_registers_64' (582) panicked at src/ioctls/vcpu.rs:2445:30:
[INFO] [stdout] called `Result::unwrap()` on an `Err` value: Errno(Error(2))
[INFO] [stdout] stack backtrace:
[INFO] [stdout]    0:     0x6159f93b8a21 - <<std[70759c8f55707aa4]::sys::backtrace::BacktraceLock>::print::DisplayBacktrace as core[df12db4294e9bfd3]::fmt::Display>::fmt
[INFO] [stdout]    1:     0x6159f93cccda - core[df12db4294e9bfd3]::fmt::write
[INFO] [stdout]    2:     0x6159f93bcebc - <alloc[2182bb758b4b3781]::vec::Vec<u8> as core[df12db4294e9bfd3]::io::write::Write>::write_fmt
[INFO] [stdout]    3:     0x6159f9394f66 - std[70759c8f55707aa4]::panicking::default_hook::{closure#0}
[INFO] [stdout]    4:     0x6159f93b10d9 - std[70759c8f55707aa4]::panicking::default_hook
[INFO] [stdout]    5:     0x6159f934bce0 - test[9d35eded1c95d3be]::test_main_inner::<test[9d35eded1c95d3be]::test_main_static::{closure#0}>::{closure#0}
[INFO] [stdout]    6:     0x6159f93b1292 - std[70759c8f55707aa4]::panicking::panic_with_hook
[INFO] [stdout]    7:     0x6159f9395012 - std[70759c8f55707aa4]::panicking::panic_handler::{closure#0}
[INFO] [stdout]    8:     0x6159f938dd99 - std[70759c8f55707aa4]::sys::backtrace::__rust_end_short_backtrace::<std[70759c8f55707aa4]::panicking::panic_handler::{closure#0}, !>
[INFO] [stdout]    9:     0x6159f9395c0d - __rustc[8fa7c3cbc660c2b3]::rust_begin_unwind
[INFO] [stdout]   10:     0x6159f93cd40c - core[df12db4294e9bfd3]::panicking::panic_fmt
[INFO] [stdout]   11:     0x6159f93cd1e2 - core[df12db4294e9bfd3]::result::unwrap_failed
[INFO] [stdout]   12:     0x6159f933838f - mshv_ioctls[717960a459a488ef]::ioctls::vcpu::tests::test_set_registers_64
[INFO] [stdout]   13:     0x6159f933df09 - <mshv_ioctls[717960a459a488ef]::ioctls::vcpu::tests::test_set_registers_64::{closure#0} as core[df12db4294e9bfd3]::ops::function::FnOnce<()>>::call_once
[INFO] [stdout]   14:     0x6159f933efcb - test[9d35eded1c95d3be]::__rust_begin_short_backtrace::<core[df12db4294e9bfd3]::result::Result<(), alloc[2182bb758b4b3781]::string::String>, fn() -> core[df12db4294e9bfd3]::result::Result<(), alloc[2182bb758b4b3781]::string::String>>
[INFO] [stdout]   15:     0x6159f934c635 - test[9d35eded1c95d3be]::run_test::{closure#0}
[INFO] [stdout]   16:     0x6159f9345ef4 - std[70759c8f55707aa4]::sys::backtrace::__rust_begin_short_backtrace::<test[9d35eded1c95d3be]::run_test::{closure#1}, ()>
[INFO] [stdout]   17:     0x6159f934f792 - <std[70759c8f55707aa4]::thread::lifecycle::spawn_unchecked<test[9d35eded1c95d3be]::run_test::{closure#1}, ()>::{closure#1} as core[df12db4294e9bfd3]::ops::function::FnOnce<()>>::call_once::{shim:vtable#0}
[INFO] [stdout]   18:     0x6159f93b82f9 - <std[70759c8f55707aa4]::sys::thread::unix::Thread>::new::thread_start
[INFO] [stdout]   19:     0x744643cd1dfa - <unknown>
[INFO] [stdout]   20:     0x744643d653d4 - clone
[INFO] [stdout]   21:                0x0 - <unknown>
[INFO] [stdout] 
[INFO] [stdout] ---- ioctls::vm::tests::test_create_vcpu stdout ----
[INFO] [stdout] 
[INFO] [stdout] thread 'ioctls::vm::tests::test_create_vcpu' (585) panicked at src/ioctls/vm.rs:938:30:
[INFO] [stdout] called `Result::unwrap()` on an `Err` value: Errno(Error(2))
[INFO] [stdout] stack backtrace:
[INFO] [stdout]    0:     0x6159f93b8a21 - <<std[70759c8f55707aa4]::sys::backtrace::BacktraceLock>::print::DisplayBacktrace as core[df12db4294e9bfd3]::fmt::Display>::fmt
[INFO] [stdout]    1:     0x6159f93cccda - core[df12db4294e9bfd3]::fmt::write
[INFO] [stdout]    2:     0x6159f93bcebc - <alloc[2182bb758b4b3781]::vec::Vec<u8> as core[df12db4294e9bfd3]::io::write::Write>::write_fmt
[INFO] [stdout]    3:     0x6159f9394f66 - std[70759c8f55707aa4]::panicking::default_hook::{closure#0}
[INFO] [stdout]    4:     0x6159f93b10d9 - std[70759c8f55707aa4]::panicking::default_hook
[INFO] [stdout]    5:     0x6159f934bce0 - test[9d35eded1c95d3be]::test_main_inner::<test[9d35eded1c95d3be]::test_main_static::{closure#0}>::{closure#0}
[INFO] [stdout]    6:     0x6159f93b1292 - std[70759c8f55707aa4]::panicking::panic_with_hook
[INFO] [stdout]    7:     0x6159f9395012 - std[70759c8f55707aa4]::panicking::panic_handler::{closure#0}
[INFO] [stdout]    8:     0x6159f938dd99 - std[70759c8f55707aa4]::sys::backtrace::__rust_end_short_backtrace::<std[70759c8f55707aa4]::panicking::panic_handler::{closure#0}, !>
[INFO] [stdout]    9:     0x6159f9395c0d - __rustc[8fa7c3cbc660c2b3]::rust_begin_unwind
[INFO] [stdout]   10:     0x6159f93cd40c - core[df12db4294e9bfd3]::panicking::panic_fmt
[INFO] [stdout]   11:     0x6159f93cd1e2 - core[df12db4294e9bfd3]::result::unwrap_failed
[INFO] [stdout]   12:     0x6159f933b069 - <mshv_ioctls[717960a459a488ef]::ioctls::vm::tests::test_create_vcpu::{closure#0} as core[df12db4294e9bfd3]::ops::function::FnOnce<()>>::call_once
[INFO] [stdout]   13:     0x6159f933efcb - test[9d35eded1c95d3be]::__rust_begin_short_backtrace::<core[df12db4294e9bfd3]::result::Result<(), alloc[2182bb758b4b3781]::string::String>, fn() -> core[df12db4294e9bfd3]::result::Result<(), alloc[2182bb758b4b3781]::string::String>>
[INFO] [stdout]   14:     0x6159f934c635 - test[9d35eded1c95d3be]::run_test::{closure#0}
[INFO] [stdout]   15:     0x6159f9345ef4 - std[70759c8f55707aa4]::sys::backtrace::__rust_begin_short_backtrace::<test[9d35eded1c95d3be]::run_test::{closure#1}, ()>
[INFO] [stdout]   16:     0x6159f934f792 - <std[70759c8f55707aa4]::thread::lifecycle::spawn_unchecked<test[9d35eded1c95d3be]::run_test::{closure#1}, ()>::{closure#1} as core[df12db4294e9bfd3]::ops::function::FnOnce<()>>::call_once::{shim:vtable#0}
[INFO] [stdout]   17:     0x6159f93b82f9 - <std[70759c8f55707aa4]::sys::thread::unix::Thread>::new::thread_start
[INFO] [stdout]   18:     0x744643cd1dfa - <unknown>
[INFO] [stdout]   19:     0x744643d653d4 - clone
[INFO] [stdout]   20:                0x0 - <unknown>
[INFO] [stdout] 
[INFO] [stdout] ---- ioctls::vm::tests::test_get_dirty_log_32M stdout ----
[INFO] [stdout] 
[INFO] [stdout] thread 'ioctls::vm::tests::test_get_dirty_log_32M' (586) panicked at src/ioctls/vm.rs:1137:30:
[INFO] [stdout] called `Result::unwrap()` on an `Err` value: Errno(Error(2))
[INFO] [stdout] stack backtrace:
[INFO] [stdout]    0:     0x6159f93b8a21 - <<std[70759c8f55707aa4]::sys::backtrace::BacktraceLock>::print::DisplayBacktrace as core[df12db4294e9bfd3]::fmt::Display>::fmt
[INFO] [stdout]    1:     0x6159f93cccda - core[df12db4294e9bfd3]::fmt::write
[INFO] [stdout]    2:     0x6159f93bcebc - <alloc[2182bb758b4b3781]::vec::Vec<u8> as core[df12db4294e9bfd3]::io::write::Write>::write_fmt
[INFO] [stdout]    3:     0x6159f9394f66 - std[70759c8f55707aa4]::panicking::default_hook::{closure#0}
[INFO] [stdout]    4:     0x6159f93b10d9 - std[70759c8f55707aa4]::panicking::default_hook
[INFO] [stdout]    5:     0x6159f934bce0 - test[9d35eded1c95d3be]::test_main_inner::<test[9d35eded1c95d3be]::test_main_static::{closure#0}>::{closure#0}
[INFO] [stdout]    6:     0x6159f93b1292 - std[70759c8f55707aa4]::panicking::panic_with_hook
[INFO] [stdout]    7:     0x6159f9395012 - std[70759c8f55707aa4]::panicking::panic_handler::{closure#0}
[INFO] [stdout]    8:     0x6159f938dd99 - std[70759c8f55707aa4]::sys::backtrace::__rust_end_short_backtrace::<std[70759c8f55707aa4]::panicking::panic_handler::{closure#0}, !>
[INFO] [stdout]    9:     0x6159f9395c0d - __rustc[8fa7c3cbc660c2b3]::rust_begin_unwind
[INFO] [stdout]   10:     0x6159f93cd40c - core[df12db4294e9bfd3]::panicking::panic_fmt
[INFO] [stdout]   11:     0x6159f93cd1e2 - core[df12db4294e9bfd3]::result::unwrap_failed
[INFO] [stdout]   12:     0x6159f933a5ef - mshv_ioctls[717960a459a488ef]::ioctls::vm::tests::_test_clear_set_get_dirty_log
[INFO] [stdout]   13:     0x6159f933c69e - <mshv_ioctls[717960a459a488ef]::ioctls::vm::tests::test_get_dirty_log_32M::{closure#0} as core[df12db4294e9bfd3]::ops::function::FnOnce<()>>::call_once
[INFO] [stdout]   14:     0x6159f933efcb - test[9d35eded1c95d3be]::__rust_begin_short_backtrace::<core[df12db4294e9bfd3]::result::Result<(), alloc[2182bb758b4b3781]::string::String>, fn() -> core[df12db4294e9bfd3]::result::Result<(), alloc[2182bb758b4b3781]::string::String>>
[INFO] [stdout]   15:     0x6159f934c635 - test[9d35eded1c95d3be]::run_test::{closure#0}
[INFO] [stdout]   16:     0x6159f9345ef4 - std[70759c8f55707aa4]::sys::backtrace::__rust_begin_short_backtrace::<test[9d35eded1c95d3be]::run_test::{closure#1}, ()>
[INFO] [stdout]   17:     0x6159f934f792 - <std[70759c8f55707aa4]::thread::lifecycle::spawn_unchecked<test[9d35eded1c95d3be]::run_test::{closure#1}, ()>::{closure#1} as core[df12db4294e9bfd3]::ops::function::FnOnce<()>>::call_once::{shim:vtable#0}
[INFO] [stdout]   18:     0x6159f93b82f9 - <std[70759c8f55707aa4]::sys::thread::unix::Thread>::new::thread_start
[INFO] [stdout]   19:     0x744643cd1dfa - <unknown>
[INFO] [stdout]   20:     0x744643d653d4 - clone
[INFO] [stdout]   21:                0x0 - <unknown>
[INFO] [stdout] 
[INFO] [stdout] ---- ioctls::vm::tests::test_get_dirty_log_8G stdout ----
[INFO] [stdout] 
[INFO] [stdout] thread 'ioctls::vm::tests::test_get_dirty_log_8G' (587) panicked at src/ioctls/vm.rs:1137:30:
[INFO] [stdout] called `Result::unwrap()` on an `Err` value: Errno(Error(2))
[INFO] [stdout] stack backtrace:
[INFO] [stdout]    0:     0x6159f93b8a21 - <<std[70759c8f55707aa4]::sys::backtrace::BacktraceLock>::print::DisplayBacktrace as core[df12db4294e9bfd3]::fmt::Display>::fmt
[INFO] [stdout]    1:     0x6159f93cccda - core[df12db4294e9bfd3]::fmt::write
[INFO] [stdout]    2:     0x6159f93bcebc - <alloc[2182bb758b4b3781]::vec::Vec<u8> as core[df12db4294e9bfd3]::io::write::Write>::write_fmt
[INFO] [stdout]    3:     0x6159f9394f66 - std[70759c8f55707aa4]::panicking::default_hook::{closure#0}
[INFO] [stdout]    4:     0x6159f93b10d9 - std[70759c8f55707aa4]::panicking::default_hook
[INFO] [stdout]    5:     0x6159f934bce0 - test[9d35eded1c95d3be]::test_main_inner::<test[9d35eded1c95d3be]::test_main_static::{closure#0}>::{closure#0}
[INFO] [stdout]    6:     0x6159f93b1292 - std[70759c8f55707aa4]::panicking::panic_with_hook
[INFO] [stdout]    7:     0x6159f9395012 - std[70759c8f55707aa4]::panicking::panic_handler::{closure#0}
[INFO] [stdout]    8:     0x6159f938dd99 - std[70759c8f55707aa4]::sys::backtrace::__rust_end_short_backtrace::<std[70759c8f55707aa4]::panicking::panic_handler::{closure#0}, !>
[INFO] [stdout]    9:     0x6159f9395c0d - __rustc[8fa7c3cbc660c2b3]::rust_begin_unwind
[INFO] [stdout]   10:     0x6159f93cd40c - core[df12db4294e9bfd3]::panicking::panic_fmt
[INFO] [stdout]   11:     0x6159f93cd1e2 - core[df12db4294e9bfd3]::result::unwrap_failed
[INFO] [stdout]   12:     0x6159f933a5ef - mshv_ioctls[717960a459a488ef]::ioctls::vm::tests::_test_clear_set_get_dirty_log
[INFO] [stdout]   13:     0x6159f933c683 - <mshv_ioctls[717960a459a488ef]::ioctls::vm::tests::test_get_dirty_log_8G::{closure#0} as core[df12db4294e9bfd3]::ops::function::FnOnce<()>>::call_once
[INFO] [stdout]   14:     0x6159f933efcb - test[9d35eded1c95d3be]::__rust_begin_short_backtrace::<core[df12db4294e9bfd3]::result::Result<(), alloc[2182bb758b4b3781]::string::String>, fn() -> core[df12db4294e9bfd3]::result::Result<(), alloc[2182bb758b4b3781]::string::String>>
[INFO] [stdout]   15:     0x6159f934c635 - test[9d35eded1c95d3be]::run_test::{closure#0}
[INFO] [stdout]   16:     0x6159f9345ef4 - std[70759c8f55707aa4]::sys::backtrace::__rust_begin_short_backtrace::<test[9d35eded1c95d3be]::run_test::{closure#1}, ()>
[INFO] [stdout]   17:     0x6159f934f792 - <std[70759c8f55707aa4]::thread::lifecycle::spawn_unchecked<test[9d35eded1c95d3be]::run_test::{closure#1}, ()>::{closure#1} as core[df12db4294e9bfd3]::ops::function::FnOnce<()>>::call_once::{shim:vtable#0}
[INFO] [stdout]   18:     0x6159f93b82f9 - <std[70759c8f55707aa4]::sys::thread::unix::Thread>::new::thread_start
[INFO] [stdout]   19:     0x744643cd1dfa - <unknown>
[INFO] [stdout]   20:     0x744643d653d4 - clone
[INFO] [stdout]   21:                0x0 - <unknown>
[INFO] [stdout] 
[INFO] [stdout] ---- ioctls::vm::tests::test_get_msr_index_list stdout ----
[INFO] [stdout] 
[INFO] [stdout] thread 'ioctls::vm::tests::test_get_msr_index_list' (588) panicked at src/ioctls/vm.rs:1280:30:
[INFO] [stdout] called `Result::unwrap()` on an `Err` value: Errno(Error(2))
[INFO] [stdout] stack backtrace:
[INFO] [stdout]    0:     0x6159f93b8a21 - <<std[70759c8f55707aa4]::sys::backtrace::BacktraceLock>::print::DisplayBacktrace as core[df12db4294e9bfd3]::fmt::Display>::fmt
[INFO] [stdout]    1:     0x6159f93cccda - core[df12db4294e9bfd3]::fmt::write
[INFO] [stdout]    2:     0x6159f93bcebc - <alloc[2182bb758b4b3781]::vec::Vec<u8> as core[df12db4294e9bfd3]::io::write::Write>::write_fmt
[INFO] [stdout]    3:     0x6159f9394f66 - std[70759c8f55707aa4]::panicking::default_hook::{closure#0}
[INFO] [stdout]    4:     0x6159f93b10d9 - std[70759c8f55707aa4]::panicking::default_hook
[INFO] [stdout]    5:     0x6159f934bce0 - test[9d35eded1c95d3be]::test_main_inner::<test[9d35eded1c95d3be]::test_main_static::{closure#0}>::{closure#0}
[INFO] [stdout]    6:     0x6159f93b1292 - std[70759c8f55707aa4]::panicking::panic_with_hook
[INFO] [stdout]    7:     0x6159f9395012 - std[70759c8f55707aa4]::panicking::panic_handler::{closure#0}
[INFO] [stdout]    8:     0x6159f938dd99 - std[70759c8f55707aa4]::sys::backtrace::__rust_end_short_backtrace::<std[70759c8f55707aa4]::panicking::panic_handler::{closure#0}, !>
[INFO] [stdout]    9:     0x6159f9395c0d - __rustc[8fa7c3cbc660c2b3]::rust_begin_unwind
[INFO] [stdout]   10:     0x6159f93cd40c - core[df12db4294e9bfd3]::panicking::panic_fmt
[INFO] [stdout]   11:     0x6159f93cd1e2 - core[df12db4294e9bfd3]::result::unwrap_failed
[INFO] [stdout]   12:     0x6159f933cdb7 - <mshv_ioctls[717960a459a488ef]::ioctls::vm::tests::test_get_msr_index_list::{closure#0} as core[df12db4294e9bfd3]::ops::function::FnOnce<()>>::call_once
[INFO] [stdout]   13:     0x6159f933efcb - test[9d35eded1c95d3be]::__rust_begin_short_backtrace::<core[df12db4294e9bfd3]::result::Result<(), alloc[2182bb758b4b3781]::string::String>, fn() -> core[df12db4294e9bfd3]::result::Result<(), alloc[2182bb758b4b3781]::string::String>>
[INFO] [stdout]   14:     0x6159f934c635 - test[9d35eded1c95d3be]::run_test::{closure#0}
[INFO] [stdout]   15:     0x6159f9345ef4 - std[70759c8f55707aa4]::sys::backtrace::__rust_begin_short_backtrace::<test[9d35eded1c95d3be]::run_test::{closure#1}, ()>
[INFO] [stdout]   16:     0x6159f934f792 - <std[70759c8f55707aa4]::thread::lifecycle::spawn_unchecked<test[9d35eded1c95d3be]::run_test::{closure#1}, ()>::{closure#1} as core[df12db4294e9bfd3]::ops::function::FnOnce<()>>::call_once::{shim:vtable#0}
[INFO] [stdout]   17:     0x6159f93b82f9 - <std[70759c8f55707aa4]::sys::thread::unix::Thread>::new::thread_start
[INFO] [stdout]   18:     0x744643cd1dfa - <unknown>
[INFO] [stdout]   19:     0x744643d653d4 - clone
[INFO] [stdout]   20:                0x0 - <unknown>
[INFO] [stdout] 
[INFO] [stdout] ---- ioctls::vm::tests::test_install_intercept stdout ----
[INFO] [stdout] 
[INFO] [stdout] thread 'ioctls::vm::tests::test_install_intercept' (590) panicked at src/ioctls/vm.rs:971:30:
[INFO] [stdout] called `Result::unwrap()` on an `Err` value: Errno(Error(2))
[INFO] [stdout] stack backtrace:
[INFO] [stdout]    0:     0x6159f93b8a21 - <<std[70759c8f55707aa4]::sys::backtrace::BacktraceLock>::print::DisplayBacktrace as core[df12db4294e9bfd3]::fmt::Display>::fmt
[INFO] [stdout]    1:     0x6159f93cccda - core[df12db4294e9bfd3]::fmt::write
[INFO] [stdout]    2:     0x6159f93bcebc - <alloc[2182bb758b4b3781]::vec::Vec<u8> as core[df12db4294e9bfd3]::io::write::Write>::write_fmt
[INFO] [stdout]    3:     0x6159f9394f66 - std[70759c8f55707aa4]::panicking::default_hook::{closure#0}
[INFO] [stdout]    4:     0x6159f93b10d9 - std[70759c8f55707aa4]::panicking::default_hook
[INFO] [stdout]    5:     0x6159f934bce0 - test[9d35eded1c95d3be]::test_main_inner::<test[9d35eded1c95d3be]::test_main_static::{closure#0}>::{closure#0}
[INFO] [stdout]    6:     0x6159f93b1292 - std[70759c8f55707aa4]::panicking::panic_with_hook
[INFO] [stdout]    7:     0x6159f9395012 - std[70759c8f55707aa4]::panicking::panic_handler::{closure#0}
[INFO] [stdout]    8:     0x6159f938dd99 - std[70759c8f55707aa4]::sys::backtrace::__rust_end_short_backtrace::<std[70759c8f55707aa4]::panicking::panic_handler::{closure#0}, !>
[INFO] [stdout]    9:     0x6159f9395c0d - __rustc[8fa7c3cbc660c2b3]::rust_begin_unwind
[INFO] [stdout]   10:     0x6159f93cd40c - core[df12db4294e9bfd3]::panicking::panic_fmt
[INFO] [stdout]   11:     0x6159f93cd1e2 - core[df12db4294e9bfd3]::result::unwrap_failed
[INFO] [stdout]   12:     0x6159f933c87a - <mshv_ioctls[717960a459a488ef]::ioctls::vm::tests::test_install_intercept::{closure#0} as core[df12db4294e9bfd3]::ops::function::FnOnce<()>>::call_once
[INFO] [stdout]   13:     0x6159f933efcb - test[9d35eded1c95d3be]::__rust_begin_short_backtrace::<core[df12db4294e9bfd3]::result::Result<(), alloc[2182bb758b4b3781]::string::String>, fn() -> core[df12db4294e9bfd3]::result::Result<(), alloc[2182bb758b4b3781]::string::String>>
[INFO] [stdout]   14:     0x6159f934c635 - test[9d35eded1c95d3be]::run_test::{closure#0}
[INFO] [stdout]   15:     0x6159f9345ef4 - std[70759c8f55707aa4]::sys::backtrace::__rust_begin_short_backtrace::<test[9d35eded1c95d3be]::run_test::{closure#1}, ()>
[INFO] [stdout]   16:     0x6159f934f792 - <std[70759c8f55707aa4]::thread::lifecycle::spawn_unchecked<test[9d35eded1c95d3be]::run_test::{closure#1}, ()>::{closure#1} as core[df12db4294e9bfd3]::ops::function::FnOnce<()>>::call_once::{shim:vtable#0}
[INFO] [stdout]   17:     0x6159f93b82f9 - <std[70759c8f55707aa4]::sys::thread::unix::Thread>::new::thread_start
[INFO] [stdout]   18:     0x744643cd1dfa - <unknown>
[INFO] [stdout]   19:     0x744643d653d4 - clone
[INFO] [stdout]   20:                0x0 - <unknown>
[INFO] [stdout] 
[INFO] [stdout] ---- ioctls::vm::tests::test_ioeventfd stdout ----
[INFO] [stdout] 
[INFO] [stdout] thread 'ioctls::vm::tests::test_ioeventfd' (591) panicked at src/ioctls/vm.rs:1120:30:
[INFO] [stdout] called `Result::unwrap()` on an `Err` value: Errno(Error(2))
[INFO] [stdout] stack backtrace:
[INFO] [stdout]    0:     0x6159f93b8a21 - <<std[70759c8f55707aa4]::sys::backtrace::BacktraceLock>::print::DisplayBacktrace as core[df12db4294e9bfd3]::fmt::Display>::fmt
[INFO] [stdout]    1:     0x6159f93cccda - core[df12db4294e9bfd3]::fmt::write
[INFO] [stdout]    2:     0x6159f93bcebc - <alloc[2182bb758b4b3781]::vec::Vec<u8> as core[df12db4294e9bfd3]::io::write::Write>::write_fmt
[INFO] [stdout]    3:     0x6159f9394f66 - std[70759c8f55707aa4]::panicking::default_hook::{closure#0}
[INFO] [stdout]    4:     0x6159f93b10d9 - std[70759c8f55707aa4]::panicking::default_hook
[INFO] [stdout]    5:     0x6159f934bce0 - test[9d35eded1c95d3be]::test_main_inner::<test[9d35eded1c95d3be]::test_main_static::{closure#0}>::{closure#0}
[INFO] [stdout]    6:     0x6159f93b1292 - std[70759c8f55707aa4]::panicking::panic_with_hook
[INFO] [stdout]    7:     0x6159f9395012 - std[70759c8f55707aa4]::panicking::panic_handler::{closure#0}
[INFO] [stdout]    8:     0x6159f938dd99 - std[70759c8f55707aa4]::sys::backtrace::__rust_end_short_backtrace::<std[70759c8f55707aa4]::panicking::panic_handler::{closure#0}, !>
[INFO] [stdout]    9:     0x6159f9395c0d - __rustc[8fa7c3cbc660c2b3]::rust_begin_unwind
[INFO] [stdout]   10:     0x6159f93cd40c - core[df12db4294e9bfd3]::panicking::panic_fmt
[INFO] [stdout]   11:     0x6159f93cd1e2 - core[df12db4294e9bfd3]::result::unwrap_failed
[INFO] [stdout]   12:     0x6159f933ae5d - <mshv_ioctls[717960a459a488ef]::ioctls::vm::tests::test_ioeventfd::{closure#0} as core[df12db4294e9bfd3]::ops::function::FnOnce<()>>::call_once
[INFO] [stdout]   13:     0x6159f933efcb - test[9d35eded1c95d3be]::__rust_begin_short_backtrace::<core[df12db4294e9bfd3]::result::Result<(), alloc[2182bb758b4b3781]::string::String>, fn() -> core[df12db4294e9bfd3]::result::Result<(), alloc[2182bb758b4b3781]::string::String>>
[INFO] [stdout]   14:     0x6159f934c635 - test[9d35eded1c95d3be]::run_test::{closure#0}
[INFO] [stderr] error: test failed, to rerun pass `--lib`
[INFO] [stdout]   15:     0x6159f9345ef4 - std[70759c8f55707aa4]::sys::backtrace::__rust_begin_short_backtrace::<test[9d35eded1c95d3be]::run_test::{closure#1}, ()>
[INFO] [stdout]   16:     0x6159f934f792 - <std[70759c8f55707aa4]::thread::lifecycle::spawn_unchecked<test[9d35eded1c95d3be]::run_test::{closure#1}, ()>::{closure#1} as core[df12db4294e9bfd3]::ops::function::FnOnce<()>>::call_once::{shim:vtable#0}
[INFO] [stdout]   17:     0x6159f93b82f9 - <std[70759c8f55707aa4]::sys::thread::unix::Thread>::new::thread_start
[INFO] [stdout]   18:     0x744643cd1dfa - <unknown>
[INFO] [stdout]   19:     0x744643d653d4 - clone
[INFO] [stdout]   20:                0x0 - <unknown>
[INFO] [stdout] 
[INFO] [stdout] ---- ioctls::vcpu::tests::test_set_get_standard_registers stdout ----
[INFO] [stdout] 
[INFO] [stdout] thread 'ioctls::vcpu::tests::test_set_get_standard_registers' (579) panicked at src/ioctls/vcpu.rs:1944:30:
[INFO] [stdout] called `Result::unwrap()` on an `Err` value: Errno(Error(2))
[INFO] [stdout] stack backtrace:
[INFO] [stdout]    0:     0x6159f93b8a21 - <<std[70759c8f55707aa4]::sys::backtrace::BacktraceLock>::print::DisplayBacktrace as core[df12db4294e9bfd3]::fmt::Display>::fmt
[INFO] [stdout]    1:     0x6159f93cccda - core[df12db4294e9bfd3]::fmt::write
[INFO] [stdout]    2:     0x6159f93bcebc - <alloc[2182bb758b4b3781]::vec::Vec<u8> as core[df12db4294e9bfd3]::io::write::Write>::write_fmt
[INFO] [stdout]    3:     0x6159f9394f66 - std[70759c8f55707aa4]::panicking::default_hook::{closure#0}
[INFO] [stdout]    4:     0x6159f93b10d9 - std[70759c8f55707aa4]::panicking::default_hook
[INFO] [stdout]    5:     0x6159f934bce0 - test[9d35eded1c95d3be]::test_main_inner::<test[9d35eded1c95d3be]::test_main_static::{closure#0}>::{closure#0}
[INFO] [stdout]    6:     0x6159f93b1292 - std[70759c8f55707aa4]::panicking::panic_with_hook
[INFO] [stdout]    7:     0x6159f9395012 - std[70759c8f55707aa4]::panicking::panic_handler::{closure#0}
[INFO] [stdout]    8:     0x6159f938dd99 - std[70759c8f55707aa4]::sys::backtrace::__rust_end_short_backtrace::<std[70759c8f55707aa4]::panicking::panic_handler::{closure#0}, !>
[INFO] [stdout]    9:     0x6159f9395c0d - __rustc[8fa7c3cbc660c2b3]::rust_begin_unwind
[INFO] [stdout]   10:     0x6159f93cd40c - core[df12db4294e9bfd3]::panicking::panic_fmt
[INFO] [stdout]   11:     0x6159f93cd1e2 - core[df12db4294e9bfd3]::result::unwrap_failed
[INFO] [stdout]   12:     0x6159f93392e8 - mshv_ioctls[717960a459a488ef]::ioctls::vcpu::tests::test_set_get_standard_registers
[INFO] [stdout]   13:     0x6159f933df89 - <mshv_ioctls[717960a459a488ef]::ioctls::vcpu::tests::test_set_get_standard_registers::{closure#0} as core[df12db4294e9bfd3]::ops::function::FnOnce<()>>::call_once
[INFO] [stdout]   14:     0x6159f933efcb - test[9d35eded1c95d3be]::__rust_begin_short_backtrace::<core[df12db4294e9bfd3]::result::Result<(), alloc[2182bb758b4b3781]::string::String>, fn() -> core[df12db4294e9bfd3]::result::Result<(), alloc[2182bb758b4b3781]::string::String>>
[INFO] [stdout]   15:     0x6159f934c635 - test[9d35eded1c95d3be]::run_test::{closure#0}
[INFO] [stdout]   16:     0x6159f9345ef4 - std[70759c8f55707aa4]::sys::backtrace::__rust_begin_short_backtrace::<test[9d35eded1c95d3be]::run_test::{closure#1}, ()>
[INFO] [stdout]   17:     0x6159f934f792 - <std[70759c8f55707aa4]::thread::lifecycle::spawn_unchecked<test[9d35eded1c95d3be]::run_test::{closure#1}, ()>::{closure#1} as core[df12db4294e9bfd3]::ops::function::FnOnce<()>>::call_once::{shim:vtable#0}
[INFO] [stdout]   18:     0x6159f93b82f9 - <std[70759c8f55707aa4]::sys::thread::unix::Thread>::new::thread_start
[INFO] [stdout]   19:     0x744643cd1dfa - <unknown>
[INFO] [stdout]   20:     0x744643d653d4 - clone
[INFO] [stdout]   21:                0x0 - <unknown>
[INFO] [stdout] 
[INFO] [stdout] ---- ioctls::vcpu::tests::test_set_get_vcpu_events stdout ----
[INFO] [stdout] 
[INFO] [stdout] thread 'ioctls::vcpu::tests::test_set_get_vcpu_events' (580) panicked at src/ioctls/vcpu.rs:2395:30:
[INFO] [stdout] called `Result::unwrap()` on an `Err` value: Errno(Error(2))
[INFO] [stdout] stack backtrace:
[INFO] [stdout]    0:     0x6159f93b8a21 - <<std[70759c8f55707aa4]::sys::backtrace::BacktraceLock>::print::DisplayBacktrace as core[df12db4294e9bfd3]::fmt::Display>::fmt
[INFO] [stdout]    1:     0x6159f93cccda - core[df12db4294e9bfd3]::fmt::write
[INFO] [stdout]    2:     0x6159f93bcebc - <alloc[2182bb758b4b3781]::vec::Vec<u8> as core[df12db4294e9bfd3]::io::write::Write>::write_fmt
[INFO] [stdout]    3:     0x6159f9394f66 - std[70759c8f55707aa4]::panicking::default_hook::{closure#0}
[INFO] [stdout]    4:     0x6159f93b10d9 - std[70759c8f55707aa4]::panicking::default_hook
[INFO] [stdout]    5:     0x6159f934bce0 - test[9d35eded1c95d3be]::test_main_inner::<test[9d35eded1c95d3be]::test_main_static::{closure#0}>::{closure#0}
[INFO] [stdout]    6:     0x6159f93b1292 - std[70759c8f55707aa4]::panicking::panic_with_hook
[INFO] [stdout]    7:     0x6159f9395012 - std[70759c8f55707aa4]::panicking::panic_handler::{closure#0}
[INFO] [stdout]    8:     0x6159f938dd99 - std[70759c8f55707aa4]::sys::backtrace::__rust_end_short_backtrace::<std[70759c8f55707aa4]::panicking::panic_handler::{closure#0}, !>
[INFO] [stdout]    9:     0x6159f9395c0d - __rustc[8fa7c3cbc660c2b3]::rust_begin_unwind
[INFO] [stdout]   10:     0x6159f93cd40c - core[df12db4294e9bfd3]::panicking::panic_fmt
[INFO] [stdout]   11:     0x6159f93cd1e2 - core[df12db4294e9bfd3]::result::unwrap_failed
[INFO] [stdout]   12:     0x6159f9338c21 - mshv_ioctls[717960a459a488ef]::ioctls::vcpu::tests::test_set_get_vcpu_events
[INFO] [stdout]   13:     0x6159f933df49 - <mshv_ioctls[717960a459a488ef]::ioctls::vcpu::tests::test_set_get_vcpu_events::{closure#0} as core[df12db4294e9bfd3]::ops::function::FnOnce<()>>::call_once
[INFO] [stdout]   14:     0x6159f933efcb - test[9d35eded1c95d3be]::__rust_begin_short_backtrace::<core[df12db4294e9bfd3]::result::Result<(), alloc[2182bb758b4b3781]::string::String>, fn() -> core[df12db4294e9bfd3]::result::Result<(), alloc[2182bb758b4b3781]::string::String>>
[INFO] [stdout]   15:     0x6159f934c635 - test[9d35eded1c95d3be]::run_test::{closure#0}
[INFO] [stdout]   16:     0x6159f9345ef4 - std[70759c8f55707aa4]::sys::backtrace::__rust_begin_short_backtrace::<test[9d35eded1c95d3be]::run_test::{closure#1}, ()>
[INFO] [stdout]   17:     0x6159f934f792 - <std[70759c8f55707aa4]::thread::lifecycle::spawn_unchecked<test[9d35eded1c95d3be]::run_test::{closure#1}, ()>::{closure#1} as core[df12db4294e9bfd3]::ops::function::FnOnce<()>>::call_once::{shim:vtable#0}
[INFO] [stdout]   18:     0x6159f93b82f9 - <std[70759c8f55707aa4]::sys::thread::unix::Thread>::new::thread_start
[INFO] [stdout]   19:     0x744643cd1dfa - <unknown>
[INFO] [stdout]   20:     0x744643d653d4 - clone
[INFO] [stdout]   21:                0x0 - <unknown>
[INFO] [stdout] 
[INFO] [stdout] ---- ioctls::vcpu::tests::test_set_sregs_interrupt_bitmap stdout ----
[INFO] [stdout] 
[INFO] [stdout] thread 'ioctls::vcpu::tests::test_set_sregs_interrupt_bitmap' (583) panicked at src/ioctls/vcpu.rs:1932:30:
[INFO] [stdout] called `Result::unwrap()` on an `Err` value: Errno(Error(2))
[INFO] [stdout] stack backtrace:
[INFO] [stdout]    0:     0x6159f93b8a21 - <<std[70759c8f55707aa4]::sys::backtrace::BacktraceLock>::print::DisplayBacktrace as core[df12db4294e9bfd3]::fmt::Display>::fmt
[INFO] [stdout]    1:     0x6159f93cccda - core[df12db4294e9bfd3]::fmt::write
[INFO] [stdout]    2:     0x6159f93bcebc - <alloc[2182bb758b4b3781]::vec::Vec<u8> as core[df12db4294e9bfd3]::io::write::Write>::write_fmt
[INFO] [stdout]    3:     0x6159f9394f66 - std[70759c8f55707aa4]::panicking::default_hook::{closure#0}
[INFO] [stdout]    4:     0x6159f93b10d9 - std[70759c8f55707aa4]::panicking::default_hook
[INFO] [stdout]    5:     0x6159f934bce0 - test[9d35eded1c95d3be]::test_main_inner::<test[9d35eded1c95d3be]::test_main_static::{closure#0}>::{closure#0}
[INFO] [stdout]    6:     0x6159f93b1292 - std[70759c8f55707aa4]::panicking::panic_with_hook
[INFO] [stdout]    7:     0x6159f9395012 - std[70759c8f55707aa4]::panicking::panic_handler::{closure#0}
[INFO] [stdout]    8:     0x6159f938dd99 - std[70759c8f55707aa4]::sys::backtrace::__rust_end_short_backtrace::<std[70759c8f55707aa4]::panicking::panic_handler::{closure#0}, !>
[INFO] [stdout]    9:     0x6159f9395c0d - __rustc[8fa7c3cbc660c2b3]::rust_begin_unwind
[INFO] [stdout]   10:     0x6159f93cd40c - core[df12db4294e9bfd3]::panicking::panic_fmt
[INFO] [stdout]   11:     0x6159f93cd1e2 - core[df12db4294e9bfd3]::result::unwrap_failed
[INFO] [stdout]   12:     0x6159f9339565 - mshv_ioctls[717960a459a488ef]::ioctls::vcpu::tests::test_set_sregs_interrupt_bitmap
[INFO] [stdout]   13:     0x6159f933dfa9 - <mshv_ioctls[717960a459a488ef]::ioctls::vcpu::tests::test_set_sregs_interrupt_bitmap::{closure#0} as core[df12db4294e9bfd3]::ops::function::FnOnce<()>>::call_once
[INFO] [stdout]   14:     0x6159f933efcb - test[9d35eded1c95d3be]::__rust_begin_short_backtrace::<core[df12db4294e9bfd3]::result::Result<(), alloc[2182bb758b4b3781]::string::String>, fn() -> core[df12db4294e9bfd3]::result::Result<(), alloc[2182bb758b4b3781]::string::String>>
[INFO] [stdout]   15:     0x6159f934c635 - test[9d35eded1c95d3be]::run_test::{closure#0}
[INFO] [stdout]   16:     0x6159f9345ef4 - std[70759c8f55707aa4]::sys::backtrace::__rust_begin_short_backtrace::<test[9d35eded1c95d3be]::run_test::{closure#1}, ()>
[INFO] [stdout]   17:     0x6159f934f792 - <std[70759c8f55707aa4]::thread::lifecycle::spawn_unchecked<test[9d35eded1c95d3be]::run_test::{closure#1}, ()>::{closure#1} as core[df12db4294e9bfd3]::ops::function::FnOnce<()>>::call_once::{shim:vtable#0}
[INFO] [stdout]   18:     0x6159f93b82f9 - <std[70759c8f55707aa4]::sys::thread::unix::Thread>::new::thread_start
[INFO] [stdout]   19:     0x744643cd1dfa - <unknown>
[INFO] [stdout]   20:     0x744643d653d4 - clone
[INFO] [stdout]   21:                0x0 - <unknown>
[INFO] [stdout] 
[INFO] [stdout] ---- ioctls::vm::tests::test_irqfd stdout ----
[INFO] [stdout] 
[INFO] [stdout] thread 'ioctls::vm::tests::test_irqfd' (592) panicked at src/ioctls/vm.rs:1108:30:
[INFO] [stdout] called `Result::unwrap()` on an `Err` value: Errno(Error(2))
[INFO] [stdout] stack backtrace:
[INFO] [stdout]    0:     0x6159f93b8a21 - <<std[70759c8f55707aa4]::sys::backtrace::BacktraceLock>::print::DisplayBacktrace as core[df12db4294e9bfd3]::fmt::Display>::fmt
[INFO] [stdout]    1:     0x6159f93cccda - core[df12db4294e9bfd3]::fmt::write
[INFO] [stdout]    2:     0x6159f93bcebc - <alloc[2182bb758b4b3781]::vec::Vec<u8> as core[df12db4294e9bfd3]::io::write::Write>::write_fmt
[INFO] [stdout]    3:     0x6159f9394f66 - std[70759c8f55707aa4]::panicking::default_hook::{closure#0}
[INFO] [stdout]    4:     0x6159f93b10d9 - std[70759c8f55707aa4]::panicking::default_hook
[INFO] [stdout]    5:     0x6159f934bce0 - test[9d35eded1c95d3be]::test_main_inner::<test[9d35eded1c95d3be]::test_main_static::{closure#0}>::{closure#0}
[INFO] [stdout]    6:     0x6159f93b1292 - std[70759c8f55707aa4]::panicking::panic_with_hook
[INFO] [stdout]    7:     0x6159f9395012 - std[70759c8f55707aa4]::panicking::panic_handler::{closure#0}
[INFO] [stdout]    8:     0x6159f938dd99 - std[70759c8f55707aa4]::sys::backtrace::__rust_end_short_backtrace::<std[70759c8f55707aa4]::panicking::panic_handler::{closure#0}, !>
[INFO] [stdout]    9:     0x6159f9395c0d - __rustc[8fa7c3cbc660c2b3]::rust_begin_unwind
[INFO] [stdout]   10:     0x6159f93cd40c - core[df12db4294e9bfd3]::panicking::panic_fmt
[INFO] [stdout]   11:     0x6159f93cd1e2 - core[df12db4294e9bfd3]::result::unwrap_failed
[INFO] [stdout]   12:     0x6159f933abbb - <mshv_ioctls[717960a459a488ef]::ioctls::vm::tests::test_irqfd::{closure#0} as core[df12db4294e9bfd3]::ops::function::FnOnce<()>>::call_once
[INFO] [stdout]   13:     0x6159f933efcb - test[9d35eded1c95d3be]::__rust_begin_short_backtrace::<core[df12db4294e9bfd3]::result::Result<(), alloc[2182bb758b4b3781]::string::String>, fn() -> core[df12db4294e9bfd3]::result::Result<(), alloc[2182bb758b4b3781]::string::String>>
[INFO] [stdout]   14:     0x6159f934c635 - test[9d35eded1c95d3be]::run_test::{closure#0}
[INFO] [stdout]   15:     0x6159f9345ef4 - std[70759c8f55707aa4]::sys::backtrace::__rust_begin_short_backtrace::<test[9d35eded1c95d3be]::run_test::{closure#1}, ()>
[INFO] [stdout]   16:     0x6159f934f792 - <std[70759c8f55707aa4]::thread::lifecycle::spawn_unchecked<test[9d35eded1c95d3be]::run_test::{closure#1}, ()>::{closure#1} as core[df12db4294e9bfd3]::ops::function::FnOnce<()>>::call_once::{shim:vtable#0}
[INFO] [stdout]   17:     0x6159f93b82f9 - <std[70759c8f55707aa4]::sys::thread::unix::Thread>::new::thread_start
[INFO] [stdout]   18:     0x744643cd1dfa - <unknown>
[INFO] [stdout]   19:     0x744643d653d4 - clone
[INFO] [stdout]   20:                0x0 - <unknown>
[INFO] [stdout] 
[INFO] [stdout] ---- ioctls::vm::tests::test_set_msi_routing stdout ----
[INFO] [stdout] 
[INFO] [stdout] thread 'ioctls::vm::tests::test_set_msi_routing' (594) panicked at src/ioctls/vm.rs:1129:30:
[INFO] [stdout] called `Result::unwrap()` on an `Err` value: Errno(Error(2))
[INFO] [stdout] stack backtrace:
[INFO] [stdout]    0:     0x6159f93b8a21 - <<std[70759c8f55707aa4]::sys::backtrace::BacktraceLock>::print::DisplayBacktrace as core[df12db4294e9bfd3]::fmt::Display>::fmt
[INFO] [stdout]    1:     0x6159f93cccda - core[df12db4294e9bfd3]::fmt::write
[INFO] [stdout]    2:     0x6159f93bcebc - <alloc[2182bb758b4b3781]::vec::Vec<u8> as core[df12db4294e9bfd3]::io::write::Write>::write_fmt
[INFO] [stdout]    3:     0x6159f9394f66 - std[70759c8f55707aa4]::panicking::default_hook::{closure#0}
[INFO] [stdout]    4:     0x6159f93b10d9 - std[70759c8f55707aa4]::panicking::default_hook
[INFO] [stdout]    5:     0x6159f934bce0 - test[9d35eded1c95d3be]::test_main_inner::<test[9d35eded1c95d3be]::test_main_static::{closure#0}>::{closure#0}
[INFO] [stdout]    6:     0x6159f93b1292 - std[70759c8f55707aa4]::panicking::panic_with_hook
[INFO] [stdout]    7:     0x6159f9395012 - std[70759c8f55707aa4]::panicking::panic_handler::{closure#0}
[INFO] [stdout]    8:     0x6159f938dd99 - std[70759c8f55707aa4]::sys::backtrace::__rust_end_short_backtrace::<std[70759c8f55707aa4]::panicking::panic_handler::{closure#0}, !>
[INFO] [stdout]    9:     0x6159f9395c0d - __rustc[8fa7c3cbc660c2b3]::rust_begin_unwind
[INFO] [stdout]   10:     0x6159f93cd40c - core[df12db4294e9bfd3]::panicking::panic_fmt
[INFO] [stdout]   11:     0x6159f93cd1e2 - core[df12db4294e9bfd3]::result::unwrap_failed
[INFO] [stdout]   12:     0x6159f933c5e3 - <mshv_ioctls[717960a459a488ef]::ioctls::vm::tests::test_set_msi_routing::{closure#0} as core[df12db4294e9bfd3]::ops::function::FnOnce<()>>::call_once
[INFO] [stdout]   13:     0x6159f933efcb - test[9d35eded1c95d3be]::__rust_begin_short_backtrace::<core[df12db4294e9bfd3]::result::Result<(), alloc[2182bb758b4b3781]::string::String>, fn() -> core[df12db4294e9bfd3]::result::Result<(), alloc[2182bb758b4b3781]::string::String>>
[INFO] [stdout]   14:     0x6159f934c635 - test[9d35eded1c95d3be]::run_test::{closure#0}
[INFO] [stdout]   15:     0x6159f9345ef4 - std[70759c8f55707aa4]::sys::backtrace::__rust_begin_short_backtrace::<test[9d35eded1c95d3be]::run_test::{closure#1}, ()>
[INFO] [stdout]   16:     0x6159f934f792 - <std[70759c8f55707aa4]::thread::lifecycle::spawn_unchecked<test[9d35eded1c95d3be]::run_test::{closure#1}, ()>::{closure#1} as core[df12db4294e9bfd3]::ops::function::FnOnce<()>>::call_once::{shim:vtable#0}
[INFO] [stdout]   17:     0x6159f93b82f9 - <std[70759c8f55707aa4]::sys::thread::unix::Thread>::new::thread_start
[INFO] [stdout]   18:     0x744643cd1dfa - <unknown>
[INFO] [stdout]   19:     0x744643d653d4 - clone
[INFO] [stdout]   20:                0x0 - <unknown>
[INFO] [stdout] 
[INFO] [stdout] ---- ioctls::vm::tests::test_register_deliverabilty_notifications stdout ----
[INFO] [stdout] 
[INFO] [stdout] thread 'ioctls::vm::tests::test_register_deliverabilty_notifications' (593) panicked at src/ioctls/vm.rs:1249:30:
[INFO] [stdout] called `Result::unwrap()` on an `Err` value: Errno(Error(2))
[INFO] [stdout] stack backtrace:
[INFO] [stdout]    0:     0x6159f93b8a21 - <<std[70759c8f55707aa4]::sys::backtrace::BacktraceLock>::print::DisplayBacktrace as core[df12db4294e9bfd3]::fmt::Display>::fmt
[INFO] [stdout]    1:     0x6159f93cccda - core[df12db4294e9bfd3]::fmt::write
[INFO] [stdout]    2:     0x6159f93bcebc - <alloc[2182bb758b4b3781]::vec::Vec<u8> as core[df12db4294e9bfd3]::io::write::Write>::write_fmt
[INFO] [stdout]    3:     0x6159f9394f66 - std[70759c8f55707aa4]::panicking::default_hook::{closure#0}
[INFO] [stdout]    4:     0x6159f93b10d9 - std[70759c8f55707aa4]::panicking::default_hook
[INFO] [stdout]    5:     0x6159f934bce0 - test[9d35eded1c95d3be]::test_main_inner::<test[9d35eded1c95d3be]::test_main_static::{closure#0}>::{closure#0}
[INFO] [stdout]    6:     0x6159f93b1292 - std[70759c8f55707aa4]::panicking::panic_with_hook
[INFO] [stdout]    7:     0x6159f9395012 - std[70759c8f55707aa4]::panicking::panic_handler::{closure#0}
[INFO] [stdout]    8:     0x6159f938dd99 - std[70759c8f55707aa4]::sys::backtrace::__rust_end_short_backtrace::<std[70759c8f55707aa4]::panicking::panic_handler::{closure#0}, !>
[INFO] [stdout]    9:     0x6159f9395c0d - __rustc[8fa7c3cbc660c2b3]::rust_begin_unwind
[INFO] [stdout]   10:     0x6159f93cd40c - core[df12db4294e9bfd3]::panicking::panic_fmt
[INFO] [stdout]   11:     0x6159f93cd1e2 - core[df12db4294e9bfd3]::result::unwrap_failed
[INFO] [stdout]   12:     0x6159f933dd36 - <mshv_ioctls[717960a459a488ef]::ioctls::vm::tests::test_register_deliverabilty_notifications::{closure#0} as core[df12db4294e9bfd3]::ops::function::FnOnce<()>>::call_once
[INFO] [stdout]   13:     0x6159f933efcb - test[9d35eded1c95d3be]::__rust_begin_short_backtrace::<core[df12db4294e9bfd3]::result::Result<(), alloc[2182bb758b4b3781]::string::String>, fn() -> core[df12db4294e9bfd3]::result::Result<(), alloc[2182bb758b4b3781]::string::String>>
[INFO] [stdout]   14:     0x6159f934c635 - test[9d35eded1c95d3be]::run_test::{closure#0}
[INFO] [stdout]   15:     0x6159f9345ef4 - std[70759c8f55707aa4]::sys::backtrace::__rust_begin_short_backtrace::<test[9d35eded1c95d3be]::run_test::{closure#1}, ()>
[INFO] [stdout]   16:     0x6159f934f792 - <std[70759c8f55707aa4]::thread::lifecycle::spawn_unchecked<test[9d35eded1c95d3be]::run_test::{closure#1}, ()>::{closure#1} as core[df12db4294e9bfd3]::ops::function::FnOnce<()>>::call_once::{shim:vtable#0}
[INFO] [stdout]   17:     0x6159f93b82f9 - <std[70759c8f55707aa4]::sys::thread::unix::Thread>::new::thread_start
[INFO] [stdout]   18:     0x744643cd1dfa - <unknown>
[INFO] [stdout]   19:     0x744643d653d4 - clone
[INFO] [stdout]   20:                0x0 - <unknown>
[INFO] [stdout] 
[INFO] [stdout] ---- ioctls::vm::tests::test_get_property stdout ----
[INFO] [stdout] 
[INFO] [stdout] thread 'ioctls::vm::tests::test_get_property' (589) panicked at src/ioctls/vm.rs:992:30:
[INFO] [stdout] called `Result::unwrap()` on an `Err` value: Errno(Error(2))
[INFO] [stdout] stack backtrace:
[INFO] [stdout]    0:     0x6159f93b8a21 - <<std[70759c8f55707aa4]::sys::backtrace::BacktraceLock>::print::DisplayBacktrace as core[df12db4294e9bfd3]::fmt::Display>::fmt
[INFO] [stdout]    1:     0x6159f93cccda - core[df12db4294e9bfd3]::fmt::write
[INFO] [stdout]    2:     0x6159f93bcebc - <alloc[2182bb758b4b3781]::vec::Vec<u8> as core[df12db4294e9bfd3]::io::write::Write>::write_fmt
[INFO] [stdout]    3:     0x6159f9394f66 - std[70759c8f55707aa4]::panicking::default_hook::{closure#0}
[INFO] [stdout]    4:     0x6159f93b10d9 - std[70759c8f55707aa4]::panicking::default_hook
[INFO] [stdout]    5:     0x6159f934bce0 - test[9d35eded1c95d3be]::test_main_inner::<test[9d35eded1c95d3be]::test_main_static::{closure#0}>::{closure#0}
[INFO] [stdout]    6:     0x6159f93b1292 - std[70759c8f55707aa4]::panicking::panic_with_hook
[INFO] [stdout]    7:     0x6159f9395012 - std[70759c8f55707aa4]::panicking::panic_handler::{closure#0}
[INFO] [stdout]    8:     0x6159f938dd99 - std[70759c8f55707aa4]::sys::backtrace::__rust_end_short_backtrace::<std[70759c8f55707aa4]::panicking::panic_handler::{closure#0}, !>
[INFO] [stdout]    9:     0x6159f9395c0d - __rustc[8fa7c3cbc660c2b3]::rust_begin_unwind
[INFO] [stdout]   10:     0x6159f93cd40c - core[df12db4294e9bfd3]::panicking::panic_fmt
[INFO] [stdout]   11:     0x6159f93cd1e2 - core[df12db4294e9bfd3]::result::unwrap_failed
[INFO] [stdout]   12:     0x6159f933b8d0 - <mshv_ioctls[717960a459a488ef]::ioctls::vm::tests::test_get_property::{closure#0} as core[df12db4294e9bfd3]::ops::function::FnOnce<()>>::call_once
[INFO] [stdout]   13:     0x6159f933efcb - test[9d35eded1c95d3be]::__rust_begin_short_backtrace::<core[df12db4294e9bfd3]::result::Result<(), alloc[2182bb758b4b3781]::string::String>, fn() -> core[df12db4294e9bfd3]::result::Result<(), alloc[2182bb758b4b3781]::string::String>>
[INFO] [stdout]   14:     0x6159f934c635 - test[9d35eded1c95d3be]::run_test::{closure#0}
[INFO] [stdout]   15:     0x6159f9345ef4 - std[70759c8f55707aa4]::sys::backtrace::__rust_begin_short_backtrace::<test[9d35eded1c95d3be]::run_test::{closure#1}, ()>
[INFO] [stdout]   16:     0x6159f934f792 - <std[70759c8f55707aa4]::thread::lifecycle::spawn_unchecked<test[9d35eded1c95d3be]::run_test::{closure#1}, ()>::{closure#1} as core[df12db4294e9bfd3]::ops::function::FnOnce<()>>::call_once::{shim:vtable#0}
[INFO] [stdout]   17:     0x6159f93b82f9 - <std[70759c8f55707aa4]::sys::thread::unix::Thread>::new::thread_start
[INFO] [stdout]   18:     0x744643cd1dfa - <unknown>
[INFO] [stdout]   19:     0x744643d653d4 - clone
[INFO] [stdout]   20:                0x0 - <unknown>
[INFO] [stdout] 
[INFO] [stdout] ---- ioctls::vcpu::tests::test_get_suspend_regs stdout ----
[INFO] [stdout] 
[INFO] [stdout] thread 'ioctls::vcpu::tests::test_get_suspend_regs' (569) panicked at src/ioctls/vcpu.rs:2490:30:
[INFO] [stdout] called `Result::unwrap()` on an `Err` value: Errno(Error(2))
[INFO] [stdout] stack backtrace:
[INFO] [stdout]    0:     0x6159f93b8a21 - <<std[70759c8f55707aa4]::sys::backtrace::BacktraceLock>::print::DisplayBacktrace as core[df12db4294e9bfd3]::fmt::Display>::fmt
[INFO] [stdout]    1:     0x6159f93cccda - core[df12db4294e9bfd3]::fmt::write
[INFO] [stdout]    2:     0x6159f93bcebc - <alloc[2182bb758b4b3781]::vec::Vec<u8> as core[df12db4294e9bfd3]::io::write::Write>::write_fmt
[INFO] [stdout]    3:     0x6159f9394f66 - std[70759c8f55707aa4]::panicking::default_hook::{closure#0}
[INFO] [stdout]    4:     0x6159f93b10d9 - std[70759c8f55707aa4]::panicking::default_hook
[INFO] [stdout]    5:     0x6159f934bce0 - test[9d35eded1c95d3be]::test_main_inner::<test[9d35eded1c95d3be]::test_main_static::{closure#0}>::{closure#0}
[INFO] [stdout]    6:     0x6159f93b1292 - std[70759c8f55707aa4]::panicking::panic_with_hook
[INFO] [stdout]    7:     0x6159f9395012 - std[70759c8f55707aa4]::panicking::panic_handler::{closure#0}
[INFO] [stdout]    8:     0x6159f938dd99 - std[70759c8f55707aa4]::sys::backtrace::__rust_end_short_backtrace::<std[70759c8f55707aa4]::panicking::panic_handler::{closure#0}, !>
[INFO] [stdout]    9:     0x6159f9395c0d - __rustc[8fa7c3cbc660c2b3]::rust_begin_unwind
[INFO] [stdout]   10:     0x6159f93cd40c - core[df12db4294e9bfd3]::panicking::panic_fmt
[INFO] [stdout]   11:     0x6159f93cd1e2 - core[df12db4294e9bfd3]::result::unwrap_failed
[INFO] [stdout]   12:     0x6159f933806c - mshv_ioctls[717960a459a488ef]::ioctls::vcpu::tests::test_get_suspend_regs
[INFO] [stdout]   13:     0x6159f933dee9 - <mshv_ioctls[717960a459a488ef]::ioctls::vcpu::tests::test_get_suspend_regs::{closure#0} as core[df12db4294e9bfd3]::ops::function::FnOnce<()>>::call_once
[INFO] [stdout]   14:     0x6159f933efcb - test[9d35eded1c95d3be]::__rust_begin_short_backtrace::<core[df12db4294e9bfd3]::result::Result<(), alloc[2182bb758b4b3781]::string::String>, fn() -> core[df12db4294e9bfd3]::result::Result<(), alloc[2182bb758b4b3781]::string::String>>
[INFO] [stdout]   15:     0x6159f934c635 - test[9d35eded1c95d3be]::run_test::{closure#0}
[INFO] [stdout]   16:     0x6159f9345ef4 - std[70759c8f55707aa4]::sys::backtrace::__rust_begin_short_backtrace::<test[9d35eded1c95d3be]::run_test::{closure#1}, ()>
[INFO] [stdout]   17:     0x6159f934f792 - <std[70759c8f55707aa4]::thread::lifecycle::spawn_unchecked<test[9d35eded1c95d3be]::run_test::{closure#1}, ()>::{closure#1} as core[df12db4294e9bfd3]::ops::function::FnOnce<()>>::call_once::{shim:vtable#0}
[INFO] [stdout]   18:     0x6159f93b82f9 - <std[70759c8f55707aa4]::sys::thread::unix::Thread>::new::thread_start
[INFO] [stdout]   19:     0x744643cd1dfa - <unknown>
[INFO] [stdout]   20:     0x744643d653d4 - clone
[INFO] [stdout]   21:                0x0 - <unknown>
[INFO] [stdout] 
[INFO] [stdout] ---- ioctls::vm::tests::test_set_property stdout ----
[INFO] [stdout] 
[INFO] [stdout] thread 'ioctls::vm::tests::test_set_property' (596) panicked at src/ioctls/vm.rs:1057:30:
[INFO] [stdout] called `Result::unwrap()` on an `Err` value: Errno(Error(2))
[INFO] [stdout] stack backtrace:
[INFO] [stdout]    0:     0x6159f93b8a21 - <<std[70759c8f55707aa4]::sys::backtrace::BacktraceLock>::print::DisplayBacktrace as core[df12db4294e9bfd3]::fmt::Display>::fmt
[INFO] [stdout]    1:     0x6159f93cccda - core[df12db4294e9bfd3]::fmt::write
[INFO] [stdout]    2:     0x6159f93bcebc - <alloc[2182bb758b4b3781]::vec::Vec<u8> as core[df12db4294e9bfd3]::io::write::Write>::write_fmt
[INFO] [stdout]    3:     0x6159f9394f66 - std[70759c8f55707aa4]::panicking::default_hook::{closure#0}
[INFO] [stdout]    4:     0x6159f93b10d9 - std[70759c8f55707aa4]::panicking::default_hook
[INFO] [stdout]    5:     0x6159f934bce0 - test[9d35eded1c95d3be]::test_main_inner::<test[9d35eded1c95d3be]::test_main_static::{closure#0}>::{closure#0}
[INFO] [stdout]    6:     0x6159f93b1292 - std[70759c8f55707aa4]::panicking::panic_with_hook
[INFO] [stdout]    7:     0x6159f9395012 - std[70759c8f55707aa4]::panicking::panic_handler::{closure#0}
[INFO] [stdout]    8:     0x6159f938dd99 - std[70759c8f55707aa4]::sys::backtrace::__rust_end_short_backtrace::<std[70759c8f55707aa4]::panicking::panic_handler::{closure#0}, !>
[INFO] [stdout]    9:     0x6159f9395c0d - __rustc[8fa7c3cbc660c2b3]::rust_begin_unwind
[INFO] [stdout]   10:     0x6159f93cd40c - core[df12db4294e9bfd3]::panicking::panic_fmt
[INFO] [stdout]   11:     0x6159f93cd1e2 - core[df12db4294e9bfd3]::result::unwrap_failed
[INFO] [stdout]   12:     0x6159f933c158 - <mshv_ioctls[717960a459a488ef]::ioctls::vm::tests::test_set_property::{closure#0} as core[df12db4294e9bfd3]::ops::function::FnOnce<()>>::call_once
[INFO] [stdout]   13:     0x6159f933efcb - test[9d35eded1c95d3be]::__rust_begin_short_backtrace::<core[df12db4294e9bfd3]::result::Result<(), alloc[2182bb758b4b3781]::string::String>, fn() -> core[df12db4294e9bfd3]::result::Result<(), alloc[2182bb758b4b3781]::string::String>>
[INFO] [stdout]   14:     0x6159f934c635 - test[9d35eded1c95d3be]::run_test::{closure#0}
[INFO] [stdout]   15:     0x6159f9345ef4 - std[70759c8f55707aa4]::sys::backtrace::__rust_begin_short_backtrace::<test[9d35eded1c95d3be]::run_test::{closure#1}, ()>
[INFO] [stdout]   16:     0x6159f934f792 - <std[70759c8f55707aa4]::thread::lifecycle::spawn_unchecked<test[9d35eded1c95d3be]::run_test::{closure#1}, ()>::{closure#1} as core[df12db4294e9bfd3]::ops::function::FnOnce<()>>::call_once::{shim:vtable#0}
[INFO] [stdout]   17:     0x6159f93b82f9 - <std[70759c8f55707aa4]::sys::thread::unix::Thread>::new::thread_start
[INFO] [stdout]   18:     0x744643cd1dfa - <unknown>
[INFO] [stdout]   19:     0x744643d653d4 - clone
[INFO] [stdout]   20:                0x0 - <unknown>
[INFO] [stdout] 
[INFO] [stdout] ---- ioctls::vm::tests::test_user_memory stdout ----
[INFO] [stdout] 
[INFO] [stdout] thread 'ioctls::vm::tests::test_user_memory' (597) panicked at src/ioctls/vm.rs:910:30:
[INFO] [stdout] called `Result::unwrap()` on an `Err` value: Errno(Error(2))
[INFO] [stdout] stack backtrace:
[INFO] [stdout]    0:     0x6159f93b8a21 - <<std[70759c8f55707aa4]::sys::backtrace::BacktraceLock>::print::DisplayBacktrace as core[df12db4294e9bfd3]::fmt::Display>::fmt
[INFO] [stdout]    1:     0x6159f93cccda - core[df12db4294e9bfd3]::fmt::write
[INFO] [stdout]    2:     0x6159f93bcebc - <alloc[2182bb758b4b3781]::vec::Vec<u8> as core[df12db4294e9bfd3]::io::write::Write>::write_fmt
[INFO] [stdout]    3:     0x6159f9394f66 - std[70759c8f55707aa4]::panicking::default_hook::{closure#0}
[INFO] [stdout]    4:     0x6159f93b10d9 - std[70759c8f55707aa4]::panicking::default_hook
[INFO] [stdout]    5:     0x6159f934bce0 - test[9d35eded1c95d3be]::test_main_inner::<test[9d35eded1c95d3be]::test_main_static::{closure#0}>::{closure#0}
[INFO] [stdout]    6:     0x6159f93b1292 - std[70759c8f55707aa4]::panicking::panic_with_hook
[INFO] [stdout]    7:     0x6159f9395012 - std[70759c8f55707aa4]::panicking::panic_handler::{closure#0}
[INFO] [stdout]    8:     0x6159f938dd99 - std[70759c8f55707aa4]::sys::backtrace::__rust_end_short_backtrace::<std[70759c8f55707aa4]::panicking::panic_handler::{closure#0}, !>
[INFO] [stdout]    9:     0x6159f9395c0d - __rustc[8fa7c3cbc660c2b3]::rust_begin_unwind
[INFO] [stdout]   10:     0x6159f93cd40c - core[df12db4294e9bfd3]::panicking::panic_fmt
[INFO] [stdout]   11:     0x6159f93cd1e2 - core[df12db4294e9bfd3]::result::unwrap_failed
[INFO] [stdout]   12:     0x6159f933b2a1 - <mshv_ioctls[717960a459a488ef]::ioctls::vm::tests::test_user_memory::{closure#0} as core[df12db4294e9bfd3]::ops::function::FnOnce<()>>::call_once
[INFO] [stdout]   13:     0x6159f933efcb - test[9d35eded1c95d3be]::__rust_begin_short_backtrace::<core[df12db4294e9bfd3]::result::Result<(), alloc[2182bb758b4b3781]::string::String>, fn() -> core[df12db4294e9bfd3]::result::Result<(), alloc[2182bb758b4b3781]::string::String>>
[INFO] [stdout]   14:     0x6159f934c635 - test[9d35eded1c95d3be]::run_test::{closure#0}
[INFO] [stdout]   15:     0x6159f9345ef4 - std[70759c8f55707aa4]::sys::backtrace::__rust_begin_short_backtrace::<test[9d35eded1c95d3be]::run_test::{closure#1}, ()>
[INFO] [stdout]   16:     0x6159f934f792 - <std[70759c8f55707aa4]::thread::lifecycle::spawn_unchecked<test[9d35eded1c95d3be]::run_test::{closure#1}, ()>::{closure#1} as core[df12db4294e9bfd3]::ops::function::FnOnce<()>>::call_once::{shim:vtable#0}
[INFO] [stdout]   17:     0x6159f93b82f9 - <std[70759c8f55707aa4]::sys::thread::unix::Thread>::new::thread_start
[INFO] [stdout]   18:     0x744643cd1dfa - <unknown>
[INFO] [stdout]   19:     0x744643d653d4 - clone
[INFO] [stdout]   20:                0x0 - <unknown>
[INFO] [stdout] 
[INFO] [stdout] ---- ioctls::vm::tests::test_set_partition_property_invalid stdout ----
[INFO] [stdout] 
[INFO] [stdout] thread 'ioctls::vm::tests::test_set_partition_property_invalid' (595) panicked at src/ioctls/vm.rs:1086:30:
[INFO] [stdout] called `Result::unwrap()` on an `Err` value: Errno(Error(2))
[INFO] [stdout] stack backtrace:
[INFO] [stdout]    0:     0x6159f93b8a21 - <<std[70759c8f55707aa4]::sys::backtrace::BacktraceLock>::print::DisplayBacktrace as core[df12db4294e9bfd3]::fmt::Display>::fmt
[INFO] [stdout]    1:     0x6159f93cccda - core[df12db4294e9bfd3]::fmt::write
[INFO] [stdout]    2:     0x6159f93bcebc - <alloc[2182bb758b4b3781]::vec::Vec<u8> as core[df12db4294e9bfd3]::io::write::Write>::write_fmt
[INFO] [stdout]    3:     0x6159f9394f66 - std[70759c8f55707aa4]::panicking::default_hook::{closure#0}
[INFO] [stdout]    4:     0x6159f93b10d9 - std[70759c8f55707aa4]::panicking::default_hook
[INFO] [stdout]    5:     0x6159f934bce0 - test[9d35eded1c95d3be]::test_main_inner::<test[9d35eded1c95d3be]::test_main_static::{closure#0}>::{closure#0}
[INFO] [stdout]    6:     0x6159f93b1292 - std[70759c8f55707aa4]::panicking::panic_with_hook
[INFO] [stdout]    7:     0x6159f9395012 - std[70759c8f55707aa4]::panicking::panic_handler::{closure#0}
[INFO] [stdout]    8:     0x6159f938dd99 - std[70759c8f55707aa4]::sys::backtrace::__rust_end_short_backtrace::<std[70759c8f55707aa4]::panicking::panic_handler::{closure#0}, !>
[INFO] [stdout]    9:     0x6159f9395c0d - __rustc[8fa7c3cbc660c2b3]::rust_begin_unwind
[INFO] [stdout]   10:     0x6159f93cd40c - core[df12db4294e9bfd3]::panicking::panic_fmt
[INFO] [stdout]   11:     0x6159f93cd1e2 - core[df12db4294e9bfd3]::result::unwrap_failed
[INFO] [stdout]   12:     0x6159f933d9c8 - <mshv_ioctls[717960a459a488ef]::ioctls::vm::tests::test_set_partition_property_invalid::{closure#0} as core[df12db4294e9bfd3]::ops::function::FnOnce<()>>::call_once
[INFO] [stdout]   13:     0x6159f933efcb - test[9d35eded1c95d3be]::__rust_begin_short_backtrace::<core[df12db4294e9bfd3]::result::Result<(), alloc[2182bb758b4b3781]::string::String>, fn() -> core[df12db4294e9bfd3]::result::Result<(), alloc[2182bb758b4b3781]::string::String>>
[INFO] [stdout]   14:     0x6159f934c635 - test[9d35eded1c95d3be]::run_test::{closure#0}
[INFO] [stdout]   15:     0x6159f9345ef4 - std[70759c8f55707aa4]::sys::backtrace::__rust_begin_short_backtrace::<test[9d35eded1c95d3be]::run_test::{closure#1}, ()>
[INFO] [stdout]   16:     0x6159f934f792 - <std[70759c8f55707aa4]::thread::lifecycle::spawn_unchecked<test[9d35eded1c95d3be]::run_test::{closure#1}, ()>::{closure#1} as core[df12db4294e9bfd3]::ops::function::FnOnce<()>>::call_once::{shim:vtable#0}
[INFO] [stdout]   17:     0x6159f93b82f9 - <std[70759c8f55707aa4]::sys::thread::unix::Thread>::new::thread_start
[INFO] [stdout]   18:     0x744643cd1dfa - <unknown>
[INFO] [stdout]   19:     0x744643d653d4 - clone
[INFO] [stdout]   20:                0x0 - <unknown>
[INFO] [stdout] 
[INFO] [stdout] 
[INFO] [stdout] failures:
[INFO] [stdout]     ioctls::device::tests::test_create_device
[INFO] [stdout]     ioctls::system::tests::test_get_host_ipa_limit
[INFO] [stdout]     ioctls::system::tests::test_vmm_caps
[INFO] [stdout]     ioctls::vcpu::tests::test_get_cpuid_values
[INFO] [stdout]     ioctls::vcpu::tests::test_get_set_vp_state_components
[INFO] [stdout]     ioctls::vcpu::tests::test_get_set_xsave
[INFO] [stdout]     ioctls::vcpu::tests::test_get_suspend_regs
[INFO] [stdout]     ioctls::vcpu::tests::test_run_code
[INFO] [stdout]     ioctls::vcpu::tests::test_run_code_mmap
[INFO] [stdout]     ioctls::vcpu::tests::test_set_get_debug_registers
[INFO] [stdout]     ioctls::vcpu::tests::test_set_get_fpu
[INFO] [stdout]     ioctls::vcpu::tests::test_set_get_lapic
[INFO] [stdout]     ioctls::vcpu::tests::test_set_get_misc_regs
[INFO] [stdout]     ioctls::vcpu::tests::test_set_get_msrs
[INFO] [stdout]     ioctls::vcpu::tests::test_set_get_regs
[INFO] [stdout]     ioctls::vcpu::tests::test_set_get_sregs
[INFO] [stdout]     ioctls::vcpu::tests::test_set_get_standard_registers
[INFO] [stdout]     ioctls::vcpu::tests::test_set_get_vcpu_events
[INFO] [stdout]     ioctls::vcpu::tests::test_set_get_xcrs
[INFO] [stdout]     ioctls::vcpu::tests::test_set_registers_64
[INFO] [stdout]     ioctls::vcpu::tests::test_set_sregs_interrupt_bitmap
[INFO] [stdout]     ioctls::vm::tests::test_assert_virtual_interrupt
[INFO] [stdout]     ioctls::vm::tests::test_create_vcpu
[INFO] [stdout]     ioctls::vm::tests::test_get_dirty_log_32M
[INFO] [stdout]     ioctls::vm::tests::test_get_dirty_log_8G
[INFO] [stdout]     ioctls::vm::tests::test_get_msr_index_list
[INFO] [stdout]     ioctls::vm::tests::test_get_property
[INFO] [stdout]     ioctls::vm::tests::test_install_intercept
[INFO] [stdout]     ioctls::vm::tests::test_ioeventfd
[INFO] [stdout]     ioctls::vm::tests::test_irqfd
[INFO] [stdout]     ioctls::vm::tests::test_register_deliverabilty_notifications
[INFO] [stdout]     ioctls::vm::tests::test_set_msi_routing
[INFO] [stdout]     ioctls::vm::tests::test_set_partition_property_invalid
[INFO] [stdout]     ioctls::vm::tests::test_set_property
[INFO] [stdout]     ioctls::vm::tests::test_user_memory
[INFO] [stdout] 
[INFO] [stdout] test result: FAILED. 3 passed; 35 failed; 4 ignored; 0 measured; 0 filtered out; finished in 0.01s
[INFO] [stdout] 
[INFO] running `Command { std: "docker" "inspect" "544ec88898618f9e8c58a1f6cdc684125cd741c56dead377b463525231046202", kill_on_drop: false }`
[INFO] running `Command { std: "docker" "rm" "-f" "544ec88898618f9e8c58a1f6cdc684125cd741c56dead377b463525231046202", kill_on_drop: false }`
[INFO] [stdout] 544ec88898618f9e8c58a1f6cdc684125cd741c56dead377b463525231046202
