[INFO] fetching crate msgpack_tagged 1.0.0-rc.4...
[INFO] testing msgpack_tagged-1.0.0-rc.4 against 1.99.0-beta.8+cargoflags=--release for beta-release-1.100-2
[INFO] extracting crate msgpack_tagged 1.0.0-rc.4 into /workspace/builds/worker-1-tc1/source
[INFO] started tweaking crates.io crate msgpack_tagged 1.0.0-rc.4
[INFO] removed 0 missing tests
[INFO] finished tweaking crates.io crate msgpack_tagged 1.0.0-rc.4
[INFO] tweaked toml for crates.io crate msgpack_tagged 1.0.0-rc.4 written to /workspace/builds/worker-1-tc1/source/Cargo.toml
[INFO] validating manifest of crates.io crate msgpack_tagged 1.0.0-rc.4 on toolchain 1.99.0-beta.8
[INFO] running `Command { std: CARGO_HOME="/workspace/cargo-home" RUSTUP_HOME="/workspace/rustup-home" "/workspace/cargo-home/bin/cargo" "+1.99.0-beta.8" "metadata" "--manifest-path" "Cargo.toml" "--no-deps", kill_on_drop: false }`
[INFO] crate crates.io crate msgpack_tagged 1.0.0-rc.4 already has a lockfile, it will not be regenerated
[INFO] running `Command { std: CARGO_HOME="/workspace/cargo-home" RUSTUP_HOME="/workspace/rustup-home" "/workspace/cargo-home/bin/cargo" "+1.99.0-beta.8" "fetch" "--manifest-path" "Cargo.toml", kill_on_drop: false }`
[INFO] [stderr]     Updating crates.io index
[INFO] [stderr]  Downloading crates ...
[INFO] [stderr]   Downloaded test-case v3.4.0
[INFO] [stderr]   Downloaded test-case-core v3.4.0
[INFO] [stderr]   Downloaded msgpack_tagged_derive v1.0.0-rc.4
[INFO] [stderr]   Downloaded test-case-macros v3.4.0
[INFO] running `Command { std: "docker" "create" "-v" "/var/lib/crater-agent-workspace/builds/worker-1-tc1/source:/opt/rustwide/workdir:ro,Z" "-v" "/var/lib/crater-agent-workspace/builds/worker-1-tc1/target:/opt/rustwide/target:rw,Z" "-v" "/var/lib/crater-agent-workspace/cargo-home:/opt/rustwide/cargo-home:ro,Z" "-v" "/var/lib/crater-agent-workspace/rustup-home:/opt/rustwide/rustup-home:ro,Z" "-m" "1610612736" "--network" "none" "ghcr.io/rust-lang/crates-build-env/linux@sha256:77db811e55d90add9212f6832c23229e3de5f1c1f9905e8cb07319ea15df73ac" "sleep" "infinity", kill_on_drop: false }`
[INFO] [stdout] 8becb770162dd83191dab09ab714139ee0d70ef420694ffc153d1a9768bf26e5
[INFO] running `Command { std: "docker" "start" "8becb770162dd83191dab09ab714139ee0d70ef420694ffc153d1a9768bf26e5", kill_on_drop: false }`
[INFO] running `Command { std: "docker" "inspect" "8becb770162dd83191dab09ab714139ee0d70ef420694ffc153d1a9768bf26e5", kill_on_drop: false }`
[INFO] running `Command { std: "docker" "exec" "-e" "SOURCE_DIR=/opt/rustwide/workdir" "-e" "CARGO_HOME=/opt/rustwide/cargo-home" "-e" "RUSTUP_HOME=/opt/rustwide/rustup-home" "-e" "CARGO_TARGET_DIR=/opt/rustwide/target" "-w" "/opt/rustwide/workdir" "--user" "0:0" "8becb770162dd83191dab09ab714139ee0d70ef420694ffc153d1a9768bf26e5" "/opt/rustwide/cargo-home/bin/cargo" "+1.99.0-beta.8" "metadata" "--no-deps" "--format-version=1", kill_on_drop: false }`
[INFO] running `Command { std: "docker" "inspect" "8becb770162dd83191dab09ab714139ee0d70ef420694ffc153d1a9768bf26e5", kill_on_drop: false }`
[INFO] running `Command { std: "docker" "exec" "-e" "SOURCE_DIR=/opt/rustwide/workdir" "-e" "CARGO_HOME=/opt/rustwide/cargo-home" "-e" "RUSTUP_HOME=/opt/rustwide/rustup-home" "-e" "CARGO_TARGET_DIR=/opt/rustwide/target" "-e" "CARGO_INCREMENTAL=0" "-e" "RUST_BACKTRACE=full" "-e" "RUSTFLAGS=--cap-lints=warn" "-e" "RUSTDOCFLAGS=--cap-lints=warn" "-w" "/opt/rustwide/workdir" "--user" "0:0" "8becb770162dd83191dab09ab714139ee0d70ef420694ffc153d1a9768bf26e5" "/opt/rustwide/cargo-home/bin/cargo" "+1.99.0-beta.8" "build" "--frozen" "--message-format=json" "--release", kill_on_drop: false }`
[INFO] [stderr]    Compiling serde_core v1.0.229
[INFO] [stderr]    Compiling serde v1.0.229
[INFO] [stderr]    Compiling smallvec v1.16.2
[INFO] [stderr]    Compiling num-traits v0.2.19
[INFO] [stderr]    Compiling syn v3.0.6
[INFO] [stderr]    Compiling rmp v0.8.15
[INFO] [stderr]    Compiling serde_derive v1.0.229
[INFO] [stderr]    Compiling msgpack_tagged_derive v1.0.0-rc.4
[INFO] [stderr]    Compiling rmp-serde v1.3.1
[INFO] [stderr]    Compiling msgpack_tagged v1.0.0-rc.4 (/opt/rustwide/workdir)
[INFO] [stderr]     Finished `release` profile [optimized] target(s) in 14.04s
[INFO] running `Command { std: "docker" "inspect" "8becb770162dd83191dab09ab714139ee0d70ef420694ffc153d1a9768bf26e5", kill_on_drop: false }`
[INFO] running `Command { std: "docker" "exec" "-e" "SOURCE_DIR=/opt/rustwide/workdir" "-e" "CARGO_HOME=/opt/rustwide/cargo-home" "-e" "RUSTUP_HOME=/opt/rustwide/rustup-home" "-e" "CARGO_TARGET_DIR=/opt/rustwide/target" "-e" "CARGO_INCREMENTAL=0" "-e" "RUST_BACKTRACE=full" "-e" "RUSTFLAGS=--cap-lints=warn" "-e" "RUSTDOCFLAGS=--cap-lints=warn" "-w" "/opt/rustwide/workdir" "--user" "0:0" "8becb770162dd83191dab09ab714139ee0d70ef420694ffc153d1a9768bf26e5" "/opt/rustwide/cargo-home/bin/cargo" "+1.99.0-beta.8" "test" "--frozen" "--no-run" "--message-format=json" "--release", kill_on_drop: false }`
[INFO] [stderr]    Compiling syn v3.0.6
[INFO] [stderr]    Compiling target-tuple v1.0.2
[INFO] [stderr]    Compiling winnow v1.0.2
[INFO] [stderr]    Compiling toml_datetime v1.1.1+spec-1.1.0
[INFO] [stderr]    Compiling serde_spanned v1.1.1
[INFO] [stderr]    Compiling memchr v2.8.0
[INFO] [stderr]    Compiling termcolor v1.4.1
[INFO] [stderr]    Compiling rmpv v1.3.1
[INFO] [stderr]    Compiling toml_parser v1.1.2+spec-1.1.0
[INFO] [stderr]    Compiling serde_json v1.0.151
[INFO] [stderr]    Compiling toml v1.1.2+spec-1.1.0
[INFO] [stderr]    Compiling test-case-core v3.4.0
[INFO] [stderr]    Compiling serde_derive v1.0.229
[INFO] [stderr]    Compiling msgpack_tagged_derive v1.0.0-rc.4
[INFO] [stderr]    Compiling test-case-macros v3.4.0
[INFO] [stderr]    Compiling test-case v3.4.0
[INFO] [stderr]    Compiling serde v1.0.229
[INFO] [stderr]    Compiling rmp-serde v1.3.1
[INFO] [stderr]    Compiling trybuild v1.0.121
[INFO] [stderr]    Compiling msgpack_tagged v1.0.0-rc.4 (/opt/rustwide/workdir)
[INFO] [stderr]     Finished `release` profile [optimized] target(s) in 1m 04s
[INFO] running `Command { std: "docker" "inspect" "8becb770162dd83191dab09ab714139ee0d70ef420694ffc153d1a9768bf26e5", kill_on_drop: false }`
[INFO] running `Command { std: "docker" "exec" "-e" "SOURCE_DIR=/opt/rustwide/workdir" "-e" "CARGO_HOME=/opt/rustwide/cargo-home" "-e" "RUSTUP_HOME=/opt/rustwide/rustup-home" "-e" "CARGO_TARGET_DIR=/opt/rustwide/target" "-e" "CARGO_INCREMENTAL=0" "-e" "RUST_BACKTRACE=full" "-e" "RUSTFLAGS=--cap-lints=warn" "-e" "RUSTDOCFLAGS=--cap-lints=warn" "-w" "/opt/rustwide/workdir" "--user" "0:0" "8becb770162dd83191dab09ab714139ee0d70ef420694ffc153d1a9768bf26e5" "/opt/rustwide/cargo-home/bin/cargo" "+1.99.0-beta.8" "test" "--frozen" "--release", kill_on_drop: false }`
[INFO] [stderr]     Finished `release` profile [optimized] target(s) in 0.10s
[INFO] [stderr]      Running unittests src/lib.rs (/opt/rustwide/target/release/deps/msgpack_tagged-62f8c4596a1001a0)
[INFO] [stdout] 
[INFO] [stdout] running 44 tests
[INFO] [stdout] test containers::tests::each_container_satisfies_the_trait_bound ... ok
[INFO] [stdout] test containers::tests::box_recurses_into_inner ... ok
[INFO] [stdout] test containers::tests::container_of_primitive_doesnt_populate_registry ... ok
[INFO] [stdout] test containers::tests::nested_containers_recurse_through ... ok
[INFO] [stdout] test containers::tests::array_recurses_into_inner ... ok
[INFO] [stdout] test containers::tests::btreeset_recurses_into_inner ... ok
[INFO] [stdout] test containers::tests::tuple_recurses_into_each_element ... ok
[INFO] [stdout] test containers::tests::btreemap_recurses_into_key_and_value ... ok
[INFO] [stdout] test primitives::tests::each_primitive_satisfies_the_trait_bound ... ok
[INFO] [stdout] test containers::tests::vec_recurses_into_inner ... ok
[INFO] [stdout] test primitives::tests::primitives_dont_register_themselves ... ok
[INFO] [stdout] test containers::tests::option_recurses_into_inner ... ok
[INFO] [stdout] test registry::tests::as_product_returns_none_for_sum_shapes ... ok
[INFO] [stdout] test primitives::tests::phantom_data_does_not_register_anything ... ok
[INFO] [stdout] test primitives::tests::phantom_data_satisfies_the_trait_bound_without_t_msgpack_tagged ... ok
[INFO] [stdout] test registry::tests::as_sum_returns_none_for_product_shapes ... ok
[INFO] [stdout] test registry::tests::product_field_for_finds_known_tags ... ok
[INFO] [stdout] test registry::tests::distinct_names_for_different_types_coexist ... ok
[INFO] [stdout] test registry::tests::empty_registry ... ok
[INFO] [stdout] test registry::tests::from_type_walks_the_type_graph_from_a_typed_entry_point ... ok
[INFO] [stdout] test registry::tests::get_returns_none_for_unknown_name ... ok
[INFO] [stdout] test registry::tests::product_is_reserved_only_for_listed_tags ... ok
[INFO] [stdout] test registry::tests::product_tag_for_finds_known_fields ... ok
[INFO] [stdout] test registry::tests::sum_default_decode_policy_is_strict ... ok
[INFO] [stdout] test registry::tests::get_returns_entry_with_the_types_tagged_shape ... ok
[INFO] [stdout] test registry::tests::sum_variant_for_finds_variant_by_name ... ok
[INFO] [stdout] test registry::tests::sum_variants_propagate_from_trait_const_to_entry ... ok
[INFO] [stdout] test registry::tests::sum_is_reserved_only_for_listed_variant_tags ... ok
[INFO] [stdout] test registry::tests::sum_decode_policy_flags_propagate_when_set ... ok
[INFO] [stdout] test registry::tests::try_insert_returns_false_on_idempotent_reinsert ... ok
[INFO] [stdout] test registry::tests::unit_variants_have_empty_field_table ... ok
[INFO] [stdout] test registry::tests::try_insert_returns_true_on_first_insert ... ok
[INFO] [stdout] test registry::tests::variant_payload_lookups_resolve_payload_field_tags ... ok
[INFO] [stdout] test serializer::builder_tests::last_with_strategy_wins ... ok
[INFO] [stdout] test serializer::builder_tests::per_type_override_beats_default ... ok
[INFO] [stdout] test serializer::builder_tests::default_strategy_is_tagged ... ok
[INFO] [stdout] test serializer::builder_tests::with_strategy_for_name_does_not_assert_registration ... ok
[INFO] [stdout] test serializer::builder_tests::per_type_overrides_are_independent ... ok
[INFO] [stdout] test serializer::builder_tests::with_default_strategy_changes_default ... ok
[INFO] [stdout] test tests::bar_disallows_unknown_by_default ... ok
[INFO] [stdout] test tests::bar_has_nothing_reserved ... ok
[INFO] [stdout] test tests::foo_constants_match_what_was_written ... ok
[INFO] [stdout] test registry::tests::try_insert_panics_on_name_collision_between_different_types - should panic ... ok
[INFO] [stdout] test serializer::builder_tests::with_strategy_panics_on_unregistered_type - should panic ... ok
[INFO] [stdout] 
[INFO] [stdout] test result: ok. 44 passed; 0 failed; 0 ignored; 0 measured; 0 filtered out; finished in 0.03s
[INFO] [stdout] 
[INFO] [stderr]      Running tests/compile_fail.rs (/opt/rustwide/target/release/deps/compile_fail-c1370454e348b6cd)
[INFO] [stdout] 
[INFO] [stdout] running 1 test
[INFO] [stderr]    Compiling proc-macro2 v1.0.107
[INFO] [stderr]    Compiling unicode-ident v1.0.24
[INFO] [stderr]    Compiling quote v1.0.47
[INFO] [stderr]    Compiling autocfg v1.5.0
[INFO] [stderr]    Compiling serde_core v1.0.229
[INFO] [stderr]    Compiling serde v1.0.229
[INFO] [stderr]    Compiling cfg-if v1.0.5
[INFO] [stderr]     Checking smallvec v1.16.2
[INFO] [stderr]    Compiling num-traits v0.2.19
[INFO] [stderr]    Compiling syn v3.0.6
[INFO] [stderr]     Checking rmp v0.8.15
[INFO] [stderr]     Checking rmpv v1.3.1
[INFO] [stderr]    Compiling test-case-core v3.4.0
[INFO] [stderr]    Compiling serde_derive v1.0.229
[INFO] [stderr]    Compiling test-case-macros v3.4.0
[INFO] [stderr]    Compiling msgpack_tagged_derive v1.0.0-rc.4
[INFO] [stderr]     Checking test-case v3.4.0
[INFO] [stderr]     Checking rmp-serde v1.3.1
[INFO] [stderr]     Checking msgpack_tagged v1.0.0-rc.4 (/opt/rustwide/workdir)
[INFO] [stderr]     Checking msgpack_tagged-tests v0.0.0 (/opt/rustwide/target/tests/trybuild/msgpack_tagged)
[INFO] [stderr]     Finished `dev` profile [unoptimized + debuginfo] target(s) in 21.20s
[INFO] [stderr] 
[INFO] [stderr] 
[INFO] [stderr] test tests/compile_fail/active_tag_in_reserved.rs ... ok
[INFO] [stderr] test tests/compile_fail/allow_unknown_tags_with_args.rs ... ok
[INFO] [stderr] test tests/compile_fail/duplicate_allow_unknown_tags.rs ... ok
[INFO] [stderr] test tests/compile_fail/duplicate_on_reserved.rs ... ok
[INFO] [stderr] test tests/compile_fail/duplicate_on_unknown.rs ... ok
[INFO] [stderr] test tests/compile_fail/duplicate_reserved.rs ... ok
[INFO] [stderr] test tests/compile_fail/duplicate_reserved_across_attributes.rs ... ok
[INFO] [stderr] test tests/compile_fail/duplicate_variant_on_reserved.rs ... ok
[INFO] [stderr] test tests/compile_fail/duplicate_variant_reserved.rs ... mismatch
[INFO] [stderr] 
[INFO] [stderr] EXPECTED:
[INFO] [stderr] ┈┈┈┈┈┈┈┈┈┈┈┈┈┈┈┈┈┈┈┈┈┈┈┈┈┈┈┈┈┈┈┈┈┈┈┈┈┈┈┈┈┈┈┈┈┈┈┈┈┈┈┈┈┈┈┈┈┈┈┈
[INFO] [stderr] error: `#[tagged(reserved(...))]` on a unit or newtype variant has no effect — the payload has no field tag space to reserve into
[INFO] [stderr]   --> tests/compile_fail/duplicate_variant_reserved.rs:9:5
[INFO] [stderr]    |
[INFO] [stderr] 9  | /     #[tag(0)]
[INFO] [stderr] 10 | |     #[tagged(reserved(2))]
[INFO] [stderr] 11 | |     #[tagged(reserved(3))]
[INFO] [stderr] 12 | |     First,
[INFO] [stderr]    | |_________^
[INFO] [stderr] ┈┈┈┈┈┈┈┈┈┈┈┈┈┈┈┈┈┈┈┈┈┈┈┈┈┈┈┈┈┈┈┈┈┈┈┈┈┈┈┈┈┈┈┈┈┈┈┈┈┈┈┈┈┈┈┈┈┈┈┈
[INFO] [stderr] 
[INFO] [stderr] ACTUAL OUTPUT:
[INFO] [stderr] ┈┈┈┈┈┈┈┈┈┈┈┈┈┈┈┈┈┈┈┈┈┈┈┈┈┈┈┈┈┈┈┈┈┈┈┈┈┈┈┈┈┈┈┈┈┈┈┈┈┈┈┈┈┈┈┈┈┈┈┈
[INFO] [stderr] error: `#[tagged(reserved(...))]` on a unit or newtype variant has no effect — the payload has no field tag space to reserve into
[INFO] [stderr]   --> tests/compile_fail/duplicate_variant_reserved.rs:9:5
[INFO] [stderr]    |
[INFO] [stderr]  9 | /     #[tag(0)]
[INFO] [stderr] 10 | |     #[tagged(reserved(2))]
[INFO] [stderr] 11 | |     #[tagged(reserved(3))]
[INFO] [stderr] 12 | |     First,
[INFO] [stderr]    | |_________^
[INFO] [stderr] ┈┈┈┈┈┈┈┈┈┈┈┈┈┈┈┈┈┈┈┈┈┈┈┈┈┈┈┈┈┈┈┈┈┈┈┈┈┈┈┈┈┈┈┈┈┈┈┈┈┈┈┈┈┈┈┈┈┈┈┈
[INFO] [stderr] note: If the actual output is the correct output you can bless it by rerunning
[INFO] [stderr]       your test with the environment variable TRYBUILD=overwrite
[INFO] [stderr] 
[INFO] [stderr] test tests/compile_fail/duplicate_via.rs ... ok
[INFO] [stdout] test compile_fail ... FAILED
[INFO] [stderr] test tests/compile_fail/enum_duplicate_variant_tag.rs ... ok
[INFO] [stdout] 
[INFO] [stderr] test tests/compile_fail/enum_missing_variant_tag.rs ... ok
[INFO] [stdout] failures:
[INFO] [stderr] test tests/compile_fail/enum_named_variant_missing_field_tag.rs ... ok
[INFO] [stdout] 
[INFO] [stderr] test tests/compile_fail/enum_newtype_variant_with_field_tag.rs ... ok
[INFO] [stdout] ---- compile_fail stdout ----
[INFO] [stderr] test tests/compile_fail/enum_tuple_variant_mixed_tagging.rs ... ok
[INFO] [stdout] 
[INFO] [stderr] test tests/compile_fail/enum_variant_tag_in_reserved.rs ... ok
[INFO] [stdout] thread 'compile_fail' (887) panicked at /opt/rustwide/cargo-home/registry/src/index.crates.io-1949cf8c6b5b557f/trybuild-1.0.121/src/run.rs:103:13:
[INFO] [stderr] test tests/compile_fail/enum_via_with_variant_tag.rs ... ok
[INFO] [stdout] 3 of 42 tests failed
[INFO] [stderr] test tests/compile_fail/enum_with_allow_unknown_tags.rs ... ok
[INFO] [stdout] stack backtrace:
[INFO] [stderr] test tests/compile_fail/extra_bound_malformed.rs ... ok
[INFO] [stdout]    0:     0x572afa84ac61 - <<std[70759c8f55707aa4]::sys::backtrace::BacktraceLock>::print::DisplayBacktrace as core[df12db4294e9bfd3]::fmt::Display>::fmt
[INFO] [stderr] test tests/compile_fail/extra_bound_not_a_string.rs ... ok
[INFO] [stdout]    1:     0x572afa8612ea - core[df12db4294e9bfd3]::fmt::write
[INFO] [stderr] test tests/compile_fail/extra_bound_with_via.rs ... ok
[INFO] [stdout]    2:     0x572afa84f72c - <alloc[2182bb758b4b3781]::vec::Vec<u8> as core[df12db4294e9bfd3]::io::write::Write>::write_fmt
[INFO] [stderr] test tests/compile_fail/hashmap_on_wire.rs ... mismatch
[INFO] [stdout]    3:     0x572afa824146 - std[70759c8f55707aa4]::panicking::default_hook::{closure#0}
[INFO] [stderr] 
[INFO] [stdout]    4:     0x572afa8422d9 - std[70759c8f55707aa4]::panicking::default_hook
[INFO] [stderr] EXPECTED:
[INFO] [stdout]    5:     0x572afa7db5b0 - test[9d35eded1c95d3be]::test_main_inner::<test[9d35eded1c95d3be]::test_main_static::{closure#0}>::{closure#0}
[INFO] [stderr] ┈┈┈┈┈┈┈┈┈┈┈┈┈┈┈┈┈┈┈┈┈┈┈┈┈┈┈┈┈┈┈┈┈┈┈┈┈┈┈┈┈┈┈┈┈┈┈┈┈┈┈┈┈┈┈┈┈┈┈┈
[INFO] [stdout]    6:     0x572afa842492 - std[70759c8f55707aa4]::panicking::panic_with_hook
[INFO] [stderr] error[E0277]: the trait bound `HashMap<String, u32>: MsgpackTagged` is not satisfied
[INFO] [stdout]    7:     0x572afa8241f2 - std[70759c8f55707aa4]::panicking::panic_handler::{closure#0}
[INFO] [stderr]   --> tests/compile_fail/hashmap_on_wire.rs:12:23
[INFO] [stdout]    8:     0x572afa81cab9 - std[70759c8f55707aa4]::sys::backtrace::__rust_end_short_backtrace::<std[70759c8f55707aa4]::panicking::panic_handler::{closure#0}, !>
[INFO] [stderr]    |
[INFO] [stdout]    9:     0x572afa824ded - __rustc[8fa7c3cbc660c2b3]::rust_begin_unwind
[INFO] [stderr] 12 |     requires_tagged::<HashMap<String, u32>>();
[INFO] [stdout]   10:     0x572afa861a5c - core[df12db4294e9bfd3]::panicking::panic_fmt
[INFO] [stderr]    |                       ^^^^^^^^^^^^^^^^^^^^ the trait `MsgpackTagged` is not implemented for `HashMap<String, u32>`
[INFO] [stdout]   11:     0x572afa72d1a8 - <trybuild[d097a80b1ed36723]::Runner>::run
[INFO] [stderr]    |
[INFO] [stdout]   12:     0x572afa730590 - <trybuild[d097a80b1ed36723]::TestCases as core[df12db4294e9bfd3]::ops::drop::Drop>::drop
[INFO] [stderr]    = note: use `#[derive(MsgpackTagged)]` on the type, or `#[tagged(via(WireType))]` on a shadow-DTO public type that delegates to a wire companion
[INFO] [stdout]   13:     0x572afa726baf - <compile_fail[b0cd0337f3fccea4]::compile_fail::{closure#0} as core[df12db4294e9bfd3]::ops::function::FnOnce<()>>::call_once
[INFO] [stderr]    = note: for container fields, use `BTreeMap` / `BTreeSet` — `HashMap` / `HashSet` are deliberately unsupported on the wire because their iteration order is non-deterministic
[INFO] [stdout]   14:     0x572afa7ce89b - test[9d35eded1c95d3be]::__rust_begin_short_backtrace::<core[df12db4294e9bfd3]::result::Result<(), alloc[2182bb758b4b3781]::string::String>, fn() -> core[df12db4294e9bfd3]::result::Result<(), alloc[2182bb758b4b3781]::string::String>>
[INFO] [stderr]    = help: the following other types implement trait `MsgpackTagged`:
[INFO] [stdout]   15:     0x572afa7dbf05 - test[9d35eded1c95d3be]::run_test::{closure#0}
[INFO] [stderr]              ()
[INFO] [stdout]   16:     0x572afa7d57c4 - std[70759c8f55707aa4]::sys::backtrace::__rust_begin_short_backtrace::<test[9d35eded1c95d3be]::run_test::{closure#1}, ()>
[INFO] [stderr]              (T0, T1)
[INFO] [stdout]   17:     0x572afa7df062 - <std[70759c8f55707aa4]::thread::lifecycle::spawn_unchecked<test[9d35eded1c95d3be]::run_test::{closure#1}, ()>::{closure#1} as core[df12db4294e9bfd3]::ops::function::FnOnce<()>>::call_once::{shim:vtable#0}
[INFO] [stderr]              (T0, T1, T2)
[INFO] [stdout]   18:     0x572afa849f19 - <std[70759c8f55707aa4]::sys::thread::unix::Thread>::new::thread_start
[INFO] [stderr]              (T0, T1, T2, T3)
[INFO] [stdout]   19:     0x7dd569150dfa - <unknown>
[INFO] [stderr]              (T0, T1, T2, T3, T4)
[INFO] [stdout]   20:     0x7dd5691e43d4 - clone
[INFO] [stderr]              (T0, T1, T2, T3, T4, T5)
[INFO] [stdout]   21:                0x0 - <unknown>
[INFO] [stderr]              (T0, T1, T2, T3, T4, T5, T6)
[INFO] [stdout] 
[INFO] [stderr]              (T0, T1, T2, T3, T4, T5, T6, T7)
[INFO] [stdout] 
[INFO] [stderr]            and $N others
[INFO] [stdout] failures:
[INFO] [stderr] note: required by a bound in `requires_tagged`
[INFO] [stdout]     compile_fail
[INFO] [stderr]   --> tests/compile_fail/hashmap_on_wire.rs:9:23
[INFO] [stdout] 
[INFO] [stderr]    |
[INFO] [stderr] 9  | fn requires_tagged<T: MsgpackTagged>() {}
[INFO] [stderr]    |                       ^^^^^^^^^^^^^ required by this bound in `requires_tagged`
[INFO] [stderr] ┈┈┈┈┈┈┈┈┈┈┈┈┈┈┈┈┈┈┈┈┈┈┈┈┈┈┈┈┈┈┈┈┈┈┈┈┈┈┈┈┈┈┈┈┈┈┈┈┈┈┈┈┈┈┈┈┈┈┈┈
[INFO] [stderr] 
[INFO] [stderr] ACTUAL OUTPUT:
[INFO] [stderr] ┈┈┈┈┈┈┈┈┈┈┈┈┈┈┈┈┈┈┈┈┈┈┈┈┈┈┈┈┈┈┈┈┈┈┈┈┈┈┈┈┈┈┈┈┈┈┈┈┈┈┈┈┈┈┈┈┈┈┈┈
[INFO] [stderr] error[E0277]: the trait bound `HashMap<String, u32>: MsgpackTagged` is not satisfied
[INFO] [stderr]   --> tests/compile_fail/hashmap_on_wire.rs:12:23
[INFO] [stderr]    |
[INFO] [stderr] 12 |     requires_tagged::<HashMap<String, u32>>();
[INFO] [stderr]    |                       ^^^^^^^^^^^^^^^^^^^^ the trait `MsgpackTagged` is not implemented for `HashMap<String, u32>`
[INFO] [stderr]    |
[INFO] [stderr]    = note: use `#[derive(MsgpackTagged)]` on the type, or `#[tagged(via(WireType))]` on a shadow-DTO public type that delegates to a wire companion
[INFO] [stderr]    = note: for container fields, use `BTreeMap` / `BTreeSet` — `HashMap` / `HashSet` are deliberately unsupported on the wire because their iteration order is non-deterministic
[INFO] [stderr]    = help: the following other types implement trait `MsgpackTagged`:
[INFO] [stderr]              ()
[INFO] [stderr]              (T0,)
[INFO] [stderr]              (T0, T1)
[INFO] [stderr]              (T0, T1, T2)
[INFO] [stderr]              (T0, T1, T2, T3)
[INFO] [stderr]              (T0, T1, T2, T3, T4)
[INFO] [stderr]              (T0, T1, T2, T3, T4, T5)
[INFO] [stderr]              (T0, T1, T2, T3, T4, T5, T6)
[INFO] [stderr]            and $N others
[INFO] [stderr] note: required by a bound in `requires_tagged`
[INFO] [stderr]   --> tests/compile_fail/hashmap_on_wire.rs:9:23
[INFO] [stderr]    |
[INFO] [stderr]  9 | fn requires_tagged<T: MsgpackTagged>() {}
[INFO] [stderr]    |                       ^^^^^^^^^^^^^ required by this bound in `requires_tagged`
[INFO] [stderr] ┈┈┈┈┈┈┈┈┈┈┈┈┈┈┈┈┈┈┈┈┈┈┈┈┈┈┈┈┈┈┈┈┈┈┈┈┈┈┈┈┈┈┈┈┈┈┈┈┈┈┈┈┈┈┈┈┈┈┈┈
[INFO] [stderr] note: If the actual output is the correct output you can bless it by rerunning
[INFO] [stderr]       your test with the environment variable TRYBUILD=overwrite
[INFO] [stderr] 
[INFO] [stderr] test tests/compile_fail/missing_tag_attribute.rs ... ok
[INFO] [stderr] test tests/compile_fail/named_struct_duplicate_field_tag.rs ... ok
[INFO] [stderr] test tests/compile_fail/newtype_with_field_tag.rs ... ok
[INFO] [stderr] test tests/compile_fail/newtype_with_reserved.rs ... ok
[INFO] [stderr] test tests/compile_fail/on_reserved_at_type_level.rs ... ok
[INFO] [stderr] test tests/compile_fail/on_reserved_on_non_unit_variant.rs ... ok
[INFO] [stderr] test tests/compile_fail/on_unknown_on_non_unit_variant.rs ... mismatch
[INFO] [stderr] 
[INFO] [stderr] EXPECTED:
[INFO] [stderr] ┈┈┈┈┈┈┈┈┈┈┈┈┈┈┈┈┈┈┈┈┈┈┈┈┈┈┈┈┈┈┈┈┈┈┈┈┈┈┈┈┈┈┈┈┈┈┈┈┈┈┈┈┈┈┈┈┈┈┈┈
[INFO] [stderr] error: `#[tagged(on_reserved)]` and `#[tagged(on_unknown)]` mark fallback routing targets — the wrapper discards the wire payload when it routes here, so they're only valid on unit variants
[INFO] [stderr]   --> tests/compile_fail/on_unknown_on_non_unit_variant.rs:9:5
[INFO] [stderr]    |
[INFO] [stderr] 9  | /     #[tag(9)]
[INFO] [stderr] 10 | |     #[tagged(on_unknown)]
[INFO] [stderr] 11 | |     NotUnit { x: u32 },
[INFO] [stderr]    | |______________________^
[INFO] [stderr] ┈┈┈┈┈┈┈┈┈┈┈┈┈┈┈┈┈┈┈┈┈┈┈┈┈┈┈┈┈┈┈┈┈┈┈┈┈┈┈┈┈┈┈┈┈┈┈┈┈┈┈┈┈┈┈┈┈┈┈┈
[INFO] [stderr] 
[INFO] [stderr] ACTUAL OUTPUT:
[INFO] [stderr] ┈┈┈┈┈┈┈┈┈┈┈┈┈┈┈┈┈┈┈┈┈┈┈┈┈┈┈┈┈┈┈┈┈┈┈┈┈┈┈┈┈┈┈┈┈┈┈┈┈┈┈┈┈┈┈┈┈┈┈┈
[INFO] [stderr] error: `#[tagged(on_reserved)]` and `#[tagged(on_unknown)]` mark fallback routing targets — the wrapper discards the wire payload when it routes here, so they're only valid on unit variants
[INFO] [stderr]   --> tests/compile_fail/on_unknown_on_non_unit_variant.rs:9:5
[INFO] [stderr]    |
[INFO] [stderr]  9 | /     #[tag(9)]
[INFO] [stderr] 10 | |     #[tagged(on_unknown)]
[INFO] [stderr] 11 | |     NotUnit { x: u32 },
[INFO] [stderr]    | |______________________^
[INFO] [stderr] ┈┈┈┈┈┈┈┈┈┈┈┈┈┈┈┈┈┈┈┈┈┈┈┈┈┈┈┈┈┈┈┈┈┈┈┈┈┈┈┈┈┈┈┈┈┈┈┈┈┈┈┈┈┈┈┈┈┈┈┈
[INFO] [stderr] note: If the actual output is the correct output you can bless it by rerunning
[INFO] [stderr]       your test with the environment variable TRYBUILD=overwrite
[INFO] [stderr] 
[INFO] [stderr] test tests/compile_fail/serde_skip_in_implicit_tuple.rs ... ok
[INFO] [stderr] test tests/compile_fail/tag_out_of_range.rs ... ok
[INFO] [stderr] test tests/compile_fail/tag_unknown_modifier.rs ... ok
[INFO] [stderr] test tests/compile_fail/tag_with_ident_arg.rs ... ok
[INFO] [stderr] test tests/compile_fail/tag_with_serde_skip.rs ... ok
[INFO] [stderr] test tests/compile_fail/tuple_struct_duplicate_field_tag.rs ... ok
[INFO] [stderr] test tests/compile_fail/tuple_struct_mixed_tagging.rs ... ok
[INFO] [stderr] test tests/compile_fail/variant_field_tag_in_variant_reserved.rs ... ok
[INFO] [stderr] test tests/compile_fail/variant_level_via.rs ... ok
[INFO] [stderr] test tests/compile_fail/via_with_allow_unknown_tags.rs ... ok
[INFO] [stderr] test tests/compile_fail/via_with_field_tag.rs ... ok
[INFO] [stderr] test tests/compile_fail/via_with_reserved.rs ... ok
[INFO] [stderr] test tests/compile_fail/via_with_variant_tagged.rs ... ok
[INFO] [stderr] 
[INFO] [stderr] 
[INFO] [stderr] error: test failed, to rerun pass `--test compile_fail`
[INFO] [stdout] test result: FAILED. 0 passed; 1 failed; 0 ignored; 0 measured; 0 filtered out; finished in 27.22s
[INFO] [stdout] 
[INFO] running `Command { std: "docker" "inspect" "8becb770162dd83191dab09ab714139ee0d70ef420694ffc153d1a9768bf26e5", kill_on_drop: false }`
[INFO] running `Command { std: "docker" "rm" "-f" "8becb770162dd83191dab09ab714139ee0d70ef420694ffc153d1a9768bf26e5", kill_on_drop: false }`
[INFO] [stdout] 8becb770162dd83191dab09ab714139ee0d70ef420694ffc153d1a9768bf26e5
