[INFO] fetching crate msg-socket 0.1.6...
[INFO] testing msg-socket-0.1.6 against 1.99.0-beta.8+cargoflags=--release for beta-release-1.100-2
[INFO] extracting crate msg-socket 0.1.6 into /workspace/builds/worker-1-tc1/source
[INFO] started tweaking crates.io crate msg-socket 0.1.6
[INFO] removed 0 missing tests
[INFO] finished tweaking crates.io crate msg-socket 0.1.6
[INFO] tweaked toml for crates.io crate msg-socket 0.1.6 written to /workspace/builds/worker-1-tc1/source/Cargo.toml
[INFO] validating manifest of crates.io crate msg-socket 0.1.6 on toolchain 1.99.0-beta.8
[INFO] running `Command { std: CARGO_HOME="/workspace/cargo-home" RUSTUP_HOME="/workspace/rustup-home" "/workspace/cargo-home/bin/cargo" "+1.99.0-beta.8" "metadata" "--manifest-path" "Cargo.toml" "--no-deps", kill_on_drop: false }`
[INFO] crate crates.io crate msg-socket 0.1.6 already has a lockfile, it will not be regenerated
[INFO] running `Command { std: CARGO_HOME="/workspace/cargo-home" RUSTUP_HOME="/workspace/rustup-home" "/workspace/cargo-home/bin/cargo" "+1.99.0-beta.8" "fetch" "--manifest-path" "Cargo.toml", kill_on_drop: false }`
[INFO] [stderr]     Updating crates.io index
[INFO] [stderr]  Downloading crates ...
[INFO] [stderr]   Downloaded msg-wire v0.1.6
[INFO] [stderr]   Downloaded msg-common v0.1.6
[INFO] [stderr]   Downloaded lz4_flex v0.12.0
[INFO] [stderr]   Downloaded tokio-openssl v0.6.5
[INFO] [stderr]   Downloaded rustls-native-certs v0.8.2
[INFO] [stderr]   Downloaded msg-transport v0.1.6
[INFO] [stderr]   Downloaded fastbloom v0.14.0
[INFO] [stderr]   Downloaded rcgen v0.14.7
[INFO] [stderr]   Downloaded arc-swap v1.8.1
[INFO] [stderr]   Downloaded zerocopy-derive v0.8.30
[INFO] [stderr]   Downloaded x509-parser v0.18.0
[INFO] [stderr]   Downloaded webpki-root-certs v1.0.4
[INFO] [stderr]   Downloaded zerocopy v0.8.30
[INFO] running `Command { std: "docker" "create" "-v" "/var/lib/crater-agent-workspace/builds/worker-1-tc1/source:/opt/rustwide/workdir:ro,Z" "-v" "/var/lib/crater-agent-workspace/builds/worker-1-tc1/target:/opt/rustwide/target:rw,Z" "-v" "/var/lib/crater-agent-workspace/cargo-home:/opt/rustwide/cargo-home:ro,Z" "-v" "/var/lib/crater-agent-workspace/rustup-home:/opt/rustwide/rustup-home:ro,Z" "-m" "1610612736" "--network" "none" "ghcr.io/rust-lang/crates-build-env/linux@sha256:77db811e55d90add9212f6832c23229e3de5f1c1f9905e8cb07319ea15df73ac" "sleep" "infinity", kill_on_drop: false }`
[INFO] [stdout] 7f983e896669d29acee4486fc5de6dd0acce79e2870fafc9f0ea70d63b39293f
[INFO] running `Command { std: "docker" "start" "7f983e896669d29acee4486fc5de6dd0acce79e2870fafc9f0ea70d63b39293f", kill_on_drop: false }`
[INFO] running `Command { std: "docker" "inspect" "7f983e896669d29acee4486fc5de6dd0acce79e2870fafc9f0ea70d63b39293f", kill_on_drop: false }`
[INFO] running `Command { std: "docker" "exec" "-e" "SOURCE_DIR=/opt/rustwide/workdir" "-e" "CARGO_HOME=/opt/rustwide/cargo-home" "-e" "RUSTUP_HOME=/opt/rustwide/rustup-home" "-e" "CARGO_TARGET_DIR=/opt/rustwide/target" "-w" "/opt/rustwide/workdir" "--user" "0:0" "7f983e896669d29acee4486fc5de6dd0acce79e2870fafc9f0ea70d63b39293f" "/opt/rustwide/cargo-home/bin/cargo" "+1.99.0-beta.8" "metadata" "--no-deps" "--format-version=1", kill_on_drop: false }`
[INFO] running `Command { std: "docker" "inspect" "7f983e896669d29acee4486fc5de6dd0acce79e2870fafc9f0ea70d63b39293f", kill_on_drop: false }`
[INFO] running `Command { std: "docker" "exec" "-e" "SOURCE_DIR=/opt/rustwide/workdir" "-e" "CARGO_HOME=/opt/rustwide/cargo-home" "-e" "RUSTUP_HOME=/opt/rustwide/rustup-home" "-e" "CARGO_TARGET_DIR=/opt/rustwide/target" "-e" "CARGO_INCREMENTAL=0" "-e" "RUST_BACKTRACE=full" "-e" "RUSTFLAGS=--cap-lints=warn" "-e" "RUSTDOCFLAGS=--cap-lints=warn" "-w" "/opt/rustwide/workdir" "--user" "0:0" "7f983e896669d29acee4486fc5de6dd0acce79e2870fafc9f0ea70d63b39293f" "/opt/rustwide/cargo-home/bin/cargo" "+1.99.0-beta.8" "build" "--frozen" "--message-format=json" "--release", kill_on_drop: false }`
[INFO] [stderr]    Compiling libc v0.2.180
[INFO] [stderr]    Compiling snap v1.1.1
[INFO] [stderr]    Compiling simd-adler32 v0.3.7
[INFO] [stderr]    Compiling twox-hash v2.1.2
[INFO] [stderr]    Compiling tracing-core v0.1.35
[INFO] [stderr]    Compiling rustc-hash v2.1.1
[INFO] [stderr]    Compiling syn v2.0.111
[INFO] [stderr]    Compiling arc-swap v1.8.1
[INFO] [stderr]    Compiling lz4_flex v0.12.0
[INFO] [stderr]    Compiling miniz_oxide v0.8.9
[INFO] [stderr]    Compiling flate2 v1.1.8
[INFO] [stderr]    Compiling socket2 v0.6.1
[INFO] [stderr]    Compiling mio v1.1.0
[INFO] [stderr]    Compiling parking_lot_core v0.9.12
[INFO] [stderr]    Compiling parking_lot v0.12.5
[INFO] [stderr]    Compiling jobserver v0.1.34
[INFO] [stderr]    Compiling cc v1.2.47
[INFO] [stderr]    Compiling zstd-sys v2.0.16+zstd.1.5.7
[INFO] [stderr]    Compiling futures-macro v0.3.31
[INFO] [stderr]    Compiling tokio-macros v2.6.0
[INFO] [stderr]    Compiling derive_more-impl v2.1.1
[INFO] [stderr]    Compiling tracing-attributes v0.1.31
[INFO] [stderr]    Compiling futures-util v0.3.31
[INFO] [stderr]    Compiling tokio v1.49.0
[INFO] [stderr]    Compiling thiserror-impl v2.0.18
[INFO] [stderr]    Compiling async-trait v0.1.89
[INFO] [stderr]    Compiling tracing v0.1.43
[INFO] [stderr]    Compiling thiserror v2.0.18
[INFO] [stderr]    Compiling derive_more v2.1.1
[INFO] [stderr]    Compiling futures-executor v0.3.31
[INFO] [stderr]    Compiling futures v0.3.31
[INFO] [stderr]    Compiling tokio-util v0.7.18
[INFO] [stderr]    Compiling msg-common v0.1.6
[INFO] [stderr]    Compiling tokio-stream v0.1.18
[INFO] [stderr]    Compiling msg-transport v0.1.6
[INFO] [stderr]    Compiling zstd-safe v7.2.4
[INFO] [stderr]    Compiling zstd v0.13.3
[INFO] [stderr]    Compiling msg-wire v0.1.6
[INFO] [stderr]    Compiling msg-socket v0.1.6 (/opt/rustwide/workdir)
[INFO] [stderr]     Finished `release` profile [optimized] target(s) in 49.83s
[INFO] running `Command { std: "docker" "inspect" "7f983e896669d29acee4486fc5de6dd0acce79e2870fafc9f0ea70d63b39293f", kill_on_drop: false }`
[INFO] running `Command { std: "docker" "exec" "-e" "SOURCE_DIR=/opt/rustwide/workdir" "-e" "CARGO_HOME=/opt/rustwide/cargo-home" "-e" "RUSTUP_HOME=/opt/rustwide/rustup-home" "-e" "CARGO_TARGET_DIR=/opt/rustwide/target" "-e" "CARGO_INCREMENTAL=0" "-e" "RUST_BACKTRACE=full" "-e" "RUSTFLAGS=--cap-lints=warn" "-e" "RUSTDOCFLAGS=--cap-lints=warn" "-w" "/opt/rustwide/workdir" "--user" "0:0" "7f983e896669d29acee4486fc5de6dd0acce79e2870fafc9f0ea70d63b39293f" "/opt/rustwide/cargo-home/bin/cargo" "+1.99.0-beta.8" "test" "--frozen" "--no-run" "--message-format=json" "--release", kill_on_drop: false }`
[INFO] [stderr]    Compiling ring v0.17.14
[INFO] [stderr]    Compiling log v0.4.28
[INFO] [stderr]    Compiling tracing-core v0.1.35
[INFO] [stderr]    Compiling zerocopy v0.8.30
[INFO] [stderr]    Compiling getrandom v0.2.16
[INFO] [stderr]    Compiling openssl-sys v0.9.111
[INFO] [stderr]    Compiling getrandom v0.3.4
[INFO] [stderr]    Compiling libm v0.2.15
[INFO] [stderr]    Compiling rustls v0.23.35
[INFO] [stderr]    Compiling rustls-native-certs v0.8.2
[INFO] [stderr]    Compiling quinn-udp v0.5.14
[INFO] [stderr]    Compiling siphasher v1.0.1
[INFO] [stderr]    Compiling time-core v0.1.6
[INFO] [stderr]    Compiling tinyvec v1.10.0
[INFO] [stderr]    Compiling quinn v0.11.9
[INFO] [stderr]    Compiling openssl-macros v0.1.1
[INFO] [stderr]    Compiling time v0.3.44
[INFO] [stderr]    Compiling lru-slab v0.1.2
[INFO] [stderr]    Compiling base64 v0.22.1
[INFO] [stderr]    Compiling rand_core v0.9.3
[INFO] [stderr]    Compiling tokio-openssl v0.6.5
[INFO] [stderr]    Compiling openssl v0.10.75
[INFO] [stderr]    Compiling pem v3.0.6
[INFO] [stderr]    Compiling tracing v0.1.43
[INFO] [stderr]    Compiling tracing-log v0.2.0
[INFO] [stderr]    Compiling tracing-subscriber v0.3.22
[INFO] [stderr]    Compiling msg-common v0.1.6
[INFO] [stderr]    Compiling msg-wire v0.1.6
[INFO] [stderr]    Compiling yasna v0.5.2
[INFO] [stderr]    Compiling ppv-lite86 v0.2.21
[INFO] [stderr]    Compiling rand_chacha v0.9.0
[INFO] [stderr]    Compiling rand v0.9.2
[INFO] [stderr]    Compiling fastbloom v0.14.0
[INFO] [stderr]    Compiling rustls-webpki v0.103.8
[INFO] [stderr]    Compiling rcgen v0.14.7
[INFO] [stderr]    Compiling rustls-platform-verifier v0.6.2
[INFO] [stderr]    Compiling quinn-proto v0.11.13
[INFO] [stderr]    Compiling msg-transport v0.1.6
[INFO] [stderr]    Compiling msg-socket v0.1.6 (/opt/rustwide/workdir)
[INFO] [stderr]     Finished `release` profile [optimized] target(s) in 1m 19s
[INFO] running `Command { std: "docker" "inspect" "7f983e896669d29acee4486fc5de6dd0acce79e2870fafc9f0ea70d63b39293f", kill_on_drop: false }`
[INFO] running `Command { std: "docker" "exec" "-e" "SOURCE_DIR=/opt/rustwide/workdir" "-e" "CARGO_HOME=/opt/rustwide/cargo-home" "-e" "RUSTUP_HOME=/opt/rustwide/rustup-home" "-e" "CARGO_TARGET_DIR=/opt/rustwide/target" "-e" "CARGO_INCREMENTAL=0" "-e" "RUST_BACKTRACE=full" "-e" "RUSTFLAGS=--cap-lints=warn" "-e" "RUSTDOCFLAGS=--cap-lints=warn" "-w" "/opt/rustwide/workdir" "--user" "0:0" "7f983e896669d29acee4486fc5de6dd0acce79e2870fafc9f0ea70d63b39293f" "/opt/rustwide/cargo-home/bin/cargo" "+1.99.0-beta.8" "test" "--frozen" "--release", kill_on_drop: false }`
[INFO] [stderr]     Finished `release` profile [optimized] target(s) in 0.20s
[INFO] [stderr]      Running unittests src/lib.rs (/opt/rustwide/target/release/deps/msg_socket-f872db18d7233113)
[INFO] [stdout] 
[INFO] [stdout] running 16 tests
[INFO] [stdout] test pubs::trie::tests::trie_remove ... ok
[INFO] [stdout] [2m2026-10-18T12:11:49.994654Z[0m [32m INFO[0m [2mmsg_socket::sub::driver[0m[2m:[0m Subscribed to topic [3mtopic[0m[2m=[0m"HELLO" [3mn_publishers[0m[2m=[0m1
[INFO] [stdout] [2m2026-10-18T12:11:49.994839Z[0m [32m INFO[0m [2mmsg_socket::sub::driver[0m[2m:[0m connection hook passed
[INFO] [stdout] [2m2026-10-18T12:11:49.994919Z[0m [32m INFO[0m [1mlistener[0m[2m:[0m [2mmsg_socket::sub::tests[0m[2m:[0m Received bytes: [3, 0, 0, 13, 77, 83, 71, 46, 83, 85, 66, 46, 72, 69, 76, 76, 79, 0, 6, 94, 28, 77, 88, 89, 118, 0, 0, 0, 0, 0, 0, 0, 0]
[INFO] [stdout] [2m2026-10-18T12:11:49.995015Z[0m [32m INFO[0m [2mmsg_socket::sub::driver[0m[2m:[0m Subscribed to topic [3mtopic[0m[2m=[0m"HELLO" [3mn_publishers[0m[2m=[0m1
[INFO] [stdout] [2m2026-10-18T12:11:49.995031Z[0m [32m INFO[0m [2mmsg_socket::sub::driver[0m[2m:[0m Subscribed to topic [3mtopic[0m[2m=[0m"HELLO" [3mn_publishers[0m[2m=[0m1
[INFO] [stdout] [2m2026-10-18T12:11:49.995187Z[0m [32m INFO[0m [2mmsg_socket::pubs::driver[0m[2m:[0m New connection from 127.0.0.1:60750
[INFO] [stdout] [2m2026-10-18T12:11:49.995234Z[0m [32m INFO[0m [2mmsg_socket::pubs::driver[0m[2m:[0m New connection from 127.0.0.1:60752
[INFO] [stdout] [2m2026-10-18T12:11:49.995301Z[0m [32m INFO[0m [2mmsg_socket::sub::driver[0m[2m:[0m connection hook passed
[INFO] [stdout] [2m2026-10-18T12:11:49.995342Z[0m [32m INFO[0m [2mmsg_socket::sub::driver[0m[2m:[0m connection hook passed
[INFO] [stdout] test sub::tests::test_sub ... ok
[INFO] [stdout] test pubs::trie::tests::trie_simple ... ok
[INFO] [stdout] [2m2026-10-18T12:11:49.999249Z[0m [32m INFO[0m [2mmsg_socket::sub::driver[0m[2m:[0m Subscribed to topic [3mtopic[0m[2m=[0m"HELLO" [3mn_publishers[0m[2m=[0m1
[INFO] [stdout] [2m2026-10-18T12:11:49.999709Z[0m [32m INFO[0m [2mmsg_socket::sub::driver[0m[2m:[0m Subscribed to topic [3mtopic[0m[2m=[0m"HELLO" [3mn_publishers[0m[2m=[0m1
[INFO] [stdout] [2m2026-10-18T12:11:50.000083Z[0m [32m INFO[0m [2mmsg_socket::sub::driver[0m[2m:[0m Subscribed to topic [3mtopic[0m[2m=[0m"HELLO" [3mn_publishers[0m[2m=[0m1
[INFO] [stdout] [2m2026-10-18T12:11:50.000188Z[0m [32m INFO[0m [2mmsg_socket::sub::driver[0m[2m:[0m Subscribed to topic [3mtopic[0m[2m=[0m"HELLO" [3mn_publishers[0m[2m=[0m1
[INFO] [stdout] [2m2026-10-18T12:11:50.000286Z[0m [32m INFO[0m [2mmsg_socket::pubs::driver[0m[2m:[0m New connection from 127.0.0.1:43550
[INFO] [stdout] [2m2026-10-18T12:11:50.000352Z[0m [32m INFO[0m [2mmsg_socket::sub::driver[0m[2m:[0m connection hook passed
[INFO] [stdout] [2m2026-10-18T12:11:50.000437Z[0m [31mERROR[0m [2mmsg_socket::sub::driver[0m[2m:[0m transport connection failed [3merr[0m[2m=[0mOs { code: 111, kind: ConnectionRefused, message: "Connection refused" } [3maddr[0m[2m=[0m127.0.0.1:6662
[INFO] [stdout] [2m2026-10-18T12:11:50.000460Z[0m [32m INFO[0m [2mmsg_socket::rep::tests[0m[2m:[0m Connected to rep
[INFO] [stdout] [2m2026-10-18T12:11:50.000599Z[0m [32m INFO[0m [2mmsg_socket::sub::driver[0m[2m:[0m Subscribed to topic [3mtopic[0m[2m=[0m"HELLO" [3mn_publishers[0m[2m=[0m1
[INFO] [stdout] [2m2026-10-18T12:11:50.000614Z[0m [32m INFO[0m [2mmsg_socket::sub::driver[0m[2m:[0m Subscribed to topic [3mtopic[0m[2m=[0m"HELLO" [3mn_publishers[0m[2m=[0m1
[INFO] [stdout] [2m2026-10-18T12:11:50.000860Z[0m [32m INFO[0m [2mmsg_socket::pubs::driver[0m[2m:[0m New connection from 127.0.0.1:43206
[INFO] [stdout] [2m2026-10-18T12:11:50.000902Z[0m [32m INFO[0m [2mmsg_socket::pubs::driver[0m[2m:[0m New connection from 127.0.0.1:43220
[INFO] [stdout] [2m2026-10-18T12:11:50.000960Z[0m [32m INFO[0m [2mmsg_socket::sub::driver[0m[2m:[0m connection hook passed
[INFO] [stdout] [2m2026-10-18T12:11:50.001001Z[0m [32m INFO[0m [2mmsg_socket::sub::driver[0m[2m:[0m connection hook passed
[INFO] [stdout] [2m2026-10-18T12:11:50.001489Z[0m [32m INFO[0m [2mmsg_socket::pubs::driver[0m[2m:[0m New connection from 127.0.0.1:58526
[INFO] [stdout] [2m2026-10-18T12:11:50.004298Z[0m [32m INFO[0m [2mmsg_socket::pubs::driver[0m[2m:[0m New connection from 127.0.0.1:49287
[INFO] [stdout] [2m2026-10-18T12:11:50.004369Z[0m [32m INFO[0m [1mconnection_hook[0m[1m{[0m[3maddr[0m[2m=[0m127.0.0.1:49287[1m}[0m[2m:[0m [2mmsg_socket::pubs::driver[0m[2m:[0m connection hook passed
[INFO] [stdout] [2m2026-10-18T12:11:50.004468Z[0m [32m INFO[0m [1mconnection_hook[0m[1m{[0m[3maddr[0m[2m=[0m127.0.0.1:46004[1m}[0m[2m:[0m [2mmsg_socket::sub::driver[0m[2m:[0m connection hook passed
[INFO] [stdout] [2m2026-10-18T12:11:50.014724Z[0m [32m INFO[0m [2mmsg_socket::sub::driver[0m[2m:[0m connection hook passed
[INFO] [stdout] [2m2026-10-18T12:11:50.014864Z[0m [32m INFO[0m [2mmsg_socket::sub::driver[0m[2m:[0m Subscribed to topic [3mtopic[0m[2m=[0m"HELLO" [3mn_publishers[0m[2m=[0m1
[INFO] [stdout] [2m2026-10-18T12:11:50.015000Z[0m [32m INFO[0m [2mmsg_socket::pubs::driver[0m[2m:[0m New connection from 127.0.0.1:40912
[INFO] [stdout] [2m2026-10-18T12:11:50.015135Z[0m [32m INFO[0m [1mconnection_hook[0m[1m{[0m[3maddr[0m[2m=[0m127.0.0.1:40912[1m}[0m[2m:[0m [2mmsg_socket::pubs::driver[0m[2m:[0m connection hook passed
[INFO] [stdout] [2m2026-10-18T12:11:50.015159Z[0m [32m INFO[0m [1mconnection_hook[0m[1m{[0m[3maddr[0m[2m=[0m127.0.0.1:37295[1m}[0m[2m:[0m [2mmsg_socket::sub::driver[0m[2m:[0m connection hook passed
[INFO] [stdout] [2m2026-10-18T12:11:50.096775Z[0m [32m INFO[0m [2mmsg_socket::pubs::tests[0m[2m:[0m Received message: PubMessage { source: 127.0.0.1:39327, topic: "HELLO", payload_size: 5 }
[INFO] [stdout] [2m2026-10-18T12:11:50.096804Z[0m [32m INFO[0m [2mmsg_socket::pubs::tests[0m[2m:[0m Received message: PubMessage { source: 127.0.0.1:39327, topic: "HELLO", payload_size: 5 }
[INFO] [stdout] test pubs::tests::pubsub_many ... ok
[INFO] [stdout] [2m2026-10-18T12:11:50.100742Z[0m [31mERROR[0m [2mmsg_socket::sub::driver[0m[2m:[0m transport connection failed [3merr[0m[2m=[0mOs { code: 111, kind: ConnectionRefused, message: "Connection refused" } [3maddr[0m[2m=[0m127.0.0.1:6662
[INFO] [stdout] [2m2026-10-18T12:11:50.101750Z[0m [32m INFO[0m [2mmsg_socket::pubs::tests[0m[2m:[0m Received message: PubMessage { source: 127.0.0.1:41797, topic: "HELLO", payload_size: 5 }
[INFO] [stdout] test pubs::tests::pubsub_simple ... ok
[INFO] [stdout] [2m2026-10-18T12:11:50.103121Z[0m [32m INFO[0m [2mmsg_socket::pubs::tests[0m[2m:[0m Received message: PubMessage { source: 127.0.0.1:46004, topic: "HELLO", payload_size: 5 }
[INFO] [stdout] test pubs::tests::pubsub_auth_quic ... ok
[INFO] [stdout] [2m2026-10-18T12:11:50.103671Z[0m [32m INFO[0m [2mmsg_socket::pubs::tests[0m[2m:[0m Received message: PubMessage { source: 127.0.0.1:39677, topic: "HELLO", payload_size: 86 }
[INFO] [stdout] [2m2026-10-18T12:11:50.103681Z[0m [32m INFO[0m [2mmsg_socket::pubs::tests[0m[2m:[0m Received message: PubMessage { source: 127.0.0.1:39677, topic: "HELLO", payload_size: 86 }
[INFO] [stdout] test pubs::tests::pubsub_many_compressed ... ok
[INFO] [stdout] [2m2026-10-18T12:11:50.104105Z[0m [33m WARN[0m [2mmsg_socket::pubs::driver[0m[2m:[0m Max connections reached (1), rejecting incoming connection
[INFO] [stdout] [2m2026-10-18T12:11:50.104167Z[0m [32m INFO[0m [2mmsg_socket::sub::driver[0m[2m:[0m connection hook passed
[INFO] [stdout] [2m2026-10-18T12:11:50.116134Z[0m [32m INFO[0m [2mmsg_socket::pubs::tests[0m[2m:[0m Received message: PubMessage { source: 127.0.0.1:37295, topic: "HELLO", payload_size: 5 }
[INFO] [stdout] test pubs::tests::pubsub_auth_tcp ... ok
[INFO] [stdout] [2m2026-10-18T12:11:50.195169Z[0m [31mERROR[0m [1mreq_driver[0m[1m{[0m[3mid[0m[2m=[0m"req-1" [3maddr[0m[2m=[0m0.0.0.0:36815[1m}[0m[2m:[0m[1mconnect[0m[2m:[0m [2mmsg_socket::req::conn_manager[0m[2m:[0m failed to connect [3me[0m[2m=[0mTransport(Os { code: 111, kind: ConnectionRefused, message: "Connection refused" })
[INFO] [stdout] [2m2026-10-18T12:11:50.196097Z[0m [32m INFO[0m [1mreq_driver[0m[1m{[0m[3mid[0m[2m=[0m"req-0" [3maddr[0m[2m=[0m127.0.0.1:38997[1m}[0m[2m:[0m[1mconnect[0m[2m:[0m [2mmsg_socket::req::conn_manager[0m[2m:[0m connected
[INFO] [stdout] [2m2026-10-18T12:11:50.196208Z[0m [32m INFO[0m [1mrep_driver[0m[1m{[0m[3mlocal_addr[0m[2m=[0m127.0.0.1:38997[1m}[0m[2m:[0m [2mmsg_socket::rep::driver[0m[2m:[0m new connection [3maddr[0m[2m=[0m127.0.0.1:43106
[INFO] [stdout] [2m2026-10-18T12:11:50.201309Z[0m [32m INFO[0m [1mreq_driver[0m[1m{[0m[3mid[0m[2m=[0m"req-2" [3maddr[0m[2m=[0m127.0.0.1:36177[1m}[0m[2m:[0m[1mconnect[0m[2m:[0m [2mmsg_socket::req::conn_manager[0m[2m:[0m connected
[INFO] [stdout] [2m2026-10-18T12:11:50.201361Z[0m [32m INFO[0m [1mrep_driver[0m[1m{[0m[3mlocal_addr[0m[2m=[0m127.0.0.1:36177[1m}[0m[2m:[0m [2mmsg_socket::rep::driver[0m[2m:[0m new connection [3maddr[0m[2m=[0m127.0.0.1:53930
[INFO] [stdout] [2m2026-10-18T12:11:50.202822Z[0m [32m INFO[0m [1mrep_driver[0m[1m{[0m[3mlocal_addr[0m[2m=[0m127.0.0.1:44995[1m}[0m[2m:[0m [2mmsg_socket::rep::driver[0m[2m:[0m new connection [3maddr[0m[2m=[0m127.0.0.1:59240
[INFO] [stdout] [2m2026-10-18T12:11:50.202910Z[0m [32m INFO[0m [1mrep_driver[0m[1m{[0m[3mlocal_addr[0m[2m=[0m127.0.0.1:44995[1m}[0m[2m:[0m[1mconnection_hook[0m[1m{[0m[3maddr[0m[2m=[0m127.0.0.1:59240[1m}[0m[2m:[0m [2mmsg_socket::rep::driver[0m[2m:[0m connection hook passed [3maddr[0m[2m=[0m127.0.0.1:59240
[INFO] [stdout] [2m2026-10-18T12:11:50.202938Z[0m [32m INFO[0m [1mreq_driver[0m[1m{[0m[3mid[0m[2m=[0m"req-3" [3maddr[0m[2m=[0m127.0.0.1:44995[1m}[0m[2m:[0m[1mconnect[0m[2m:[0m [2mmsg_socket::req::conn_manager[0m[2m:[0m connected
[INFO] [stdout] test pubs::tests::pubsub_max_clients ... ok
[INFO] [stdout] [2m2026-10-18T12:11:50.218684Z[0m [32m INFO[0m [1mreq_driver[0m[1m{[0m[3mid[0m[2m=[0m"req-4" [3maddr[0m[2m=[0m0.0.0.0:4445[1m}[0m[2m:[0m[1mconnect[0m[2m:[0m [2mmsg_socket::req::conn_manager[0m[2m:[0m connected
[INFO] [stdout] [2m2026-10-18T12:11:50.219042Z[0m [32m INFO[0m [1mrep_driver[0m[1m{[0m[3mlocal_addr[0m[2m=[0m0.0.0.0:4445[1m}[0m[2m:[0m [2mmsg_socket::rep::driver[0m[2m:[0m new connection [3maddr[0m[2m=[0m127.0.0.1:58184
[INFO] [stdout] test rep::tests::test_basic_reqrep_with_compression ... ok
[INFO] [stdout] [2m2026-10-18T12:11:50.302206Z[0m [31mERROR[0m [2mmsg_socket::sub::driver[0m[2m:[0m transport connection failed [3merr[0m[2m=[0mOs { code: 111, kind: ConnectionRefused, message: "Connection refused" } [3maddr[0m[2m=[0m127.0.0.1:6662
[INFO] [stdout] [2m2026-10-18T12:11:50.307608Z[0m [32m INFO[0m [2mmsg_socket::rep::tests[0m[2m:[0m 1000 reqs in 311.474741ms
[INFO] [stdout] test rep::tests::reqrep_simple ... ok
[INFO] [stdout] [2m2026-10-18T12:11:50.309670Z[0m [32m INFO[0m [2mmsg_socket::rep::tests[0m[2m:[0m 1000 reqs in 305.009357ms
[INFO] [stdout] test rep::tests::reqrep_auth ... ok
[INFO] [stdout] [2m2026-10-18T12:11:50.596168Z[0m [32m INFO[0m [1mrep_driver[0m[1m{[0m[3mlocal_addr[0m[2m=[0m0.0.0.0:36815[1m}[0m[2m:[0m [2mmsg_socket::rep::driver[0m[2m:[0m new connection [3maddr[0m[2m=[0m127.0.0.1:44304
[INFO] [stdout] [2m2026-10-18T12:11:50.596262Z[0m [32m INFO[0m [1mreq_driver[0m[1m{[0m[3mid[0m[2m=[0m"req-1" [3maddr[0m[2m=[0m0.0.0.0:36815[1m}[0m[2m:[0m[1mconnect[0m[2m:[0m [2mmsg_socket::req::conn_manager[0m[2m:[0m connected
[INFO] [stdout] test rep::tests::reqrep_durable ... ok
[INFO] [stdout] [2m2026-10-18T12:11:50.703173Z[0m [32m INFO[0m [2mmsg_socket::pubs::driver[0m[2m:[0m New connection from 127.0.0.1:60506
[INFO] [stdout] [2m2026-10-18T12:11:50.703268Z[0m [32m INFO[0m [2mmsg_socket::sub::driver[0m[2m:[0m connection hook passed
[INFO] [stdout] [2m2026-10-18T12:11:51.202403Z[0m [32m INFO[0m [1mreq_driver[0m[1m{[0m[3mid[0m[2m=[0m"req-5" [3maddr[0m[2m=[0m127.0.0.1:36177[1m}[0m[2m:[0m[1mconnect[0m[2m:[0m [2mmsg_socket::req::conn_manager[0m[2m:[0m connected
[INFO] [stdout] [2m2026-10-18T12:11:51.202480Z[0m [33m WARN[0m [1mrep_driver[0m[1m{[0m[3mlocal_addr[0m[2m=[0m127.0.0.1:36177[1m}[0m[2m:[0m [2mmsg_socket::rep::driver[0m[2m:[0m max connections reached, rejecting new incoming connection [3mactive_clients[0m[2m=[0m1
[INFO] [stdout] [2m2026-10-18T12:11:51.202563Z[0m [33m WARN[0m [1mreq_driver[0m[1m{[0m[3mid[0m[2m=[0m"req-5" [3maddr[0m[2m=[0m127.0.0.1:36177[1m}[0m[2m:[0m [2mmsg_socket::req::driver[0m[2m:[0m connection closed, resetting connection state
[INFO] [stdout] [2m2026-10-18T12:11:51.404128Z[0m [33m WARN[0m [1mrep_driver[0m[1m{[0m[3mlocal_addr[0m[2m=[0m127.0.0.1:36177[1m}[0m[2m:[0m [2mmsg_socket::rep::driver[0m[2m:[0m max connections reached, rejecting new incoming connection [3mactive_clients[0m[2m=[0m1
[INFO] [stdout] [2m2026-10-18T12:11:51.404240Z[0m [32m INFO[0m [1mreq_driver[0m[1m{[0m[3mid[0m[2m=[0m"req-5" [3maddr[0m[2m=[0m127.0.0.1:36177[1m}[0m[2m:[0m[1mconnect[0m[2m:[0m [2mmsg_socket::req::conn_manager[0m[2m:[0m connected
[INFO] [stdout] [2m2026-10-18T12:11:51.404273Z[0m [33m WARN[0m [1mreq_driver[0m[1m{[0m[3mid[0m[2m=[0m"req-5" [3maddr[0m[2m=[0m127.0.0.1:36177[1m}[0m[2m:[0m [2mmsg_socket::req::driver[0m[2m:[0m connection closed, resetting connection state
[INFO] [stdout] [2m2026-10-18T12:11:51.605988Z[0m [32m INFO[0m [1mreq_driver[0m[1m{[0m[3mid[0m[2m=[0m"req-5" [3maddr[0m[2m=[0m127.0.0.1:36177[1m}[0m[2m:[0m[1mconnect[0m[2m:[0m [2mmsg_socket::req::conn_manager[0m[2m:[0m connected
[INFO] [stdout] [2m2026-10-18T12:11:51.606058Z[0m [33m WARN[0m [1mrep_driver[0m[1m{[0m[3mlocal_addr[0m[2m=[0m127.0.0.1:36177[1m}[0m[2m:[0m [2mmsg_socket::rep::driver[0m[2m:[0m max connections reached, rejecting new incoming connection [3mactive_clients[0m[2m=[0m1
[INFO] [stdout] [2m2026-10-18T12:11:51.606115Z[0m [33m WARN[0m [1mreq_driver[0m[1m{[0m[3mid[0m[2m=[0m"req-5" [3maddr[0m[2m=[0m127.0.0.1:36177[1m}[0m[2m:[0m [2mmsg_socket::req::driver[0m[2m:[0m connection closed, resetting connection state
[INFO] [stdout] [2m2026-10-18T12:11:51.806698Z[0m [32m INFO[0m [1mreq_driver[0m[1m{[0m[3mid[0m[2m=[0m"req-5" [3maddr[0m[2m=[0m127.0.0.1:36177[1m}[0m[2m:[0m[1mconnect[0m[2m:[0m [2mmsg_socket::req::conn_manager[0m[2m:[0m connected
[INFO] [stdout] [2m2026-10-18T12:11:51.806758Z[0m [33m WARN[0m [1mrep_driver[0m[1m{[0m[3mlocal_addr[0m[2m=[0m127.0.0.1:36177[1m}[0m[2m:[0m [2mmsg_socket::rep::driver[0m[2m:[0m max connections reached, rejecting new incoming connection [3mactive_clients[0m[2m=[0m1
[INFO] [stdout] [2m2026-10-18T12:11:51.806825Z[0m [33m WARN[0m [1mreq_driver[0m[1m{[0m[3mid[0m[2m=[0m"req-5" [3maddr[0m[2m=[0m127.0.0.1:36177[1m}[0m[2m:[0m [2mmsg_socket::req::driver[0m[2m:[0m connection closed, resetting connection state
[INFO] [stdout] test rep::tests::rep_max_connections ... ok
[INFO] [stdout] [2m2026-10-18T12:11:52.106933Z[0m [32m INFO[0m [2mmsg_socket::sub::driver[0m[2m:[0m connection hook passed
[INFO] [stdout] [2m2026-10-18T12:11:52.107154Z[0m [32m INFO[0m [2mmsg_socket::pubs::driver[0m[2m:[0m New connection from 127.0.0.1:36405
[INFO] [stdout] [2m2026-10-18T12:11:52.501821Z[0m [32m INFO[0m [2mmsg_socket::pubs::tests[0m[2m:[0m Received message: PubMessage { source: 127.0.0.1:6662, topic: "HELLO", payload_size: 5 }
[INFO] [stdout] test pubs::tests::pubsub_durable_tcp ... ok
[INFO] [stdout] [2m2026-10-18T12:11:53.003068Z[0m [32m INFO[0m [2mmsg_socket::pubs::tests[0m[2m:[0m Received message: PubMessage { source: 127.0.0.1:6662, topic: "HELLO", payload_size: 5 }
[INFO] [stdout] test pubs::tests::pubsub_durable_quic ... ok
[INFO] [stdout] 
[INFO] [stdout] test result: ok. 16 passed; 0 failed; 0 ignored; 0 measured; 0 filtered out; finished in 3.01s
[INFO] [stdout] 
[INFO] [stderr]      Running tests/it/main.rs (/opt/rustwide/target/release/deps/it-af6733d1b74bb148)
[INFO] [stdout] 
[INFO] [stdout] running 9 tests
[INFO] [stdout] test pubsub::pubsub_fan_in ... ignored
[INFO] [stdout] [2m2026-10-18T12:11:53.021667Z[0m [32m INFO[0m [2mmsg_socket::sub::driver[0m[2m:[0m Subscribed to topic [3mtopic[0m[2m=[0m"test" [3mn_publishers[0m[2m=[0m1
[INFO] [stdout] [2m2026-10-18T12:11:53.021861Z[0m [31mERROR[0m [2mmsg_socket::sub::driver[0m[2m:[0m transport connection failed [3merr[0m[2m=[0mOs { code: 111, kind: ConnectionRefused, message: "Connection refused" } [3maddr[0m[2m=[0m127.0.0.1:9879
[INFO] [stdout] test reqrep::reqrep_tls_control_works ... FAILED
[INFO] [stdout] test reqrep::reqrep_tls_works ... FAILED
[INFO] [stdout] test reqrep::reqrep_mutual_tls_works ... FAILED
[INFO] [stdout] [2m2026-10-18T12:11:53.066899Z[0m [31mERROR[0m [2mmsg_socket::sub::driver[0m[2m:[0m transport connection failed [3merr[0m[2m=[0mOs { code: 111, kind: ConnectionRefused, message: "Connection refused" } [3maddr[0m[2m=[0m127.0.0.1:9880
[INFO] [stdout] [2m2026-10-18T12:11:53.093110Z[0m [32m INFO[0m [2mmsg_socket::pubs::driver[0m[2m:[0m New connection from 127.0.0.1:34158
[INFO] [stdout] [2m2026-10-18T12:11:53.093196Z[0m [32m INFO[0m [2mmsg_socket::sub::driver[0m[2m:[0m connection hook passed
[INFO] [stdout] [2m2026-10-18T12:11:53.122260Z[0m [31mERROR[0m [2mmsg_socket::sub::driver[0m[2m:[0m transport connection failed [3merr[0m[2m=[0mOs { code: 111, kind: ConnectionRefused, message: "Connection refused" } [3maddr[0m[2m=[0m127.0.0.1:9879
[INFO] [stdout] [2m2026-10-18T12:11:53.139471Z[0m [32m INFO[0m [2mmsg_socket::sub::driver[0m[2m:[0m connection hook passed
[INFO] [stdout] [2m2026-10-18T12:11:53.139547Z[0m [32m INFO[0m [2mmsg_socket::pubs::driver[0m[2m:[0m New connection from 127.0.0.1:34166
[INFO] [stdout] [2m2026-10-18T12:11:53.153941Z[0m [32m INFO[0m [2mmsg_socket::sub::driver[0m[2m:[0m connection hook passed
[INFO] [stdout] [2m2026-10-18T12:11:53.154009Z[0m [32m INFO[0m [2mmsg_socket::pubs::driver[0m[2m:[0m New connection from 127.0.0.1:34168
[INFO] [stdout] [2m2026-10-18T12:11:53.155137Z[0m [32m INFO[0m [2mmsg_socket::sub::driver[0m[2m:[0m Subscribed to topic [3mtopic[0m[2m=[0m"test" [3mn_publishers[0m[2m=[0m1
[INFO] [stdout] [2m2026-10-18T12:11:53.167452Z[0m [32m INFO[0m [2mmsg_socket::pubs::driver[0m[2m:[0m New connection from 127.0.0.1:34174
[INFO] [stdout] [2m2026-10-18T12:11:53.167548Z[0m [32m INFO[0m [2mmsg_socket::sub::driver[0m[2m:[0m connection hook passed
[INFO] [stdout] [2m2026-10-18T12:11:53.209908Z[0m [32m INFO[0m [2mmsg_socket::pubs::driver[0m[2m:[0m New connection from 127.0.0.1:34186
[INFO] [stdout] [2m2026-10-18T12:11:53.210002Z[0m [32m INFO[0m [2mmsg_socket::sub::driver[0m[2m:[0m connection hook passed
[INFO] [stdout] [2m2026-10-18T12:11:53.222384Z[0m [32m INFO[0m [1mrep_driver[0m[1m{[0m[3mlocal_addr[0m[2m=[0m0.0.0.0:39821[1m}[0m[2m:[0m [2mmsg_socket::rep::driver[0m[2m:[0m new connection [3maddr[0m[2m=[0m127.0.0.1:35420
[INFO] [stdout] [2m2026-10-18T12:11:53.222451Z[0m [32m INFO[0m [1mreq_driver[0m[1m{[0m[3mid[0m[2m=[0m"req-0" [3maddr[0m[2m=[0m0.0.0.0:39821[1m}[0m[2m:[0m[1mconnect[0m[2m:[0m [2mmsg_socket::req::conn_manager[0m[2m:[0m connected
[INFO] [stdout] [2m2026-10-18T12:11:53.224380Z[0m [32m INFO[0m [1mrep_driver[0m[1m{[0m[3mlocal_addr[0m[2m=[0m0.0.0.0:42693[1m}[0m[2m:[0m [2mmsg_socket::rep::driver[0m[2m:[0m new connection [3maddr[0m[2m=[0m127.0.0.1:37694
[INFO] [stdout] [2m2026-10-18T12:11:53.224456Z[0m [32m INFO[0m [1mreq_driver[0m[1m{[0m[3mid[0m[2m=[0m"req-1" [3maddr[0m[2m=[0m0.0.0.0:42693[1m}[0m[2m:[0m[1mconnect[0m[2m:[0m [2mmsg_socket::req::conn_manager[0m[2m:[0m connected
[INFO] [stdout] test reqrep::reqrep_works ... ok
[INFO] [stdout] [2m2026-10-18T12:11:53.233169Z[0m [32m INFO[0m [2mmsg_socket::sub::driver[0m[2m:[0m Subscribed to topic [3mtopic[0m[2m=[0m"test" [3mn_publishers[0m[2m=[0m1
[INFO] [stdout] [2m2026-10-18T12:11:53.251542Z[0m [32m INFO[0m [2mmsg_socket::sub::driver[0m[2m:[0m Subscribed to topic [3mtopic[0m[2m=[0m"test" [3mn_publishers[0m[2m=[0m1
[INFO] [stdout] [2m2026-10-18T12:11:53.274947Z[0m [32m INFO[0m [2mmsg_socket::pubs::driver[0m[2m:[0m New connection from 127.0.0.1:34192
[INFO] [stdout] [2m2026-10-18T12:11:53.275041Z[0m [32m INFO[0m [2mmsg_socket::sub::driver[0m[2m:[0m connection hook passed
[INFO] [stdout] [2m2026-10-18T12:11:53.283282Z[0m [32m INFO[0m [2mmsg_socket::sub::driver[0m[2m:[0m Subscribed to topic [3mtopic[0m[2m=[0m"test" [3mn_publishers[0m[2m=[0m1
[INFO] [stdout] [2m2026-10-18T12:11:53.323897Z[0m [32m INFO[0m [2mmsg_socket::sub::driver[0m[2m:[0m connection hook passed
[INFO] [stdout] [2m2026-10-18T12:11:53.324032Z[0m [32m INFO[0m [2mmsg_socket::pubs::driver[0m[2m:[0m New connection from 127.0.0.1:36774
[INFO] [stdout] [2m2026-10-18T12:11:53.333708Z[0m [32m INFO[0m [2mmsg_socket::sub::driver[0m[2m:[0m connection hook passed
[INFO] [stdout] [2m2026-10-18T12:11:53.333794Z[0m [32m INFO[0m [2mmsg_socket::pubs::driver[0m[2m:[0m New connection from 127.0.0.1:34194
[INFO] [stdout] [2m2026-10-18T12:11:53.343771Z[0m [32m INFO[0m [2mmsg_socket::sub::driver[0m[2m:[0m Subscribed to topic [3mtopic[0m[2m=[0m"test" [3mn_publishers[0m[2m=[0m1
[INFO] [stdout] [2m2026-10-18T12:11:53.395240Z[0m [32m INFO[0m [2mmsg_socket::pubs::driver[0m[2m:[0m New connection from 127.0.0.1:34208
[INFO] [stdout] [2m2026-10-18T12:11:53.395338Z[0m [32m INFO[0m [2mmsg_socket::sub::driver[0m[2m:[0m connection hook passed
[INFO] [stdout] [2m2026-10-18T12:11:53.400239Z[0m [31mERROR[0m [1mreq_driver[0m[1m{[0m[3mid[0m[2m=[0m"req-2" [3maddr[0m[2m=[0m[::1]:64521[1m}[0m[2m:[0m[1mconnect[0m[2m:[0m [2mmsg_socket::req::conn_manager[0m[2m:[0m failed to connect [3me[0m[2m=[0mTransport(Os { code: 111, kind: ConnectionRefused, message: "Connection refused" })
[INFO] [stdout] [2m2026-10-18T12:11:53.414554Z[0m [32m INFO[0m [2mmsg_socket::sub::driver[0m[2m:[0m Subscribed to topic [3mtopic[0m[2m=[0m"test" [3mn_publishers[0m[2m=[0m1
[INFO] [stdout] [2m2026-10-18T12:11:53.426775Z[0m [32m INFO[0m [2mmsg_socket::sub::driver[0m[2m:[0m Subscribed to topic [3mtopic[0m[2m=[0m"test" [3mn_publishers[0m[2m=[0m1
[INFO] [stdout] [2m2026-10-18T12:11:53.454252Z[0m [32m INFO[0m [2mmsg_socket::sub::driver[0m[2m:[0m connection hook passed
[INFO] [stdout] [2m2026-10-18T12:11:53.454378Z[0m [32m INFO[0m [2mmsg_socket::pubs::driver[0m[2m:[0m New connection from 127.0.0.1:34216
[INFO] [stdout] [2m2026-10-18T12:11:53.510649Z[0m [32m INFO[0m [2mmsg_socket::sub::driver[0m[2m:[0m Subscribed to topic [3mtopic[0m[2m=[0m"test" [3mn_publishers[0m[2m=[0m1
[INFO] [stdout] [2m2026-10-18T12:11:53.555034Z[0m [32m INFO[0m [2mmsg_socket::sub::driver[0m[2m:[0m Subscribed to topic [3mtopic[0m[2m=[0m"test" [3mn_publishers[0m[2m=[0m1
[INFO] [stdout] [2m2026-10-18T12:11:53.575610Z[0m [32m INFO[0m [2mit::pubsub[0m[2m:[0m Received message: PubMessage { source: 127.0.0.1:9880, topic: "test", payload_size: 5 }
[INFO] [stdout] [2m2026-10-18T12:11:53.575651Z[0m [32m INFO[0m [2mit::pubsub[0m[2m:[0m Received message: PubMessage { source: 127.0.0.1:9880, topic: "test", payload_size: 5 }
[INFO] [stdout] [2m2026-10-18T12:11:53.575666Z[0m [32m INFO[0m [2mit::pubsub[0m[2m:[0m Received message: PubMessage { source: 127.0.0.1:9880, topic: "test", payload_size: 5 }
[INFO] [stdout] [2m2026-10-18T12:11:53.575679Z[0m [32m INFO[0m [2mit::pubsub[0m[2m:[0m Received message: PubMessage { source: 127.0.0.1:9880, topic: "test", payload_size: 5 }
[INFO] [stdout] [2m2026-10-18T12:11:53.575692Z[0m [32m INFO[0m [2mit::pubsub[0m[2m:[0m Received message: PubMessage { source: 127.0.0.1:9880, topic: "test", payload_size: 5 }
[INFO] [stdout] [2m2026-10-18T12:11:53.575706Z[0m [32m INFO[0m [2mit::pubsub[0m[2m:[0m Received message: PubMessage { source: 127.0.0.1:9880, topic: "test", payload_size: 5 }
[INFO] [stdout] [2m2026-10-18T12:11:53.575719Z[0m [32m INFO[0m [2mit::pubsub[0m[2m:[0m Received message: PubMessage { source: 127.0.0.1:9880, topic: "test", payload_size: 5 }
[INFO] [stdout] [2m2026-10-18T12:11:53.575731Z[0m [32m INFO[0m [2mit::pubsub[0m[2m:[0m Received message: PubMessage { source: 127.0.0.1:9880, topic: "test", payload_size: 5 }
[INFO] [stdout] [2m2026-10-18T12:11:53.575744Z[0m [32m INFO[0m [2mit::pubsub[0m[2m:[0m Received message: PubMessage { source: 127.0.0.1:9880, topic: "test", payload_size: 5 }
[INFO] [stdout] [2m2026-10-18T12:11:53.754548Z[0m [32m INFO[0m [2mit::pubsub[0m[2m:[0m Received message: PubMessage { source: 127.0.0.1:9879, topic: "test", payload_size: 5 }
[INFO] [stdout] [2m2026-10-18T12:11:53.755984Z[0m [32m INFO[0m [2mmsg_socket::sub::driver[0m[2m:[0m Subscribed to topic [3mtopic[0m[2m=[0m"test" [3mn_publishers[0m[2m=[0m1
[INFO] [stdout] [2m2026-10-18T12:11:53.800769Z[0m [31mERROR[0m [1mreq_driver[0m[1m{[0m[3mid[0m[2m=[0m"req-2" [3maddr[0m[2m=[0m[::1]:64521[1m}[0m[2m:[0m[1mconnect[0m[2m:[0m [2mmsg_socket::req::conn_manager[0m[2m:[0m failed to connect [3me[0m[2m=[0mTransport(Os { code: 111, kind: ConnectionRefused, message: "Connection refused" })
[INFO] [stdout] [2m2026-10-18T12:11:53.999529Z[0m [32m INFO[0m [2mmsg_socket::pubs::driver[0m[2m:[0m New connection from 127.0.0.1:46218
[INFO] [stdout] [2m2026-10-18T12:11:53.999636Z[0m [32m INFO[0m [2mmsg_socket::sub::driver[0m[2m:[0m connection hook passed
[INFO] [stdout] [2m2026-10-18T12:11:54.061702Z[0m [32m INFO[0m [2mmsg_socket::sub::driver[0m[2m:[0m connection hook passed
[INFO] [stdout] [2m2026-10-18T12:11:54.062695Z[0m [32m INFO[0m [2mmsg_socket::pubs::driver[0m[2m:[0m New connection from 127.0.0.1:46936
[INFO] [stdout] [2m2026-10-18T12:11:54.077111Z[0m [31mERROR[0m [2mmsg_socket::sub::driver[0m[2m:[0m SubSocket frontend channel closed unexpectedly while driver is active.
[INFO] [stdout] [2m2026-10-18T12:11:54.077204Z[0m [31mERROR[0m [2mmsg_socket::sub::driver[0m[2m:[0m SubSocket frontend channel closed unexpectedly while driver is active.
[INFO] [stdout] [2m2026-10-18T12:11:54.077278Z[0m [31mERROR[0m [2mmsg_socket::sub::driver[0m[2m:[0m SubSocket frontend channel closed unexpectedly while driver is active.
[INFO] [stdout] [2m2026-10-18T12:11:54.077287Z[0m [31mERROR[0m [2mmsg_socket::sub::driver[0m[2m:[0m SubSocket frontend channel closed unexpectedly while driver is active.
[INFO] [stdout] [2m2026-10-18T12:11:54.077296Z[0m [31mERROR[0m [2mmsg_socket::sub::driver[0m[2m:[0m SubSocket frontend channel closed unexpectedly while driver is active.
[INFO] [stdout] [2m2026-10-18T12:11:54.077304Z[0m [31mERROR[0m [2mmsg_socket::sub::driver[0m[2m:[0m SubSocket frontend channel closed unexpectedly while driver is active.
[INFO] [stdout] [2m2026-10-18T12:11:54.077313Z[0m [31mERROR[0m [2mmsg_socket::sub::driver[0m[2m:[0m SubSocket frontend channel closed unexpectedly while driver is active.
[INFO] [stdout] [2m2026-10-18T12:11:54.077233Z[0m [31mERROR[0m [2mmsg_socket::sub::driver[0m[2m:[0m SubSocket frontend channel closed unexpectedly while driver is active.
[INFO] [stdout] [2m2026-10-18T12:11:54.077249Z[0m [31mERROR[0m [2mmsg_socket::sub::driver[0m[2m:[0m SubSocket frontend channel closed unexpectedly while driver is active.
[INFO] [stdout] [2m2026-10-18T12:11:54.078416Z[0m [32m INFO[0m [2mmsg_socket::sub::driver[0m[2m:[0m Subscribed to topic [3mtopic[0m[2m=[0m"test" [3mn_publishers[0m[2m=[0m1
[INFO] [stdout] [2m2026-10-18T12:11:54.254208Z[0m [31mERROR[0m [2mmsg_socket::sub::driver[0m[2m:[0m SubSocket frontend channel closed unexpectedly while driver is active.
[INFO] [stdout] [2m2026-10-18T12:11:54.534542Z[0m [32m INFO[0m [2mit::pubsub[0m[2m:[0m Received message: PubMessage { source: 127.0.0.1:9879, topic: "test", payload_size: 5 }
[INFO] [stdout] test pubsub::pubsub_channel ... ok
[INFO] [stdout] [2m2026-10-18T12:11:54.577773Z[0m [32m INFO[0m [2mit::pubsub[0m[2m:[0m Received message: PubMessage { source: 127.0.0.1:9880, topic: "test", payload_size: 5 }
[INFO] [stdout] [2m2026-10-18T12:11:54.579974Z[0m [31mERROR[0m [2mmsg_socket::sub::driver[0m[2m:[0m SubSocket frontend channel closed unexpectedly while driver is active.
[INFO] [stdout] [2m2026-10-18T12:11:54.579994Z[0m [31mERROR[0m [2mmsg_socket::sub::driver[0m[2m:[0m SubSocket frontend channel closed unexpectedly while driver is active.
[INFO] [stdout] [2m2026-10-18T12:11:54.580004Z[0m [31mERROR[0m [2mmsg_socket::sub::driver[0m[2m:[0m SubSocket frontend channel closed unexpectedly while driver is active.
[INFO] [stdout] [2m2026-10-18T12:11:54.580014Z[0m [31mERROR[0m [2mmsg_socket::sub::driver[0m[2m:[0m SubSocket frontend channel closed unexpectedly while driver is active.
[INFO] [stdout] [2m2026-10-18T12:11:54.580022Z[0m [31mERROR[0m [2mmsg_socket::sub::driver[0m[2m:[0m SubSocket frontend channel closed unexpectedly while driver is active.
[INFO] [stdout] [2m2026-10-18T12:11:54.580032Z[0m [31mERROR[0m [2mmsg_socket::sub::driver[0m[2m:[0m SubSocket frontend channel closed unexpectedly while driver is active.
[INFO] [stdout] [2m2026-10-18T12:11:54.580040Z[0m [31mERROR[0m [2mmsg_socket::sub::driver[0m[2m:[0m SubSocket frontend channel closed unexpectedly while driver is active.
[INFO] [stdout] [2m2026-10-18T12:11:54.580049Z[0m [31mERROR[0m [2mmsg_socket::sub::driver[0m[2m:[0m SubSocket frontend channel closed unexpectedly while driver is active.
[INFO] [stdout] [2m2026-10-18T12:11:54.577941Z[0m [31mERROR[0m [2mmsg_socket::sub::driver[0m[2m:[0m SubSocket frontend channel closed unexpectedly while driver is active.
[INFO] [stdout] [2m2026-10-18T12:11:54.602249Z[0m [32m INFO[0m [1mrep_driver[0m[1m{[0m[3mlocal_addr[0m[2m=[0m[::1]:64521[1m}[0m[2m:[0m [2mmsg_socket::rep::driver[0m[2m:[0m new connection [3maddr[0m[2m=[0m[::1]:38200
[INFO] [stdout] [2m2026-10-18T12:11:54.602315Z[0m [32m INFO[0m [1mreq_driver[0m[1m{[0m[3mid[0m[2m=[0m"req-2" [3maddr[0m[2m=[0m[::1]:64521[1m}[0m[2m:[0m[1mconnect[0m[2m:[0m [2mmsg_socket::req::conn_manager[0m[2m:[0m connected
[INFO] [stdout] test reqrep::reqrep_late_bind_works ... ok
[INFO] [stdout] [2m2026-10-18T12:11:54.661741Z[0m [32m INFO[0m [2mmsg_socket::sub::driver[0m[2m:[0m Subscribed to topic [3mtopic[0m[2m=[0m"test" [3mn_publishers[0m[2m=[0m1
[INFO] [stdout] [2m2026-10-18T12:11:54.666481Z[0m [32m INFO[0m [2mmsg_socket::sub::driver[0m[2m:[0m connection hook passed
[INFO] [stdout] [2m2026-10-18T12:11:54.678590Z[0m [32m INFO[0m [2mmsg_socket::sub::driver[0m[2m:[0m connection hook passed
[INFO] [stdout] [2m2026-10-18T12:11:54.716560Z[0m [32m INFO[0m [2mmsg_socket::sub::driver[0m[2m:[0m Subscribed to topic [3mtopic[0m[2m=[0m"test" [3mn_publishers[0m[2m=[0m1
[INFO] [stdout] [2m2026-10-18T12:11:54.716765Z[0m [32m INFO[0m [2mmsg_socket::pubs::driver[0m[2m:[0m New connection from 127.0.0.1:32800
[INFO] [stdout] [2m2026-10-18T12:11:54.731481Z[0m [32m INFO[0m [2mmsg_socket::sub::driver[0m[2m:[0m connection hook passed
[INFO] [stdout] [2m2026-10-18T12:11:54.737378Z[0m [32m INFO[0m [2mmsg_socket::sub::driver[0m[2m:[0m connection hook passed
[INFO] [stdout] [2m2026-10-18T12:11:54.785304Z[0m [32m INFO[0m [2mmsg_socket::sub::driver[0m[2m:[0m Subscribed to topic [3mtopic[0m[2m=[0m"test" [3mn_publishers[0m[2m=[0m1
[INFO] [stdout] [2m2026-10-18T12:11:54.785520Z[0m [32m INFO[0m [2mmsg_socket::pubs::driver[0m[2m:[0m New connection from 127.0.0.1:58546
[INFO] [stdout] [2m2026-10-18T12:11:54.790067Z[0m [32m INFO[0m [2mmsg_socket::sub::driver[0m[2m:[0m connection hook passed
[INFO] [stdout] [2m2026-10-18T12:11:54.821917Z[0m [32m INFO[0m [2mmsg_socket::sub::driver[0m[2m:[0m Subscribed to topic [3mtopic[0m[2m=[0m"test" [3mn_publishers[0m[2m=[0m1
[INFO] [stdout] [2m2026-10-18T12:11:54.822093Z[0m [32m INFO[0m [2mmsg_socket::pubs::driver[0m[2m:[0m New connection from 127.0.0.1:60566
[INFO] [stdout] [2m2026-10-18T12:11:54.846254Z[0m [32m INFO[0m [2mmsg_socket::sub::driver[0m[2m:[0m Subscribed to topic [3mtopic[0m[2m=[0m"test" [3mn_publishers[0m[2m=[0m1
[INFO] [stdout] [2m2026-10-18T12:11:54.846475Z[0m [32m INFO[0m [2mmsg_socket::pubs::driver[0m[2m:[0m New connection from 127.0.0.1:42100
[INFO] [stdout] [2m2026-10-18T12:11:54.869121Z[0m [32m INFO[0m [2mmsg_socket::sub::driver[0m[2m:[0m Subscribed to topic [3mtopic[0m[2m=[0m"test" [3mn_publishers[0m[2m=[0m1
[INFO] [stdout] [2m2026-10-18T12:11:54.869214Z[0m [32m INFO[0m [2mmsg_socket::pubs::driver[0m[2m:[0m New connection from 127.0.0.1:39288
[INFO] [stdout] [2m2026-10-18T12:11:54.869675Z[0m [32m INFO[0m [2mmsg_socket::sub::driver[0m[2m:[0m connection hook passed
[INFO] [stdout] [2m2026-10-18T12:11:54.909773Z[0m [32m INFO[0m [2mmsg_socket::sub::driver[0m[2m:[0m connection hook passed
[INFO] [stdout] [2m2026-10-18T12:11:54.909994Z[0m [32m INFO[0m [2mmsg_socket::pubs::driver[0m[2m:[0m New connection from 127.0.0.1:46566
[INFO] [stdout] [2m2026-10-18T12:11:54.952992Z[0m [32m INFO[0m [2mmsg_socket::sub::driver[0m[2m:[0m connection hook passed
[INFO] [stdout] [2m2026-10-18T12:11:54.980849Z[0m [32m INFO[0m [2mmsg_socket::sub::driver[0m[2m:[0m Subscribed to topic [3mtopic[0m[2m=[0m"test" [3mn_publishers[0m[2m=[0m1
[INFO] [stdout] [2m2026-10-18T12:11:54.980985Z[0m [32m INFO[0m [2mmsg_socket::pubs::driver[0m[2m:[0m New connection from 127.0.0.1:34680
[INFO] [stdout] [2m2026-10-18T12:11:54.983129Z[0m [32m INFO[0m [2mmsg_socket::sub::driver[0m[2m:[0m Subscribed to topic [3mtopic[0m[2m=[0m"test" [3mn_publishers[0m[2m=[0m1
[INFO] [stdout] [2m2026-10-18T12:11:54.984158Z[0m [32m INFO[0m [2mmsg_socket::pubs::driver[0m[2m:[0m New connection from 127.0.0.1:46838
[INFO] [stdout] [2m2026-10-18T12:11:54.984614Z[0m [32m INFO[0m [2mmsg_socket::sub::driver[0m[2m:[0m connection hook passed
[INFO] [stdout] [2m2026-10-18T12:11:54.992718Z[0m [32m INFO[0m [2mmsg_socket::sub::driver[0m[2m:[0m Subscribed to topic [3mtopic[0m[2m=[0m"test" [3mn_publishers[0m[2m=[0m1
[INFO] [stdout] [2m2026-10-18T12:11:54.992869Z[0m [32m INFO[0m [2mmsg_socket::pubs::driver[0m[2m:[0m New connection from 127.0.0.1:39992
[INFO] [stdout] [2m2026-10-18T12:11:55.079483Z[0m [32m INFO[0m [2mmsg_socket::sub::driver[0m[2m:[0m connection hook passed
[INFO] [stdout] [2m2026-10-18T12:11:55.079929Z[0m [31mERROR[0m [2mmsg_socket::sub::driver[0m[2m:[0m SubSocket frontend channel closed unexpectedly while driver is active.
[INFO] [stdout] [2m2026-10-18T12:11:55.080141Z[0m [31mERROR[0m [2mmsg_socket::sub::driver[0m[2m:[0m SubSocket frontend channel closed unexpectedly while driver is active.
[INFO] [stdout] [2m2026-10-18T12:11:55.080153Z[0m [31mERROR[0m [2mmsg_socket::sub::driver[0m[2m:[0m SubSocket frontend channel closed unexpectedly while driver is active.
[INFO] [stdout] [2m2026-10-18T12:11:55.080163Z[0m [31mERROR[0m [2mmsg_socket::sub::driver[0m[2m:[0m SubSocket frontend channel closed unexpectedly while driver is active.
[INFO] [stdout] [2m2026-10-18T12:11:55.080172Z[0m [31mERROR[0m [2mmsg_socket::sub::driver[0m[2m:[0m SubSocket frontend channel closed unexpectedly while driver is active.
[INFO] [stdout] [2m2026-10-18T12:11:55.080182Z[0m [31mERROR[0m [2mmsg_socket::sub::driver[0m[2m:[0m SubSocket frontend channel closed unexpectedly while driver is active.
[INFO] [stdout] [2m2026-10-18T12:11:55.080192Z[0m [31mERROR[0m [2mmsg_socket::sub::driver[0m[2m:[0m SubSocket frontend channel closed unexpectedly while driver is active.
[INFO] [stdout] [2m2026-10-18T12:11:55.080201Z[0m [31mERROR[0m [2mmsg_socket::sub::driver[0m[2m:[0m SubSocket frontend channel closed unexpectedly while driver is active.
[INFO] [stdout] [2m2026-10-18T12:11:55.080210Z[0m [31mERROR[0m [2mmsg_socket::sub::driver[0m[2m:[0m SubSocket frontend channel closed unexpectedly while driver is active.
[INFO] [stdout] [2m2026-10-18T12:11:55.080219Z[0m [31mERROR[0m [2mmsg_socket::sub::driver[0m[2m:[0m SubSocket frontend channel closed unexpectedly while driver is active.
[INFO] [stdout] [2m2026-10-18T12:11:55.105415Z[0m [32m INFO[0m [2mmsg_socket::sub::driver[0m[2m:[0m Subscribed to topic [3mtopic[0m[2m=[0m"test" [3mn_publishers[0m[2m=[0m1
[INFO] [stdout] [2m2026-10-18T12:11:55.105649Z[0m [32m INFO[0m [2mmsg_socket::pubs::driver[0m[2m:[0m New connection from 127.0.0.1:47811
[INFO] [stdout] [2m2026-10-18T12:11:55.154400Z[0m [32m INFO[0m [2mit::pubsub[0m[2m:[0m Received message: PubMessage { source: 127.0.0.1:9880, topic: "test", payload_size: 5 }
[INFO] [stdout] [2m2026-10-18T12:11:55.154838Z[0m [32m INFO[0m [2mit::pubsub[0m[2m:[0m Received message: PubMessage { source: 127.0.0.1:9880, topic: "test", payload_size: 5 }
[INFO] [stdout] [2m2026-10-18T12:11:55.154855Z[0m [32m INFO[0m [2mit::pubsub[0m[2m:[0m Received message: PubMessage { source: 127.0.0.1:9880, topic: "test", payload_size: 5 }
[INFO] [stdout] [2m2026-10-18T12:11:55.154861Z[0m [32m INFO[0m [2mit::pubsub[0m[2m:[0m Received message: PubMessage { source: 127.0.0.1:9880, topic: "test", payload_size: 5 }
[INFO] [stdout] [2m2026-10-18T12:11:55.154868Z[0m [32m INFO[0m [2mit::pubsub[0m[2m:[0m Received message: PubMessage { source: 127.0.0.1:9880, topic: "test", payload_size: 5 }
[INFO] [stdout] [2m2026-10-18T12:11:55.154911Z[0m [32m INFO[0m [2mit::pubsub[0m[2m:[0m Received message: PubMessage { source: 127.0.0.1:9880, topic: "test", payload_size: 5 }
[INFO] [stdout] [2m2026-10-18T12:11:55.154917Z[0m [32m INFO[0m [2mit::pubsub[0m[2m:[0m Received message: PubMessage { source: 127.0.0.1:9880, topic: "test", payload_size: 5 }
[INFO] [stdout] [2m2026-10-18T12:11:55.154941Z[0m [32m INFO[0m [2mit::pubsub[0m[2m:[0m Received message: PubMessage { source: 127.0.0.1:9880, topic: "test", payload_size: 5 }
[INFO] [stdout] [2m2026-10-18T12:11:55.154967Z[0m [32m INFO[0m [2mit::pubsub[0m[2m:[0m Received message: PubMessage { source: 127.0.0.1:9880, topic: "test", payload_size: 5 }
[INFO] [stdout] [2m2026-10-18T12:11:55.155009Z[0m [32m INFO[0m [2mit::pubsub[0m[2m:[0m Received message: PubMessage { source: 127.0.0.1:9880, topic: "test", payload_size: 5 }
[INFO] [stdout] test pubsub::pubsub_fan_out ... ok
[INFO] [stdout] test reqrep::reqrep_hwm_reached ... ok
[INFO] [stderr] error: test failed, to rerun pass `--test it`
[INFO] [stdout] 
[INFO] [stdout] failures:
[INFO] [stdout] 
[INFO] [stdout] ---- reqrep::reqrep_tls_control_works stdout ----
[INFO] [stdout] 
[INFO] [stdout] thread 'reqrep::reqrep_tls_control_works' (2056) panicked at tests/it/reqrep.rs:29:9:
[INFO] [stdout] Certificate file does not exist
[INFO] [stdout] stack backtrace:
[INFO] [stdout]    0:     0x55e0ba4233a1 - <<std[70759c8f55707aa4]::sys::backtrace::BacktraceLock>::print::DisplayBacktrace as core[df12db4294e9bfd3]::fmt::Display>::fmt
[INFO] [stdout]    1:     0x55e0ba439e8a - core[df12db4294e9bfd3]::fmt::write
[INFO] [stdout]    2:     0x55e0ba4280cc - <alloc[2182bb758b4b3781]::vec::Vec<u8> as core[df12db4294e9bfd3]::io::write::Write>::write_fmt
[INFO] [stdout]    3:     0x55e0ba3fe5c6 - std[70759c8f55707aa4]::panicking::default_hook::{closure#0}
[INFO] [stdout]    4:     0x55e0ba41b279 - std[70759c8f55707aa4]::panicking::default_hook
[INFO] [stdout]    5:     0x55e0ba17f0b0 - test[9d35eded1c95d3be]::test_main_inner::<test[9d35eded1c95d3be]::test_main_static::{closure#0}>::{closure#0}
[INFO] [stdout]    6:     0x55e0ba41b5a2 - std[70759c8f55707aa4]::panicking::panic_with_hook
[INFO] [stdout]    7:     0x55e0ba3fe6a4 - std[70759c8f55707aa4]::panicking::panic_handler::{closure#0}
[INFO] [stdout]    8:     0x55e0ba3f7349 - std[70759c8f55707aa4]::sys::backtrace::__rust_end_short_backtrace::<std[70759c8f55707aa4]::panicking::panic_handler::{closure#0}, !>
[INFO] [stdout]    9:     0x55e0ba3ff45d - __rustc[8fa7c3cbc660c2b3]::rust_begin_unwind
[INFO] [stdout]   10:     0x55e0ba43a66c - core[df12db4294e9bfd3]::panicking::panic_fmt
[INFO] [stdout]   11:     0x55e0ba0fa068 - it[61671a28d5ac8563]::reqrep::helpers::default_acceptor_builder
[INFO] [stdout]   12:     0x55e0ba127dd2 - it[61671a28d5ac8563]::reqrep::reqrep_tls_control_works::{closure#0}
[INFO] [stdout]   13:     0x55e0ba0fbfeb - <tokio[28f10d378d5bf819]::runtime::runtime::Runtime>::block_on::<core[df12db4294e9bfd3]::pin::Pin<&mut dyn core[df12db4294e9bfd3]::future::future::Future<Output = ()>>>
[INFO] [stdout]   14:     0x55e0ba12a49b - it[61671a28d5ac8563]::reqrep::reqrep_tls_control_works
[INFO] [stdout]   15:     0x55e0ba1430c9 - <it[61671a28d5ac8563]::reqrep::reqrep_tls_control_works::{closure#0} as core[df12db4294e9bfd3]::ops::function::FnOnce<()>>::call_once
[INFO] [stdout]   16:     0x55e0ba17239b - test[9d35eded1c95d3be]::__rust_begin_short_backtrace::<core[df12db4294e9bfd3]::result::Result<(), alloc[2182bb758b4b3781]::string::String>, fn() -> core[df12db4294e9bfd3]::result::Result<(), alloc[2182bb758b4b3781]::string::String>>
[INFO] [stdout]   17:     0x55e0ba17fa05 - test[9d35eded1c95d3be]::run_test::{closure#0}
[INFO] [stdout]   18:     0x55e0ba1792c4 - std[70759c8f55707aa4]::sys::backtrace::__rust_begin_short_backtrace::<test[9d35eded1c95d3be]::run_test::{closure#1}, ()>
[INFO] [stdout]   19:     0x55e0ba182b62 - <std[70759c8f55707aa4]::thread::lifecycle::spawn_unchecked<test[9d35eded1c95d3be]::run_test::{closure#1}, ()>::{closure#1} as core[df12db4294e9bfd3]::ops::function::FnOnce<()>>::call_once::{shim:vtable#0}
[INFO] [stdout]   20:     0x55e0ba422759 - <std[70759c8f55707aa4]::sys::thread::unix::Thread>::new::thread_start
[INFO] [stdout]   21:     0x781a5ded3dfa - <unknown>
[INFO] [stdout]   22:     0x781a5df673d4 - clone
[INFO] [stdout]   23:                0x0 - <unknown>
[INFO] [stdout] 
[INFO] [stdout] ---- reqrep::reqrep_tls_works stdout ----
[INFO] [stdout] 
[INFO] [stdout] thread 'reqrep::reqrep_tls_works' (2057) panicked at tests/it/reqrep.rs:29:9:
[INFO] [stdout] Certificate file does not exist
[INFO] [stdout] stack backtrace:
[INFO] [stdout]    0:     0x55e0ba4233a1 - <<std[70759c8f55707aa4]::sys::backtrace::BacktraceLock>::print::DisplayBacktrace as core[df12db4294e9bfd3]::fmt::Display>::fmt
[INFO] [stdout]    1:     0x55e0ba439e8a - core[df12db4294e9bfd3]::fmt::write
[INFO] [stdout]    2:     0x55e0ba4280cc - <alloc[2182bb758b4b3781]::vec::Vec<u8> as core[df12db4294e9bfd3]::io::write::Write>::write_fmt
[INFO] [stdout]    3:     0x55e0ba3fe5c6 - std[70759c8f55707aa4]::panicking::default_hook::{closure#0}
[INFO] [stdout]    4:     0x55e0ba41b279 - std[70759c8f55707aa4]::panicking::default_hook
[INFO] [stdout]    5:     0x55e0ba17f0b0 - test[9d35eded1c95d3be]::test_main_inner::<test[9d35eded1c95d3be]::test_main_static::{closure#0}>::{closure#0}
[INFO] [stdout]    6:     0x55e0ba41b5a2 - std[70759c8f55707aa4]::panicking::panic_with_hook
[INFO] [stdout]    7:     0x55e0ba3fe6a4 - std[70759c8f55707aa4]::panicking::panic_handler::{closure#0}
[INFO] [stdout]    8:     0x55e0ba3f7349 - std[70759c8f55707aa4]::sys::backtrace::__rust_end_short_backtrace::<std[70759c8f55707aa4]::panicking::panic_handler::{closure#0}, !>
[INFO] [stdout]    9:     0x55e0ba3ff45d - __rustc[8fa7c3cbc660c2b3]::rust_begin_unwind
[INFO] [stdout]   10:     0x55e0ba43a66c - core[df12db4294e9bfd3]::panicking::panic_fmt
[INFO] [stdout]   11:     0x55e0ba0fa068 - it[61671a28d5ac8563]::reqrep::helpers::default_acceptor_builder
[INFO] [stdout]   12:     0x55e0ba125407 - it[61671a28d5ac8563]::reqrep::reqrep_tls_works::{closure#0}
[INFO] [stdout]   13:     0x55e0ba0fbfeb - <tokio[28f10d378d5bf819]::runtime::runtime::Runtime>::block_on::<core[df12db4294e9bfd3]::pin::Pin<&mut dyn core[df12db4294e9bfd3]::future::future::Future<Output = ()>>>
[INFO] [stdout]   14:     0x55e0ba129f5b - it[61671a28d5ac8563]::reqrep::reqrep_tls_works
[INFO] [stdout]   15:     0x55e0ba143049 - <it[61671a28d5ac8563]::reqrep::reqrep_tls_works::{closure#0} as core[df12db4294e9bfd3]::ops::function::FnOnce<()>>::call_once
[INFO] [stdout]   16:     0x55e0ba17239b - test[9d35eded1c95d3be]::__rust_begin_short_backtrace::<core[df12db4294e9bfd3]::result::Result<(), alloc[2182bb758b4b3781]::string::String>, fn() -> core[df12db4294e9bfd3]::result::Result<(), alloc[2182bb758b4b3781]::string::String>>
[INFO] [stdout]   17:     0x55e0ba17fa05 - test[9d35eded1c95d3be]::run_test::{closure#0}
[INFO] [stdout]   18:     0x55e0ba1792c4 - std[70759c8f55707aa4]::sys::backtrace::__rust_begin_short_backtrace::<test[9d35eded1c95d3be]::run_test::{closure#1}, ()>
[INFO] [stdout]   19:     0x55e0ba182b62 - <std[70759c8f55707aa4]::thread::lifecycle::spawn_unchecked<test[9d35eded1c95d3be]::run_test::{closure#1}, ()>::{closure#1} as core[df12db4294e9bfd3]::ops::function::FnOnce<()>>::call_once::{shim:vtable#0}
[INFO] [stdout]   20:     0x55e0ba422759 - <std[70759c8f55707aa4]::sys::thread::unix::Thread>::new::thread_start
[INFO] [stdout]   21:     0x781a5ded3dfa - <unknown>
[INFO] [stdout]   22:     0x781a5df673d4 - clone
[INFO] [stdout]   23:                0x0 - <unknown>
[INFO] [stdout] 
[INFO] [stdout] ---- reqrep::reqrep_mutual_tls_works stdout ----
[INFO] [stdout] 
[INFO] [stdout] thread 'reqrep::reqrep_mutual_tls_works' (2055) panicked at tests/it/reqrep.rs:29:9:
[INFO] [stdout] Certificate file does not exist
[INFO] [stdout] stack backtrace:
[INFO] [stdout]    0:     0x55e0ba4233a1 - <<std[70759c8f55707aa4]::sys::backtrace::BacktraceLock>::print::DisplayBacktrace as core[df12db4294e9bfd3]::fmt::Display>::fmt
[INFO] [stdout]    1:     0x55e0ba439e8a - core[df12db4294e9bfd3]::fmt::write
[INFO] [stdout]    2:     0x55e0ba4280cc - <alloc[2182bb758b4b3781]::vec::Vec<u8> as core[df12db4294e9bfd3]::io::write::Write>::write_fmt
[INFO] [stdout]    3:     0x55e0ba3fe5c6 - std[70759c8f55707aa4]::panicking::default_hook::{closure#0}
[INFO] [stdout]    4:     0x55e0ba41b279 - std[70759c8f55707aa4]::panicking::default_hook
[INFO] [stdout]    5:     0x55e0ba17f0b0 - test[9d35eded1c95d3be]::test_main_inner::<test[9d35eded1c95d3be]::test_main_static::{closure#0}>::{closure#0}
[INFO] [stdout]    6:     0x55e0ba41b5a2 - std[70759c8f55707aa4]::panicking::panic_with_hook
[INFO] [stdout]    7:     0x55e0ba3fe6a4 - std[70759c8f55707aa4]::panicking::panic_handler::{closure#0}
[INFO] [stdout]    8:     0x55e0ba3f7349 - std[70759c8f55707aa4]::sys::backtrace::__rust_end_short_backtrace::<std[70759c8f55707aa4]::panicking::panic_handler::{closure#0}, !>
[INFO] [stdout]    9:     0x55e0ba3ff45d - __rustc[8fa7c3cbc660c2b3]::rust_begin_unwind
[INFO] [stdout]   10:     0x55e0ba43a66c - core[df12db4294e9bfd3]::panicking::panic_fmt
[INFO] [stdout]   11:     0x55e0ba0fa068 - it[61671a28d5ac8563]::reqrep::helpers::default_acceptor_builder
[INFO] [stdout]   12:     0x55e0ba127591 - it[61671a28d5ac8563]::reqrep::reqrep_mutual_tls_works::{closure#0}
[INFO] [stdout]   13:     0x55e0ba0fbfeb - <tokio[28f10d378d5bf819]::runtime::runtime::Runtime>::block_on::<core[df12db4294e9bfd3]::pin::Pin<&mut dyn core[df12db4294e9bfd3]::future::future::Future<Output = ()>>>
[INFO] [stdout]   14:     0x55e0ba12a34b - it[61671a28d5ac8563]::reqrep::reqrep_mutual_tls_works
[INFO] [stdout]   15:     0x55e0ba1430a9 - <it[61671a28d5ac8563]::reqrep::reqrep_mutual_tls_works::{closure#0} as core[df12db4294e9bfd3]::ops::function::FnOnce<()>>::call_once
[INFO] [stdout]   16:     0x55e0ba17239b - test[9d35eded1c95d3be]::__rust_begin_short_backtrace::<core[df12db4294e9bfd3]::result::Result<(), alloc[2182bb758b4b3781]::string::String>, fn() -> core[df12db4294e9bfd3]::result::Result<(), alloc[2182bb758b4b3781]::string::String>>
[INFO] [stdout]   17:     0x55e0ba17fa05 - test[9d35eded1c95d3be]::run_test::{closure#0}
[INFO] [stdout]   18:     0x55e0ba1792c4 - std[70759c8f55707aa4]::sys::backtrace::__rust_begin_short_backtrace::<test[9d35eded1c95d3be]::run_test::{closure#1}, ()>
[INFO] [stdout]   19:     0x55e0ba182b62 - <std[70759c8f55707aa4]::thread::lifecycle::spawn_unchecked<test[9d35eded1c95d3be]::run_test::{closure#1}, ()>::{closure#1} as core[df12db4294e9bfd3]::ops::function::FnOnce<()>>::call_once::{shim:vtable#0}
[INFO] [stdout]   20:     0x55e0ba422759 - <std[70759c8f55707aa4]::sys::thread::unix::Thread>::new::thread_start
[INFO] [stdout]   21:     0x781a5ded3dfa - <unknown>
[INFO] [stdout]   22:     0x781a5df673d4 - clone
[INFO] [stdout]   23:                0x0 - <unknown>
[INFO] [stdout] 
[INFO] [stdout] 
[INFO] [stdout] failures:
[INFO] [stdout]     reqrep::reqrep_mutual_tls_works
[INFO] [stdout]     reqrep::reqrep_tls_control_works
[INFO] [stdout]     reqrep::reqrep_tls_works
[INFO] [stdout] 
[INFO] [stdout] test result: FAILED. 5 passed; 3 failed; 1 ignored; 0 measured; 0 filtered out; finished in 17.77s
[INFO] [stdout] 
[INFO] running `Command { std: "docker" "inspect" "7f983e896669d29acee4486fc5de6dd0acce79e2870fafc9f0ea70d63b39293f", kill_on_drop: false }`
[INFO] running `Command { std: "docker" "rm" "-f" "7f983e896669d29acee4486fc5de6dd0acce79e2870fafc9f0ea70d63b39293f", kill_on_drop: false }`
[INFO] [stdout] 7f983e896669d29acee4486fc5de6dd0acce79e2870fafc9f0ea70d63b39293f
