[INFO] fetching crate msb_krun_cpuid 0.1.41...
[INFO] testing msb_krun_cpuid-0.1.41 against 1.100.0-beta.1+cargoflags=--release for beta-release-1.100-2
[INFO] extracting crate msb_krun_cpuid 0.1.41 into /workspace/builds/worker-1-tc2/source
[INFO] started tweaking crates.io crate msb_krun_cpuid 0.1.41
[INFO] finished tweaking crates.io crate msb_krun_cpuid 0.1.41
[INFO] tweaked toml for crates.io crate msb_krun_cpuid 0.1.41 written to /workspace/builds/worker-1-tc2/source/Cargo.toml
[INFO] validating manifest of crates.io crate msb_krun_cpuid 0.1.41 on toolchain 1.100.0-beta.1
[INFO] running `Command { std: CARGO_HOME="/workspace/cargo-home" RUSTUP_HOME="/workspace/rustup-home" "/workspace/cargo-home/bin/cargo" "+1.100.0-beta.1" "metadata" "--manifest-path" "Cargo.toml" "--no-deps", kill_on_drop: false }`
[INFO] crate crates.io crate msb_krun_cpuid 0.1.41 already has a lockfile, it will not be regenerated
[INFO] running `Command { std: CARGO_HOME="/workspace/cargo-home" RUSTUP_HOME="/workspace/rustup-home" "/workspace/cargo-home/bin/cargo" "+1.100.0-beta.1" "fetch" "--manifest-path" "Cargo.toml", kill_on_drop: false }`
[INFO] running `Command { std: "docker" "create" "-v" "/var/lib/crater-agent-workspace/builds/worker-1-tc2/source:/opt/rustwide/workdir:ro,Z" "-v" "/var/lib/crater-agent-workspace/builds/worker-1-tc2/target:/opt/rustwide/target:rw,Z" "-v" "/var/lib/crater-agent-workspace/cargo-home:/opt/rustwide/cargo-home:ro,Z" "-v" "/var/lib/crater-agent-workspace/rustup-home:/opt/rustwide/rustup-home:ro,Z" "-m" "1610612736" "--network" "none" "ghcr.io/rust-lang/crates-build-env/linux@sha256:77db811e55d90add9212f6832c23229e3de5f1c1f9905e8cb07319ea15df73ac" "sleep" "infinity", kill_on_drop: false }`
[INFO] [stdout] 53b6f2298417236ea2ae4f62d4dd05e2268d3a4551a061abb07454650c00caeb
[INFO] running `Command { std: "docker" "start" "53b6f2298417236ea2ae4f62d4dd05e2268d3a4551a061abb07454650c00caeb", kill_on_drop: false }`
[INFO] running `Command { std: "docker" "inspect" "53b6f2298417236ea2ae4f62d4dd05e2268d3a4551a061abb07454650c00caeb", kill_on_drop: false }`
[INFO] running `Command { std: "docker" "exec" "-e" "SOURCE_DIR=/opt/rustwide/workdir" "-e" "CARGO_HOME=/opt/rustwide/cargo-home" "-e" "RUSTUP_HOME=/opt/rustwide/rustup-home" "-e" "CARGO_TARGET_DIR=/opt/rustwide/target" "-w" "/opt/rustwide/workdir" "--user" "0:0" "53b6f2298417236ea2ae4f62d4dd05e2268d3a4551a061abb07454650c00caeb" "/opt/rustwide/cargo-home/bin/cargo" "+1.100.0-beta.1" "metadata" "--no-deps" "--format-version=1", kill_on_drop: false }`
[INFO] running `Command { std: "docker" "inspect" "53b6f2298417236ea2ae4f62d4dd05e2268d3a4551a061abb07454650c00caeb", kill_on_drop: false }`
[INFO] running `Command { std: "docker" "exec" "-e" "SOURCE_DIR=/opt/rustwide/workdir" "-e" "CARGO_HOME=/opt/rustwide/cargo-home" "-e" "RUSTUP_HOME=/opt/rustwide/rustup-home" "-e" "CARGO_TARGET_DIR=/opt/rustwide/target" "-e" "CARGO_INCREMENTAL=0" "-e" "RUST_BACKTRACE=full" "-e" "RUSTFLAGS=--cap-lints=warn" "-e" "RUSTDOCFLAGS=--cap-lints=warn" "-w" "/opt/rustwide/workdir" "--user" "0:0" "53b6f2298417236ea2ae4f62d4dd05e2268d3a4551a061abb07454650c00caeb" "/opt/rustwide/cargo-home/bin/cargo" "+1.100.0-beta.1" "build" "--frozen" "--message-format=json" "--release", kill_on_drop: false }`
[INFO] [stderr]    Compiling libc v0.2.172
[INFO] [stderr]    Compiling kvm-ioctls v0.22.0
[INFO] [stderr]    Compiling vmm-sys-util v0.14.0
[INFO] [stderr]    Compiling kvm-bindings v0.12.0
[INFO] [stderr]    Compiling msb_krun_cpuid v0.1.41 (/opt/rustwide/workdir)
[INFO] [stderr] warning: unused dependency `kvm-ioctls`
[INFO] [stderr]   --> Cargo.toml:31:49
[INFO] [stderr]    |
[INFO] [stderr] 31 | [target.'cfg(target_os = "linux")'.dependencies.kvm-ioctls]
[INFO] [stderr]    |                                                 ^^^^^^^^^^^
[INFO] [stderr]    |
[INFO] [stderr]    = note: `cargo::unused_dependencies` is set to `warn` by default
[INFO] [stderr] help: consider removing the dependency on `kvm-ioctls`
[INFO] [stderr] warning: `msb_krun_cpuid` (manifest) generated 1 warning
[INFO] [stderr]     Finished `release` profile [optimized] target(s) in 4.22s
[INFO] running `Command { std: "docker" "inspect" "53b6f2298417236ea2ae4f62d4dd05e2268d3a4551a061abb07454650c00caeb", kill_on_drop: false }`
[INFO] running `Command { std: "docker" "exec" "-e" "SOURCE_DIR=/opt/rustwide/workdir" "-e" "CARGO_HOME=/opt/rustwide/cargo-home" "-e" "RUSTUP_HOME=/opt/rustwide/rustup-home" "-e" "CARGO_TARGET_DIR=/opt/rustwide/target" "-e" "CARGO_INCREMENTAL=0" "-e" "RUST_BACKTRACE=full" "-e" "RUSTFLAGS=--cap-lints=warn" "-e" "RUSTDOCFLAGS=--cap-lints=warn" "-w" "/opt/rustwide/workdir" "--user" "0:0" "53b6f2298417236ea2ae4f62d4dd05e2268d3a4551a061abb07454650c00caeb" "/opt/rustwide/cargo-home/bin/cargo" "+1.100.0-beta.1" "test" "--frozen" "--no-run" "--message-format=json" "--release", kill_on_drop: false }`
[INFO] [stderr]    Compiling msb_krun_cpuid v0.1.41 (/opt/rustwide/workdir)
[INFO] [stdout] warning: use of deprecated associated function `core::num::<impl u8>::max_value`: replaced by the `MAX` associated constant on this type
[INFO] [stdout]    --> src/transformer/common.rs:148:46
[INFO] [stdout]     |
[INFO] [stdout] 148 |         assert!(get_max_cpus_per_package(u8::max_value()).is_err());
[INFO] [stdout]     |                                              ^^^^^^^^^
[INFO] [stdout]     |
[INFO] [stdout]     = note: `#[warn(deprecated)]` on by default
[INFO] [stdout] 
[INFO] [stdout] 
[INFO] [stdout] warning: unnecessary `unsafe` block
[INFO] [stdout]    --> src/brand_string.rs:392:37
[INFO] [stdout]     |
[INFO] [stdout] 392 |                     let host_regs = unsafe { host_cpuid(leaf) };
[INFO] [stdout]     |                                     ^^^^^^ unnecessary `unsafe` block
[INFO] [stdout]     |
[INFO] [stdout]     = note: `#[warn(unused_unsafe)]` (part of `#[warn(unused)]`) on by default
[INFO] [stdout] 
[INFO] [stdout] 
[INFO] [stdout] warning: unnecessary `unsafe` block
[INFO] [stdout]    --> src/brand_string.rs:402:33
[INFO] [stdout]     |
[INFO] [stdout] 402 |                 let host_regs = unsafe { host_cpuid(0x8000_0000) };
[INFO] [stdout]     |                                 ^^^^^^ unnecessary `unsafe` block
[INFO] [stdout] 
[INFO] [stdout] 
[INFO] [stderr] warning: unused dependency `kvm-ioctls`
[INFO] [stderr]   --> Cargo.toml:31:49
[INFO] [stderr]    |
[INFO] [stderr] 31 | [target.'cfg(target_os = "linux")'.dependencies.kvm-ioctls]
[INFO] [stderr]    |                                                 ^^^^^^^^^^^
[INFO] [stderr]    |
[INFO] [stderr]    = note: `cargo::unused_dependencies` is set to `warn` by default
[INFO] [stderr] help: consider removing the dependency on `kvm-ioctls`
[INFO] [stderr] warning: `msb_krun_cpuid` (manifest) generated 1 warning
[INFO] [stderr]     Finished `release` profile [optimized] target(s) in 1.14s
[INFO] running `Command { std: "docker" "inspect" "53b6f2298417236ea2ae4f62d4dd05e2268d3a4551a061abb07454650c00caeb", kill_on_drop: false }`
[INFO] running `Command { std: "docker" "exec" "-e" "SOURCE_DIR=/opt/rustwide/workdir" "-e" "CARGO_HOME=/opt/rustwide/cargo-home" "-e" "RUSTUP_HOME=/opt/rustwide/rustup-home" "-e" "CARGO_TARGET_DIR=/opt/rustwide/target" "-e" "CARGO_INCREMENTAL=0" "-e" "RUST_BACKTRACE=full" "-e" "RUSTFLAGS=--cap-lints=warn" "-e" "RUSTDOCFLAGS=--cap-lints=warn" "-w" "/opt/rustwide/workdir" "--user" "0:0" "53b6f2298417236ea2ae4f62d4dd05e2268d3a4551a061abb07454650c00caeb" "/opt/rustwide/cargo-home/bin/cargo" "+1.100.0-beta.1" "test" "--frozen" "--release", kill_on_drop: false }`
[INFO] [stderr] warning: use of deprecated associated function `core::num::<impl u8>::max_value`: replaced by the `MAX` associated constant on this type
[INFO] [stderr]    --> src/transformer/common.rs:148:46
[INFO] [stderr]     |
[INFO] [stderr] 148 |         assert!(get_max_cpus_per_package(u8::max_value()).is_err());
[INFO] [stderr]     |                                              ^^^^^^^^^
[INFO] [stderr]     |
[INFO] [stderr]     = note: `#[warn(deprecated)]` on by default
[INFO] [stderr] 
[INFO] [stderr] warning: unnecessary `unsafe` block
[INFO] [stderr]    --> src/brand_string.rs:392:37
[INFO] [stderr]     |
[INFO] [stderr] 392 |                     let host_regs = unsafe { host_cpuid(leaf) };
[INFO] [stderr]     |                                     ^^^^^^ unnecessary `unsafe` block
[INFO] [stderr]     |
[INFO] [stderr]     = note: `#[warn(unused_unsafe)]` (part of `#[warn(unused)]`) on by default
[INFO] [stderr] 
[INFO] [stderr] warning: unnecessary `unsafe` block
[INFO] [stderr]    --> src/brand_string.rs:402:33
[INFO] [stderr]     |
[INFO] [stderr] 402 |                 let host_regs = unsafe { host_cpuid(0x8000_0000) };
[INFO] [stderr]     |                                 ^^^^^^ unnecessary `unsafe` block
[INFO] [stderr] 
[INFO] [stderr] warning: `msb_krun_cpuid` (lib test) generated 3 warnings
[INFO] [stderr] warning: unused dependency `kvm-ioctls`
[INFO] [stderr]   --> Cargo.toml:31:49
[INFO] [stderr]    |
[INFO] [stderr] 31 | [target.'cfg(target_os = "linux")'.dependencies.kvm-ioctls]
[INFO] [stderr]    |                                                 ^^^^^^^^^^^
[INFO] [stderr]    |
[INFO] [stderr]    = note: `cargo::unused_dependencies` is set to `warn` by default
[INFO] [stderr] help: consider removing the dependency on `kvm-ioctls`
[INFO] [stderr] warning: `msb_krun_cpuid` (manifest) generated 1 warning
[INFO] [stderr]     Finished `release` profile [optimized] target(s) in 0.03s
[INFO] [stderr]      Running unittests src/lib.rs (/opt/rustwide/target/release/build/msb_krun_cpuid/88f55315035dfb60/out/msb_krun_cpuid-88f55315035dfb60)
[INFO] [stdout] 
[INFO] [stdout] running 46 tests
[INFO] [stdout] test bit_helper::tests::test_chained_write_bit ... ok
[INFO] [stdout] test common::tests::test_get_cpu_id ... ok
[INFO] [stdout] test bit_helper::tests::test_invalid_write_bits - should panic ... ok
[INFO] [stdout] test bit_helper::tests::test_invalid_write_bit - should panic ... ok
[INFO] [stdout] test bit_helper::tests::test_invalid_range - should panic ... ok
[INFO] [stdout] test bit_helper::tests::test_invalid_read_bit - should panic ... ok
[INFO] [stdout] test bit_helper::tests::test_simple_read_bit ... ok
[INFO] [stdout] test bit_helper::tests::test_chained_write_bits ... ok
[INFO] [stdout] test bit_helper::tests::test_read_bits ... ok
[INFO] [stdout] test bit_helper::tests::test_simple_write_bits ... ok
[INFO] [stdout] test brand_string::tests::test_brand_string ... ok
[INFO] [stdout] test brand_string::tests::test_find_freq_fails ... ok
[INFO] [stdout] test common::tests::test_get_vendor_id ... ok
[INFO] [stdout] test tests::test_vm_spec_nested_enabled ... ok
[INFO] [stdout] test bit_helper::tests::test_invalid_msb_index - should panic ... ok
[INFO] [stdout] test transformer::amd::tests::test_1vcpu_ht_off ... ok
[INFO] [stdout] test transformer::amd::tests::test_2vcpu_ht_on ... ok
[INFO] [stdout] test transformer::amd::tests::test_update_extended_cache_topology_entry ... ok
[INFO] [stdout] test transformer::amd::tests::test_update_extended_feature_info_entry ... ok
[INFO] [stdout] test transformer::amd::tests::test_update_largest_extended_fn_entry ... ok
[INFO] [stdout] test transformer::amd::tests::test_update_feature_info_entry ... ok
[INFO] [stdout] test transformer::amd::tests::test_update_structured_extended_entry ... ok
[INFO] [stdout] test transformer::common::tests::test_1vcpu_ht_off ... ok
[INFO] [stdout] test transformer::amd::tests::test_1vcpu_ht_on ... ok
[INFO] [stdout] test transformer::common::tests::test_1vcpu_ht_on ... ok
[INFO] [stdout] test transformer::amd::tests::test_2vcpu_ht_off ... ok
[INFO] [stdout] test transformer::common::tests::test_2vcpu_ht_off ... ok
[INFO] [stdout] test tests::test_mask_nested_virt ... ok
[INFO] [stdout] test bit_helper::tests::test_invalid_read_bits - should panic ... ok
[INFO] [stdout] test tests::test_filter_cpuid_keeps_nested_virt_when_enabled ... ok
[INFO] [stdout] test transformer::common::tests::test_get_max_cpus_per_package ... ok
[INFO] [stdout] test bit_helper::tests::test_overflow_write_bits - should panic ... ok
[INFO] [stdout] test transformer::intel::tests::test_update_perf_mon_entry ... ok
[INFO] [stdout] test transformer::common::tests::test_use_host_cpuid_function_without_count ... ok
[INFO] [stdout] test transformer::tests::test_process_cpuid ... ok
[INFO] [stdout] test transformer::common::tests::test_use_host_cpuid_function_err ... ok
[INFO] [stdout] test transformer::intel::tests::test_1vcpu_ht_off ... ok
[INFO] [stdout] test transformer::common::tests::test_use_host_cpuid_function_with_count ... ok
[INFO] [stdout] test transformer::intel::tests::test_1vcpu_ht_on ... ok
[INFO] [stdout] test transformer::intel::tests::test_2vcpu_ht_on ... ok
[INFO] [stdout] test transformer::intel::tests::test_2vcpu_ht_off ... ok
[INFO] [stdout] test bit_helper::tests::test_get_u32_mask_for_range ... ok
[INFO] [stdout] test transformer::intel::tests::test_update_feature_info_entry ... ok
[INFO] [stdout] test tests::test_filter_cpuid_masks_nested_virt_when_disabled ... ok
[INFO] [stdout] test transformer::common::tests::test_2vcpu_ht_on ... ok
[INFO] [stdout] test bit_helper::tests::test_simple_write_bit ... ok
[INFO] [stdout] 
[INFO] [stdout] test result: ok. 46 passed; 0 failed; 0 ignored; 0 measured; 0 filtered out; finished in 0.01s
[INFO] [stdout] 
[INFO] [stderr]    Doc-tests msb_krun_cpuid
[INFO] [stdout] 
[INFO] [stdout] running 5 tests
[INFO] [stdout] test src/bit_helper.rs - bit_helper::BitRange (line 10) ... ok
[INFO] [stdout] test src/bit_helper.rs - bit_helper::BitHelper::read_bits_in_range (line 104) ... ok
[INFO] [stdout] test src/bit_helper.rs - bit_helper::BitRangeExt::get_mask (line 44) ... ok
[INFO] [stdout] test src/bit_helper.rs - bit_helper::BitHelper::write_bits_in_range (line 126) ... ok
[INFO] [stdout] test src/lib.rs - filter_cpuid (line 41) ... FAILED
[INFO] [stdout] 
[INFO] [stdout] failures:
[INFO] [stdout] 
[INFO] [stdout] ---- src/lib.rs - filter_cpuid (line 41) stdout ----
[INFO] [stdout] Test executable failed (exit status: 101).
[INFO] [stdout] 
[INFO] [stdout] stderr:
[INFO] [stdout] 
[INFO] [stdout] thread 'main' (433) panicked at src/lib.rs:9:22:
[INFO] [stdout] called `Result::unwrap()` on an `Err` value: Error(2)
[INFO] [stdout] stack backtrace:
[INFO] [stdout]    0:     0x64cc97bf3061 - std[617be2ca0a6fd877]::backtrace_rs::backtrace::libunwind::trace
[INFO] [stdout]                                at /rustc/e3feeb59cd1bdd011a2bfcc0747b55125d9b8527/library/std/src/../../backtrace/src/backtrace/libunwind.rs:117:9
[INFO] [stdout]    1:     0x64cc97bf3061 - std[617be2ca0a6fd877]::backtrace_rs::backtrace::trace_unsynchronized::<std[617be2ca0a6fd877]::sys::backtrace::_print_fmt::{closure#1}>
[INFO] [stdout]                                at /rustc/e3feeb59cd1bdd011a2bfcc0747b55125d9b8527/library/std/src/../../backtrace/src/backtrace/mod.rs:66:14
[INFO] [stdout]    2:     0x64cc97bf3061 - std[617be2ca0a6fd877]::sys::backtrace::_print_fmt
[INFO] [stdout]                                at /rustc/e3feeb59cd1bdd011a2bfcc0747b55125d9b8527/library/std/src/sys/backtrace.rs:74:9
[INFO] [stdout]    3:     0x64cc97bf3061 - <<std[617be2ca0a6fd877]::sys::backtrace::BacktraceLock>::print::DisplayBacktrace as core[a373ad73a504971]::fmt::Display>::fmt
[INFO] [stdout]                                at /rustc/e3feeb59cd1bdd011a2bfcc0747b55125d9b8527/library/std/src/sys/backtrace.rs:44:26
[INFO] [stdout]    4:     0x64cc97c035ba - <core[a373ad73a504971]::fmt::rt::Argument>::fmt
[INFO] [stdout]                                at /rustc/e3feeb59cd1bdd011a2bfcc0747b55125d9b8527/library/core/src/fmt/rt.rs:152:76
[INFO] [stdout]    5:     0x64cc97c035ba - core[a373ad73a504971]::fmt::write
[INFO] [stdout]    6:     0x64cc97bf60cc - core[a373ad73a504971]::io::write::default_write_fmt::<std[617be2ca0a6fd877]::sys::stdio::unix::Stderr>
[INFO] [stdout]                                at /rustc/e3feeb59cd1bdd011a2bfcc0747b55125d9b8527/library/core/src/io/write.rs:402:11
[INFO] [stdout]    7:     0x64cc97bf60cc - <std[617be2ca0a6fd877]::sys::stdio::unix::Stderr as core[a373ad73a504971]::io::write::Write>::write_fmt
[INFO] [stdout]                                at /rustc/e3feeb59cd1bdd011a2bfcc0747b55125d9b8527/library/core/src/io/write.rs:335:13
[INFO] [stdout]    8:     0x64cc97bdd406 - <std[617be2ca0a6fd877]::sys::backtrace::BacktraceLock>::print
[INFO] [stdout]                                at /rustc/e3feeb59cd1bdd011a2bfcc0747b55125d9b8527/library/std/src/sys/backtrace.rs:47:9
[INFO] [stdout]    9:     0x64cc97bdd406 - std[617be2ca0a6fd877]::panicking::default_hook::{closure#0}
[INFO] [stdout]                                at /rustc/e3feeb59cd1bdd011a2bfcc0747b55125d9b8527/library/std/src/panicking.rs:289:27
[INFO] [stdout]   10:     0x64cc97befa81 - std[617be2ca0a6fd877]::panicking::default_hook
[INFO] [stdout]                                at /rustc/e3feeb59cd1bdd011a2bfcc0747b55125d9b8527/library/std/src/panicking.rs:316:9
[INFO] [stdout]   11:     0x64cc97befc3b - std[617be2ca0a6fd877]::panicking::panic_with_hook
[INFO] [stdout]                                at /rustc/e3feeb59cd1bdd011a2bfcc0747b55125d9b8527/library/std/src/panicking.rs:811:13
[INFO] [stdout]   12:     0x64cc97bdd4b2 - std[617be2ca0a6fd877]::panicking::panic_handler::{closure#0}
[INFO] [stdout]                                at /rustc/e3feeb59cd1bdd011a2bfcc0747b55125d9b8527/library/std/src/panicking.rs:685:13
[INFO] [stdout]   13:     0x64cc97bd66b9 - std[617be2ca0a6fd877]::sys::backtrace::__rust_end_short_backtrace::<std[617be2ca0a6fd877]::panicking::panic_handler::{closure#0}, !>
[INFO] [stdout]                                at /rustc/e3feeb59cd1bdd011a2bfcc0747b55125d9b8527/library/std/src/sys/backtrace.rs:182:18
[INFO] [stdout]   14:     0x64cc97bddbfd - __rustc[ea4f61d10b84890b]::rust_begin_unwind
[INFO] [stdout]                                at /rustc/e3feeb59cd1bdd011a2bfcc0747b55125d9b8527/library/std/src/panicking.rs:676:5
[INFO] [stdout]   15:     0x64cc97c03cac - core[a373ad73a504971]::panicking::panic_fmt
[INFO] [stdout]                                at /rustc/e3feeb59cd1bdd011a2bfcc0747b55125d9b8527/library/core/src/panicking.rs:80:14
[INFO] [stdout]   16:     0x64cc97c03a82 - core[a373ad73a504971]::result::unwrap_failed
[INFO] [stdout]                                at /rustc/e3feeb59cd1bdd011a2bfcc0747b55125d9b8527/library/core/src/result.rs:1870:5
[INFO] [stdout]   17:     0x64cc97bc9b70 - rust_out[72a830746f8703f]::main::_doctest_main_src_lib_rs_41_0
[INFO] [stdout]   18:     0x64cc97bc9316 - rust_out[72a830746f8703f]::main
[INFO] [stdout]   19:     0x64cc97bca5c3 - <fn() as core[a373ad73a504971]::ops::function::FnOnce<()>>::call_once
[INFO] [stdout]   20:     0x64cc97bc8fa6 - std[617be2ca0a6fd877]::sys::backtrace::__rust_begin_short_backtrace::<fn(), ()>
[INFO] [stdout]   21:     0x64cc97bc92c9 - std[617be2ca0a6fd877]::rt::lang_start::<()>::{closure#0}
[INFO] [stdout]   22:     0x64cc97bef228 - <&dyn core[a373ad73a504971]::ops::function::Fn<(), Output = i32> + core[a373ad73a504971]::marker::Sync + core[a373ad73a504971]::panic::unwind_safe::RefUnwindSafe as core[a373ad73a504971]::ops::function::FnOnce<()>>::call_once
[INFO] [stdout]                                at /rustc/e3feeb59cd1bdd011a2bfcc0747b55125d9b8527/library/core/src/ops/function.rs:287:21
[INFO] [stdout]   23:     0x64cc97bef228 - std[617be2ca0a6fd877]::panicking::catch_unwind::do_call::<&dyn core[a373ad73a504971]::ops::function::Fn<(), Output = i32> + core[a373ad73a504971]::marker::Sync + core[a373ad73a504971]::panic::unwind_safe::RefUnwindSafe, i32>
[INFO] [stdout]                                at /rustc/e3feeb59cd1bdd011a2bfcc0747b55125d9b8527/library/std/src/panicking.rs:573:43
[INFO] [stdout]   24:     0x64cc97bef228 - std[617be2ca0a6fd877]::panicking::catch_unwind::<i32, &dyn core[a373ad73a504971]::ops::function::Fn<(), Output = i32> + core[a373ad73a504971]::marker::Sync + core[a373ad73a504971]::panic::unwind_safe::RefUnwindSafe>
[INFO] [stdout]                                at /rustc/e3feeb59cd1bdd011a2bfcc0747b55125d9b8527/library/std/src/panicking.rs:541:19
[INFO] [stdout]   25:     0x64cc97bef228 - std[617be2ca0a6fd877]::panic::catch_unwind::<&dyn core[a373ad73a504971]::ops::function::Fn<(), Output = i32> + core[a373ad73a504971]::marker::Sync + core[a373ad73a504971]::panic::unwind_safe::RefUnwindSafe, i32>
[INFO] [stdout]                                at /rustc/e3feeb59cd1bdd011a2bfcc0747b55125d9b8527/library/std/src/panic.rs:359:14
[INFO] [stdout]   26:     0x64cc97bef228 - std[617be2ca0a6fd877]::rt::lang_start_internal::{closure#0}
[INFO] [stdout]                                at /rustc/e3feeb59cd1bdd011a2bfcc0747b55125d9b8527/library/std/src/rt.rs:175:24
[INFO] [stdout]   27:     0x64cc97bef228 - std[617be2ca0a6fd877]::panicking::catch_unwind::do_call::<std[617be2ca0a6fd877]::rt::lang_start_internal::{closure#0}, isize>
[INFO] [stdout]                                at /rustc/e3feeb59cd1bdd011a2bfcc0747b55125d9b8527/library/std/src/panicking.rs:573:43
[INFO] [stdout]   28:     0x64cc97bef228 - std[617be2ca0a6fd877]::panicking::catch_unwind::<isize, std[617be2ca0a6fd877]::rt::lang_start_internal::{closure#0}>
[INFO] [stdout]                                at /rustc/e3feeb59cd1bdd011a2bfcc0747b55125d9b8527/library/std/src/panicking.rs:541:19
[INFO] [stdout]   29:     0x64cc97bef228 - std[617be2ca0a6fd877]::panic::catch_unwind::<std[617be2ca0a6fd877]::rt::lang_start_internal::{closure#0}, isize>
[INFO] [stdout]                                at /rustc/e3feeb59cd1bdd011a2bfcc0747b55125d9b8527/library/std/src/panic.rs:359:14
[INFO] [stdout]   30:     0x64cc97bef228 - std[617be2ca0a6fd877]::rt::lang_start_internal
[INFO] [stdout]                                at /rustc/e3feeb59cd1bdd011a2bfcc0747b55125d9b8527/library/std/src/rt.rs:171:5
[INFO] [stdout]   31:     0x64cc97bc8da1 - std[617be2ca0a6fd877]::rt::lang_start::<()>
[INFO] [stdout]   32:     0x64cc97bca845 - main
[INFO] [stdout]   33:     0x752db661b601 - <unknown>
[INFO] [stdout]   34:     0x752db661b718 - __libc_start_main
[INFO] [stdout]   35:     0x64cc97bc8cb5 - _start
[INFO] [stdout]   36:                0x0 - <unknown>
[INFO] [stdout] 
[INFO] [stdout] 
[INFO] [stdout] 
[INFO] [stdout] failures:
[INFO] [stdout]     src/lib.rs - filter_cpuid (line 41)
[INFO] [stdout] 
[INFO] [stdout] test result: FAILED. 4 passed; 1 failed; 0 ignored; 0 measured; 0 filtered out; finished in 0.48s
[INFO] [stdout] 
[INFO] [stderr] error: doctest failed, to rerun pass `--doc`
[INFO] running `Command { std: "docker" "inspect" "53b6f2298417236ea2ae4f62d4dd05e2268d3a4551a061abb07454650c00caeb", kill_on_drop: false }`
[INFO] running `Command { std: "docker" "rm" "-f" "53b6f2298417236ea2ae4f62d4dd05e2268d3a4551a061abb07454650c00caeb", kill_on_drop: false }`
[INFO] [stdout] 53b6f2298417236ea2ae4f62d4dd05e2268d3a4551a061abb07454650c00caeb
