[INFO] fetching crate ms-offcrypto-writer 1.0.7...
[INFO] testing ms-offcrypto-writer-1.0.7 against 1.100.0-beta.1+cargoflags=--release for beta-release-1.100-2
[INFO] extracting crate ms-offcrypto-writer 1.0.7 into /workspace/builds/worker-6-tc2/source
[INFO] started tweaking crates.io crate ms-offcrypto-writer 1.0.7
[INFO] removed 0 missing tests
[INFO] finished tweaking crates.io crate ms-offcrypto-writer 1.0.7
[INFO] tweaked toml for crates.io crate ms-offcrypto-writer 1.0.7 written to /workspace/builds/worker-6-tc2/source/Cargo.toml
[INFO] validating manifest of crates.io crate ms-offcrypto-writer 1.0.7 on toolchain 1.100.0-beta.1
[INFO] running `Command { std: CARGO_HOME="/workspace/cargo-home" RUSTUP_HOME="/workspace/rustup-home" "/workspace/cargo-home/bin/cargo" "+1.100.0-beta.1" "metadata" "--manifest-path" "Cargo.toml" "--no-deps", kill_on_drop: false }`
[INFO] crate crates.io crate ms-offcrypto-writer 1.0.7 already has a lockfile, it will not be regenerated
[INFO] running `Command { std: CARGO_HOME="/workspace/cargo-home" RUSTUP_HOME="/workspace/rustup-home" "/workspace/cargo-home/bin/cargo" "+1.100.0-beta.1" "fetch" "--manifest-path" "Cargo.toml", kill_on_drop: false }`
[INFO] running `Command { std: "docker" "create" "-v" "/var/lib/crater-agent-workspace/builds/worker-6-tc2/source:/opt/rustwide/workdir:ro,Z" "-v" "/var/lib/crater-agent-workspace/builds/worker-6-tc2/target:/opt/rustwide/target:rw,Z" "-v" "/var/lib/crater-agent-workspace/cargo-home:/opt/rustwide/cargo-home:ro,Z" "-v" "/var/lib/crater-agent-workspace/rustup-home:/opt/rustwide/rustup-home:ro,Z" "-m" "1610612736" "--network" "none" "ghcr.io/rust-lang/crates-build-env/linux@sha256:77db811e55d90add9212f6832c23229e3de5f1c1f9905e8cb07319ea15df73ac" "sleep" "infinity", kill_on_drop: false }`
[INFO] [stdout] 756b33cd9d914419a4c2033bbcd061d8572c7ff7002fa53feb87b63bff75e087
[INFO] running `Command { std: "docker" "start" "756b33cd9d914419a4c2033bbcd061d8572c7ff7002fa53feb87b63bff75e087", kill_on_drop: false }`
[INFO] running `Command { std: "docker" "inspect" "756b33cd9d914419a4c2033bbcd061d8572c7ff7002fa53feb87b63bff75e087", kill_on_drop: false }`
[INFO] running `Command { std: "docker" "exec" "-e" "SOURCE_DIR=/opt/rustwide/workdir" "-e" "CARGO_HOME=/opt/rustwide/cargo-home" "-e" "RUSTUP_HOME=/opt/rustwide/rustup-home" "-e" "CARGO_TARGET_DIR=/opt/rustwide/target" "-w" "/opt/rustwide/workdir" "--user" "0:0" "756b33cd9d914419a4c2033bbcd061d8572c7ff7002fa53feb87b63bff75e087" "/opt/rustwide/cargo-home/bin/cargo" "+1.100.0-beta.1" "metadata" "--no-deps" "--format-version=1", kill_on_drop: false }`
[INFO] running `Command { std: "docker" "inspect" "756b33cd9d914419a4c2033bbcd061d8572c7ff7002fa53feb87b63bff75e087", kill_on_drop: false }`
[INFO] running `Command { std: "docker" "exec" "-e" "SOURCE_DIR=/opt/rustwide/workdir" "-e" "CARGO_HOME=/opt/rustwide/cargo-home" "-e" "RUSTUP_HOME=/opt/rustwide/rustup-home" "-e" "CARGO_TARGET_DIR=/opt/rustwide/target" "-e" "CARGO_INCREMENTAL=0" "-e" "RUST_BACKTRACE=full" "-e" "RUSTFLAGS=--cap-lints=warn" "-e" "RUSTDOCFLAGS=--cap-lints=warn" "-w" "/opt/rustwide/workdir" "--user" "0:0" "756b33cd9d914419a4c2033bbcd061d8572c7ff7002fa53feb87b63bff75e087" "/opt/rustwide/cargo-home/bin/cargo" "+1.100.0-beta.1" "build" "--frozen" "--message-format=json" "--release", kill_on_drop: false }`
[INFO] [stderr]    Compiling version_check v0.9.5
[INFO] [stderr]    Compiling typenum v1.18.0
[INFO] [stderr]    Compiling cfg-if v1.0.0
[INFO] [stderr]    Compiling libc v0.2.172
[INFO] [stderr]    Compiling zerocopy v0.8.24
[INFO] [stderr]    Compiling getrandom v0.3.2
[INFO] [stderr]    Compiling subtle v2.6.1
[INFO] [stderr]    Compiling cpufeatures v0.2.17
[INFO] [stderr]    Compiling uuid v1.16.0
[INFO] [stderr]    Compiling fnv v1.0.7
[INFO] [stderr]    Compiling byteorder v1.5.0
[INFO] [stderr]    Compiling base64 v0.22.1
[INFO] [stderr]    Compiling widestring v1.2.0
[INFO] [stderr]    Compiling generic-array v0.14.7
[INFO] [stderr]    Compiling cfb v0.10.0
[INFO] [stderr]    Compiling rand_core v0.9.3
[INFO] [stderr]    Compiling crypto-common v0.1.6
[INFO] [stderr]    Compiling block-padding v0.3.3
[INFO] [stderr]    Compiling block-buffer v0.10.4
[INFO] [stderr]    Compiling inout v0.1.4
[INFO] [stderr]    Compiling digest v0.10.7
[INFO] [stderr]    Compiling cipher v0.4.4
[INFO] [stderr]    Compiling sha2 v0.10.8
[INFO] [stderr]    Compiling hmac v0.12.1
[INFO] [stderr]    Compiling cbc v0.1.2
[INFO] [stderr]    Compiling aes v0.8.4
[INFO] [stderr]    Compiling ppv-lite86 v0.2.21
[INFO] [stderr]    Compiling rand_chacha v0.9.0
[INFO] [stderr]    Compiling rand v0.9.1
[INFO] [stderr]    Compiling ms-offcrypto-writer v1.0.7 (/opt/rustwide/workdir)
[INFO] [stderr]     Finished `release` profile [optimized] target(s) in 9.39s
[INFO] running `Command { std: "docker" "inspect" "756b33cd9d914419a4c2033bbcd061d8572c7ff7002fa53feb87b63bff75e087", kill_on_drop: false }`
[INFO] running `Command { std: "docker" "exec" "-e" "SOURCE_DIR=/opt/rustwide/workdir" "-e" "CARGO_HOME=/opt/rustwide/cargo-home" "-e" "RUSTUP_HOME=/opt/rustwide/rustup-home" "-e" "CARGO_TARGET_DIR=/opt/rustwide/target" "-e" "CARGO_INCREMENTAL=0" "-e" "RUST_BACKTRACE=full" "-e" "RUSTFLAGS=--cap-lints=warn" "-e" "RUSTDOCFLAGS=--cap-lints=warn" "-w" "/opt/rustwide/workdir" "--user" "0:0" "756b33cd9d914419a4c2033bbcd061d8572c7ff7002fa53feb87b63bff75e087" "/opt/rustwide/cargo-home/bin/cargo" "+1.100.0-beta.1" "test" "--frozen" "--no-run" "--message-format=json" "--release", kill_on_drop: false }`
[INFO] [stderr]    Compiling proc-macro2 v1.0.95
[INFO] [stderr]    Compiling unicode-ident v1.0.18
[INFO] [stderr]    Compiling syn v1.0.109
[INFO] [stderr]    Compiling serde v1.0.219
[INFO] [stderr]    Compiling radium v0.7.0
[INFO] [stderr]    Compiling adler2 v2.0.0
[INFO] [stderr]    Compiling crc32fast v1.4.2
[INFO] [stderr]    Compiling tap v1.0.1
[INFO] [stderr]    Compiling memchr v2.7.4
[INFO] [stderr]    Compiling encoding_rs v0.8.35
[INFO] [stderr]    Compiling packed_struct v0.10.1
[INFO] [stderr]    Compiling thiserror v1.0.69
[INFO] [stderr]    Compiling funty v2.0.0
[INFO] [stderr]    Compiling rand_chacha v0.9.0
[INFO] [stderr]    Compiling ecb v0.1.2
[INFO] [stderr]    Compiling sha1 v0.10.6
[INFO] [stderr]    Compiling bytemuck v1.22.0
[INFO] [stderr]    Compiling base64 v0.21.7
[INFO] [stderr]    Compiling miniz_oxide v0.8.8
[INFO] [stderr]    Compiling wyz v0.5.1
[INFO] [stderr]    Compiling log v0.4.27
[INFO] [stderr]    Compiling rand v0.9.1
[INFO] [stderr]    Compiling quick-xml v0.27.1
[INFO] [stderr]    Compiling bitvec v1.0.1
[INFO] [stderr]    Compiling ms-offcrypto-writer v1.0.7 (/opt/rustwide/workdir)
[INFO] [stderr]    Compiling flate2 v1.1.1
[INFO] [stderr]    Compiling quote v1.0.40
[INFO] [stderr]    Compiling quick-xml v0.31.0
[INFO] [stderr]    Compiling codepage v0.1.2
[INFO] [stderr]    Compiling syn v2.0.100
[INFO] [stderr]    Compiling zip v0.6.6
[INFO] [stderr]    Compiling simple-xlsx-writer v0.1.2
[INFO] [stderr]    Compiling thiserror-impl v1.0.69
[INFO] [stderr]    Compiling calamine v0.24.0
[INFO] [stderr]    Compiling packed_struct_codegen v0.10.1
[INFO] [stderr]    Compiling derivative v2.2.0
[INFO] [stderr]    Compiling office-crypto v0.1.0
[INFO] [stdout] warning: missing documentation for the crate
[INFO] [stdout]   --> tests/integration.rs:1:1
[INFO] [stdout]    |
[INFO] [stdout]  1 | / use std::io::Cursor;
[INFO] [stdout]  2 | |
[INFO] [stdout]  3 | | use calamine::Reader;
[INFO] [stdout]  4 | | use ms_offcrypto_writer::Ecma376AgileWriter;
[INFO] [stdout] ...  |
[INFO] [stdout] 62 | |     assert_eq!(index, ROW_COUNT);
[INFO] [stdout] 63 | | }
[INFO] [stdout]    | |_^
[INFO] [stdout]    |
[INFO] [stdout]    = note: requested on the command line with `-W missing-docs`
[INFO] [stdout] 
[INFO] [stdout] 
[INFO] [stderr]     Finished `release` profile [optimized] target(s) in 27.41s
[INFO] running `Command { std: "docker" "inspect" "756b33cd9d914419a4c2033bbcd061d8572c7ff7002fa53feb87b63bff75e087", kill_on_drop: false }`
[INFO] running `Command { std: "docker" "exec" "-e" "SOURCE_DIR=/opt/rustwide/workdir" "-e" "CARGO_HOME=/opt/rustwide/cargo-home" "-e" "RUSTUP_HOME=/opt/rustwide/rustup-home" "-e" "CARGO_TARGET_DIR=/opt/rustwide/target" "-e" "CARGO_INCREMENTAL=0" "-e" "RUST_BACKTRACE=full" "-e" "RUSTFLAGS=--cap-lints=warn" "-e" "RUSTDOCFLAGS=--cap-lints=warn" "-w" "/opt/rustwide/workdir" "--user" "0:0" "756b33cd9d914419a4c2033bbcd061d8572c7ff7002fa53feb87b63bff75e087" "/opt/rustwide/cargo-home/bin/cargo" "+1.100.0-beta.1" "test" "--frozen" "--release", kill_on_drop: false }`
[INFO] [stderr] warning: missing documentation for the crate
[INFO] [stderr]   --> tests/integration.rs:1:1
[INFO] [stderr]    |
[INFO] [stderr]  1 | / use std::io::Cursor;
[INFO] [stderr]  2 | |
[INFO] [stderr]  3 | | use calamine::Reader;
[INFO] [stderr]  4 | | use ms_offcrypto_writer::Ecma376AgileWriter;
[INFO] [stderr] ...  |
[INFO] [stderr] 62 | |     assert_eq!(index, ROW_COUNT);
[INFO] [stderr] 63 | | }
[INFO] [stderr]    | |_^
[INFO] [stderr]    |
[INFO] [stderr]    = note: requested on the command line with `-W missing-docs`
[INFO] [stderr] 
[INFO] [stderr] warning: `ms-offcrypto-writer` (test "integration") generated 1 warning
[INFO] [stderr]     Finished `release` profile [optimized] target(s) in 0.11s
[INFO] [stderr]      Running unittests src/lib.rs (/opt/rustwide/target/release/build/ms-offcrypto-writer/cacf1d2f9b59dc38/out/ms_offcrypto_writer-cacf1d2f9b59dc38)
[INFO] [stdout] 
[INFO] [stdout] running 22 tests
[INFO] [stdout] test test::buffer_align_assert_scope_wrong_length - should panic ... FAILED
[INFO] [stdout] test test::encrypt_with_block_key ... ok
[INFO] [stdout] test test::buffer_align_assert_scope_shrunk - should panic ... FAILED
[INFO] [stdout] test test::buffer_align_assert_scope_unaligned_start - should panic ... FAILED
[INFO] [stdout] test test::buffer_align_assert_scope_unaligned_end - should panic ... FAILED
[INFO] [stdout] test test::encrypt_decrypt_roundtrips ... ok
[INFO] [stdout] test test::encrypt ... ok
[INFO] [stdout] test test::write_unicode_lp_p4_even ... ok
[INFO] [stdout] test test::write_unicode_lp_p4_len ... ok
[INFO] [stdout] test test::write_unicode_lp_p4_odd ... ok
[INFO] [stdout] test test::write_version_okay ... ok
[INFO] [stdout] test test::data_space_map ... ok
[INFO] [stdout] test test::len_backpatch ... ok
[INFO] [stdout] test test::buffer_align_assert_scope_okay ... ok
[INFO] [stdout] test test::data_space_definition ... ok
[INFO] [stdout] test test::len_backpatch_dropped - should panic ... FAILED
[INFO] [stdout] test test::transform_info ... ok
[INFO] [stdout] test test::password ... ok
[INFO] [stdout] test test::data_space_version_info ... ok
[INFO] [stdout] test test::sha512 ... ok
[INFO] [stdout] test test::write_unicode_lp_p4_empty ... ok
[INFO] [stdout] test test::big_sheet ... ok
[INFO] [stderr] error: test failed, to rerun pass `--lib`
[INFO] [stdout] 
[INFO] [stdout] failures:
[INFO] [stdout] 
[INFO] [stdout] ---- test::buffer_align_assert_scope_wrong_length stdout ----
[INFO] [stdout] note: test did not panic as expected at src/test.rs:34:4
[INFO] [stdout] ---- test::buffer_align_assert_scope_shrunk stdout ----
[INFO] [stdout] note: test did not panic as expected at src/test.rs:42:4
[INFO] [stdout] ---- test::buffer_align_assert_scope_unaligned_start stdout ----
[INFO] [stdout] note: test did not panic as expected at src/test.rs:20:4
[INFO] [stdout] ---- test::buffer_align_assert_scope_unaligned_end stdout ----
[INFO] [stdout] note: test did not panic as expected at src/test.rs:26:4
[INFO] [stdout] ---- test::len_backpatch_dropped stdout ----
[INFO] [stdout] note: test did not panic as expected at src/test.rs:62:4
[INFO] [stdout] 
[INFO] [stdout] failures:
[INFO] [stdout]     test::buffer_align_assert_scope_shrunk
[INFO] [stdout]     test::buffer_align_assert_scope_unaligned_end
[INFO] [stdout]     test::buffer_align_assert_scope_unaligned_start
[INFO] [stdout]     test::buffer_align_assert_scope_wrong_length
[INFO] [stdout]     test::len_backpatch_dropped
[INFO] [stdout] 
[INFO] [stdout] test result: FAILED. 17 passed; 5 failed; 0 ignored; 0 measured; 0 filtered out; finished in 0.09s
[INFO] [stdout] 
[INFO] running `Command { std: "docker" "inspect" "756b33cd9d914419a4c2033bbcd061d8572c7ff7002fa53feb87b63bff75e087", kill_on_drop: false }`
[INFO] running `Command { std: "docker" "rm" "-f" "756b33cd9d914419a4c2033bbcd061d8572c7ff7002fa53feb87b63bff75e087", kill_on_drop: false }`
[INFO] [stdout] 756b33cd9d914419a4c2033bbcd061d8572c7ff7002fa53feb87b63bff75e087
