[INFO] fetching crate mqrstt 0.4.2...
[INFO] testing mqrstt-0.4.2 against 1.99.0-beta.8+cargoflags=--release for beta-release-1.100-2
[INFO] extracting crate mqrstt 0.4.2 into /workspace/builds/worker-7-tc1/source
[INFO] started tweaking crates.io crate mqrstt 0.4.2
[INFO] finished tweaking crates.io crate mqrstt 0.4.2
[INFO] tweaked toml for crates.io crate mqrstt 0.4.2 written to /workspace/builds/worker-7-tc1/source/Cargo.toml
[INFO] validating manifest of crates.io crate mqrstt 0.4.2 on toolchain 1.99.0-beta.8
[INFO] running `Command { std: CARGO_HOME="/workspace/cargo-home" RUSTUP_HOME="/workspace/rustup-home" "/workspace/cargo-home/bin/cargo" "+1.99.0-beta.8" "metadata" "--manifest-path" "Cargo.toml" "--no-deps", kill_on_drop: false }`
[INFO] crate crates.io crate mqrstt 0.4.2 already has a lockfile, it will not be regenerated
[INFO] running `Command { std: CARGO_HOME="/workspace/cargo-home" RUSTUP_HOME="/workspace/rustup-home" "/workspace/cargo-home/bin/cargo" "+1.99.0-beta.8" "fetch" "--manifest-path" "Cargo.toml", kill_on_drop: false }`
[INFO] [stderr]     Updating crates.io index
[INFO] [stderr]  Downloading crates ...
[INFO] [stderr]   Downloaded valuable v0.1.0
[INFO] [stderr]   Downloaded tracing-core v0.1.33
[INFO] [stderr]   Downloaded once_cell v1.20.2
[INFO] [stderr]   Downloaded tracing-attributes v0.1.28
[INFO] [stderr]   Downloaded log v0.4.22
[INFO] [stderr]   Downloaded errno v0.3.10
[INFO] [stderr]   Downloaded fastrand v2.2.0
[INFO] [stderr]   Downloaded hermit-abi v0.4.0
[INFO] [stderr]   Downloaded event-listener-strategy v0.5.3
[INFO] [stderr]   Downloaded thread_local v1.1.8
[INFO] [stderr]   Downloaded async-channel v2.3.1
[INFO] [stderr]   Downloaded async-process v2.3.0
[INFO] [stderr]   Downloaded async-net v2.0.0
[INFO] [stderr]   Downloaded async-fs v2.1.2
[INFO] [stderr]   Downloaded wasi v0.11.0+wasi-snapshot-preview1
[INFO] [stderr]   Downloaded thiserror-impl v2.0.4
[INFO] [stderr]   Downloaded blocking v1.6.1
[INFO] [stderr]   Downloaded async-signal v0.2.10
[INFO] [stderr]   Downloaded slab v0.4.9
[INFO] [stderr]   Downloaded autocfg v1.4.0
[INFO] [stderr]   Downloaded signal-hook-registry v1.4.2
[INFO] [stderr]   Downloaded async-executor v1.13.1
[INFO] [stderr]   Downloaded quote v1.0.37
[INFO] [stderr]   Downloaded thiserror v2.0.4
[INFO] [stderr]   Downloaded piper v0.2.4
[INFO] [stderr]   Downloaded pin-project-lite v0.2.15
[INFO] [stderr]   Downloaded async-task v4.7.1
[INFO] [stderr]   Downloaded event-listener v5.3.1
[INFO] [stderr]   Downloaded async-lock v3.4.0
[INFO] [stderr]   Downloaded bitflags v2.6.0
[INFO] [stderr]   Downloaded futures-lite v2.5.0
[INFO] [stderr]   Downloaded smallvec v1.13.2
[INFO] [stderr]   Downloaded polling v3.7.4
[INFO] [stderr]   Downloaded rstest v0.26.1
[INFO] [stderr]   Downloaded unicode-ident v1.0.14
[INFO] [stderr]   Downloaded bytes v1.9.0
[INFO] [stderr]   Downloaded crossbeam-utils v0.8.20
[INFO] [stderr]   Downloaded async-io v2.4.0
[INFO] [stderr]   Downloaded rstest_macros v0.26.1
[INFO] [stderr]   Downloaded proc-macro2 v1.0.92
[INFO] [stderr]   Downloaded toml_edit v0.23.7
[INFO] [stderr]   Downloaded indexmap v2.12.1
[INFO] [stderr]   Downloaded memchr v2.7.4
[INFO] [stderr]   Downloaded mio v1.0.3
[INFO] [stderr]   Downloaded smol v2.0.2
[INFO] [stderr]   Downloaded syn v2.0.90
[INFO] [stderr]   Downloaded rustix v0.38.41
[INFO] [stderr]   Downloaded linux-raw-sys v0.4.14
[INFO] running `Command { std: "docker" "create" "-v" "/var/lib/crater-agent-workspace/builds/worker-7-tc1/source:/opt/rustwide/workdir:ro,Z" "-v" "/var/lib/crater-agent-workspace/builds/worker-7-tc1/target:/opt/rustwide/target:rw,Z" "-v" "/var/lib/crater-agent-workspace/cargo-home:/opt/rustwide/cargo-home:ro,Z" "-v" "/var/lib/crater-agent-workspace/rustup-home:/opt/rustwide/rustup-home:ro,Z" "-m" "1610612736" "--network" "none" "ghcr.io/rust-lang/crates-build-env/linux@sha256:77db811e55d90add9212f6832c23229e3de5f1c1f9905e8cb07319ea15df73ac" "sleep" "infinity", kill_on_drop: false }`
[INFO] [stdout] dc4a26f8dbc45c624af3a746522cf33aab3d6ecab0dccfdf11efd0be42cc6214
[INFO] running `Command { std: "docker" "start" "dc4a26f8dbc45c624af3a746522cf33aab3d6ecab0dccfdf11efd0be42cc6214", kill_on_drop: false }`
[INFO] running `Command { std: "docker" "inspect" "dc4a26f8dbc45c624af3a746522cf33aab3d6ecab0dccfdf11efd0be42cc6214", kill_on_drop: false }`
[INFO] running `Command { std: "docker" "exec" "-e" "SOURCE_DIR=/opt/rustwide/workdir" "-e" "CARGO_HOME=/opt/rustwide/cargo-home" "-e" "RUSTUP_HOME=/opt/rustwide/rustup-home" "-e" "CARGO_TARGET_DIR=/opt/rustwide/target" "-w" "/opt/rustwide/workdir" "--user" "0:0" "dc4a26f8dbc45c624af3a746522cf33aab3d6ecab0dccfdf11efd0be42cc6214" "/opt/rustwide/cargo-home/bin/cargo" "+1.99.0-beta.8" "metadata" "--no-deps" "--format-version=1", kill_on_drop: false }`
[INFO] running `Command { std: "docker" "inspect" "dc4a26f8dbc45c624af3a746522cf33aab3d6ecab0dccfdf11efd0be42cc6214", kill_on_drop: false }`
[INFO] running `Command { std: "docker" "exec" "-e" "SOURCE_DIR=/opt/rustwide/workdir" "-e" "CARGO_HOME=/opt/rustwide/cargo-home" "-e" "RUSTUP_HOME=/opt/rustwide/rustup-home" "-e" "CARGO_TARGET_DIR=/opt/rustwide/target" "-e" "CARGO_INCREMENTAL=0" "-e" "RUST_BACKTRACE=full" "-e" "RUSTFLAGS=--cap-lints=warn" "-e" "RUSTDOCFLAGS=--cap-lints=warn" "-w" "/opt/rustwide/workdir" "--user" "0:0" "dc4a26f8dbc45c624af3a746522cf33aab3d6ecab0dccfdf11efd0be42cc6214" "/opt/rustwide/cargo-home/bin/cargo" "+1.99.0-beta.8" "build" "--frozen" "--message-format=json" "--release", kill_on_drop: false }`
[INFO] [stderr]    Compiling pin-project-lite v0.2.15
[INFO] [stderr]    Compiling crossbeam-utils v0.8.20
[INFO] [stderr]    Compiling parking v2.2.1
[INFO] [stderr]    Compiling futures-core v0.3.31
[INFO] [stderr]    Compiling futures-io v0.3.31
[INFO] [stderr]    Compiling autocfg v1.4.0
[INFO] [stderr]    Compiling proc-macro2 v1.0.92
[INFO] [stderr]    Compiling fastrand v2.2.0
[INFO] [stderr]    Compiling unicode-ident v1.0.14
[INFO] [stderr]    Compiling libc v0.2.177
[INFO] [stderr]    Compiling rustix v0.38.41
[INFO] [stderr]    Compiling tracing-core v0.1.33
[INFO] [stderr]    Compiling bitflags v2.6.0
[INFO] [stderr]    Compiling futures-lite v2.5.0
[INFO] [stderr]    Compiling slab v0.4.9
[INFO] [stderr]    Compiling linux-raw-sys v0.4.14
[INFO] [stderr]    Compiling tracing v0.1.41
[INFO] [stderr]    Compiling async-task v4.7.1
[INFO] [stderr]    Compiling concurrent-queue v2.5.0
[INFO] [stderr]    Compiling quote v1.0.37
[INFO] [stderr]    Compiling atomic-waker v1.1.2
[INFO] [stderr]    Compiling event-listener v5.3.1
[INFO] [stderr]    Compiling piper v0.2.4
[INFO] [stderr]    Compiling futures-sink v0.3.31
[INFO] [stderr]    Compiling thiserror v2.0.4
[INFO] [stderr]    Compiling syn v2.0.90
[INFO] [stderr]    Compiling futures-channel v0.3.31
[INFO] [stderr]    Compiling memchr v2.7.4
[INFO] [stderr]    Compiling event-listener-strategy v0.5.3
[INFO] [stderr]    Compiling futures-task v0.3.31
[INFO] [stderr]    Compiling async-lock v3.4.0
[INFO] [stderr]    Compiling async-channel v2.3.1
[INFO] [stderr]    Compiling bytes v1.9.0
[INFO] [stderr]    Compiling signal-hook-registry v1.4.2
[INFO] [stderr]    Compiling socket2 v0.6.1
[INFO] [stderr]    Compiling blocking v1.6.1
[INFO] [stderr]    Compiling async-fs v2.1.2
[INFO] [stderr]    Compiling async-executor v1.13.1
[INFO] [stderr]    Compiling mio v1.0.3
[INFO] [stderr]    Compiling futures-macro v0.3.31
[INFO] [stderr]    Compiling tokio-macros v2.6.0
[INFO] [stderr]    Compiling thiserror-impl v2.0.4
[INFO] [stderr]    Compiling tokio v1.48.0
[INFO] [stderr]    Compiling futures-util v0.3.31
[INFO] [stderr]    Compiling polling v3.7.4
[INFO] [stderr]    Compiling async-io v2.4.0
[INFO] [stderr]    Compiling async-signal v0.2.10
[INFO] [stderr]    Compiling async-net v2.0.0
[INFO] [stderr]    Compiling async-process v2.3.0
[INFO] [stderr]    Compiling smol v2.0.2
[INFO] [stderr]    Compiling futures v0.3.31
[INFO] [stderr]    Compiling mqrstt v0.4.2 (/opt/rustwide/workdir)
[INFO] [stderr]     Finished `release` profile [optimized] target(s) in 58.01s
[INFO] running `Command { std: "docker" "inspect" "dc4a26f8dbc45c624af3a746522cf33aab3d6ecab0dccfdf11efd0be42cc6214", kill_on_drop: false }`
[INFO] running `Command { std: "docker" "exec" "-e" "SOURCE_DIR=/opt/rustwide/workdir" "-e" "CARGO_HOME=/opt/rustwide/cargo-home" "-e" "RUSTUP_HOME=/opt/rustwide/rustup-home" "-e" "CARGO_TARGET_DIR=/opt/rustwide/target" "-e" "CARGO_INCREMENTAL=0" "-e" "RUST_BACKTRACE=full" "-e" "RUSTFLAGS=--cap-lints=warn" "-e" "RUSTDOCFLAGS=--cap-lints=warn" "-w" "/opt/rustwide/workdir" "--user" "0:0" "dc4a26f8dbc45c624af3a746522cf33aab3d6ecab0dccfdf11efd0be42cc6214" "/opt/rustwide/cargo-home/bin/cargo" "+1.99.0-beta.8" "test" "--frozen" "--no-run" "--message-format=json" "--release", kill_on_drop: false }`
[INFO] [stderr]    Compiling once_cell v1.20.2
[INFO] [stderr]    Compiling hashbrown v0.16.1
[INFO] [stderr]    Compiling syn v2.0.90
[INFO] [stderr]    Compiling zerocopy v0.8.27
[INFO] [stderr]    Compiling getrandom v0.3.4
[INFO] [stderr]    Compiling equivalent v1.0.2
[INFO] [stderr]    Compiling winnow v0.7.13
[INFO] [stderr]    Compiling semver v1.0.27
[INFO] [stderr]    Compiling memchr v2.7.4
[INFO] [stderr]    Compiling tracing-core v0.1.33
[INFO] [stderr]    Compiling toml_datetime v0.7.3
[INFO] [stderr]    Compiling rustc_version v0.4.1
[INFO] [stderr]    Compiling regex-syntax v0.8.5
[INFO] [stderr]    Compiling rstest_macros v0.26.1
[INFO] [stderr]    Compiling tracing v0.1.41
[INFO] [stderr]    Compiling aho-corasick v1.1.3
[INFO] [stderr]    Compiling indexmap v2.12.1
[INFO] [stderr]    Compiling polling v3.7.4
[INFO] [stderr]    Compiling async-io v2.4.0
[INFO] [stderr]    Compiling rand_core v0.9.3
[INFO] [stderr]    Compiling log v0.4.22
[INFO] [stderr]    Compiling toml_parser v1.0.4
[INFO] [stderr]    Compiling regex-automata v0.4.9
[INFO] [stderr]    Compiling toml_edit v0.23.7
[INFO] [stderr]    Compiling async-signal v0.2.10
[INFO] [stderr]    Compiling ppv-lite86 v0.2.21
[INFO] [stderr]    Compiling async-process v2.3.0
[INFO] [stderr]    Compiling async-net v2.0.0
[INFO] [stderr]    Compiling relative-path v1.9.3
[INFO] [stderr]    Compiling proc-macro-crate v3.4.0
[INFO] [stderr]    Compiling lazy_static v1.5.0
[INFO] [stderr]    Compiling glob v0.3.3
[INFO] [stderr]    Compiling sharded-slab v0.1.7
[INFO] [stderr]    Compiling smol v2.0.2
[INFO] [stderr]    Compiling rand_chacha v0.9.0
[INFO] [stderr]    Compiling tracing-log v0.2.0
[INFO] [stderr]    Compiling regex v1.11.1
[INFO] [stderr]    Compiling thread_local v1.1.8
[INFO] [stderr]    Compiling futures-timer v3.0.3
[INFO] [stderr]    Compiling nu-ansi-term v0.50.3
[INFO] [stderr]    Compiling diff v0.1.13
[INFO] [stderr]    Compiling smallvec v1.13.2
[INFO] [stderr]    Compiling yansi v1.0.1
[INFO] [stderr]    Compiling rand v0.9.2
[INFO] [stderr]    Compiling pretty_assertions v1.4.1
[INFO] [stderr]    Compiling futures-macro v0.3.31
[INFO] [stderr]    Compiling tokio-macros v2.6.0
[INFO] [stderr]    Compiling thiserror-impl v2.0.4
[INFO] [stderr]    Compiling matchers v0.2.0
[INFO] [stderr]    Compiling tracing-subscriber v0.3.20
[INFO] [stderr]    Compiling futures-util v0.3.31
[INFO] [stderr]    Compiling tokio v1.48.0
[INFO] [stderr]    Compiling thiserror v2.0.4
[INFO] [stderr]    Compiling futures v0.3.31
[INFO] [stderr]    Compiling rstest v0.26.1
[INFO] [stderr]    Compiling mqrstt v0.4.2 (/opt/rustwide/workdir)
[INFO] [stderr]     Finished `release` profile [optimized] target(s) in 2m 12s
[INFO] running `Command { std: "docker" "inspect" "dc4a26f8dbc45c624af3a746522cf33aab3d6ecab0dccfdf11efd0be42cc6214", kill_on_drop: false }`
[INFO] running `Command { std: "docker" "exec" "-e" "SOURCE_DIR=/opt/rustwide/workdir" "-e" "CARGO_HOME=/opt/rustwide/cargo-home" "-e" "RUSTUP_HOME=/opt/rustwide/rustup-home" "-e" "CARGO_TARGET_DIR=/opt/rustwide/target" "-e" "CARGO_INCREMENTAL=0" "-e" "RUST_BACKTRACE=full" "-e" "RUSTFLAGS=--cap-lints=warn" "-e" "RUSTDOCFLAGS=--cap-lints=warn" "-w" "/opt/rustwide/workdir" "--user" "0:0" "dc4a26f8dbc45c624af3a746522cf33aab3d6ecab0dccfdf11efd0be42cc6214" "/opt/rustwide/cargo-home/bin/cargo" "+1.99.0-beta.8" "test" "--frozen" "--release", kill_on_drop: false }`
[INFO] [stderr]     Finished `release` profile [optimized] target(s) in 0.14s
[INFO] [stderr]      Running unittests src/lib.rs (/opt/rustwide/target/release/deps/mqrstt-a74b28ee0550e4a4)
[INFO] [stdout] 
[INFO] [stdout] running 154 tests
[INFO] [stdout] test client::tests::publish_with_just_right_topic_len ... ok
[INFO] [stdout] test client::tests::disconnect_test ... ok
[INFO] [stdout] test client::tests::publish_with_just_right_topic_len_properties ... ok
[INFO] [stdout] test client::tests::publish_with_too_long_topic_properties ... ok
[INFO] [stdout] test client::tests::publish_with_properties ... ok
[INFO] [stdout] test client::tests::publish_with_too_large_mqtt_packet ... ok
[INFO] [stdout] test client::tests::publish_with_too_long_topic ... ok
[INFO] [stdout] test client::tests::subscribe_with_just_right_topic_len ... ok
[INFO] [stdout] test client::tests::subscribe_with_too_long_topic ... ok
[INFO] [stdout] test client::tests::test_disconnect_with_properties ... ok
[INFO] [stdout] test client::tests::test_disconnect_blocking ... ok
[INFO] [stdout] test client::tests::test_disconnect_with_properties_2 ... ok
[INFO] [stdout] test client::tests::test_subscribe ... ok
[INFO] [stdout] test client::tests::test_subscribe_with_properties ... ok
[INFO] [stdout] test client::tests::test_disconnect_blocking_with_properties ... ok
[INFO] [stdout] test client::tests::test_subscribe_blocking ... ok
[INFO] [stdout] test client::tests::test_unsubscribe_blocking ... ok
[INFO] [stdout] test client::tests::unsubscribe_with_properties_test ... ok
[INFO] [stdout] test packets::connack::tests::read_write_connack_packet ... ok
[INFO] [stdout] test packets::connack::tests::read_write_connack_properties ... ok
[INFO] [stdout] test client::tests::test_unsubscribe ... ok
[INFO] [stdout] test packets::connack::tests::test_wire_len ... ok
[INFO] [stdout] test client::tests::test_unsubscribe_with_properties_blocking ... ok
[INFO] [stdout] test packets::connack::tests::read_write_connack ... ok
[INFO] [stdout] test packets::disconnect::tests::test_write_and_async_read_disconnect ... ok
[INFO] [stdout] test packets::connect::tests::read_connect ... ok
[INFO] [stdout] test packets::connect::tests::read_and_write_connect ... ok
[INFO] [stdout] test packets::connect::tests::connect_flag ... ok
[INFO] [stdout] test packets::disconnect::tests::test_write_and_read_disconnect ... ok
[INFO] [stdout] test packets::disconnect::tests::test_write_and_read_disconnect_properties ... ok
[INFO] [stdout] test packets::connect::tests::read_and_write_connect2 ... ok
[INFO] [stdout] test packets::connect::tests::read_async_and_write_connect ... ok
[INFO] [stdout] test packets::puback::tests::test_read_non_success_puback ... ok
[INFO] [stdout] test packets::puback::tests::test_read_write_puback_with_properties ... ok
[INFO] [stdout] test packets::puback::tests::test_wire_len ... ok
[INFO] [stdout] test packets::puback::tests::test_properties ... ok
[INFO] [stdout] test packets::puback::tests::no_reason_code_or_props ... ok
[INFO] [stdout] test packets::pubcomp::tests::no_reason_code_or_props ... ok
[INFO] [stdout] test packets::puback::tests::test_read_simple_puback ... ok
[INFO] [stdout] test packets::connect::tests::parsing_and_writing_last_will ... ok
[INFO] [stdout] test packets::pubcomp::tests::test_properties ... ok
[INFO] [stdout] test packets::pubrec::tests::no_reason_code_or_props ... ok
[INFO] [stdout] test packets::pubcomp::tests::test_read_simple_pub_comp ... ok
[INFO] [stdout] test packets::pubcomp::tests::test_read_write_pub_comp_with_properties ... ok
[INFO] [stdout] test packets::pubcomp::tests::test_wire_len ... ok
[INFO] [stdout] test packets::publish::tests::test_read_write ... ok
[INFO] [stdout] test packets::pubrel::tests::test_async_read_properties ... ok
[INFO] [stdout] test packets::pubrec::tests::test_read_simple_pub_rec ... ok
[INFO] [stdout] test packets::pubrec::tests::test_read_write_pub_rec_with_properties ... ok
[INFO] [stdout] test packets::pubrec::tests::test_wire_len ... ok
[INFO] [stdout] test packets::pubrel::tests::no_reason_code_or_props ... ok
[INFO] [stdout] test packets::pubrel::tests::test_properties ... ok
[INFO] [stdout] test packets::pubrel::tests::test_read_short ... ok
[INFO] [stdout] test packets::pubrel::tests::test_async_read_short ... ok
[INFO] [stdout] test packets::pubrel::tests::test_async_read_write_pubrel_with_properties ... ok
[INFO] [stdout] test packets::pubrel::tests::test_read_write_pubrel_with_properties ... ok
[INFO] [stdout] test packets::pubrel::tests::test_wire_len2 ... ok
[INFO] [stdout] test packets::pubrel::tests::test_read_simple_pub_rel ... ok
[INFO] [stdout] test packets::subscribe::tests::test_subscription_options ... ok
[INFO] [stdout] test packets::subscribe::tests::test_read_write_subscribe ... ok
[INFO] [stdout] test packets::subscribe::tests::test_write ... ok
[INFO] [stdout] test packets::connect::tests::parsing_last_will ... ok
[INFO] [stdout] test packets::publish::tests::test_read_write_properties ... ok
[INFO] [stdout] test packets::pubrec::tests::test_properties ... ok
[INFO] [stdout] test packets::pubrel::tests::test_async_read_simple_pub_rel ... ok
[INFO] [stdout] test packets::pubrel::tests::test_wire_len ... ok
[INFO] [stdout] test packets::suback::test::read_write_suback ... ok
[INFO] [stdout] test state_handler::handler_tests::outgoing_publish_qos_0 ... ok
[INFO] [stdout] test state_handler::handler_tests::outgoing_publish_qos_1 ... ok
[INFO] [stdout] test state_handler::handler_tests::outgoing_publish_qos_2 ... ok
[INFO] [stdout] test packets::unsuback::tests::read_write_unsub_ack ... ok
[INFO] [stdout] test state_handler::handler_tests::incoming_publish_qos_1 ... ok
[INFO] [stdout] test state_handler::handler_tests::incoming_publish_qos_2 ... ok
[INFO] [stdout] test packets::unsubscribe::tests::read_write_unsubscribe ... ok
[INFO] [stdout] test tests::test_bytes::test_connect ... ok
[INFO] [stdout] test tests::test_bytes::test_equal_read_write_packet_from_bytes::case_1 ... ok
[INFO] [stdout] test state_handler::handler_tests::outgoing_unsubscribe ... ok
[INFO] [stdout] test tests::test_bytes::publish_packet_test::case_1 ... ok
[INFO] [stdout] test tests::test_bytes::test_equal_read_write_packet_from_bytes::case_3 ... ok
[INFO] [stdout] test state_handler::handler_tests::retransmit_test_1 ... ok
[INFO] [stdout] test state_handler::handler_tests::outgoing_subscribe ... ok
[INFO] [stdout] test tests::test_bytes::test_equal_read_write_packet_from_bytes::case_2 ... ok
[INFO] [stdout] test tests::test_packets::tests::test_async_read_write::case_4_publish ... ok
[INFO] [stdout] test tests::test_packets::tests::test_async_read_write::case_5_pubrel ... ok
[INFO] [stdout] test tests::test_packets::tests::test_async_write_read_write_read_cases::case_01_connect_case ... ok
[INFO] [stdout] test tests::test_packets::tests::test_async_write_read_write_read_cases::case_03_ping_resp_case ... ok
[INFO] [stdout] test tests::test_packets::tests::test_async_read_write::case_6_pubrel_smallest ... ok
[INFO] [stdout] test tests::test_packets::tests::test_async_read_write::case_3_ping_resp ... ok
[INFO] [stdout] test tests::test_packets::tests::test_async_read_write::case_1_disconnect ... ok
[INFO] [stdout] test tests::test_packets::tests::test_async_write_read_write_read_cases::case_06_create_subscribe_packet ... ok
[INFO] [stdout] test tests::test_packets::tests::test_async_read_write::case_2_ping_req ... ok
[INFO] [stdout] test tests::test_packets::tests::test_async_write_read_write_read_cases::case_07_create_puback_packet ... ok
[INFO] [stdout] test tests::test_packets::tests::test_async_write_read_write_read_cases::case_05_create_subscribe_packet ... ok
[INFO] [stdout] test tests::test_packets::tests::test_async_write_read_write_read_cases::case_08_create_puback_packet ... ok
[INFO] [stdout] test tests::test_packets::tests::test_async_write_read_write_read_cases::case_02_ping_req_case ... ok
[INFO] [stdout] test tests::test_packets::tests::test_async_write_read_write_read_cases::case_04_connack_case ... ok
[INFO] [stdout] test tests::test_packets::tests::test_async_write_read_write_read_cases::case_11_create_connack_packet ... ok
[INFO] [stdout] test tests::test_packets::tests::test_async_write_read_write_read_cases::case_14_publish_packet_3 ... ok
[INFO] [stdout] test tests::test_packets::tests::test_async_write_read_write_read_cases::case_13_publish_packet_2 ... ok
[INFO] [stdout] test tests::test_packets::tests::test_async_write_read_write_read_cases::case_09_create_disconnect_packet ... ok
[INFO] [stdout] test tests::test_packets::tests::test_async_write_read_write_read_cases::case_10_create_connack_packet ... ok
[INFO] [stdout] test tests::test_packets::tests::test_async_write_read_write_read_cases::case_12_publish_packet_1 ... ok
[INFO] [stdout] test tests::test_packets::tests::test_async_write_read_write_read_cases::case_19_unsubscribe ... ok
[INFO] [stdout] test tests::test_packets::tests::test_async_write_read_write_read_cases::case_21_pubcomp_case ... ok
[INFO] [stdout] test tests::test_packets::tests::test_async_write_read_write_read_cases::case_17_subscribe ... ok
[INFO] [stdout] test tests::test_packets::tests::test_async_write_read_write_read_cases::case_15_publish_packet_4 ... ok
[INFO] [stdout] test tests::test_packets::tests::test_async_write_read_write_read_cases::case_18_suback ... ok
[INFO] [stdout] test tests::test_packets::tests::test_async_write_read_write_read_cases::case_16_create_empty_publish_packet ... ok
[INFO] [stdout] test tests::test_packets::tests::test_async_write_read_write_read_cases::case_20_unsuback ... ok
[INFO] [stdout] test tests::test_packets::tests::test_async_write_read_write_read_cases::case_22_pubrec_case ... ok
[INFO] [stdout] test tests::test_packets::tests::test_equal_write_read::case_1 ... ok
[INFO] [stdout] test tests::test_packets::tests::test_equal_write_read::case_2 ... ok
[INFO] [stdout] test tests::test_packets::tests::test_equal_write_read::case_4 ... ok
[INFO] [stdout] test tests::test_packets::tests::test_equal_write_read::case_5 ... ok
[INFO] [stdout] test tests::test_packets::tests::test_equal_write_read::case_3 ... ok
[INFO] [stdout] test tests::test_packets::tests::test_equal_write_read::case_6 ... ok
[INFO] [stdout] test tests::test_packets::tests::test_equal_write_read::case_8 ... ok
[INFO] [stdout] test tests::test_packets::tests::test_equal_write_read::case_7 ... ok
[INFO] [stdout] test tests::test_packets::tests::test_equal_write_read::case_9 ... ok
[INFO] [stdout] test tests::test_packets::tests::test_read_write_cases::case_4_publish ... ok
[INFO] [stdout] test tests::test_packets::tests::test_async_write_read_write_read_cases::case_24_auth_case ... ok
[INFO] [stdout] test tests::test_packets::tests::test_async_write_read_write_read_cases::case_23_pubrec_case ... ok
[INFO] [stdout] test tests::test_packets::tests::test_read_write_cases::case_1_disconnect ... ok
[INFO] [stdout] test tests::test_packets::tests::test_read_write_cases::case_2_ping_req ... ok
[INFO] [stdout] test tests::test_packets::tests::test_read_write_cases::case_3_ping_resp ... ok
[INFO] [stdout] test smol_lib_test::test_smol_ping_req ... FAILED
[INFO] [stdout] test tests::test_packets::tests::test_read_write_cases::case_6_pubrel_smallest ... ok
[INFO] [stdout] test tests::test_packets::tests::test_read_write_cases::case_5_pubrel ... ok
[INFO] [stdout] test tests::test_packets::tests::test_write_read_write_read_cases::case_02_ping_req_case ... ok
[INFO] [stdout] test tests::test_packets::tests::test_write_read_write_read_cases::case_01_connect_case ... ok
[INFO] [stdout] test tests::test_packets::tests::test_write_read_write_read_cases::case_03_ping_resp_case ... ok
[INFO] [stdout] test smol_lib_test::test_smol_tcp ... FAILED
[INFO] [stdout] test tests::test_packets::tests::test_write_read_write_read_cases::case_06_create_subscribe_packet ... ok
[INFO] [stdout] test tests::test_packets::tests::test_write_read_write_read_cases::case_05_create_subscribe_packet ... ok
[INFO] [stdout] test tests::test_packets::tests::test_write_read_write_read_cases::case_08_create_puback_packet ... ok
[INFO] [stdout] test tests::test_packets::tests::test_write_read_write_read_cases::case_10_create_connack_packet ... ok
[INFO] [stdout] test tests::test_packets::tests::test_write_read_write_read_cases::case_09_create_disconnect_packet ... ok
[INFO] [stdout] test tests::test_packets::tests::test_write_read_write_read_cases::case_04_connack_case ... ok
[INFO] [stdout] test tests::test_packets::tests::test_write_read_write_read_cases::case_07_create_puback_packet ... ok
[INFO] [stdout] test tests::test_packets::tests::test_write_read_write_read_cases::case_12_publish_packet_1 ... ok
[INFO] [stdout] test tests::test_packets::tests::test_write_read_write_read_cases::case_11_create_connack_packet ... ok
[INFO] [stdout] test tests::test_packets::tests::test_write_read_write_read_cases::case_13_publish_packet_2 ... ok
[INFO] [stdout] test tests::test_packets::tests::test_write_read_write_read_cases::case_16_create_empty_publish_packet ... ok
[INFO] [stdout] test tests::test_packets::tests::test_write_read_write_read_cases::case_20_unsuback ... ok
[INFO] [stdout] test tests::test_packets::tests::test_write_read_write_read_cases::case_14_publish_packet_3 ... ok
[INFO] [stdout] test tests::test_packets::tests::test_write_read_write_read_cases::case_21_pubcomp_case ... ok
[INFO] [stdout] test tests::test_packets::tests::test_write_read_write_read_cases::case_22_pubrec_case ... ok
[INFO] [stdout] test tests::test_packets::tests::test_write_read_write_read_cases::case_15_publish_packet_4 ... ok
[INFO] [stdout] test tests::test_packets::tests::test_write_read_write_read_cases::case_19_unsubscribe ... ok
[INFO] [stdout] test tests::test_packets::tests::test_write_read_write_read_cases::case_18_suback ... ok
[INFO] [stdout] test tests::test_packets::tests::test_write_read_write_read_cases::case_17_subscribe ... ok
[INFO] [stdout] test tests::test_packets::tests::test_write_read_write_read_cases::case_24_auth_case ... ok
[INFO] [stdout] test tests::test_packets::tests::test_write_read_write_read_cases::case_23_pubrec_case ... ok
[INFO] [stdout] test tokio_lib_test::test_tokio_ping_req ... FAILED
[INFO] [stderr] error: test failed, to rerun pass `--lib`
[INFO] [stdout] 
[INFO] [stdout] failures:
[INFO] [stdout] 
[INFO] [stdout] ---- smol_lib_test::test_smol_ping_req stdout ----
[INFO] [stdout] 
[INFO] [stdout] thread 'smol_lib_test::test_smol_ping_req' (1947) panicked at src/lib.rs:301:79:
[INFO] [stdout] called `Result::unwrap()` on an `Err` value: Custom { kind: Uncategorized, error: "failed to lookup address information: Temporary failure in name resolution" }
[INFO] [stdout] stack backtrace:
[INFO] [stdout]    0:     0x61d2d138dae1 - <<std[70759c8f55707aa4]::sys::backtrace::BacktraceLock>::print::DisplayBacktrace as core[df12db4294e9bfd3]::fmt::Display>::fmt
[INFO] [stdout]    1:     0x61d2d13a44aa - core[df12db4294e9bfd3]::fmt::write
[INFO] [stdout]    2:     0x61d2d13924dc - <alloc[2182bb758b4b3781]::vec::Vec<u8> as core[df12db4294e9bfd3]::io::write::Write>::write_fmt
[INFO] [stdout]    3:     0x61d2d1369366 - std[70759c8f55707aa4]::panicking::default_hook::{closure#0}
[INFO] [stdout]    4:     0x61d2d1385b29 - std[70759c8f55707aa4]::panicking::default_hook
[INFO] [stdout]    5:     0x61d2d12e8ef0 - test[9d35eded1c95d3be]::test_main_inner::<test[9d35eded1c95d3be]::test_main_static::{closure#0}>::{closure#0}
[INFO] [stdout]    6:     0x61d2d1385e52 - std[70759c8f55707aa4]::panicking::panic_with_hook
[INFO] [stdout]    7:     0x61d2d1369412 - std[70759c8f55707aa4]::panicking::panic_handler::{closure#0}
[INFO] [stdout]    8:     0x61d2d13620b9 - std[70759c8f55707aa4]::sys::backtrace::__rust_end_short_backtrace::<std[70759c8f55707aa4]::panicking::panic_handler::{closure#0}, !>
[INFO] [stdout]    9:     0x61d2d136a1fd - __rustc[8fa7c3cbc660c2b3]::rust_begin_unwind
[INFO] [stdout]   10:     0x61d2d13a4c0c - core[df12db4294e9bfd3]::panicking::panic_fmt
[INFO] [stdout]   11:     0x61d2d13a49e2 - core[df12db4294e9bfd3]::result::unwrap_failed
[INFO] [stdout]   12:     0x61d2d129219e - <std[70759c8f55707aa4]::thread::local::LocalKey<core[df12db4294e9bfd3]::cell::RefCell<(parking[bb0b0b8fa49f1c1a]::Parker, core[df12db4294e9bfd3]::task::wake::Waker, alloc[2182bb758b4b3781]::sync::Arc<core[df12db4294e9bfd3]::sync::atomic::Atomic<bool>>)>>>::with::<async_io[9511e3e619caa390]::driver::block_on<(), mqrstt[9f010a97c4879a8f]::smol_lib_test::test_smol_ping_req::{closure#0}>::{closure#1}, ()>
[INFO] [stdout]   13:     0x61d2d12a74a6 - mqrstt[9f010a97c4879a8f]::smol_lib_test::test_smol_ping_req
[INFO] [stdout]   14:     0x61d2d128c5e9 - <mqrstt[9f010a97c4879a8f]::smol_lib_test::test_smol_ping_req::{closure#0} as core[df12db4294e9bfd3]::ops::function::FnOnce<()>>::call_once
[INFO] [stdout]   15:     0x61d2d12dc1db - test[9d35eded1c95d3be]::__rust_begin_short_backtrace::<core[df12db4294e9bfd3]::result::Result<(), alloc[2182bb758b4b3781]::string::String>, fn() -> core[df12db4294e9bfd3]::result::Result<(), alloc[2182bb758b4b3781]::string::String>>
[INFO] [stdout]   16:     0x61d2d12e9845 - test[9d35eded1c95d3be]::run_test::{closure#0}
[INFO] [stdout]   17:     0x61d2d12e3104 - std[70759c8f55707aa4]::sys::backtrace::__rust_begin_short_backtrace::<test[9d35eded1c95d3be]::run_test::{closure#1}, ()>
[INFO] [stdout]   18:     0x61d2d12ec9a2 - <std[70759c8f55707aa4]::thread::lifecycle::spawn_unchecked<test[9d35eded1c95d3be]::run_test::{closure#1}, ()>::{closure#1} as core[df12db4294e9bfd3]::ops::function::FnOnce<()>>::call_once::{shim:vtable#0}
[INFO] [stdout]   19:     0x61d2d138d009 - <std[70759c8f55707aa4]::sys::thread::unix::Thread>::new::thread_start
[INFO] [stdout]   20:     0x7a7a66aecdfa - <unknown>
[INFO] [stdout]   21:     0x7a7a66b803d4 - clone
[INFO] [stdout]   22:                0x0 - <unknown>
[INFO] [stdout] 
[INFO] [stdout] ---- smol_lib_test::test_smol_tcp stdout ----
[INFO] [stdout] 
[INFO] [stdout] thread 'smol_lib_test::test_smol_tcp' (1948) panicked at src/lib.rs:265:79:
[INFO] [stdout] called `Result::unwrap()` on an `Err` value: Custom { kind: Uncategorized, error: "failed to lookup address information: Temporary failure in name resolution" }
[INFO] [stdout] stack backtrace:
[INFO] [stdout]    0:     0x61d2d138dae1 - <<std[70759c8f55707aa4]::sys::backtrace::BacktraceLock>::print::DisplayBacktrace as core[df12db4294e9bfd3]::fmt::Display>::fmt
[INFO] [stdout]    1:     0x61d2d13a44aa - core[df12db4294e9bfd3]::fmt::write
[INFO] [stdout]    2:     0x61d2d13924dc - <alloc[2182bb758b4b3781]::vec::Vec<u8> as core[df12db4294e9bfd3]::io::write::Write>::write_fmt
[INFO] [stdout]    3:     0x61d2d1369366 - std[70759c8f55707aa4]::panicking::default_hook::{closure#0}
[INFO] [stdout]    4:     0x61d2d1385b29 - std[70759c8f55707aa4]::panicking::default_hook
[INFO] [stdout]    5:     0x61d2d12e8ef0 - test[9d35eded1c95d3be]::test_main_inner::<test[9d35eded1c95d3be]::test_main_static::{closure#0}>::{closure#0}
[INFO] [stdout]    6:     0x61d2d1385e52 - std[70759c8f55707aa4]::panicking::panic_with_hook
[INFO] [stdout]    7:     0x61d2d1369412 - std[70759c8f55707aa4]::panicking::panic_handler::{closure#0}
[INFO] [stdout]    8:     0x61d2d13620b9 - std[70759c8f55707aa4]::sys::backtrace::__rust_end_short_backtrace::<std[70759c8f55707aa4]::panicking::panic_handler::{closure#0}, !>
[INFO] [stdout]    9:     0x61d2d136a1fd - __rustc[8fa7c3cbc660c2b3]::rust_begin_unwind
[INFO] [stdout]   10:     0x61d2d13a4c0c - core[df12db4294e9bfd3]::panicking::panic_fmt
[INFO] [stdout]   11:     0x61d2d13a49e2 - core[df12db4294e9bfd3]::result::unwrap_failed
[INFO] [stdout]   12:     0x61d2d128e99e - <std[70759c8f55707aa4]::thread::local::LocalKey<core[df12db4294e9bfd3]::cell::RefCell<(parking[bb0b0b8fa49f1c1a]::Parker, core[df12db4294e9bfd3]::task::wake::Waker, alloc[2182bb758b4b3781]::sync::Arc<core[df12db4294e9bfd3]::sync::atomic::Atomic<bool>>)>>>::with::<async_io[9511e3e619caa390]::driver::block_on<(), mqrstt[9f010a97c4879a8f]::smol_lib_test::test_smol_tcp::{closure#0}>::{closure#1}, ()>
[INFO] [stdout]   13:     0x61d2d12a7246 - mqrstt[9f010a97c4879a8f]::smol_lib_test::test_smol_tcp
[INFO] [stdout]   14:     0x61d2d128c5c9 - <mqrstt[9f010a97c4879a8f]::smol_lib_test::test_smol_tcp::{closure#0} as core[df12db4294e9bfd3]::ops::function::FnOnce<()>>::call_once
[INFO] [stdout]   15:     0x61d2d12dc1db - test[9d35eded1c95d3be]::__rust_begin_short_backtrace::<core[df12db4294e9bfd3]::result::Result<(), alloc[2182bb758b4b3781]::string::String>, fn() -> core[df12db4294e9bfd3]::result::Result<(), alloc[2182bb758b4b3781]::string::String>>
[INFO] [stdout]   16:     0x61d2d12e9845 - test[9d35eded1c95d3be]::run_test::{closure#0}
[INFO] [stdout]   17:     0x61d2d12e3104 - std[70759c8f55707aa4]::sys::backtrace::__rust_begin_short_backtrace::<test[9d35eded1c95d3be]::run_test::{closure#1}, ()>
[INFO] [stdout]   18:     0x61d2d12ec9a2 - <std[70759c8f55707aa4]::thread::lifecycle::spawn_unchecked<test[9d35eded1c95d3be]::run_test::{closure#1}, ()>::{closure#1} as core[df12db4294e9bfd3]::ops::function::FnOnce<()>>::call_once::{shim:vtable#0}
[INFO] [stdout]   19:     0x61d2d138d009 - <std[70759c8f55707aa4]::sys::thread::unix::Thread>::new::thread_start
[INFO] [stdout]   20:     0x7a7a66aecdfa - <unknown>
[INFO] [stdout]   21:     0x7a7a66b803d4 - clone
[INFO] [stdout]   22:                0x0 - <unknown>
[INFO] [stdout] 
[INFO] [stdout] ---- tokio_lib_test::test_tokio_ping_req stdout ----
[INFO] [stdout] 
[INFO] [stdout] thread 'tokio_lib_test::test_tokio_ping_req' (2034) panicked at src/lib.rs:388:85:
[INFO] [stdout] called `Result::unwrap()` on an `Err` value: Custom { kind: Uncategorized, error: "failed to lookup address information: Temporary failure in name resolution" }
[INFO] [stdout] stack backtrace:
[INFO] [stdout]    0:     0x61d2d138dae1 - <<std[70759c8f55707aa4]::sys::backtrace::BacktraceLock>::print::DisplayBacktrace as core[df12db4294e9bfd3]::fmt::Display>::fmt
[INFO] [stdout]    1:     0x61d2d13a44aa - core[df12db4294e9bfd3]::fmt::write
[INFO] [stdout]    2:     0x61d2d13924dc - <alloc[2182bb758b4b3781]::vec::Vec<u8> as core[df12db4294e9bfd3]::io::write::Write>::write_fmt
[INFO] [stdout]    3:     0x61d2d1369366 - std[70759c8f55707aa4]::panicking::default_hook::{closure#0}
[INFO] [stdout]    4:     0x61d2d1385b29 - std[70759c8f55707aa4]::panicking::default_hook
[INFO] [stdout]    5:     0x61d2d12e8ef0 - test[9d35eded1c95d3be]::test_main_inner::<test[9d35eded1c95d3be]::test_main_static::{closure#0}>::{closure#0}
[INFO] [stdout]    6:     0x61d2d1385e52 - std[70759c8f55707aa4]::panicking::panic_with_hook
[INFO] [stdout]    7:     0x61d2d1369412 - std[70759c8f55707aa4]::panicking::panic_handler::{closure#0}
[INFO] [stdout]    8:     0x61d2d13620b9 - std[70759c8f55707aa4]::sys::backtrace::__rust_end_short_backtrace::<std[70759c8f55707aa4]::panicking::panic_handler::{closure#0}, !>
[INFO] [stdout]    9:     0x61d2d136a1fd - __rustc[8fa7c3cbc660c2b3]::rust_begin_unwind
[INFO] [stdout]   10:     0x61d2d13a4c0c - core[df12db4294e9bfd3]::panicking::panic_fmt
[INFO] [stdout]   11:     0x61d2d13a49e2 - core[df12db4294e9bfd3]::result::unwrap_failed
[INFO] [stdout]   12:     0x61d2d11bd8c4 - mqrstt[9f010a97c4879a8f]::tokio_lib_test::test_tokio_ping_req::{closure#0}
[INFO] [stdout]   13:     0x61d2d1251438 - <tokio[d43db821ba9bc182]::runtime::context::scoped::Scoped<tokio[d43db821ba9bc182]::runtime::scheduler::Context>>::set::<<tokio[d43db821ba9bc182]::runtime::scheduler::current_thread::CoreGuard>::enter<<tokio[d43db821ba9bc182]::runtime::scheduler::current_thread::CoreGuard>::block_on<core[df12db4294e9bfd3]::pin::Pin<&mut core[df12db4294e9bfd3]::pin::Pin<&mut dyn core[df12db4294e9bfd3]::future::future::Future<Output = ()>>>>::{closure#0}, core[df12db4294e9bfd3]::option::Option<()>>::{closure#0}, (alloc[2182bb758b4b3781]::boxed::Box<tokio[d43db821ba9bc182]::runtime::scheduler::current_thread::Core>, core[df12db4294e9bfd3]::option::Option<()>)>
[INFO] [stdout]   14:     0x61d2d1251c63 - <tokio[d43db821ba9bc182]::runtime::scheduler::current_thread::CurrentThread>::block_on::<core[df12db4294e9bfd3]::pin::Pin<&mut dyn core[df12db4294e9bfd3]::future::future::Future<Output = ()>>>
[INFO] [stdout]   15:     0x61d2d1257a72 - <tokio[d43db821ba9bc182]::runtime::runtime::Runtime>::block_on::<core[df12db4294e9bfd3]::pin::Pin<&mut dyn core[df12db4294e9bfd3]::future::future::Future<Output = ()>>>
[INFO] [stdout]   16:     0x61d2d11c21fb - mqrstt[9f010a97c4879a8f]::tokio_lib_test::test_tokio_ping_req
[INFO] [stdout]   17:     0x61d2d128c609 - <mqrstt[9f010a97c4879a8f]::tokio_lib_test::test_tokio_ping_req::{closure#0} as core[df12db4294e9bfd3]::ops::function::FnOnce<()>>::call_once
[INFO] [stdout]   18:     0x61d2d12dc1db - test[9d35eded1c95d3be]::__rust_begin_short_backtrace::<core[df12db4294e9bfd3]::result::Result<(), alloc[2182bb758b4b3781]::string::String>, fn() -> core[df12db4294e9bfd3]::result::Result<(), alloc[2182bb758b4b3781]::string::String>>
[INFO] [stdout]   19:     0x61d2d12e9845 - test[9d35eded1c95d3be]::run_test::{closure#0}
[INFO] [stdout]   20:     0x61d2d12e3104 - std[70759c8f55707aa4]::sys::backtrace::__rust_begin_short_backtrace::<test[9d35eded1c95d3be]::run_test::{closure#1}, ()>
[INFO] [stdout]   21:     0x61d2d12ec9a2 - <std[70759c8f55707aa4]::thread::lifecycle::spawn_unchecked<test[9d35eded1c95d3be]::run_test::{closure#1}, ()>::{closure#1} as core[df12db4294e9bfd3]::ops::function::FnOnce<()>>::call_once::{shim:vtable#0}
[INFO] [stdout]   22:     0x61d2d138d009 - <std[70759c8f55707aa4]::sys::thread::unix::Thread>::new::thread_start
[INFO] [stdout]   23:     0x7a7a66aecdfa - <unknown>
[INFO] [stdout]   24:     0x7a7a66b803d4 - clone
[INFO] [stdout]   25:                0x0 - <unknown>
[INFO] [stdout] 
[INFO] [stdout] 
[INFO] [stdout] failures:
[INFO] [stdout]     smol_lib_test::test_smol_ping_req
[INFO] [stdout]     smol_lib_test::test_smol_tcp
[INFO] [stdout]     tokio_lib_test::test_tokio_ping_req
[INFO] [stdout] 
[INFO] [stdout] test result: FAILED. 151 passed; 3 failed; 0 ignored; 0 measured; 0 filtered out; finished in 0.15s
[INFO] [stdout] 
[INFO] running `Command { std: "docker" "inspect" "dc4a26f8dbc45c624af3a746522cf33aab3d6ecab0dccfdf11efd0be42cc6214", kill_on_drop: false }`
[INFO] running `Command { std: "docker" "rm" "-f" "dc4a26f8dbc45c624af3a746522cf33aab3d6ecab0dccfdf11efd0be42cc6214", kill_on_drop: false }`
[INFO] [stdout] dc4a26f8dbc45c624af3a746522cf33aab3d6ecab0dccfdf11efd0be42cc6214
