[INFO] fetching crate mqd-core 0.1.1...
[INFO] testing mqd-core-0.1.1 against 1.99.0-beta.8+cargoflags=--release for beta-release-1.100-2
[INFO] extracting crate mqd-core 0.1.1 into /workspace/builds/worker-5-tc1/source
[INFO] started tweaking crates.io crate mqd-core 0.1.1
[INFO] removed 0 missing tests
[INFO] finished tweaking crates.io crate mqd-core 0.1.1
[INFO] tweaked toml for crates.io crate mqd-core 0.1.1 written to /workspace/builds/worker-5-tc1/source/Cargo.toml
[INFO] validating manifest of crates.io crate mqd-core 0.1.1 on toolchain 1.99.0-beta.8
[INFO] running `Command { std: CARGO_HOME="/workspace/cargo-home" RUSTUP_HOME="/workspace/rustup-home" "/workspace/cargo-home/bin/cargo" "+1.99.0-beta.8" "metadata" "--manifest-path" "Cargo.toml" "--no-deps", kill_on_drop: false }`
[INFO] crate crates.io crate mqd-core 0.1.1 already has a lockfile, it will not be regenerated
[INFO] running `Command { std: CARGO_HOME="/workspace/cargo-home" RUSTUP_HOME="/workspace/rustup-home" "/workspace/cargo-home/bin/cargo" "+1.99.0-beta.8" "fetch" "--manifest-path" "Cargo.toml", kill_on_drop: false }`
[INFO] [stderr]     Updating crates.io index
[INFO] [stderr]  Downloading crates ...
[INFO] [stderr]   Downloaded arrow-data v54.3.1
[INFO] [stderr]   Downloaded arrow-schema v54.3.1
[INFO] [stderr]   Downloaded arrow-buffer v54.3.1
[INFO] [stderr]   Downloaded arrow-ord v54.3.1
[INFO] [stderr]   Downloaded flatbuffers v24.12.23
[INFO] [stderr]   Downloaded arrow-string v54.3.1
[INFO] [stderr]   Downloaded arrow-row v54.3.1
[INFO] [stderr]   Downloaded arrow-csv v54.3.1
[INFO] [stderr]   Downloaded arrow-arith v54.3.1
[INFO] [stderr]   Downloaded arrow-select v54.3.1
[INFO] [stderr]   Downloaded arrow-json v54.3.1
[INFO] [stderr]   Downloaded arrow v54.3.1
[INFO] [stderr]   Downloaded comfy-table v7.1.4
[INFO] [stderr]   Downloaded arrow-cast v54.3.1
[INFO] [stderr]   Downloaded arrow-ipc v54.3.1
[INFO] [stderr]   Downloaded arrow-array v54.3.1
[INFO] running `Command { std: "docker" "create" "-v" "/var/lib/crater-agent-workspace/builds/worker-5-tc1/source:/opt/rustwide/workdir:ro,Z" "-v" "/var/lib/crater-agent-workspace/builds/worker-5-tc1/target:/opt/rustwide/target:rw,Z" "-v" "/var/lib/crater-agent-workspace/cargo-home:/opt/rustwide/cargo-home:ro,Z" "-v" "/var/lib/crater-agent-workspace/rustup-home:/opt/rustwide/rustup-home:ro,Z" "-m" "1610612736" "--network" "none" "ghcr.io/rust-lang/crates-build-env/linux@sha256:77db811e55d90add9212f6832c23229e3de5f1c1f9905e8cb07319ea15df73ac" "sleep" "infinity", kill_on_drop: false }`
[INFO] [stdout] 4cb13a4e351cbe7d368860af67b12a52dbf8f6e39cf3987948aa70f29e14f7f7
[INFO] running `Command { std: "docker" "start" "4cb13a4e351cbe7d368860af67b12a52dbf8f6e39cf3987948aa70f29e14f7f7", kill_on_drop: false }`
[INFO] running `Command { std: "docker" "inspect" "4cb13a4e351cbe7d368860af67b12a52dbf8f6e39cf3987948aa70f29e14f7f7", kill_on_drop: false }`
[INFO] running `Command { std: "docker" "exec" "-e" "SOURCE_DIR=/opt/rustwide/workdir" "-e" "CARGO_HOME=/opt/rustwide/cargo-home" "-e" "RUSTUP_HOME=/opt/rustwide/rustup-home" "-e" "CARGO_TARGET_DIR=/opt/rustwide/target" "-w" "/opt/rustwide/workdir" "--user" "0:0" "4cb13a4e351cbe7d368860af67b12a52dbf8f6e39cf3987948aa70f29e14f7f7" "/opt/rustwide/cargo-home/bin/cargo" "+1.99.0-beta.8" "metadata" "--no-deps" "--format-version=1", kill_on_drop: false }`
[INFO] running `Command { std: "docker" "inspect" "4cb13a4e351cbe7d368860af67b12a52dbf8f6e39cf3987948aa70f29e14f7f7", kill_on_drop: false }`
[INFO] running `Command { std: "docker" "exec" "-e" "SOURCE_DIR=/opt/rustwide/workdir" "-e" "CARGO_HOME=/opt/rustwide/cargo-home" "-e" "RUSTUP_HOME=/opt/rustwide/rustup-home" "-e" "CARGO_TARGET_DIR=/opt/rustwide/target" "-e" "CARGO_INCREMENTAL=0" "-e" "RUST_BACKTRACE=full" "-e" "RUSTFLAGS=--cap-lints=warn" "-e" "RUSTDOCFLAGS=--cap-lints=warn" "-w" "/opt/rustwide/workdir" "--user" "0:0" "4cb13a4e351cbe7d368860af67b12a52dbf8f6e39cf3987948aa70f29e14f7f7" "/opt/rustwide/cargo-home/bin/cargo" "+1.99.0-beta.8" "build" "--frozen" "--message-format=json" "--release", kill_on_drop: false }`
[INFO] [stderr]    Compiling num-traits v0.2.19
[INFO] [stderr]    Compiling zerocopy v0.8.48
[INFO] [stderr]    Compiling once_cell v1.21.4
[INFO] [stderr]    Compiling arrow-schema v54.3.1
[INFO] [stderr]    Compiling serde_core v1.0.228
[INFO] [stderr]    Compiling regex-syntax v0.8.10
[INFO] [stderr]    Compiling getrandom v0.3.4
[INFO] [stderr]    Compiling zerocopy-derive v0.8.48
[INFO] [stderr]    Compiling comfy-table v7.1.4
[INFO] [stderr]    Compiling csv-core v0.1.13
[INFO] [stderr]    Compiling indexmap v2.14.0
[INFO] [stderr]    Compiling simdutf8 v0.1.5
[INFO] [stderr]    Compiling parking_lot_core v0.9.12
[INFO] [stderr]    Compiling thiserror-impl v1.0.69
[INFO] [stderr]    Compiling parking_lot v0.12.5
[INFO] [stderr]    Compiling thiserror v1.0.69
[INFO] [stderr]    Compiling num-integer v0.1.46
[INFO] [stderr]    Compiling num-complex v0.4.6
[INFO] [stderr]    Compiling chrono v0.4.44
[INFO] [stderr]    Compiling atoi v2.0.0
[INFO] [stderr]    Compiling num-bigint v0.4.6
[INFO] [stderr]    Compiling num-iter v0.1.45
[INFO] [stderr]    Compiling num-rational v0.4.2
[INFO] [stderr]    Compiling regex-automata v0.4.14
[INFO] [stderr]    Compiling num v0.4.3
[INFO] [stderr]    Compiling serde_json v1.0.149
[INFO] [stderr]    Compiling csv v1.4.0
[INFO] [stderr]    Compiling serde v1.0.228
[INFO] [stderr]    Compiling regex v1.12.3
[INFO] [stderr]    Compiling half v2.7.1
[INFO] [stderr]    Compiling ahash v0.8.12
[INFO] [stderr]    Compiling arrow-buffer v54.3.1
[INFO] [stderr]    Compiling arrow-data v54.3.1
[INFO] [stderr]    Compiling arrow-array v54.3.1
[INFO] [stderr]    Compiling arrow-select v54.3.1
[INFO] [stderr]    Compiling arrow-arith v54.3.1
[INFO] [stderr]    Compiling arrow-ipc v54.3.1
[INFO] [stderr]    Compiling arrow-row v54.3.1
[INFO] [stderr]    Compiling arrow-cast v54.3.1
[INFO] [stderr]    Compiling arrow-string v54.3.1
[INFO] [stderr]    Compiling arrow-ord v54.3.1
[INFO] [stderr]    Compiling arrow-csv v54.3.1
[INFO] [stderr]    Compiling arrow-json v54.3.1
[INFO] [stderr]    Compiling arrow v54.3.1
[INFO] [stderr]    Compiling mqd-core v0.1.1 (/opt/rustwide/workdir)
[INFO] [stderr]     Finished `release` profile [optimized] target(s) in 2m 24s
[INFO] running `Command { std: "docker" "inspect" "4cb13a4e351cbe7d368860af67b12a52dbf8f6e39cf3987948aa70f29e14f7f7", kill_on_drop: false }`
[INFO] running `Command { std: "docker" "exec" "-e" "SOURCE_DIR=/opt/rustwide/workdir" "-e" "CARGO_HOME=/opt/rustwide/cargo-home" "-e" "RUSTUP_HOME=/opt/rustwide/rustup-home" "-e" "CARGO_TARGET_DIR=/opt/rustwide/target" "-e" "CARGO_INCREMENTAL=0" "-e" "RUST_BACKTRACE=full" "-e" "RUSTFLAGS=--cap-lints=warn" "-e" "RUSTDOCFLAGS=--cap-lints=warn" "-w" "/opt/rustwide/workdir" "--user" "0:0" "4cb13a4e351cbe7d368860af67b12a52dbf8f6e39cf3987948aa70f29e14f7f7" "/opt/rustwide/cargo-home/bin/cargo" "+1.99.0-beta.8" "test" "--frozen" "--no-run" "--message-format=json" "--release", kill_on_drop: false }`
[INFO] [stderr]    Compiling mqd-core v0.1.1 (/opt/rustwide/workdir)
[INFO] [stderr]     Finished `release` profile [optimized] target(s) in 2.94s
[INFO] running `Command { std: "docker" "inspect" "4cb13a4e351cbe7d368860af67b12a52dbf8f6e39cf3987948aa70f29e14f7f7", kill_on_drop: false }`
[INFO] running `Command { std: "docker" "exec" "-e" "SOURCE_DIR=/opt/rustwide/workdir" "-e" "CARGO_HOME=/opt/rustwide/cargo-home" "-e" "RUSTUP_HOME=/opt/rustwide/rustup-home" "-e" "CARGO_TARGET_DIR=/opt/rustwide/target" "-e" "CARGO_INCREMENTAL=0" "-e" "RUST_BACKTRACE=full" "-e" "RUSTFLAGS=--cap-lints=warn" "-e" "RUSTDOCFLAGS=--cap-lints=warn" "-w" "/opt/rustwide/workdir" "--user" "0:0" "4cb13a4e351cbe7d368860af67b12a52dbf8f6e39cf3987948aa70f29e14f7f7" "/opt/rustwide/cargo-home/bin/cargo" "+1.99.0-beta.8" "test" "--frozen" "--release", kill_on_drop: false }`
[INFO] [stderr]     Finished `release` profile [optimized] target(s) in 0.11s
[INFO] [stderr]      Running unittests src/lib.rs (/opt/rustwide/target/release/deps/mqd_core-509f478a1dd01886)
[INFO] [stdout] 
[INFO] [stdout] running 8 tests
[INFO] [stdout] test non_claims::tests::numbered_output_is_stable ... ok
[INFO] [stdout] test schema::tests::every_schema_starts_with_common_fields ... ok
[INFO] [stdout] test schema::tests::schemas_are_distinct_per_kind ... ok
[INFO] [stdout] test ids::tests::entity_path_requires_leading_slash ... ok
[INFO] [stdout] test ids::tests::entity_path_sorts_lexicographically ... ok
[INFO] [stderr]      Running tests/non_claim_lock.rs (/opt/rustwide/target/release/deps/non_claim_lock-50a3a2b63c935a64)
[INFO] [stdout] test non_claims::tests::each_non_claim_ends_in_period_and_is_nonempty ... ok
[INFO] [stdout] test event::tests::event_json_roundtrip ... ok
[INFO] [stdout] test event::tests::component_kind_roundtrip ... ok
[INFO] [stdout] 
[INFO] [stdout] test result: ok. 8 passed; 0 failed; 0 ignored; 0 measured; 0 filtered out; finished in 0.01s
[INFO] [stdout] 
[INFO] [stdout] 
[INFO] [stdout] running 2 tests
[INFO] [stdout] test paper_file_exists_and_is_nonempty ... FAILED
[INFO] [stdout] test paper_nonclaims_matches_source_constant_verbatim ... FAILED
[INFO] [stderr] error: test failed, to rerun pass `--test non_claim_lock`
[INFO] [stdout] 
[INFO] [stdout] failures:
[INFO] [stdout] 
[INFO] [stdout] ---- paper_file_exists_and_is_nonempty stdout ----
[INFO] [stdout] 
[INFO] [stdout] thread 'paper_file_exists_and_is_nonempty' (1223) panicked at tests/non_claim_lock.rs:77:29:
[INFO] [stdout] paper missing at /opt/paper/multimodal-query-demo.tex: No such file or directory (os error 2)
[INFO] [stdout] stack backtrace:
[INFO] [stdout]    0:     0x615204e7baa1 - <<std[70759c8f55707aa4]::sys::backtrace::BacktraceLock>::print::DisplayBacktrace as core[df12db4294e9bfd3]::fmt::Display>::fmt
[INFO] [stdout]    1:     0x615204e8fd3a - core[df12db4294e9bfd3]::fmt::write
[INFO] [stdout]    2:     0x615204e7ff5c - <alloc[2182bb758b4b3781]::vec::Vec<u8> as core[df12db4294e9bfd3]::io::write::Write>::write_fmt
[INFO] [stdout]    3:     0x615204e57b16 - std[70759c8f55707aa4]::panicking::default_hook::{closure#0}
[INFO] [stdout]    4:     0x615204e73e99 - std[70759c8f55707aa4]::panicking::default_hook
[INFO] [stdout]    5:     0x615204e0fbc0 - test[9d35eded1c95d3be]::test_main_inner::<test[9d35eded1c95d3be]::test_main_static::{closure#0}>::{closure#0}
[INFO] [stdout]    6:     0x615204e74052 - std[70759c8f55707aa4]::panicking::panic_with_hook
[INFO] [stdout]    7:     0x615204e57bc2 - std[70759c8f55707aa4]::panicking::panic_handler::{closure#0}
[INFO] [stdout]    8:     0x615204e507b9 - std[70759c8f55707aa4]::sys::backtrace::__rust_end_short_backtrace::<std[70759c8f55707aa4]::panicking::panic_handler::{closure#0}, !>
[INFO] [stdout]    9:     0x615204e587bd - __rustc[8fa7c3cbc660c2b3]::rust_begin_unwind
[INFO] [stdout]   10:     0x615204e9046c - core[df12db4294e9bfd3]::panicking::panic_fmt
[INFO] [stdout]   11:     0x615204e01b29 - non_claim_lock[365474825f5e48e]::paper_file_exists_and_is_nonempty::{closure#0}
[INFO] [stdout]   12:     0x615204e02355 - <non_claim_lock[365474825f5e48e]::paper_file_exists_and_is_nonempty::{closure#0} as core[df12db4294e9bfd3]::ops::function::FnOnce<()>>::call_once
[INFO] [stdout]   13:     0x615204e02eab - test[9d35eded1c95d3be]::__rust_begin_short_backtrace::<core[df12db4294e9bfd3]::result::Result<(), alloc[2182bb758b4b3781]::string::String>, fn() -> core[df12db4294e9bfd3]::result::Result<(), alloc[2182bb758b4b3781]::string::String>>
[INFO] [stdout]   14:     0x615204e10515 - test[9d35eded1c95d3be]::run_test::{closure#0}
[INFO] [stdout]   15:     0x615204e09dd4 - std[70759c8f55707aa4]::sys::backtrace::__rust_begin_short_backtrace::<test[9d35eded1c95d3be]::run_test::{closure#1}, ()>
[INFO] [stdout]   16:     0x615204e13672 - <std[70759c8f55707aa4]::thread::lifecycle::spawn_unchecked<test[9d35eded1c95d3be]::run_test::{closure#1}, ()>::{closure#1} as core[df12db4294e9bfd3]::ops::function::FnOnce<()>>::call_once::{shim:vtable#0}
[INFO] [stdout]   17:     0x615204e7b009 - <std[70759c8f55707aa4]::sys::thread::unix::Thread>::new::thread_start
[INFO] [stdout]   18:     0x799cc9679dfa - <unknown>
[INFO] [stdout]   19:     0x799cc970d3d4 - clone
[INFO] [stdout]   20:                0x0 - <unknown>
[INFO] [stdout] 
[INFO] [stdout] ---- paper_nonclaims_matches_source_constant_verbatim stdout ----
[INFO] [stdout] 
[INFO] [stdout] thread 'paper_nonclaims_matches_source_constant_verbatim' (1224) panicked at tests/non_claim_lock.rs:53:29:
[INFO] [stdout] failed to read /opt/paper/multimodal-query-demo.tex: No such file or directory (os error 2)
[INFO] [stdout] stack backtrace:
[INFO] [stdout]    0:     0x615204e7baa1 - <<std[70759c8f55707aa4]::sys::backtrace::BacktraceLock>::print::DisplayBacktrace as core[df12db4294e9bfd3]::fmt::Display>::fmt
[INFO] [stdout]    1:     0x615204e8fd3a - core[df12db4294e9bfd3]::fmt::write
[INFO] [stdout]    2:     0x615204e7ff5c - <alloc[2182bb758b4b3781]::vec::Vec<u8> as core[df12db4294e9bfd3]::io::write::Write>::write_fmt
[INFO] [stdout]    3:     0x615204e57b16 - std[70759c8f55707aa4]::panicking::default_hook::{closure#0}
[INFO] [stdout]    4:     0x615204e73e99 - std[70759c8f55707aa4]::panicking::default_hook
[INFO] [stdout]    5:     0x615204e0fbc0 - test[9d35eded1c95d3be]::test_main_inner::<test[9d35eded1c95d3be]::test_main_static::{closure#0}>::{closure#0}
[INFO] [stdout]    6:     0x615204e74052 - std[70759c8f55707aa4]::panicking::panic_with_hook
[INFO] [stdout]    7:     0x615204e57bc2 - std[70759c8f55707aa4]::panicking::panic_handler::{closure#0}
[INFO] [stdout]    8:     0x615204e507b9 - std[70759c8f55707aa4]::sys::backtrace::__rust_end_short_backtrace::<std[70759c8f55707aa4]::panicking::panic_handler::{closure#0}, !>
[INFO] [stdout]    9:     0x615204e587bd - __rustc[8fa7c3cbc660c2b3]::rust_begin_unwind
[INFO] [stdout]   10:     0x615204e9046c - core[df12db4294e9bfd3]::panicking::panic_fmt
[INFO] [stdout]   11:     0x615204e01bc9 - non_claim_lock[365474825f5e48e]::paper_nonclaims_matches_source_constant_verbatim::{closure#0}
[INFO] [stdout]   12:     0x615204e02d59 - <non_claim_lock[365474825f5e48e]::paper_nonclaims_matches_source_constant_verbatim::{closure#0} as core[df12db4294e9bfd3]::ops::function::FnOnce<()>>::call_once
[INFO] [stdout]   13:     0x615204e02eab - test[9d35eded1c95d3be]::__rust_begin_short_backtrace::<core[df12db4294e9bfd3]::result::Result<(), alloc[2182bb758b4b3781]::string::String>, fn() -> core[df12db4294e9bfd3]::result::Result<(), alloc[2182bb758b4b3781]::string::String>>
[INFO] [stdout]   14:     0x615204e10515 - test[9d35eded1c95d3be]::run_test::{closure#0}
[INFO] [stdout]   15:     0x615204e09dd4 - std[70759c8f55707aa4]::sys::backtrace::__rust_begin_short_backtrace::<test[9d35eded1c95d3be]::run_test::{closure#1}, ()>
[INFO] [stdout]   16:     0x615204e13672 - <std[70759c8f55707aa4]::thread::lifecycle::spawn_unchecked<test[9d35eded1c95d3be]::run_test::{closure#1}, ()>::{closure#1} as core[df12db4294e9bfd3]::ops::function::FnOnce<()>>::call_once::{shim:vtable#0}
[INFO] [stdout]   17:     0x615204e7b009 - <std[70759c8f55707aa4]::sys::thread::unix::Thread>::new::thread_start
[INFO] [stdout]   18:     0x799cc9679dfa - <unknown>
[INFO] [stdout]   19:     0x799cc970d3d4 - clone
[INFO] [stdout]   20:                0x0 - <unknown>
[INFO] [stdout] 
[INFO] [stdout] 
[INFO] [stdout] failures:
[INFO] [stdout]     paper_file_exists_and_is_nonempty
[INFO] [stdout]     paper_nonclaims_matches_source_constant_verbatim
[INFO] [stdout] 
[INFO] [stdout] test result: FAILED. 0 passed; 2 failed; 0 ignored; 0 measured; 0 filtered out; finished in 0.00s
[INFO] [stdout] 
[INFO] running `Command { std: "docker" "inspect" "4cb13a4e351cbe7d368860af67b12a52dbf8f6e39cf3987948aa70f29e14f7f7", kill_on_drop: false }`
[INFO] running `Command { std: "docker" "rm" "-f" "4cb13a4e351cbe7d368860af67b12a52dbf8f6e39cf3987948aa70f29e14f7f7", kill_on_drop: false }`
[INFO] [stdout] 4cb13a4e351cbe7d368860af67b12a52dbf8f6e39cf3987948aa70f29e14f7f7
