[INFO] fetching crate mq-dap 0.9.3...
[INFO] testing mq-dap-0.9.3 against 1.100.0-beta.1+cargoflags=--release for beta-release-1.100-2
[INFO] extracting crate mq-dap 0.9.3 into /workspace/builds/worker-4-tc2/source
[INFO] started tweaking crates.io crate mq-dap 0.9.3
[INFO] finished tweaking crates.io crate mq-dap 0.9.3
[INFO] tweaked toml for crates.io crate mq-dap 0.9.3 written to /workspace/builds/worker-4-tc2/source/Cargo.toml
[INFO] validating manifest of crates.io crate mq-dap 0.9.3 on toolchain 1.100.0-beta.1
[INFO] running `Command { std: CARGO_HOME="/workspace/cargo-home" RUSTUP_HOME="/workspace/rustup-home" "/workspace/cargo-home/bin/cargo" "+1.100.0-beta.1" "metadata" "--manifest-path" "Cargo.toml" "--no-deps", kill_on_drop: false }`
[INFO] crate crates.io crate mq-dap 0.9.3 already has a lockfile, it will not be regenerated
[INFO] running `Command { std: CARGO_HOME="/workspace/cargo-home" RUSTUP_HOME="/workspace/rustup-home" "/workspace/cargo-home/bin/cargo" "+1.100.0-beta.1" "fetch" "--manifest-path" "Cargo.toml", kill_on_drop: false }`
[INFO] running `Command { std: "docker" "create" "-v" "/var/lib/crater-agent-workspace/builds/worker-4-tc2/source:/opt/rustwide/workdir:ro,Z" "-v" "/var/lib/crater-agent-workspace/builds/worker-4-tc2/target:/opt/rustwide/target:rw,Z" "-v" "/var/lib/crater-agent-workspace/cargo-home:/opt/rustwide/cargo-home:ro,Z" "-v" "/var/lib/crater-agent-workspace/rustup-home:/opt/rustwide/rustup-home:ro,Z" "-m" "1610612736" "--network" "none" "ghcr.io/rust-lang/crates-build-env/linux@sha256:77db811e55d90add9212f6832c23229e3de5f1c1f9905e8cb07319ea15df73ac" "sleep" "infinity", kill_on_drop: false }`
[INFO] [stdout] c220c9433105bac2478be0c19d16f03904d6984fdb84d15908cd32f069312f8c
[INFO] running `Command { std: "docker" "start" "c220c9433105bac2478be0c19d16f03904d6984fdb84d15908cd32f069312f8c", kill_on_drop: false }`
[INFO] running `Command { std: "docker" "inspect" "c220c9433105bac2478be0c19d16f03904d6984fdb84d15908cd32f069312f8c", kill_on_drop: false }`
[INFO] running `Command { std: "docker" "exec" "-e" "SOURCE_DIR=/opt/rustwide/workdir" "-e" "CARGO_HOME=/opt/rustwide/cargo-home" "-e" "RUSTUP_HOME=/opt/rustwide/rustup-home" "-e" "CARGO_TARGET_DIR=/opt/rustwide/target" "-w" "/opt/rustwide/workdir" "--user" "0:0" "c220c9433105bac2478be0c19d16f03904d6984fdb84d15908cd32f069312f8c" "/opt/rustwide/cargo-home/bin/cargo" "+1.100.0-beta.1" "metadata" "--no-deps" "--format-version=1", kill_on_drop: false }`
[INFO] running `Command { std: "docker" "inspect" "c220c9433105bac2478be0c19d16f03904d6984fdb84d15908cd32f069312f8c", kill_on_drop: false }`
[INFO] running `Command { std: "docker" "exec" "-e" "SOURCE_DIR=/opt/rustwide/workdir" "-e" "CARGO_HOME=/opt/rustwide/cargo-home" "-e" "RUSTUP_HOME=/opt/rustwide/rustup-home" "-e" "CARGO_TARGET_DIR=/opt/rustwide/target" "-e" "CARGO_INCREMENTAL=0" "-e" "RUST_BACKTRACE=full" "-e" "RUSTFLAGS=--cap-lints=warn" "-e" "RUSTDOCFLAGS=--cap-lints=warn" "-w" "/opt/rustwide/workdir" "--user" "0:0" "c220c9433105bac2478be0c19d16f03904d6984fdb84d15908cd32f069312f8c" "/opt/rustwide/cargo-home/bin/cargo" "+1.100.0-beta.1" "build" "--frozen" "--message-format=json" "--release", kill_on_drop: false }`
[INFO] [stderr]    Compiling siphasher v1.0.3
[INFO] [stderr]    Compiling fastrand v2.5.0
[INFO] [stderr]    Compiling smallvec v1.16.2
[INFO] [stderr]    Compiling libc v0.2.190
[INFO] [stderr]    Compiling writeable v0.6.4
[INFO] [stderr]    Compiling serde_core v1.0.229
[INFO] [stderr]    Compiling litemap v0.8.3
[INFO] [stderr]    Compiling new_debug_unreachable v1.0.6
[INFO] [stderr]    Compiling precomputed-hash v0.1.1
[INFO] [stderr]    Compiling log v0.4.34
[INFO] [stderr]    Compiling foldhash v0.2.0
[INFO] [stderr]    Compiling syn v2.0.119
[INFO] [stderr]    Compiling syn v3.0.6
[INFO] [stderr]    Compiling icu_locale_fallback_data v2.3.0
[INFO] [stderr]    Compiling serde v1.0.229
[INFO] [stderr]    Compiling tendril v0.5.1
[INFO] [stderr]    Compiling dtoa v1.0.11
[INFO] [stderr]    Compiling phf_shared v0.13.1
[INFO] [stderr]    Compiling phf_shared v0.14.0
[INFO] [stderr]    Compiling dtoa-short v0.3.5
[INFO] [stderr]    Compiling hashbrown v0.17.1
[INFO] [stderr]    Compiling icu_segmenter_data v2.3.0
[INFO] [stderr]    Compiling serde_json v1.0.151
[INFO] [stderr]    Compiling rustversion v1.0.23
[INFO] [stderr]    Compiling zerocopy v0.8.57
[INFO] [stderr]    Compiling rustix v1.1.4
[INFO] [stderr]    Compiling hybrid-array v0.4.15
[INFO] [stderr]    Compiling phf_generator v0.14.0
[INFO] [stderr]    Compiling phf_generator v0.13.1
[INFO] [stderr]    Compiling regex-syntax v0.8.11
[INFO] [stderr]    Compiling phf_codegen v0.13.1
[INFO] [stderr]    Compiling string_cache_codegen v0.6.1
[INFO] [stderr]    Compiling phf_codegen v0.14.0
[INFO] [stderr]    Compiling string_cache_codegen v0.11.2
[INFO] [stderr]    Compiling selectors v0.38.0
[INFO] [stderr]    Compiling form_urlencoded v1.2.2
[INFO] [stderr]    Compiling servo_arc v0.4.3
[INFO] [stderr]    Compiling phf v0.14.0
[INFO] [stderr]    Compiling thiserror v2.0.21
[INFO] [stderr]    Compiling rustc-hash v2.1.3
[INFO] [stderr]    Compiling is_ci v1.2.0
[INFO] [stderr]    Compiling tracing-core v0.1.36
[INFO] [stderr]    Compiling supports-color v3.0.2
[INFO] [stderr]    Compiling web_atoms v0.2.6
[INFO] [stderr]    Compiling getopts v0.2.24
[INFO] [stderr]    Compiling supports-unicode v3.0.0
[INFO] [stderr]    Compiling crossbeam-utils v0.8.23
[INFO] [stderr]    Compiling winnow v1.0.4
[INFO] [stderr]    Compiling crypto-common v0.2.2
[INFO] [stderr]    Compiling block-buffer v0.12.1
[INFO] [stderr]    Compiling web_atoms v0.3.0
[INFO] [stderr]    Compiling encoding_rs v0.8.42
[INFO] [stderr]    Compiling option-ext v0.2.0
[INFO] [stderr]    Compiling unicode-id v0.3.6
[INFO] [stderr]    Compiling owo-colors v4.4.0
[INFO] [stderr]    Compiling ego-tree v0.11.0
[INFO] [stderr]    Compiling tinyvec v1.13.3
[INFO] [stderr]    Compiling indexmap v2.14.2
[INFO] [stderr]    Compiling hashlink v0.12.2
[INFO] [stderr]    Compiling supports-hyperlinks v3.2.0
[INFO] [stderr]    Compiling ciborium-io v0.2.2
[INFO] [stderr]    Compiling arraydeque v0.5.1
[INFO] [stderr]    Compiling toml_parser v1.1.3+spec-1.1.0
[INFO] [stderr]    Compiling markdown v1.0.0
[INFO] [stderr]    Compiling itertools v0.15.0
[INFO] [stderr]    Compiling parking_lot_core v0.9.12
[INFO] [stderr]    Compiling getrandom v0.4.3
[INFO] [stderr]    Compiling unicode-normalization v0.1.25
[INFO] [stderr]    Compiling terminal_size v0.4.4
[INFO] [stderr]    Compiling yaml-rust2 v0.13.0
[INFO] [stderr]    Compiling dirs-sys v0.5.0
[INFO] [stderr]    Compiling parking_lot v0.12.5
[INFO] [stderr]    Compiling digest v0.11.3
[INFO] [stderr]    Compiling chacha20 v0.10.2
[INFO] [stderr]    Compiling cssparser v0.38.0
[INFO] [stderr]    Compiling string_cache v0.9.0
[INFO] [stderr]    Compiling string_cache v0.11.0
[INFO] [stderr]    Compiling toml_datetime v1.1.1+spec-1.1.0
[INFO] [stderr]    Compiling smol_str v0.3.6
[INFO] [stderr]    Compiling serde_spanned v1.1.1
[INFO] [stderr]    Compiling hashbrown v0.16.1
[INFO] [stderr]    Compiling csv-core v0.1.13
[INFO] [stderr]    Compiling lazy_static v1.5.0
[INFO] [stderr]    Compiling toml_writer v1.1.2+spec-1.1.0
[INFO] [stderr]    Compiling simdutf8 v0.1.5
[INFO] [stderr]    Compiling core_detect v1.0.0
[INFO] [stderr]    Compiling regex-automata v0.4.18
[INFO] [stderr]    Compiling maplit v1.0.2
[INFO] [stderr]    Compiling multiversion_no_op v1.0.0
[INFO] [stderr]    Compiling ryu v1.0.23
[INFO] [stderr]    Compiling toml v1.1.6+spec-1.1.0
[INFO] [stderr]    Compiling sharded-slab v0.1.7
[INFO] [stderr]    Compiling markup5ever v0.40.0
[INFO] [stderr]    Compiling csv v1.4.0
[INFO] [stderr]    Compiling rand v0.10.3
[INFO] [stderr]    Compiling html5ever v0.40.1
[INFO] [stderr]    Compiling sha2 v0.11.0
[INFO] [stderr]    Compiling caseless v0.2.2
[INFO] [stderr]    Compiling dirs v7.0.0
[INFO] [stderr]    Compiling uuid v1.26.1
[INFO] [stderr]    Compiling synstructure v0.13.2
[INFO] [stderr]    Compiling tracing-log v0.2.0
[INFO] [stderr]    Compiling thread_local v1.1.10
[INFO] [stderr]    Compiling quick-xml v0.42.0
[INFO] [stderr]    Compiling nu-ansi-term v0.50.3
[INFO] [stderr]    Compiling glob v0.3.4
[INFO] [stderr]    Compiling zerovec-derive v0.11.6
[INFO] [stderr]    Compiling displaydoc v0.2.7
[INFO] [stderr]    Compiling serde_derive v1.0.229
[INFO] [stderr]    Compiling cssparser-macros v0.7.1
[INFO] [stderr]    Compiling thiserror-impl v2.0.21
[INFO] [stderr]    Compiling mq-macros v0.9.3
[INFO] [stderr]    Compiling html-escape v0.2.15
[INFO] [stderr]    Compiling base64 v0.23.1
[INFO] [stderr]    Compiling unicode-segmentation v1.13.3
[INFO] [stderr]    Compiling md5 v0.8.1
[INFO] [stderr]    Compiling zerofrom-derive v0.1.7
[INFO] [stderr]    Compiling yoke-derive v0.8.2
[INFO] [stderr]    Compiling phf_macros v0.13.1
[INFO] [stderr]    Compiling zerocopy-derive v0.8.57
[INFO] [stderr]    Compiling derive_more-impl v2.1.1
[INFO] [stderr]    Compiling miette-derive v7.6.0
[INFO] [stderr]    Compiling tracing-attributes v0.1.31
[INFO] [stderr]    Compiling thiserror-impl v1.0.69
[INFO] [stderr]    Compiling similar v3.2.0
[INFO] [stderr]    Compiling phf v0.13.1
[INFO] [stderr]    Compiling cssparser v0.37.0
[INFO] [stderr]    Compiling crossbeam-channel v0.5.17
[INFO] [stderr]    Compiling zerofrom v0.1.8
[INFO] [stderr]    Compiling tracing v0.1.44
[INFO] [stderr]    Compiling yoke v0.8.3
[INFO] [stderr]    Compiling derive_more v2.1.1
[INFO] [stderr]    Compiling regex v1.13.1
[INFO] [stderr]    Compiling zerovec v0.11.8
[INFO] [stderr]    Compiling zerotrie v0.2.5
[INFO] [stderr]    Compiling matchers v0.2.0
[INFO] [stderr]    Compiling tracing-subscriber v0.3.23
[INFO] [stderr]    Compiling thiserror v1.0.69
[INFO] [stderr]    Compiling markup5ever v0.39.0
[INFO] [stderr]    Compiling html5ever v0.39.0
[INFO] [stderr]    Compiling tinystr v0.8.4
[INFO] [stderr]    Compiling potential_utf v0.1.6
[INFO] [stderr]    Compiling icu_locale_core v2.3.0
[INFO] [stderr]    Compiling icu_collections v2.3.0
[INFO] [stderr]    Compiling scraper v0.27.0
[INFO] [stderr]    Compiling toon-format v0.5.0
[INFO] [stderr]    Compiling string-interner v0.20.0
[INFO] [stderr]    Compiling dap v0.4.1-alpha1
[INFO] [stderr]    Compiling icu_provider v2.3.1
[INFO] [stderr]    Compiling icu_normalizer v2.3.0
[INFO] [stderr]    Compiling icu_properties v2.3.0
[INFO] [stderr]    Compiling icu_locale_fallback v2.3.0
[INFO] [stderr]    Compiling icu_segmenter v2.3.0
[INFO] [stderr]    Compiling half v2.7.1
[INFO] [stderr]    Compiling textwrap v0.16.4
[INFO] [stderr]    Compiling idna_adapter v1.2.2
[INFO] [stderr]    Compiling idna v1.1.0
[INFO] [stderr]    Compiling ciborium-ll v0.2.2
[INFO] [stderr]    Compiling miette v7.6.0
[INFO] [stderr]    Compiling ciborium v0.2.2
[INFO] [stderr]    Compiling url v2.5.8
[INFO] [stderr]    Compiling ammonia v4.2.0
[INFO] [stderr]    Compiling mq-markdown v0.9.3
[INFO] [stderr]    Compiling mq-lang v0.9.3
[INFO] [stderr]    Compiling mq-dap v0.9.3 (/opt/rustwide/workdir)
[INFO] [stderr]     Finished `release` profile [optimized] target(s) in 3m 00s
[INFO] running `Command { std: "docker" "inspect" "c220c9433105bac2478be0c19d16f03904d6984fdb84d15908cd32f069312f8c", kill_on_drop: false }`
[INFO] running `Command { std: "docker" "exec" "-e" "SOURCE_DIR=/opt/rustwide/workdir" "-e" "CARGO_HOME=/opt/rustwide/cargo-home" "-e" "RUSTUP_HOME=/opt/rustwide/rustup-home" "-e" "CARGO_TARGET_DIR=/opt/rustwide/target" "-e" "CARGO_INCREMENTAL=0" "-e" "RUST_BACKTRACE=full" "-e" "RUSTFLAGS=--cap-lints=warn" "-e" "RUSTDOCFLAGS=--cap-lints=warn" "-w" "/opt/rustwide/workdir" "--user" "0:0" "c220c9433105bac2478be0c19d16f03904d6984fdb84d15908cd32f069312f8c" "/opt/rustwide/cargo-home/bin/cargo" "+1.100.0-beta.1" "test" "--frozen" "--no-run" "--message-format=json" "--release", kill_on_drop: false }`
[INFO] [stderr]    Compiling rustix v1.1.4
[INFO] [stderr]    Compiling semver v1.0.28
[INFO] [stderr]    Compiling winnow v1.0.4
[INFO] [stderr]    Compiling aho-corasick v1.1.5
[INFO] [stderr]    Compiling indexmap v2.14.2
[INFO] [stderr]    Compiling regex-syntax v0.8.11
[INFO] [stderr]    Compiling relative-path v1.9.3
[INFO] [stderr]    Compiling futures-core v0.3.34
[INFO] [stderr]    Compiling glob v0.3.4
[INFO] [stderr]    Compiling futures-task v0.3.34
[INFO] [stderr]    Compiling fastrand v2.5.0
[INFO] [stderr]    Compiling futures-timer v3.0.4
[INFO] [stderr]    Compiling futures-util v0.3.34
[INFO] [stderr]    Compiling rustc_version v0.4.1
[INFO] [stderr]    Compiling rstest_macros v0.27.0
[INFO] [stderr]    Compiling toml_parser v1.1.3+spec-1.1.0
[INFO] [stderr]    Compiling regex-automata v0.4.18
[INFO] [stderr]    Compiling toml_edit v0.25.15+spec-1.1.0
[INFO] [stderr]    Compiling proc-macro-crate v3.5.0
[INFO] [stderr]    Compiling terminal_size v0.4.4
[INFO] [stderr]    Compiling tempfile v3.27.0
[INFO] [stderr]    Compiling miette v7.6.0
[INFO] [stderr]    Compiling regex v1.13.1
[INFO] [stderr]    Compiling mq-markdown v0.9.3
[INFO] [stderr]    Compiling rstest v0.27.0
[INFO] [stderr]    Compiling mq-lang v0.9.3
[INFO] [stderr]    Compiling mq-dap v0.9.3 (/opt/rustwide/workdir)
[INFO] [stderr]     Finished `release` profile [optimized] target(s) in 1m 25s
[INFO] running `Command { std: "docker" "inspect" "c220c9433105bac2478be0c19d16f03904d6984fdb84d15908cd32f069312f8c", kill_on_drop: false }`
[INFO] running `Command { std: "docker" "exec" "-e" "SOURCE_DIR=/opt/rustwide/workdir" "-e" "CARGO_HOME=/opt/rustwide/cargo-home" "-e" "RUSTUP_HOME=/opt/rustwide/rustup-home" "-e" "CARGO_TARGET_DIR=/opt/rustwide/target" "-e" "CARGO_INCREMENTAL=0" "-e" "RUST_BACKTRACE=full" "-e" "RUSTFLAGS=--cap-lints=warn" "-e" "RUSTDOCFLAGS=--cap-lints=warn" "-w" "/opt/rustwide/workdir" "--user" "0:0" "c220c9433105bac2478be0c19d16f03904d6984fdb84d15908cd32f069312f8c" "/opt/rustwide/cargo-home/bin/cargo" "+1.100.0-beta.1" "test" "--frozen" "--release", kill_on_drop: false }`
[INFO] [stderr]     Finished `release` profile [optimized] target(s) in 0.23s
[INFO] [stderr]      Running unittests src/lib.rs (/opt/rustwide/target/release/build/mq-dap/222632bedbd1009d/out/mq_dap-222632bedbd1009d)
[INFO] [stdout] 
[INFO] [stdout] running 94 tests
[INFO] [stdout] test adapter::tests::test_build_stack_frames_without_context ... ok
[INFO] [stdout] test adapter::tests::test_get_local_variables_from_context_empty ... ok
[INFO] [stdout] test adapter::tests::test_eval_without_context ... ok
[INFO] [stdout] test adapter::tests::test_get_source_file_name_with_query_file ... ok
[INFO] [stdout] test adapter::tests::test_get_source_file_name_without_query_file ... ok
[INFO] [stdout] test adapter::tests::test_adapter_new_and_default ... ok
[INFO] [stdout] test adapter::tests::test_get_source_with_query_file ... ok
[INFO] [stdout] test adapter::tests::test_build_stack_frames_outer_call_stack_entry_from_an_imported_module_does_not_use_the_query_file_source ... ok
[INFO] [stdout] test adapter::tests::test_handle_debugger_message_exception_paused ... ok
[INFO] [stdout] test adapter::tests::test_handle_debugger_message_log_point_does_not_stop_execution ... ok
[INFO] [stdout] test adapter::tests::test_get_source_without_query_file ... ok
[INFO] [stdout] test adapter::tests::test_build_stack_frames_with_single_call_stack_frame_uses_current_token_for_location ... ok
[INFO] [stdout] test adapter::tests::test_build_stack_frames_orders_frames_innermost_first ... ok
[INFO] [stdout] test adapter::tests::test_build_stack_frames_current_location_in_an_imported_module_does_not_use_the_query_file_source ... ok
[INFO] [stdout] test adapter::tests::test_handle_request_configuration_done ... ok
[INFO] [stdout] test adapter::tests::test_get_global_variables_from_context_empty ... ok
[INFO] [stdout] test adapter::tests::test_handle_request_continue ... ok
[INFO] [stdout] test adapter::tests::test_handle_request_disconnect ... ok
[INFO] [stdout] test adapter::tests::test_handle_request_next ... ok
[INFO] [stdout] test adapter::tests::test_dap_mutation_updates_paused_tarn_vm_frame::case_4_local_set_variable ... ok
[INFO] [stdout] test adapter::tests::test_build_stack_frames_with_context_and_empty_call_stack ... ok
[INFO] [stdout] test adapter::tests::test_handle_debugger_message_step_completed ... ok
[INFO] [stdout] test adapter::tests::test_handle_debugger_message_terminated ... ok
[INFO] [stdout] test adapter::tests::test_build_stack_frames_uses_query_file_name_when_set ... ok
[INFO] [stdout] test adapter::tests::test_handle_request_set_exception_breakpoints_disables_when_filter_absent ... ok
[INFO] [stdout] test adapter::tests::test_handle_request_set_expression ... ok
[INFO] [stdout] test adapter::tests::test_handle_request_stack_trace ... ok
[INFO] [stdout] test adapter::tests::test_handle_request_scopes ... ok
[INFO] [stdout] test adapter::tests::test_handle_request_set_exception_breakpoints_enables_uncaught_filter ... ok
[INFO] [stdout] test adapter::tests::test_handle_request_stack_trace_with_context ... ok
[INFO] [stdout] test adapter::tests::test_handle_request_set_breakpoints ... ok
[INFO] [stdout] test adapter::tests::test_dap_mutation_updates_paused_tarn_vm_frame::case_3_captured_global_set_variable ... ok
[INFO] [stdout] test adapter::tests::test_handle_request_threads ... ok
[INFO] [stdout] test adapter::tests::test_handle_request_step_in ... ok
[INFO] [stdout] test adapter::tests::test_handle_request_step_out ... ok
[INFO] [stdout] test adapter::tests::test_handle_request_set_variable ... ok
[INFO] [stdout] test adapter::tests::test_handle_request_variables ... ok
[INFO] [stdout] test adapter::tests::test_send_debugger_command ... ok
[INFO] [stdout] test adapter::tests::test_stopped_nested_frame_preserves_dap_scope_split ... ok
[INFO] [stdout] test adapter::tests::test_stack_trace_reflects_three_level_nested_call ... ok
[INFO] [stdout] test adapter::tests::test_stack_trace_reflects_two_level_nested_call ... ok
[INFO] [stdout] test adapter::tests::test_handle_debugger_message_breakpoint_hit ... ok
[INFO] [stdout] test adapter::tests::test_handle_request_evaluate ... ok
[INFO] [stdout] test executor::tests::test_execute_query_nonexistent_input_file ... ok
[INFO] [stdout] test adapter::tests::test_variables_inside_resumed_coroutine_see_the_sent_value ... ok
[INFO] [stdout] test adapter::tests::test_send_log_output ... ok
[INFO] [stdout] test executor::tests::test_execute_query_nonexistent_query_file ... ok
[INFO] [stdout] test adapter::tests::test_stopped_frame_exposes_live_bindings_to_dap ... ok
[INFO] [stdout] test adapter::tests::test_stack_trace_reflects_single_level_call ... ok
[INFO] [stdout] test executor::tests::test_parse_input_data_csv ... ok
[INFO] [stdout] test adapter::tests::test_dap_mutation_updates_paused_tarn_vm_frame::case_1_top_level_global_set_variable ... ok
[INFO] [stdout] test executor::tests::test_parse_input_data_edge_cases ... ok
[INFO] [stdout] test executor::tests::test_parse_input_data_htm ... ok
[INFO] [stdout] test adapter::tests::test_dap_mutation_updates_paused_tarn_vm_frame::case_2_top_level_set_expression ... ok
[INFO] [stdout] test executor::tests::test_parse_input_data_html ... ok
[INFO] [stdout] test executor::tests::test_parse_input_data_tsv ... ok
[INFO] [stdout] test executor::tests::test_parse_input_data_markdown_default ... ok
[INFO] [stdout] test executor::tests::test_parse_input_data_xml ... ok
[INFO] [stdout] test executor::tests::test_execute_query_sends_terminated_message ... ok
[INFO] [stdout] test executor::tests::test_parse_input_data_txt ... ok
[INFO] [stdout] test executor::tests::test_parse_input_data_unknown_extension ... ok
[INFO] [stdout] test executor::tests::test_execute_query_query_file_not_found ... ok
[INFO] [stdout] test adapter::tests::test_breakpoint_inside_coroutine_body_hits_on_each_resume ... ok
[INFO] [stdout] test executor::tests::test_parse_input_data_toml ... ok
[INFO] [stdout] test handler::tests::test_dap_debugger_handler_debug_format ... ok
[INFO] [stdout] test executor::tests::test_execute_query_without_input_file ... ok
[INFO] [stdout] test executor::tests::test_parse_input_data_json ... ok
[INFO] [stdout] test handler::tests::test_dap_handler_wrapper_new ... ok
[INFO] [stdout] test executor::tests::test_parse_input_data_mdx ... ok
[INFO] [stdout] test handler::tests::test_dap_debugger_handler_new ... ok
[INFO] [stdout] test executor::tests::test_execute_query_success ... FAILED
[INFO] [stdout] test executor::tests::test_parse_input_data_yaml ... ok
[INFO] [stdout] test handler::tests::test_on_breakpoint_hit_next ... ok
[INFO] [stdout] test handler::tests::test_on_breakpoint_hit_recv_error ... ok
[INFO] [stdout] test handler::tests::test_on_breakpoint_hit_continue ... ok
[INFO] [stdout] test handler::tests::test_on_breakpoint_hit_step_in ... ok
[INFO] [stdout] test handler::tests::test_on_breakpoint_hit_step_out ... ok
[INFO] [stdout] test handler::tests::test_on_error_does_not_send_or_block_when_exception_breakpoints_disabled ... ok
[INFO] [stdout] test adapter::tests::test_stack_trace_call_stack_does_not_grow_across_coroutine_resumes ... ok
[INFO] [stdout] test log::tests::test_debug_console_writer_send_and_receive ... ok
[INFO] [stdout] test log::tests::test_make_writer_returns_clone ... ok
[INFO] [stdout] test handler::tests::test_on_error_sends_exception_paused_and_blocks_when_enabled ... ok
[INFO] [stdout] test handler::tests::test_on_log_point_sends_message_without_blocking ... ok
[INFO] [stdout] test log::tests::test_debug_console_writer_channel_closed ... ok
[INFO] [stdout] test handler::tests::test_on_step_all_commands ... ok
[INFO] [stdout] test handler::tests::test_on_error_recv_error_does_not_panic ... ok
[INFO] [stdout] test handler::tests::test_on_step_continue ... ok
[INFO] [stdout] test handler::tests::test_on_step_recv_error ... ok
[INFO] [stdout] test log::tests::test_debug_console_writer_flush ... ok
[INFO] [stdout] test adapter::tests::test_handle_request_set_breakpoints_forwards_condition_hit_condition_and_log_message ... ok
[INFO] [stdout] test adapter::tests::test_handle_request_unhandled_command ... ok
[INFO] [stdout] test adapter::tests::test_handle_request_launch_success ... ok
[INFO] [stdout] test handler::tests::test_on_breakpoint_hit_terminate ... ok
[INFO] [stdout] test adapter::tests::test_dap_mutation_updates_paused_tarn_vm_frame::case_5_captured_set_expression ... ok
[INFO] [stdout] 
[INFO] [stdout] failures:
[INFO] [stdout] 
[INFO] [stdout] ---- executor::tests::test_execute_query_success stdout ----
[INFO] [stdout] 
[INFO] [stdout] thread 'executor::tests::test_execute_query_success' (4183) panicked at src/executor.rs:221:42:
[INFO] [stdout] called `Result::unwrap()` on an `Err` value: Os { code: 30, kind: ReadOnlyFilesystem, message: "Read-only file system" }
[INFO] [stdout] stack backtrace:
[INFO] [stdout]    0:     0x5ca360e1aad1 - <<std[617be2ca0a6fd877]::sys::backtrace::BacktraceLock>::print::DisplayBacktrace as core[a373ad73a504971]::fmt::Display>::fmt
[INFO] [stdout]    1:     0x5ca360e33e5a - core[a373ad73a504971]::fmt::write
[INFO] [stdout]    2:     0x5ca360e1f1fc - <alloc[2e1b2a31b91974c5]::vec::Vec<u8> as core[a373ad73a504971]::io::write::Write>::write_fmt
[INFO] [stdout]    3:     0x5ca360df43f6 - std[617be2ca0a6fd877]::panicking::default_hook::{closure#0}
[INFO] [stdout]    4:     0x5ca360e11889 - std[617be2ca0a6fd877]::panicking::default_hook
[INFO] [stdout]    5:     0x5ca36088d480 - test[aada8e7e76ba119b]::test_main_inner::{closure#0}
[INFO] [stdout]    6:     0x5ca360e11a42 - std[617be2ca0a6fd877]::panicking::panic_with_hook
[INFO] [stdout]    7:     0x5ca360df44a2 - std[617be2ca0a6fd877]::panicking::panic_handler::{closure#0}
[INFO] [stdout]    8:     0x5ca360decde9 - std[617be2ca0a6fd877]::sys::backtrace::__rust_end_short_backtrace::<std[617be2ca0a6fd877]::panicking::panic_handler::{closure#0}, !>
[INFO] [stdout]    9:     0x5ca360df512d - __rustc[ea4f61d10b84890b]::rust_begin_unwind
[INFO] [stdout]   10:     0x5ca360e3467c - core[a373ad73a504971]::panicking::panic_fmt
[INFO] [stdout]   11:     0x5ca360e34452 - core[a373ad73a504971]::result::unwrap_failed
[INFO] [stdout]   12:     0x5ca36080cb96 - <mq_dap[2abdc7fa85431235]::executor::tests::test_execute_query_success::{closure#0} as core[a373ad73a504971]::ops::function::FnOnce<()>>::call_once
[INFO] [stdout]   13:     0x5ca3608808cb - test[aada8e7e76ba119b]::__rust_begin_short_backtrace::<core[a373ad73a504971]::result::Result<(), alloc[2e1b2a31b91974c5]::string::String>, fn() -> core[a373ad73a504971]::result::Result<(), alloc[2e1b2a31b91974c5]::string::String>>
[INFO] [stdout]   14:     0x5ca36088daa5 - test[aada8e7e76ba119b]::run_test::{closure#0}
[INFO] [stdout]   15:     0x5ca360887394 - std[617be2ca0a6fd877]::sys::backtrace::__rust_begin_short_backtrace::<test[aada8e7e76ba119b]::run_test::{closure#1}, ()>
[INFO] [stdout]   16:     0x5ca360890b32 - <std[617be2ca0a6fd877]::thread::lifecycle::spawn_unchecked<test[aada8e7e76ba119b]::run_test::{closure#1}, ()>::{closure#1} as core[a373ad73a504971]::ops::function::FnOnce<()>>::call_once::{shim:vtable#0}
[INFO] [stdout]   17:     0x5ca360e19aaf - <std[617be2ca0a6fd877]::sys::thread::unix::Thread>::new::thread_start
[INFO] [stdout]   18:     0x7e05aa3dbdfa - <unknown>
[INFO] [stdout]   19:     0x7e05aa46f3d4 - clone
[INFO] [stdout]   20:                0x0 - <unknown>
[INFO] [stdout] 
[INFO] [stdout] 
[INFO] [stdout] failures:
[INFO] [stdout]     executor::tests::test_execute_query_success
[INFO] [stdout] 
[INFO] [stdout] test result: FAILED. 93 passed; 1 failed; 0 ignored; 0 measured; 0 filtered out; finished in 0.04s
[INFO] [stdout] 
[INFO] [stderr] error: test failed, to rerun pass `--lib`
[INFO] running `Command { std: "docker" "inspect" "c220c9433105bac2478be0c19d16f03904d6984fdb84d15908cd32f069312f8c", kill_on_drop: false }`
[INFO] running `Command { std: "docker" "rm" "-f" "c220c9433105bac2478be0c19d16f03904d6984fdb84d15908cd32f069312f8c", kill_on_drop: false }`
[INFO] [stdout] c220c9433105bac2478be0c19d16f03904d6984fdb84d15908cd32f069312f8c
