[INFO] fetching crate mptcp-pm 0.2.0...
[INFO] testing mptcp-pm-0.2.0 against 1.100.0-beta.1+cargoflags=--release for beta-release-1.100-2
[INFO] extracting crate mptcp-pm 0.2.0 into /workspace/builds/worker-3-tc2/source
[INFO] started tweaking crates.io crate mptcp-pm 0.2.0
[INFO] removed 0 missing examples
[INFO] removed 0 missing tests
[INFO] finished tweaking crates.io crate mptcp-pm 0.2.0
[INFO] tweaked toml for crates.io crate mptcp-pm 0.2.0 written to /workspace/builds/worker-3-tc2/source/Cargo.toml
[INFO] validating manifest of crates.io crate mptcp-pm 0.2.0 on toolchain 1.100.0-beta.1
[INFO] running `Command { std: CARGO_HOME="/workspace/cargo-home" RUSTUP_HOME="/workspace/rustup-home" "/workspace/cargo-home/bin/cargo" "+1.100.0-beta.1" "metadata" "--manifest-path" "Cargo.toml" "--no-deps", kill_on_drop: false }`
[INFO] crate crates.io crate mptcp-pm 0.2.0 already has a lockfile, it will not be regenerated
[INFO] running `Command { std: CARGO_HOME="/workspace/cargo-home" RUSTUP_HOME="/workspace/rustup-home" "/workspace/cargo-home/bin/cargo" "+1.100.0-beta.1" "fetch" "--manifest-path" "Cargo.toml", kill_on_drop: false }`
[INFO] running `Command { std: "docker" "create" "-v" "/var/lib/crater-agent-workspace/builds/worker-3-tc2/source:/opt/rustwide/workdir:ro,Z" "-v" "/var/lib/crater-agent-workspace/builds/worker-3-tc2/target:/opt/rustwide/target:rw,Z" "-v" "/var/lib/crater-agent-workspace/cargo-home:/opt/rustwide/cargo-home:ro,Z" "-v" "/var/lib/crater-agent-workspace/rustup-home:/opt/rustwide/rustup-home:ro,Z" "-m" "1610612736" "--network" "none" "ghcr.io/rust-lang/crates-build-env/linux@sha256:77db811e55d90add9212f6832c23229e3de5f1c1f9905e8cb07319ea15df73ac" "sleep" "infinity", kill_on_drop: false }`
[INFO] [stdout] 77c624d52bdb0e88dbbffa0d6983592eef2302e6cd0c66041262869cb60a78f4
[INFO] running `Command { std: "docker" "start" "77c624d52bdb0e88dbbffa0d6983592eef2302e6cd0c66041262869cb60a78f4", kill_on_drop: false }`
[INFO] running `Command { std: "docker" "inspect" "77c624d52bdb0e88dbbffa0d6983592eef2302e6cd0c66041262869cb60a78f4", kill_on_drop: false }`
[INFO] running `Command { std: "docker" "exec" "-e" "SOURCE_DIR=/opt/rustwide/workdir" "-e" "CARGO_HOME=/opt/rustwide/cargo-home" "-e" "RUSTUP_HOME=/opt/rustwide/rustup-home" "-e" "CARGO_TARGET_DIR=/opt/rustwide/target" "-w" "/opt/rustwide/workdir" "--user" "0:0" "77c624d52bdb0e88dbbffa0d6983592eef2302e6cd0c66041262869cb60a78f4" "/opt/rustwide/cargo-home/bin/cargo" "+1.100.0-beta.1" "metadata" "--no-deps" "--format-version=1", kill_on_drop: false }`
[INFO] running `Command { std: "docker" "inspect" "77c624d52bdb0e88dbbffa0d6983592eef2302e6cd0c66041262869cb60a78f4", kill_on_drop: false }`
[INFO] running `Command { std: "docker" "exec" "-e" "SOURCE_DIR=/opt/rustwide/workdir" "-e" "CARGO_HOME=/opt/rustwide/cargo-home" "-e" "RUSTUP_HOME=/opt/rustwide/rustup-home" "-e" "CARGO_TARGET_DIR=/opt/rustwide/target" "-e" "CARGO_INCREMENTAL=0" "-e" "RUST_BACKTRACE=full" "-e" "RUSTFLAGS=--cap-lints=warn" "-e" "RUSTDOCFLAGS=--cap-lints=warn" "-w" "/opt/rustwide/workdir" "--user" "0:0" "77c624d52bdb0e88dbbffa0d6983592eef2302e6cd0c66041262869cb60a78f4" "/opt/rustwide/cargo-home/bin/cargo" "+1.100.0-beta.1" "build" "--frozen" "--message-format=json" "--release", kill_on_drop: false }`
[INFO] [stderr]    Compiling libc v0.2.183
[INFO] [stderr]    Compiling zerocopy v0.8.56
[INFO] [stderr]    Compiling netlink-packet-core v0.9.0
[INFO] [stderr]    Compiling futures-channel v0.3.32
[INFO] [stderr]    Compiling futures-macro v0.3.32
[INFO] [stderr]    Compiling zerocopy-derive v0.8.56
[INFO] [stderr]    Compiling thiserror-impl v1.0.69
[INFO] [stderr]    Compiling futures-util v0.3.32
[INFO] [stderr]    Compiling thiserror v1.0.69
[INFO] [stderr]    Compiling socket2 v0.6.3
[INFO] [stderr]    Compiling mio v1.1.1
[INFO] [stderr]    Compiling tokio v1.50.0
[INFO] [stderr]    Compiling futures-executor v0.3.32
[INFO] [stderr]    Compiling netlink-sys v0.9.0
[INFO] [stderr]    Compiling futures v0.3.32
[INFO] [stderr]    Compiling netlink-proto v0.13.0
[INFO] [stderr]    Compiling netlink-packet-generic v0.5.0
[INFO] [stderr]    Compiling genetlink v0.3.0
[INFO] [stderr]    Compiling mptcp-pm v0.2.0 (/opt/rustwide/workdir)
[INFO] [stderr]     Finished `release` profile [optimized] target(s) in 15.46s
[INFO] running `Command { std: "docker" "inspect" "77c624d52bdb0e88dbbffa0d6983592eef2302e6cd0c66041262869cb60a78f4", kill_on_drop: false }`
[INFO] running `Command { std: "docker" "exec" "-e" "SOURCE_DIR=/opt/rustwide/workdir" "-e" "CARGO_HOME=/opt/rustwide/cargo-home" "-e" "RUSTUP_HOME=/opt/rustwide/rustup-home" "-e" "CARGO_TARGET_DIR=/opt/rustwide/target" "-e" "CARGO_INCREMENTAL=0" "-e" "RUST_BACKTRACE=full" "-e" "RUSTFLAGS=--cap-lints=warn" "-e" "RUSTDOCFLAGS=--cap-lints=warn" "-w" "/opt/rustwide/workdir" "--user" "0:0" "77c624d52bdb0e88dbbffa0d6983592eef2302e6cd0c66041262869cb60a78f4" "/opt/rustwide/cargo-home/bin/cargo" "+1.100.0-beta.1" "test" "--frozen" "--no-run" "--message-format=json" "--release", kill_on_drop: false }`
[INFO] [stderr]    Compiling tokio-macros v2.6.1
[INFO] [stderr]    Compiling humantime v2.3.0
[INFO] [stderr]    Compiling termcolor v1.4.1
[INFO] [stderr]    Compiling regex-automata v0.4.14
[INFO] [stderr]    Compiling atty v0.2.14
[INFO] [stderr]    Compiling tokio v1.50.0
[INFO] [stderr]    Compiling netlink-sys v0.9.0
[INFO] [stderr]    Compiling regex v1.12.3
[INFO] [stderr]    Compiling netlink-proto v0.13.0
[INFO] [stderr]    Compiling genetlink v0.3.0
[INFO] [stderr]    Compiling env_logger v0.9.3
[INFO] [stderr]    Compiling mptcp-pm v0.2.0 (/opt/rustwide/workdir)
[INFO] [stderr]     Finished `release` profile [optimized] target(s) in 21.72s
[INFO] running `Command { std: "docker" "inspect" "77c624d52bdb0e88dbbffa0d6983592eef2302e6cd0c66041262869cb60a78f4", kill_on_drop: false }`
[INFO] running `Command { std: "docker" "exec" "-e" "SOURCE_DIR=/opt/rustwide/workdir" "-e" "CARGO_HOME=/opt/rustwide/cargo-home" "-e" "RUSTUP_HOME=/opt/rustwide/rustup-home" "-e" "CARGO_TARGET_DIR=/opt/rustwide/target" "-e" "CARGO_INCREMENTAL=0" "-e" "RUST_BACKTRACE=full" "-e" "RUSTFLAGS=--cap-lints=warn" "-e" "RUSTDOCFLAGS=--cap-lints=warn" "-w" "/opt/rustwide/workdir" "--user" "0:0" "77c624d52bdb0e88dbbffa0d6983592eef2302e6cd0c66041262869cb60a78f4" "/opt/rustwide/cargo-home/bin/cargo" "+1.100.0-beta.1" "test" "--frozen" "--release", kill_on_drop: false }`
[INFO] [stderr]     Finished `release` profile [optimized] target(s) in 0.08s
[INFO] [stderr]      Running unittests src/lib.rs (/opt/rustwide/target/release/build/mptcp-pm/f9d7277123566e0f/out/mptcp_pm-f9d7277123566e0f)
[INFO] [stdout] 
[INFO] [stdout] running 0 tests
[INFO] [stdout] 
[INFO] [stdout] test result: ok. 0 passed; 0 failed; 0 ignored; 0 measured; 0 filtered out; finished in 0.00s
[INFO] [stdout] 
[INFO] [stderr]      Running tests/dump_mptcp.rs (/opt/rustwide/target/release/build/mptcp-pm/aa29107615f23808/out/dump_mptcp-aa29107615f23808)
[INFO] [stdout] 
[INFO] [stdout] running 1 test
[INFO] [stderr] sysctl: setting key "net.mptcp.enabled", ignoring: Read-only file system
[INFO] [stdout] net.mptcp.enabled = 1
[INFO] [stderr] RTNETLINK answers: Operation not permitted
[INFO] [stderr] RTNETLINK answers: Operation not permitted
[INFO] [stdout] test test_mptcp_empty_addresses_and_limits ... FAILED
[INFO] [stdout] 
[INFO] [stdout] failures:
[INFO] [stdout] 
[INFO] [stdout] ---- test_mptcp_empty_addresses_and_limits stdout ----
[INFO] [stdout] 
[INFO] [stdout] thread 'test_mptcp_empty_addresses_and_limits' (814) panicked at tests/dump_mptcp.rs:66:5:
[INFO] [stdout] assertion `left == right` failed
[INFO] [stdout]   left: Limits(Subflows(2))
[INFO] [stdout]  right: Limits(Subflows(0))
[INFO] [stdout] stack backtrace:
[INFO] [stdout]    0:     0x623dafeecbd1 - <<std[617be2ca0a6fd877]::sys::backtrace::BacktraceLock>::print::DisplayBacktrace as core[a373ad73a504971]::fmt::Display>::fmt
[INFO] [stdout]    1:     0x623daff0104a - core[a373ad73a504971]::fmt::write
[INFO] [stdout]    2:     0x623dafef0e5c - <alloc[2e1b2a31b91974c5]::vec::Vec<u8> as core[a373ad73a504971]::io::write::Write>::write_fmt
[INFO] [stdout]    3:     0x623dafec8a56 - std[617be2ca0a6fd877]::panicking::default_hook::{closure#0}
[INFO] [stdout]    4:     0x623dafee5169 - std[617be2ca0a6fd877]::panicking::default_hook
[INFO] [stdout]    5:     0x623dafe58200 - test[aada8e7e76ba119b]::test_main_inner::{closure#0}
[INFO] [stdout]    6:     0x623dafee5322 - std[617be2ca0a6fd877]::panicking::panic_with_hook
[INFO] [stdout]    7:     0x623dafec8b02 - std[617be2ca0a6fd877]::panicking::panic_handler::{closure#0}
[INFO] [stdout]    8:     0x623dafec1819 - std[617be2ca0a6fd877]::sys::backtrace::__rust_end_short_backtrace::<std[617be2ca0a6fd877]::panicking::panic_handler::{closure#0}, !>
[INFO] [stdout]    9:     0x623dafec970d - __rustc[ea4f61d10b84890b]::rust_begin_unwind
[INFO] [stdout]   10:     0x623daff017ac - core[a373ad73a504971]::panicking::panic_fmt
[INFO] [stdout]   11:     0x623daff016c3 - core[a373ad73a504971]::panicking::assert_failed_inner
[INFO] [stdout]   12:     0x623dafe4260c - core[a373ad73a504971]::panicking::assert_failed::<mptcp_pm[be34d2d655a52751]::message::MptcpPathManagerAttr, mptcp_pm[be34d2d655a52751]::message::MptcpPathManagerAttr>
[INFO] [stdout]   13:     0x623dafe32a7a - dump_mptcp[a4799e5d7ecefc57]::assert_empty_addresses_and_limits::{closure#0}
[INFO] [stdout]   14:     0x623dafe46d4e - <tokio[e3b2648a4348c8fd]::runtime::scheduler::current_thread::Context>::enter::<core[a373ad73a504971]::task::poll::Poll<()>, <tokio[e3b2648a4348c8fd]::runtime::scheduler::current_thread::CoreGuard>::block_on<core[a373ad73a504971]::pin::Pin<&mut dump_mptcp[a4799e5d7ecefc57]::assert_empty_addresses_and_limits::{closure#0}>>::{closure#0}::{closure#0}>
[INFO] [stdout]   15:     0x623dafe437ec - <tokio[e3b2648a4348c8fd]::runtime::context::scoped::Scoped<tokio[e3b2648a4348c8fd]::runtime::scheduler::Context>>::set::<<tokio[e3b2648a4348c8fd]::runtime::scheduler::current_thread::CoreGuard>::enter<<tokio[e3b2648a4348c8fd]::runtime::scheduler::current_thread::CoreGuard>::block_on<core[a373ad73a504971]::pin::Pin<&mut dump_mptcp[a4799e5d7ecefc57]::assert_empty_addresses_and_limits::{closure#0}>>::{closure#0}, core[a373ad73a504971]::option::Option<()>>::{closure#0}, (alloc[2e1b2a31b91974c5]::boxed::Box<tokio[e3b2648a4348c8fd]::runtime::scheduler::current_thread::Core>, core[a373ad73a504971]::option::Option<()>)>
[INFO] [stdout]   16:     0x623dafe47197 - <tokio[e3b2648a4348c8fd]::runtime::scheduler::current_thread::CoreGuard>::block_on::<core[a373ad73a504971]::pin::Pin<&mut dump_mptcp[a4799e5d7ecefc57]::assert_empty_addresses_and_limits::{closure#0}>>
[INFO] [stdout]   17:     0x623dafe45537 - tokio[e3b2648a4348c8fd]::runtime::context::runtime::enter_runtime::<<tokio[e3b2648a4348c8fd]::runtime::scheduler::current_thread::CurrentThread>::block_on<dump_mptcp[a4799e5d7ecefc57]::assert_empty_addresses_and_limits::{closure#0}>::{closure#0}, ()>
[INFO] [stdout]   18:     0x623dafe4a05f - <tokio[e3b2648a4348c8fd]::runtime::runtime::Runtime>::block_on::<dump_mptcp[a4799e5d7ecefc57]::assert_empty_addresses_and_limits::{closure#0}>
[INFO] [stdout]   19:     0x623dafe3e941 - <dump_mptcp[a4799e5d7ecefc57]::test_mptcp_empty_addresses_and_limits::{closure#0} as core[a373ad73a504971]::ops::function::FnOnce<()>>::call_once
[INFO] [stdout]   20:     0x623dafe4b64b - test[aada8e7e76ba119b]::__rust_begin_short_backtrace::<core[a373ad73a504971]::result::Result<(), alloc[2e1b2a31b91974c5]::string::String>, fn() -> core[a373ad73a504971]::result::Result<(), alloc[2e1b2a31b91974c5]::string::String>>
[INFO] [stdout]   21:     0x623dafe58825 - test[aada8e7e76ba119b]::run_test::{closure#0}
[INFO] [stdout]   22:     0x623dafe52114 - std[617be2ca0a6fd877]::sys::backtrace::__rust_begin_short_backtrace::<test[aada8e7e76ba119b]::run_test::{closure#1}, ()>
[INFO] [stdout]   23:     0x623dafe5b8b2 - <std[617be2ca0a6fd877]::thread::lifecycle::spawn_unchecked<test[aada8e7e76ba119b]::run_test::{closure#1}, ()>::{closure#1} as core[a373ad73a504971]::ops::function::FnOnce<()>>::call_once::{shim:vtable#0}
[INFO] [stdout]   24:     0x623dafeec42f - <std[617be2ca0a6fd877]::sys::thread::unix::Thread>::new::thread_start
[INFO] [stdout]   25:     0x72b439926dfa - <unknown>
[INFO] [stdout]   26:     0x72b4399ba3d4 - clone
[INFO] [stdout]   27:                0x0 - <unknown>
[INFO] [stdout] 
[INFO] [stdout] 
[INFO] [stdout] failures:
[INFO] [stdout]     test_mptcp_empty_addresses_and_limits
[INFO] [stdout] 
[INFO] [stdout] test result: FAILED. 0 passed; 1 failed; 0 ignored; 0 measured; 0 filtered out; finished in 1.01s
[INFO] [stdout] 
[INFO] [stderr] error: test failed, to rerun pass `--test dump_mptcp`
[INFO] running `Command { std: "docker" "inspect" "77c624d52bdb0e88dbbffa0d6983592eef2302e6cd0c66041262869cb60a78f4", kill_on_drop: false }`
[INFO] running `Command { std: "docker" "rm" "-f" "77c624d52bdb0e88dbbffa0d6983592eef2302e6cd0c66041262869cb60a78f4", kill_on_drop: false }`
[INFO] [stdout] 77c624d52bdb0e88dbbffa0d6983592eef2302e6cd0c66041262869cb60a78f4
