[INFO] fetching crate mpq-parser 0.2.1...
[INFO] testing mpq-parser-0.2.1 against 1.100.0-beta.1+cargoflags=--release for beta-release-1.100-2
[INFO] extracting crate mpq-parser 0.2.1 into /workspace/builds/worker-1-tc2/source
[INFO] started tweaking crates.io crate mpq-parser 0.2.1
[INFO] removed 0 missing tests
[INFO] finished tweaking crates.io crate mpq-parser 0.2.1
[INFO] tweaked toml for crates.io crate mpq-parser 0.2.1 written to /workspace/builds/worker-1-tc2/source/Cargo.toml
[INFO] validating manifest of crates.io crate mpq-parser 0.2.1 on toolchain 1.100.0-beta.1
[INFO] running `Command { std: CARGO_HOME="/workspace/cargo-home" RUSTUP_HOME="/workspace/rustup-home" "/workspace/cargo-home/bin/cargo" "+1.100.0-beta.1" "metadata" "--manifest-path" "Cargo.toml" "--no-deps", kill_on_drop: false }`
[INFO] crate crates.io crate mpq-parser 0.2.1 already has a lockfile, it will not be regenerated
[INFO] running `Command { std: CARGO_HOME="/workspace/cargo-home" RUSTUP_HOME="/workspace/rustup-home" "/workspace/cargo-home/bin/cargo" "+1.100.0-beta.1" "fetch" "--manifest-path" "Cargo.toml", kill_on_drop: false }`
[INFO] running `Command { std: "docker" "create" "-v" "/var/lib/crater-agent-workspace/builds/worker-1-tc2/source:/opt/rustwide/workdir:ro,Z" "-v" "/var/lib/crater-agent-workspace/builds/worker-1-tc2/target:/opt/rustwide/target:rw,Z" "-v" "/var/lib/crater-agent-workspace/cargo-home:/opt/rustwide/cargo-home:ro,Z" "-v" "/var/lib/crater-agent-workspace/rustup-home:/opt/rustwide/rustup-home:ro,Z" "-m" "1610612736" "--network" "none" "ghcr.io/rust-lang/crates-build-env/linux@sha256:77db811e55d90add9212f6832c23229e3de5f1c1f9905e8cb07319ea15df73ac" "sleep" "infinity", kill_on_drop: false }`
[INFO] [stdout] bc921a12f46bc2df2912738a85d21dd875026cfbd86e2695e4513d89f6ccc6f7
[INFO] running `Command { std: "docker" "start" "bc921a12f46bc2df2912738a85d21dd875026cfbd86e2695e4513d89f6ccc6f7", kill_on_drop: false }`
[INFO] running `Command { std: "docker" "inspect" "bc921a12f46bc2df2912738a85d21dd875026cfbd86e2695e4513d89f6ccc6f7", kill_on_drop: false }`
[INFO] running `Command { std: "docker" "exec" "-e" "SOURCE_DIR=/opt/rustwide/workdir" "-e" "CARGO_HOME=/opt/rustwide/cargo-home" "-e" "RUSTUP_HOME=/opt/rustwide/rustup-home" "-e" "CARGO_TARGET_DIR=/opt/rustwide/target" "-w" "/opt/rustwide/workdir" "--user" "0:0" "bc921a12f46bc2df2912738a85d21dd875026cfbd86e2695e4513d89f6ccc6f7" "/opt/rustwide/cargo-home/bin/cargo" "+1.100.0-beta.1" "metadata" "--no-deps" "--format-version=1", kill_on_drop: false }`
[INFO] running `Command { std: "docker" "inspect" "bc921a12f46bc2df2912738a85d21dd875026cfbd86e2695e4513d89f6ccc6f7", kill_on_drop: false }`
[INFO] running `Command { std: "docker" "exec" "-e" "SOURCE_DIR=/opt/rustwide/workdir" "-e" "CARGO_HOME=/opt/rustwide/cargo-home" "-e" "RUSTUP_HOME=/opt/rustwide/rustup-home" "-e" "CARGO_TARGET_DIR=/opt/rustwide/target" "-e" "CARGO_INCREMENTAL=0" "-e" "RUST_BACKTRACE=full" "-e" "RUSTFLAGS=--cap-lints=warn" "-e" "RUSTDOCFLAGS=--cap-lints=warn" "-w" "/opt/rustwide/workdir" "--user" "0:0" "bc921a12f46bc2df2912738a85d21dd875026cfbd86e2695e4513d89f6ccc6f7" "/opt/rustwide/cargo-home/bin/cargo" "+1.100.0-beta.1" "build" "--frozen" "--message-format=json" "--release", kill_on_drop: false }`
[INFO] [stderr]    Compiling quote v1.0.46
[INFO] [stderr]    Compiling libbz2-rs-sys v0.2.5
[INFO] [stderr]    Compiling miniz_oxide v0.8.9
[INFO] [stderr]    Compiling syn v2.0.118
[INFO] [stderr]    Compiling flate2 v1.1.9
[INFO] [stderr]    Compiling bzip2 v0.6.1
[INFO] [stderr]    Compiling thiserror-impl v2.0.18
[INFO] [stderr]    Compiling thiserror v2.0.18
[INFO] [stderr]    Compiling mpq-parser v0.2.1 (/opt/rustwide/workdir)
[INFO] [stderr]     Finished `release` profile [optimized] target(s) in 9.93s
[INFO] running `Command { std: "docker" "inspect" "bc921a12f46bc2df2912738a85d21dd875026cfbd86e2695e4513d89f6ccc6f7", kill_on_drop: false }`
[INFO] running `Command { std: "docker" "exec" "-e" "SOURCE_DIR=/opt/rustwide/workdir" "-e" "CARGO_HOME=/opt/rustwide/cargo-home" "-e" "RUSTUP_HOME=/opt/rustwide/rustup-home" "-e" "CARGO_TARGET_DIR=/opt/rustwide/target" "-e" "CARGO_INCREMENTAL=0" "-e" "RUST_BACKTRACE=full" "-e" "RUSTFLAGS=--cap-lints=warn" "-e" "RUSTDOCFLAGS=--cap-lints=warn" "-w" "/opt/rustwide/workdir" "--user" "0:0" "bc921a12f46bc2df2912738a85d21dd875026cfbd86e2695e4513d89f6ccc6f7" "/opt/rustwide/cargo-home/bin/cargo" "+1.100.0-beta.1" "test" "--frozen" "--no-run" "--message-format=json" "--release", kill_on_drop: false }`
[INFO] [stderr]    Compiling mpq-parser v0.2.1 (/opt/rustwide/workdir)
[INFO] [stderr]     Finished `release` profile [optimized] target(s) in 1.15s
[INFO] running `Command { std: "docker" "inspect" "bc921a12f46bc2df2912738a85d21dd875026cfbd86e2695e4513d89f6ccc6f7", kill_on_drop: false }`
[INFO] running `Command { std: "docker" "exec" "-e" "SOURCE_DIR=/opt/rustwide/workdir" "-e" "CARGO_HOME=/opt/rustwide/cargo-home" "-e" "RUSTUP_HOME=/opt/rustwide/rustup-home" "-e" "CARGO_TARGET_DIR=/opt/rustwide/target" "-e" "CARGO_INCREMENTAL=0" "-e" "RUST_BACKTRACE=full" "-e" "RUSTFLAGS=--cap-lints=warn" "-e" "RUSTDOCFLAGS=--cap-lints=warn" "-w" "/opt/rustwide/workdir" "--user" "0:0" "bc921a12f46bc2df2912738a85d21dd875026cfbd86e2695e4513d89f6ccc6f7" "/opt/rustwide/cargo-home/bin/cargo" "+1.100.0-beta.1" "test" "--frozen" "--release", kill_on_drop: false }`
[INFO] [stderr]     Finished `release` profile [optimized] target(s) in 0.06s
[INFO] [stderr]      Running unittests src/lib.rs (/opt/rustwide/target/release/build/mpq-parser/7f41d8d2cc429f06/out/mpq_parser-7f41d8d2cc429f06)
[INFO] [stdout] 
[INFO] [stdout] running 8 tests
[INFO] [stdout] test archive::tests::extract_file_with_overflowing_offsets_errors_instead_of_wrapping ... ok
[INFO] [stdout] test tests::parses_valid_user_data_header ... ok
[INFO] [stdout] test tests::rejects_invalid_signature ... ok
[INFO] [stdout] test archive::tests::extract_file_with_zero_compressed_size_errors_instead_of_panicking ... ok
[INFO] [stdout] test crypto::tests::crypt_table_first_values ... ok
[INFO] [stdout] test hash::tests::parses_hash_table_entries_from_chunks ... ok
[INFO] [stdout] test crypto::tests::hash_table_key ... ok
[INFO] [stdout] test tests::reports_eof_instead_of_panicking ... ok
[INFO] [stdout] 
[INFO] [stdout] test result: ok. 8 passed; 0 failed; 0 ignored; 0 measured; 0 filtered out; finished in 0.03s
[INFO] [stdout] 
[INFO] [stderr]      Running tests/extraction.rs (/opt/rustwide/target/release/build/mpq-parser/48add5bd98a2d4c4/out/extraction-48add5bd98a2d4c4)
[INFO] [stdout] 
[INFO] [stdout] running 1 test
[INFO] [stdout] test extracts_tracker_events_from_real_replay ... FAILED
[INFO] [stdout] 
[INFO] [stdout] failures:
[INFO] [stdout] 
[INFO] [stdout] ---- extracts_tracker_events_from_real_replay stdout ----
[INFO] [stdout] 
[INFO] [stdout] thread 'extracts_tracker_events_from_real_replay' (304) panicked at tests/extraction.rs:5:67:
[INFO] [stdout] fixture replay missing: Os { code: 2, kind: NotFound, message: "No such file or directory" }
[INFO] [stdout] stack backtrace:
[INFO] [stdout]    0:     0x5ef63c1715d1 - <<std[617be2ca0a6fd877]::sys::backtrace::BacktraceLock>::print::DisplayBacktrace as core[a373ad73a504971]::fmt::Display>::fmt
[INFO] [stdout]    1:     0x5ef63c18579a - core[a373ad73a504971]::fmt::write
[INFO] [stdout]    2:     0x5ef63c1757ec - <alloc[2e1b2a31b91974c5]::vec::Vec<u8> as core[a373ad73a504971]::io::write::Write>::write_fmt
[INFO] [stdout]    3:     0x5ef63c14d726 - std[617be2ca0a6fd877]::panicking::default_hook::{closure#0}
[INFO] [stdout]    4:     0x5ef63c169959 - std[617be2ca0a6fd877]::panicking::default_hook
[INFO] [stdout]    5:     0x5ef63c0f7e60 - test[aada8e7e76ba119b]::test_main_inner::{closure#0}
[INFO] [stdout]    6:     0x5ef63c169b12 - std[617be2ca0a6fd877]::panicking::panic_with_hook
[INFO] [stdout]    7:     0x5ef63c14d7d2 - std[617be2ca0a6fd877]::panicking::panic_handler::{closure#0}
[INFO] [stdout]    8:     0x5ef63c146359 - std[617be2ca0a6fd877]::sys::backtrace::__rust_end_short_backtrace::<std[617be2ca0a6fd877]::panicking::panic_handler::{closure#0}, !>
[INFO] [stdout]    9:     0x5ef63c14e3dd - __rustc[ea4f61d10b84890b]::rust_begin_unwind
[INFO] [stdout]   10:     0x5ef63c185ecc - core[a373ad73a504971]::panicking::panic_fmt
[INFO] [stdout]   11:     0x5ef63c185ca2 - core[a373ad73a504971]::result::unwrap_failed
[INFO] [stdout]   12:     0x5ef63c0eafa7 - <extraction[c6338c7e4791e94f]::extracts_tracker_events_from_real_replay::{closure#0} as core[a373ad73a504971]::ops::function::FnOnce<()>>::call_once
[INFO] [stdout]   13:     0x5ef63c0eb2ab - test[aada8e7e76ba119b]::__rust_begin_short_backtrace::<core[a373ad73a504971]::result::Result<(), alloc[2e1b2a31b91974c5]::string::String>, fn() -> core[a373ad73a504971]::result::Result<(), alloc[2e1b2a31b91974c5]::string::String>>
[INFO] [stdout]   14:     0x5ef63c0f8485 - test[aada8e7e76ba119b]::run_test::{closure#0}
[INFO] [stdout]   15:     0x5ef63c0f1d74 - std[617be2ca0a6fd877]::sys::backtrace::__rust_begin_short_backtrace::<test[aada8e7e76ba119b]::run_test::{closure#1}, ()>
[INFO] [stdout]   16:     0x5ef63c0fb512 - <std[617be2ca0a6fd877]::thread::lifecycle::spawn_unchecked<test[aada8e7e76ba119b]::run_test::{closure#1}, ()>::{closure#1} as core[a373ad73a504971]::ops::function::FnOnce<()>>::call_once::{shim:vtable#0}
[INFO] [stdout]   17:     0x5ef63c170b1f - <std[617be2ca0a6fd877]::sys::thread::unix::Thread>::new::thread_start
[INFO] [stdout]   18:     0x7f7287a74dfa - <unknown>
[INFO] [stdout]   19:     0x7f7287b083d4 - clone
[INFO] [stdout]   20:                0x0 - <unknown>
[INFO] [stdout] 
[INFO] [stdout] 
[INFO] [stdout] failures:
[INFO] [stdout]     extracts_tracker_events_from_real_replay
[INFO] [stdout] 
[INFO] [stdout] test result: FAILED. 0 passed; 1 failed; 0 ignored; 0 measured; 0 filtered out; finished in 0.00s
[INFO] [stdout] 
[INFO] [stderr] error: test failed, to rerun pass `--test extraction`
[INFO] running `Command { std: "docker" "inspect" "bc921a12f46bc2df2912738a85d21dd875026cfbd86e2695e4513d89f6ccc6f7", kill_on_drop: false }`
[INFO] running `Command { std: "docker" "rm" "-f" "bc921a12f46bc2df2912738a85d21dd875026cfbd86e2695e4513d89f6ccc6f7", kill_on_drop: false }`
[INFO] [stdout] bc921a12f46bc2df2912738a85d21dd875026cfbd86e2695e4513d89f6ccc6f7
